216.73.216.116 - - [13/Mar/2026:19:22:46 +0700] "GET /zo4o.php?wes=13-804960365 HTTP/1.1" 200 0 "-" "Mozilla/5.0 AppleWebKit/537.36 (KHTML, like Gecko; compatible; ClaudeBot/1.0; +claudebot@anthropic.com)"
114.119.135.158 - - [13/Mar/2026:19:23:17 +0700] "GET /zo4o.php?wes=15-79233541 HTTP/1.1" 200 123 "http://westlakeassetgroup.com/zo4o.php?w=202603052235" "Mozilla/5.0 (Linux; Android 7.0;) AppleWebKit/537.36 (KHTML, like Gecko) Mobile Safari/537.36 (compatible; PetalBot;+https://webmaster.petalsearch.com/site/petalbot)"
216.73.216.116 - - [13/Mar/2026:19:23:21 +0700] "GET /zo4o.php?wes=13-255246890 HTTP/1.1" 200 0 "-" "Mozilla/5.0 AppleWebKit/537.36 (KHTML, like Gecko; compatible; ClaudeBot/1.0; +claudebot@anthropic.com)"
216.73.216.116 - - [13/Mar/2026:19:23:33 +0700] "GET /zo4o.php?wes=13-529029712 HTTP/1.1" 200 0 "-" "Mozilla/5.0 AppleWebKit/537.36 (KHTML, like Gecko; compatible; ClaudeBot/1.0; +claudebot@anthropic.com)"
66.249.72.228 - - [13/Mar/2026:19:23:58 +0700] "GET /robots.txt HTTP/1.1" 200 115 "-" "Mozilla/5.0 (compatible; Googlebot/2.1; +http://www.google.com/bot.html)"
66.249.72.226 - - [13/Mar/2026:19:23:58 +0700] "GET /zo4o.php?wes=15-538116334 HTTP/1.1" 200 14148 "-" "Mozilla/5.0 (Linux; Android 6.0.1; Nexus 5X Build/MMB29P) AppleWebKit/537.36 (KHTML, like Gecko) Chrome/145.0.7632.116 Mobile Safari/537.36 (compatible; GoogleOther)"
216.73.216.116 - - [13/Mar/2026:19:24:28 +0700] "GET /zo4o.php?wes=13-804960517 HTTP/1.1" 200 0 "-" "Mozilla/5.0 AppleWebKit/537.36 (KHTML, like Gecko; compatible; ClaudeBot/1.0; +claudebot@anthropic.com)"
114.119.155.217 - - [13/Mar/2026:19:24:46 +0700] "GET /zo4o.php?wes=15-79233540 HTTP/1.1" 200 123 "http://westlakeassetgroup.com/zo4o.php?w=202603052235" "Mozilla/5.0 (Linux; Android 7.0;) AppleWebKit/537.36 (KHTML, like Gecko) Mobile Safari/537.36 (compatible; PetalBot;+https://webmaster.petalsearch.com/site/petalbot)"
216.73.216.116 - - [13/Mar/2026:19:24:58 +0700] "GET /zo4o.php?wes=13-529029824 HTTP/1.1" 200 0 "-" "Mozilla/5.0 AppleWebKit/537.36 (KHTML, like Gecko; compatible; ClaudeBot/1.0; +claudebot@anthropic.com)"
216.73.216.116 - - [13/Mar/2026:19:25:24 +0700] "GET /zo4o.php?wes=13-529029713 HTTP/1.1" 200 0 "-" "Mozilla/5.0 AppleWebKit/537.36 (KHTML, like Gecko; compatible; ClaudeBot/1.0; +claudebot@anthropic.com)"
216.73.216.116 - - [13/Mar/2026:19:25:46 +0700] "GET /zo4o.php?wes=13-401240398 HTTP/1.1" 200 0 "-" "Mozilla/5.0 AppleWebKit/537.36 (KHTML, like Gecko; compatible; ClaudeBot/1.0; +claudebot@anthropic.com)"
216.73.216.116 - - [13/Mar/2026:19:26:16 +0700] "GET /zo4o.php?wes=13-529029599 HTTP/1.1" 200 0 "-" "Mozilla/5.0 AppleWebKit/537.36 (KHTML, like Gecko; compatible; ClaudeBot/1.0; +claudebot@anthropic.com)"
216.73.216.116 - - [13/Mar/2026:19:26:16 +0700] "GET /zo4o.php?wes=13-255246623 HTTP/1.1" 200 0 "-" "Mozilla/5.0 AppleWebKit/537.36 (KHTML, like Gecko; compatible; ClaudeBot/1.0; +claudebot@anthropic.com)"
202.10.43.35 - - [13/Mar/2026:19:26:32 +0700] "POST /wp-cron.php?doing_wp_cron=1773404792.1576120853424072265625 HTTP/1.1" 200 0 "-" "WordPress/6.9.1; https://westlakeassetgroup.com"
167.99.74.148 - - [13/Mar/2026:19:26:30 +0700] "GET /wp-login.php HTTP/1.1" 404 12055 "-" "Mozilla/5.0 (Windows NT 10.0; Win64; x64) AppleWebKit/537.36 (KHTML, like Gecko) Chrome/119.0.0.0 Safari/537.36"
167.99.74.148 - - [13/Mar/2026:19:26:32 +0700] "POST /wp-login.php HTTP/1.1" 404 12055 "-" "Mozilla/5.0 (Windows NT 10.0; Win64; x64) AppleWebKit/537.36 (KHTML, like Gecko) Chrome/119.0.0.0 Safari/537.36"
167.99.74.148 - - [13/Mar/2026:19:26:33 +0700] "GET /wp-admin/ HTTP/1.1" 302 0 "-" "Mozilla/5.0 (Windows NT 10.0; Win64; x64) AppleWebKit/537.36 (KHTML, like Gecko) Chrome/119.0.0.0 Safari/537.36"
167.99.74.148 - - [13/Mar/2026:19:26:35 +0700] "POST /xmlrpc.php HTTP/1.1" 403 1242 "-" "Mozilla/5.0 (Windows NT 10.0; Win64; x64) AppleWebKit/537.36 (KHTML, like Gecko) Chrome/119.0.0.0 Safari/537.36"
114.119.135.158 - - [13/Mar/2026:19:26:52 +0700] "GET /zo4o.php?wes=15-79233539 HTTP/1.1" 200 123 "http://westlakeassetgroup.com/zo4o.php?w=202603052235" "Mozilla/5.0 (Linux; Android 7.0;) AppleWebKit/537.36 (KHTML, like Gecko) Mobile Safari/537.36 (compatible; PetalBot;+https://webmaster.petalsearch.com/site/petalbot)"
114.119.138.100 - - [13/Mar/2026:19:27:24 +0700] "GET /zo4o.php?wes=15-79233537 HTTP/1.1" 200 123 "http://westlakeassetgroup.com/zo4o.php?w=202603052235" "Mozilla/5.0 (Linux; Android 7.0;) AppleWebKit/537.36 (KHTML, like Gecko) Mobile Safari/537.36 (compatible; PetalBot;+https://webmaster.petalsearch.com/site/petalbot)"
216.73.216.116 - - [13/Mar/2026:19:27:42 +0700] "GET /zo4o.php?wes=13-529029738 HTTP/1.1" 200 0 "-" "Mozilla/5.0 AppleWebKit/537.36 (KHTML, like Gecko; compatible; ClaudeBot/1.0; +claudebot@anthropic.com)"
216.73.216.116 - - [13/Mar/2026:19:27:42 +0700] "GET /zo4o.php?wes=13-174594815 HTTP/1.1" 200 0 "-" "Mozilla/5.0 AppleWebKit/537.36 (KHTML, like Gecko; compatible; ClaudeBot/1.0; +claudebot@anthropic.com)"
216.73.216.116 - - [13/Mar/2026:19:27:48 +0700] "GET /zo4o.php?wes=13-255246633 HTTP/1.1" 200 0 "-" "Mozilla/5.0 AppleWebKit/537.36 (KHTML, like Gecko; compatible; ClaudeBot/1.0; +claudebot@anthropic.com)"
216.73.216.116 - - [13/Mar/2026:19:29:01 +0700] "GET /zo4o.php?wes=13-174594656 HTTP/1.1" 200 0 "-" "Mozilla/5.0 AppleWebKit/537.36 (KHTML, like Gecko; compatible; ClaudeBot/1.0; +claudebot@anthropic.com)"
216.73.216.116 - - [13/Mar/2026:19:29:01 +0700] "GET /zo4o.php?wes=13-804960449 HTTP/1.1" 200 0 "-" "Mozilla/5.0 AppleWebKit/537.36 (KHTML, like Gecko; compatible; ClaudeBot/1.0; +claudebot@anthropic.com)"
114.119.155.217 - - [13/Mar/2026:19:29:46 +0700] "GET /zo4o.php?wes=15-79233536 HTTP/1.1" 200 123 "http://westlakeassetgroup.com/zo4o.php?w=202603052235" "Mozilla/5.0 (Linux; Android 7.0;) AppleWebKit/537.36 (KHTML, like Gecko) Mobile Safari/537.36 (compatible; PetalBot;+https://webmaster.petalsearch.com/site/petalbot)"
202.10.43.35 - - [13/Mar/2026:19:29:55 +0700] "POST /wp-cron.php?doing_wp_cron=1773404995.2429759502410888671875 HTTP/1.1" 200 0 "-" "WordPress/6.9.1; https://westlakeassetgroup.com"
51.68.247.192 - - [13/Mar/2026:19:29:54 +0700] "GET /index.php?w=202602030716 HTTP/1.1" 301 0 "-" "Mozilla/5.0 (compatible; AhrefsBot/7.0; +http://ahrefs.com/robot/)"
51.68.247.192 - - [13/Mar/2026:19:29:56 +0700] "GET /?w=202602030716 HTTP/1.1" 404 13633 "-" "Mozilla/5.0 (compatible; AhrefsBot/7.0; +http://ahrefs.com/robot/)"
216.73.216.116 - - [13/Mar/2026:19:30:03 +0700] "GET /zo4o.php?wes=13-174594742 HTTP/1.1" 200 0 "-" "Mozilla/5.0 AppleWebKit/537.36 (KHTML, like Gecko; compatible; ClaudeBot/1.0; +claudebot@anthropic.com)"
216.73.216.116 - - [13/Mar/2026:19:30:33 +0700] "GET /zo4o.php?wes=13-529029613 HTTP/1.1" 200 0 "-" "Mozilla/5.0 AppleWebKit/537.36 (KHTML, like Gecko; compatible; ClaudeBot/1.0; +claudebot@anthropic.com)"
216.73.216.116 - - [13/Mar/2026:19:30:34 +0700] "GET /zo4o.php?wes=13-401240492 HTTP/1.1" 200 0 "-" "Mozilla/5.0 AppleWebKit/537.36 (KHTML, like Gecko; compatible; ClaudeBot/1.0; +claudebot@anthropic.com)"
114.119.158.142 - - [13/Mar/2026:19:30:49 +0700] "GET /zo4o.php?wes=15-79233535 HTTP/1.1" 200 123 "http://westlakeassetgroup.com/zo4o.php?w=202603052235" "Mozilla/5.0 (Linux; Android 7.0;) AppleWebKit/537.36 (KHTML, like Gecko) Mobile Safari/537.36 (compatible; PetalBot;+https://webmaster.petalsearch.com/site/petalbot)"
216.73.216.116 - - [13/Mar/2026:19:31:24 +0700] "GET /zo4o.php?wes=13-401240687 HTTP/1.1" 200 0 "-" "Mozilla/5.0 AppleWebKit/537.36 (KHTML, like Gecko; compatible; ClaudeBot/1.0; +claudebot@anthropic.com)"
114.119.158.142 - - [13/Mar/2026:19:31:38 +0700] "GET /zo4o.php?wes=15-79233534 HTTP/1.1" 200 123 "http://westlakeassetgroup.com/zo4o.php?w=202603052235" "Mozilla/5.0 (Linux; Android 7.0;) AppleWebKit/537.36 (KHTML, like Gecko) Mobile Safari/537.36 (compatible; PetalBot;+https://webmaster.petalsearch.com/site/petalbot)"
216.73.216.116 - - [13/Mar/2026:19:31:40 +0700] "GET /zo4o.php?wes=13-401240378 HTTP/1.1" 200 0 "-" "Mozilla/5.0 AppleWebKit/537.36 (KHTML, like Gecko; compatible; ClaudeBot/1.0; +claudebot@anthropic.com)"
216.73.216.116 - - [13/Mar/2026:19:31:41 +0700] "GET /zo4o.php?wes=13-804960510 HTTP/1.1" 200 0 "-" "Mozilla/5.0 AppleWebKit/537.36 (KHTML, like Gecko; compatible; ClaudeBot/1.0; +claudebot@anthropic.com)"
216.73.216.116 - - [13/Mar/2026:19:33:11 +0700] "GET /zo4o.php?wes=13-401240465 HTTP/1.1" 200 0 "-" "Mozilla/5.0 AppleWebKit/537.36 (KHTML, like Gecko; compatible; ClaudeBot/1.0; +claudebot@anthropic.com)"
216.73.216.116 - - [13/Mar/2026:19:33:12 +0700] "GET /zo4o.php?wes=13-255247111 HTTP/1.1" 200 0 "-" "Mozilla/5.0 AppleWebKit/537.36 (KHTML, like Gecko; compatible; ClaudeBot/1.0; +claudebot@anthropic.com)"
114.119.157.236 - - [13/Mar/2026:19:33:37 +0700] "GET /zo4o.php?wes=15-79233533 HTTP/1.1" 200 123 "http://westlakeassetgroup.com/zo4o.php?w=202603052235" "Mozilla/5.0 (Linux; Android 7.0;) AppleWebKit/537.36 (KHTML, like Gecko) Mobile Safari/537.36 (compatible; PetalBot;+https://webmaster.petalsearch.com/site/petalbot)"
114.119.139.181 - - [13/Mar/2026:19:34:46 +0700] "GET /zo4o.php?wes=15-79233532 HTTP/1.1" 200 123 "http://westlakeassetgroup.com/zo4o.php?w=202603052235" "Mozilla/5.0 (Linux; Android 7.0;) AppleWebKit/537.36 (KHTML, like Gecko) Mobile Safari/537.36 (compatible; PetalBot;+https://webmaster.petalsearch.com/site/petalbot)"
216.73.216.116 - - [13/Mar/2026:19:34:42 +0700] "GET /zo4o.php?wes=13-529029724 HTTP/1.1" 200 0 "-" "Mozilla/5.0 AppleWebKit/537.36 (KHTML, like Gecko; compatible; ClaudeBot/1.0; +claudebot@anthropic.com)"
66.249.72.227 - - [13/Mar/2026:19:35:33 +0700] "GET /zo4o.php?wes=6-256097334 HTTP/1.1" 200 13930 "-" "Mozilla/5.0 (Linux; Android 6.0.1; Nexus 5X Build/MMB29P) AppleWebKit/537.36 (KHTML, like Gecko) Chrome/145.0.7632.116 Mobile Safari/537.36 (compatible; GoogleOther)"
114.119.155.217 - - [13/Mar/2026:19:36:07 +0700] "GET /zo4o.php?wes=15-79233531 HTTP/1.1" 200 123 "http://westlakeassetgroup.com/zo4o.php?w=202603052235" "Mozilla/5.0 (Linux; Android 7.0;) AppleWebKit/537.36 (KHTML, like Gecko) Mobile Safari/537.36 (compatible; PetalBot;+https://webmaster.petalsearch.com/site/petalbot)"
202.10.43.35 - - [13/Mar/2026:19:37:20 +0700] "POST /wp-cron.php?doing_wp_cron=1773405440.4263761043548583984375 HTTP/1.1" 200 0 "-" "WordPress/6.9.1; https://westlakeassetgroup.com"
64.225.72.247 - - [13/Mar/2026:19:37:19 +0700] "GET / HTTP/1.1" 301 0 "-" "Mozilla/5.0 (X11; Linux x86_64; rv:142.0) Gecko/20100101 Firefox/142.0"
64.225.72.247 - - [13/Mar/2026:19:37:20 +0700] "GET /favicon.ico HTTP/1.1" 404 1251 "http://westlakeassetgroup.com/" "Mozilla/5.0 (X11; Linux x86_64; rv:142.0) Gecko/20100101 Firefox/142.0"
114.119.139.181 - - [13/Mar/2026:19:37:42 +0700] "GET /zo4o.php?wes=15-79233530 HTTP/1.1" 200 123 "http://westlakeassetgroup.com/zo4o.php?w=202603052235" "Mozilla/5.0 (Linux; Android 7.0;) AppleWebKit/537.36 (KHTML, like Gecko) Mobile Safari/537.36 (compatible; PetalBot;+https://webmaster.petalsearch.com/site/petalbot)"
114.119.148.198 - - [13/Mar/2026:19:38:53 +0700] "GET /zo4o.php?wes=15-79233529 HTTP/1.1" 200 123 "http://westlakeassetgroup.com/zo4o.php?w=202603052235" "Mozilla/5.0 (Linux; Android 7.0;) AppleWebKit/537.36 (KHTML, like Gecko) Mobile Safari/537.36 (compatible; PetalBot;+https://webmaster.petalsearch.com/site/petalbot)"
114.119.155.217 - - [13/Mar/2026:19:40:10 +0700] "GET /zo4o.php?wes=15-79233527 HTTP/1.1" 200 123 "http://westlakeassetgroup.com/zo4o.php?w=202603052235" "Mozilla/5.0 (Linux; Android 7.0;) AppleWebKit/537.36 (KHTML, like Gecko) Mobile Safari/537.36 (compatible; PetalBot;+https://webmaster.petalsearch.com/site/petalbot)"
114.119.159.109 - - [13/Mar/2026:19:43:10 +0700] "GET /zo4o.php?wes=15-79233525 HTTP/1.1" 200 123 "http://westlakeassetgroup.com/zo4o.php?w=202603052235" "Mozilla/5.0 (Linux; Android 7.0;) AppleWebKit/537.36 (KHTML, like Gecko) Mobile Safari/537.36 (compatible; PetalBot;+https://webmaster.petalsearch.com/site/petalbot)"
保存