74.7.241.53 - - [13/Mar/2026:19:05:31 +0700] "GET /tmp/cache_f329c56fd13b47ed58497d3d610d894a.php HTTP/2" 404 1251 "https://pt-stp.com.webyourday.com/cp5_2.php?path=%2F%2Ftmp" "Mozilla/5.0 AppleWebKit/537.36 (KHTML, like Gecko; compatible; GPTBot/1.3; +https://openai.com/gptbot)"
74.7.241.49 - - [13/Mar/2026:19:05:30 +0700] "GET /tx_2.php?dir=%2Fhome%2Fwebw9215%2Fpublic_html%2Fmisterplumberid.com%2Fwp-content%2Fplugins%2Felementor-pro%2Fmodules%2Fmega-menu%2Ftraits&edit=1&file=url-helper-trait.php HTTP/2" 200 971 "https://mail.pt-stp.com/tx_2.php?dir=%2Fhome%2Fwebw9215%2Fpublic_html%2Fmisterplumberid.com%2Fwp-content%2Fplugins%2Felementor-pro%2Fmodules%2Fmega-menu%2Ftraits" "Mozilla/5.0 AppleWebKit/537.36 (KHTML, like Gecko; compatible; GPTBot/1.3; +https://openai.com/gptbot)"
74.7.241.49 - - [13/Mar/2026:19:05:32 +0700] "GET /tx_2.php?dir=%2Fhome%2Fwebw9215%2Fpublic_html%2Fmisterplumberid.com%2Fwp-content%2Fplugins%2Felementor-pro%2Fmodules%2Fmega-menu%2Fwidgets&edit=1&file=mega-menu.php HTTP/2" 200 14099 "https://mail.pt-stp.com/tx_2.php?dir=%2Fhome%2Fwebw9215%2Fpublic_html%2Fmisterplumberid.com%2Fwp-content%2Fplugins%2Felementor-pro%2Fmodules%2Fmega-menu%2Fwidgets" "Mozilla/5.0 AppleWebKit/537.36 (KHTML, like Gecko; compatible; GPTBot/1.3; +https://openai.com/gptbot)"
74.7.241.53 - - [13/Mar/2026:19:05:32 +0700] "GET /tmp/cache_6d78cb0b078516e19f54205ae759f3fc.php HTTP/2" 404 1251 "https://pt-stp.com.webyourday.com/cp5_2.php?path=%2F%2Ftmp" "Mozilla/5.0 AppleWebKit/537.36 (KHTML, like Gecko; compatible; GPTBot/1.3; +https://openai.com/gptbot)"
74.7.241.53 - - [13/Mar/2026:19:05:33 +0700] "GET /tmp/cache_ee63321461b727fd5a06e9d9b03d6d48.php HTTP/2" 404 1251 "https://pt-stp.com.webyourday.com/cp5_2.php?path=%2F%2Ftmp" "Mozilla/5.0 AppleWebKit/537.36 (KHTML, like Gecko; compatible; GPTBot/1.3; +https://openai.com/gptbot)"
74.7.241.49 - - [13/Mar/2026:19:05:33 +0700] "GET /tx_2.php?dir=%2Fhome%2Fwebw9215%2Fpublic_html%2Fmisterplumberid.com%2Fwp-content%2Fplugins%2Felementor-pro%2Fmodules%2Fmega-menu%2Fassets%2F.. HTTP/2" 200 839 "https://mail.pt-stp.com/tx_2.php?dir=%2Fhome%2Fwebw9215%2Fpublic_html%2Fmisterplumberid.com%2Fwp-content%2Fplugins%2Felementor-pro%2Fmodules%2Fmega-menu%2Fassets" "Mozilla/5.0 AppleWebKit/537.36 (KHTML, like Gecko; compatible; GPTBot/1.3; +https://openai.com/gptbot)"
74.7.241.49 - - [13/Mar/2026:19:05:34 +0700] "GET /tx_2.php?dir=%2Fhome%2Fwebw9215%2Fpublic_html%2Fmisterplumberid.com%2Fwp-content%2Fplugins%2Felementor-pro%2Fmodules%2Fmega-menu%2Ftraits%2F.. HTTP/2" 200 839 "https://mail.pt-stp.com/tx_2.php?dir=%2Fhome%2Fwebw9215%2Fpublic_html%2Fmisterplumberid.com%2Fwp-content%2Fplugins%2Felementor-pro%2Fmodules%2Fmega-menu%2Ftraits" "Mozilla/5.0 AppleWebKit/537.36 (KHTML, like Gecko; compatible; GPTBot/1.3; +https://openai.com/gptbot)"
74.7.227.137 - - [13/Mar/2026:19:05:34 +0700] "GET /tx_2.php?dir=%2Fhome%2Fwebw9215%2Fmail%2Fandalaninti.co.id%2Finfo%2Fcur&edit=1&file=1718165911.M358203P25390.cakra.iixcp.rumahweb.com%2CS%3D26530%2CW%3D27157%3A2%2CSc HTTP/2" 200 6541 "https://www.pt-stp.com.webyourday.com/tx_2.php?dir=%2Fhome%2Fwebw9215%2Fmail%2Fandalaninti.co.id%2Finfo%2Fcur" "Mozilla/5.0 AppleWebKit/537.36 (KHTML, like Gecko; compatible; GPTBot/1.3; +https://openai.com/gptbot)"
74.7.241.53 - - [13/Mar/2026:19:05:34 +0700] "GET /tmp/cache_f62aa853c75a950980d70d46b3b5d916.php HTTP/2" 404 1251 "https://pt-stp.com.webyourday.com/cp5_2.php?path=%2F%2Ftmp" "Mozilla/5.0 AppleWebKit/537.36 (KHTML, like Gecko; compatible; GPTBot/1.3; +https://openai.com/gptbot)"
74.7.241.53 - - [13/Mar/2026:19:05:35 +0700] "GET /tmp/cache_76afbc971f45080f2cb86036d744be79.php HTTP/2" 404 1251 "https://pt-stp.com.webyourday.com/cp5_2.php?path=%2F%2Ftmp" "Mozilla/5.0 AppleWebKit/537.36 (KHTML, like Gecko; compatible; GPTBot/1.3; +https://openai.com/gptbot)"
74.7.241.49 - - [13/Mar/2026:19:05:35 +0700] "GET /tx_2.php?dir=%2Fhome%2Fwebw9215%2Fpublic_html%2Fmisterplumberid.com%2Fwp-content%2Fplugins%2Felementor-pro%2Fmodules%2Fmega-menu%2Fwidgets%2F.. HTTP/2" 200 839 "https://mail.pt-stp.com/tx_2.php?dir=%2Fhome%2Fwebw9215%2Fpublic_html%2Fmisterplumberid.com%2Fwp-content%2Fplugins%2Felementor-pro%2Fmodules%2Fmega-menu%2Fwidgets" "Mozilla/5.0 AppleWebKit/537.36 (KHTML, like Gecko; compatible; GPTBot/1.3; +https://openai.com/gptbot)"
74.7.227.137 - - [13/Mar/2026:19:05:35 +0700] "GET /tx_2.php?dir=%2Fhome%2Fwebw9215%2Fmail%2Fandalaninti.co.id%2Finfo%2Fcur&edit=1&file=1719903799.M382191P45938.cakra.iixcp.rumahweb.com%2CS%3D52262%2CW%3D53536%3A2%2CSc HTTP/2" 200 11385 "https://www.pt-stp.com.webyourday.com/tx_2.php?dir=%2Fhome%2Fwebw9215%2Fmail%2Fandalaninti.co.id%2Finfo%2Fcur" "Mozilla/5.0 AppleWebKit/537.36 (KHTML, like Gecko; compatible; GPTBot/1.3; +https://openai.com/gptbot)"
74.7.241.53 - - [13/Mar/2026:19:05:36 +0700] "GET /tmp/cache_b61264a390f70815a2dcbc5ed0176364.php HTTP/2" 404 1251 "https://pt-stp.com.webyourday.com/cp5_2.php?path=%2F%2Ftmp" "Mozilla/5.0 AppleWebKit/537.36 (KHTML, like Gecko; compatible; GPTBot/1.3; +https://openai.com/gptbot)"
74.7.241.49 - - [13/Mar/2026:19:05:36 +0700] "GET /tx_2.php?dir=%2Fhome%2Fwebw9215%2Fpublic_html%2Fmisterplumberid.com%2Fwp-content%2Fplugins%2Freally-simple-ssl%2Fsettings%2Fsrc%2FPlaceholder&edit=1&file=DatatablePlaceholder.js HTTP/2" 200 615 "https://mail.pt-stp.com/tx_2.php?dir=%2Fhome%2Fwebw9215%2Fpublic_html%2Fmisterplumberid.com%2Fwp-content%2Fplugins%2Freally-simple-ssl%2Fsettings%2Fsrc%2FPlaceholder" "Mozilla/5.0 AppleWebKit/537.36 (KHTML, like Gecko; compatible; GPTBot/1.3; +https://openai.com/gptbot)"
74.7.227.137 - - [13/Mar/2026:19:05:36 +0700] "GET /tx_2.php?dir=%2Fhome%2Fwebw9215%2Fmail%2Fandalaninti.co.id%2Finfo%2Fcur&edit=1&file=1720508507.M399511P27869.cakra.iixcp.rumahweb.com%2CS%3D57839%2CW%3D59265%3A2%2CSc HTTP/2" 200 9350 "https://www.pt-stp.com.webyourday.com/tx_2.php?dir=%2Fhome%2Fwebw9215%2Fmail%2Fandalaninti.co.id%2Finfo%2Fcur" "Mozilla/5.0 AppleWebKit/537.36 (KHTML, like Gecko; compatible; GPTBot/1.3; +https://openai.com/gptbot)"
74.7.241.53 - - [13/Mar/2026:19:05:37 +0700] "GET /tmp/cache_2b37d4140285fc809273b56babe3f5e4.php HTTP/2" 404 1251 "https://pt-stp.com.webyourday.com/cp5_2.php?path=%2F%2Ftmp" "Mozilla/5.0 AppleWebKit/537.36 (KHTML, like Gecko; compatible; GPTBot/1.3; +https://openai.com/gptbot)"
74.7.241.49 - - [13/Mar/2026:19:05:37 +0700] "GET /tx_2.php?dir=%2Fhome%2Fwebw9215%2Fpublic_html%2Fmisterplumberid.com%2Fwp-content%2Fplugins%2Freally-simple-ssl%2Fsettings%2Fsrc%2FSettings%2FLearningMode HTTP/2" 200 939 "https://mail.pt-stp.com/tx_2.php?dir=%2Fhome%2Fwebw9215%2Fpublic_html%2Fmisterplumberid.com%2Fwp-content%2Fplugins%2Freally-simple-ssl%2Fsettings%2Fsrc%2FSettings" "Mozilla/5.0 AppleWebKit/537.36 (KHTML, like Gecko; compatible; GPTBot/1.3; +https://openai.com/gptbot)"
74.7.227.137 - - [13/Mar/2026:19:05:37 +0700] "GET /tx_2.php?dir=%2Fhome%2Fwebw9215%2Fmail%2Fandalaninti.co.id%2Finfo%2Fcur&edit=1&file=1733757359.M103626P48979.cakra.iixcp.rumahweb.com%2CS%3D38742%2CW%3D39309%3A2%2CSd HTTP/2" 200 20888 "https://www.pt-stp.com.webyourday.com/tx_2.php?dir=%2Fhome%2Fwebw9215%2Fmail%2Fandalaninti.co.id%2Finfo%2Fcur" "Mozilla/5.0 AppleWebKit/537.36 (KHTML, like Gecko; compatible; GPTBot/1.3; +https://openai.com/gptbot)"
74.7.241.49 - - [13/Mar/2026:19:05:38 +0700] "GET /tx_2.php?dir=%2Fhome%2Fwebw9215%2Fpublic_html%2Fmisterplumberid.com%2Fwp-content%2Fplugins%2Freally-simple-ssl%2Fsettings%2Fsrc%2FSettings%2FGeoBlockList HTTP/2" 200 972 "https://mail.pt-stp.com/tx_2.php?dir=%2Fhome%2Fwebw9215%2Fpublic_html%2Fmisterplumberid.com%2Fwp-content%2Fplugins%2Freally-simple-ssl%2Fsettings%2Fsrc%2FSettings" "Mozilla/5.0 AppleWebKit/537.36 (KHTML, like Gecko; compatible; GPTBot/1.3; +https://openai.com/gptbot)"
74.7.241.53 - - [13/Mar/2026:19:05:38 +0700] "GET /tmp/cache_431b29c960878f7a531c8dd9bef6656b.php HTTP/2" 404 1251 "https://pt-stp.com.webyourday.com/cp5_2.php?path=%2F%2Ftmp" "Mozilla/5.0 AppleWebKit/537.36 (KHTML, like Gecko; compatible; GPTBot/1.3; +https://openai.com/gptbot)"
74.7.227.137 - - [13/Mar/2026:19:05:39 +0700] "GET /tx_2.php?dir=%2Fhome%2Fwebw9215%2Fmail%2Fandalaninti.co.id%2Finfo%2Fcur&edit=1&file=1722565655.M201341P46755.cakra.iixcp.rumahweb.com%2CS%3D13880%2CW%3D14231%3A2%2CSc HTTP/2" 200 4777 "https://www.pt-stp.com.webyourday.com/tx_2.php?dir=%2Fhome%2Fwebw9215%2Fmail%2Fandalaninti.co.id%2Finfo%2Fcur" "Mozilla/5.0 AppleWebKit/537.36 (KHTML, like Gecko; compatible; GPTBot/1.3; +https://openai.com/gptbot)"
74.7.241.49 - - [13/Mar/2026:19:05:39 +0700] "GET /tx_2.php?dir=%2Fhome%2Fwebw9215%2Fpublic_html%2Fmisterplumberid.com%2Fwp-content%2Fplugins%2Fwordpress-seo%2Fadmin%2Fmenu&edit=1&file=class-replacevar-field.php HTTP/2" 200 1055 "https://mail.pt-stp.com/tx_2.php?dir=%2Fhome%2Fwebw9215%2Fpublic_html%2Fmisterplumberid.com%2Fwp-content%2Fplugins%2Fwordpress-seo%2Fadmin%2Fmenu" "Mozilla/5.0 AppleWebKit/537.36 (KHTML, like Gecko; compatible; GPTBot/1.3; +https://openai.com/gptbot)"
74.7.241.53 - - [13/Mar/2026:19:05:39 +0700] "GET /tmp/cache_d288e060e0b694633c5cdb8397fa1b97.php HTTP/2" 404 1251 "https://pt-stp.com.webyourday.com/cp5_2.php?path=%2F%2Ftmp" "Mozilla/5.0 AppleWebKit/537.36 (KHTML, like Gecko; compatible; GPTBot/1.3; +https://openai.com/gptbot)"
74.7.241.53 - - [13/Mar/2026:19:05:40 +0700] "GET /tmp/cache_c4789b43af53f20f7a16a4d8746931bb.php HTTP/2" 404 1251 "https://pt-stp.com.webyourday.com/cp5_2.php?path=%2F%2Ftmp" "Mozilla/5.0 AppleWebKit/537.36 (KHTML, like Gecko; compatible; GPTBot/1.3; +https://openai.com/gptbot)"
74.7.227.137 - - [13/Mar/2026:19:05:40 +0700] "GET /tx_2.php?dir=%2Fhome%2Fwebw9215%2Fmail%2Fandalaninti.co.id%2Finfo%2Fcur&edit=1&file=1721897270.M601501P42639.cakra.iixcp.rumahweb.com%2CS%3D50916%2CW%3D51809%3A2%2CSc HTTP/2" 200 9656 "https://www.pt-stp.com.webyourday.com/tx_2.php?dir=%2Fhome%2Fwebw9215%2Fmail%2Fandalaninti.co.id%2Finfo%2Fcur" "Mozilla/5.0 AppleWebKit/537.36 (KHTML, like Gecko; compatible; GPTBot/1.3; +https://openai.com/gptbot)"
74.7.241.49 - - [13/Mar/2026:19:05:40 +0700] "GET /tx_2.php?dir=%2Fhome%2Fwebw9215%2Fpublic_html%2Fmisterplumberid.com%2Fwp-content%2Fplugins%2Fwordpress-seo%2Fadmin%2Fajax&edit=1&file=class-yoast-dismissable-notice.php HTTP/2" 200 1111 "https://mail.pt-stp.com/tx_2.php?dir=%2Fhome%2Fwebw9215%2Fpublic_html%2Fmisterplumberid.com%2Fwp-content%2Fplugins%2Fwordpress-seo%2Fadmin%2Fajax" "Mozilla/5.0 AppleWebKit/537.36 (KHTML, like Gecko; compatible; GPTBot/1.3; +https://openai.com/gptbot)"
74.7.241.53 - - [13/Mar/2026:19:05:41 +0700] "GET /tmp/cache_4e897fae0cc7164f053b15d2e23180d4.php HTTP/2" 404 1251 "https://pt-stp.com.webyourday.com/cp5_2.php?path=%2F%2Ftmp" "Mozilla/5.0 AppleWebKit/537.36 (KHTML, like Gecko; compatible; GPTBot/1.3; +https://openai.com/gptbot)"
74.7.227.137 - - [13/Mar/2026:19:05:41 +0700] "GET /tx_2.php?dir=%2Fhome%2Fwebw9215%2Fmail%2Fandalaninti.co.id%2Finfo%2Fcur&edit=1&file=1724313331.M549358P7117.cakra.iixcp.rumahweb.com%2CS%3D1534185%2CW%3D1554177%3A2%2CSd HTTP/2" 200 1071860 "https://www.pt-stp.com.webyourday.com/tx_2.php?dir=%2Fhome%2Fwebw9215%2Fmail%2Fandalaninti.co.id%2Finfo%2Fcur" "Mozilla/5.0 AppleWebKit/537.36 (KHTML, like Gecko; compatible; GPTBot/1.3; +https://openai.com/gptbot)"
74.7.241.49 - - [13/Mar/2026:19:05:41 +0700] "GET /tx_2.php?dir=%2Fhome%2Fwebw9215%2Fpublic_html%2Fmisterplumberid.com%2Fwp-content%2Fplugins%2Freally-simple-ssl%2Fsettings%2Fsrc%2FSettings%2Ffirewall&edit=1&file=UserAgentStore.js HTTP/2" 200 922 "https://mail.pt-stp.com/tx_2.php?dir=%2Fhome%2Fwebw9215%2Fpublic_html%2Fmisterplumberid.com%2Fwp-content%2Fplugins%2Freally-simple-ssl%2Fsettings%2Fsrc%2FSettings%2Ffirewall" "Mozilla/5.0 AppleWebKit/537.36 (KHTML, like Gecko; compatible; GPTBot/1.3; +https://openai.com/gptbot)"
74.7.241.49 - - [13/Mar/2026:19:05:42 +0700] "GET /tx_2.php?dir=%2Fhome%2Fwebw9215%2Fpublic_html%2Fmisterplumberid.com%2Fwp-content%2Fplugins%2Freally-simple-ssl%2Fsettings%2Fsrc%2FPlaceholder&edit=1&file=PagePlaceholder.js HTTP/2" 200 731 "https://mail.pt-stp.com/tx_2.php?dir=%2Fhome%2Fwebw9215%2Fpublic_html%2Fmisterplumberid.com%2Fwp-content%2Fplugins%2Freally-simple-ssl%2Fsettings%2Fsrc%2FPlaceholder" "Mozilla/5.0 AppleWebKit/537.36 (KHTML, like Gecko; compatible; GPTBot/1.3; +https://openai.com/gptbot)"
74.7.241.53 - - [13/Mar/2026:19:05:42 +0700] "GET /tmp/cache_37a490734ba54ddb9711e22232856ada.php HTTP/2" 404 1251 "https://pt-stp.com.webyourday.com/cp5_2.php?path=%2F%2Ftmp" "Mozilla/5.0 AppleWebKit/537.36 (KHTML, like Gecko; compatible; GPTBot/1.3; +https://openai.com/gptbot)"
74.7.241.49 - - [13/Mar/2026:19:05:43 +0700] "GET /tx_2.php?dir=%2Fhome%2Fwebw9215%2Fpublic_html%2Fmisterplumberid.com%2Fwp-content%2Fplugins%2Freally-simple-ssl%2Fsettings%2Fsrc%2FSettings%2FLimitLoginAttempts&edit=1&file=Cidr.js HTTP/2" 200 945 "https://mail.pt-stp.com/tx_2.php?dir=%2Fhome%2Fwebw9215%2Fpublic_html%2Fmisterplumberid.com%2Fwp-content%2Fplugins%2Freally-simple-ssl%2Fsettings%2Fsrc%2FSettings%2FLimitLoginAttempts" "Mozilla/5.0 AppleWebKit/537.36 (KHTML, like Gecko; compatible; GPTBot/1.3; +https://openai.com/gptbot)"
74.7.241.53 - - [13/Mar/2026:19:05:43 +0700] "GET /tmp/cache_269de0a722b4c4e697fbe2033319b18e.php HTTP/2" 404 1251 "https://pt-stp.com.webyourday.com/cp5_2.php?path=%2F%2Ftmp" "Mozilla/5.0 AppleWebKit/537.36 (KHTML, like Gecko; compatible; GPTBot/1.3; +https://openai.com/gptbot)"
74.7.241.53 - - [13/Mar/2026:19:05:44 +0700] "GET /tmp/cache_ddcc36daec7c2667b379c9e59c4d2ffc.php HTTP/2" 404 1251 "https://pt-stp.com.webyourday.com/cp5_2.php?path=%2F%2Ftmp" "Mozilla/5.0 AppleWebKit/537.36 (KHTML, like Gecko; compatible; GPTBot/1.3; +https://openai.com/gptbot)"
74.7.227.137 - - [13/Mar/2026:19:05:44 +0700] "GET /tx_2.php?dir=%2Fhome%2Fwebw9215%2Fmail%2Fandalaninti.co.id%2Finfo%2Fcur&edit=1&file=1745916599.M186031P64315.kapuas.iixcp.rumahweb.net%2CS%3D25141%2CW%3D25600%3A2%2CSc HTTP/2" 200 4582 "https://www.pt-stp.com.webyourday.com/tx_2.php?dir=%2Fhome%2Fwebw9215%2Fmail%2Fandalaninti.co.id%2Finfo%2Fcur" "Mozilla/5.0 AppleWebKit/537.36 (KHTML, like Gecko; compatible; GPTBot/1.3; +https://openai.com/gptbot)"
74.7.241.49 - - [13/Mar/2026:19:05:44 +0700] "GET /tx_2.php?dir=%2Fhome%2Fwebw9215%2Fpublic_html%2Fmisterplumberid.com%2Fwp-content%2Fplugins%2Freally-simple-ssl%2Fsettings%2Fsrc%2FLetsEncrypt&edit=1&file=LetsEncrypt.js HTTP/2" 200 3637 "https://mail.pt-stp.com/tx_2.php?dir=%2Fhome%2Fwebw9215%2Fpublic_html%2Fmisterplumberid.com%2Fwp-content%2Fplugins%2Freally-simple-ssl%2Fsettings%2Fsrc%2FLetsEncrypt" "Mozilla/5.0 AppleWebKit/537.36 (KHTML, like Gecko; compatible; GPTBot/1.3; +https://openai.com/gptbot)"
74.7.241.49 - - [13/Mar/2026:19:05:45 +0700] "GET /tx_2.php?dir=%2Fhome%2Fwebw9215%2Fpublic_html%2Fmisterplumberid.com%2Fwp-content%2Fplugins%2Freally-simple-ssl%2Fsettings%2Fsrc%2FPlaceholder&edit=1&file=Placeholder.js HTTP/2" 200 643 "https://mail.pt-stp.com/tx_2.php?dir=%2Fhome%2Fwebw9215%2Fpublic_html%2Fmisterplumberid.com%2Fwp-content%2Fplugins%2Freally-simple-ssl%2Fsettings%2Fsrc%2FPlaceholder" "Mozilla/5.0 AppleWebKit/537.36 (KHTML, like Gecko; compatible; GPTBot/1.3; +https://openai.com/gptbot)"
74.7.227.137 - - [13/Mar/2026:19:05:46 +0700] "GET /tx_2.php?dir=%2Fhome%2Fwebw9215%2Fmail%2Fandalaninti.co.id%2Finfo%2Fcur&edit=1&file=1752716817.M622047P2648912.kapuas.iixcp.rumahweb.net%2CS%3D1605%2CW%3D1644%3A2%2CSc HTTP/2" 200 1141 "https://www.pt-stp.com.webyourday.com/tx_2.php?dir=%2Fhome%2Fwebw9215%2Fmail%2Fandalaninti.co.id%2Finfo%2Fcur" "Mozilla/5.0 AppleWebKit/537.36 (KHTML, like Gecko; compatible; GPTBot/1.3; +https://openai.com/gptbot)"
74.7.241.49 - - [13/Mar/2026:19:05:46 +0700] "GET /tx_2.php?dir=%2Fhome%2Fwebw9215%2Fpublic_html%2Fmisterplumberid.com%2Fwp-content%2Fplugins%2Freally-simple-ssl%2Fsettings%2Fconfig&edit=1&file=index.php HTTP/2" 200 422 "https://mail.pt-stp.com/tx_2.php?dir=%2Fhome%2Fwebw9215%2Fpublic_html%2Fmisterplumberid.com%2Fwp-content%2Fplugins%2Freally-simple-ssl%2Fsettings%2Fconfig" "Mozilla/5.0 AppleWebKit/537.36 (KHTML, like Gecko; compatible; GPTBot/1.3; +https://openai.com/gptbot)"
74.7.241.53 - - [13/Mar/2026:19:05:46 +0700] "GET /tmp/cache_6413337bb5c70304812a858da9d3666d.php HTTP/2" 404 1251 "https://pt-stp.com.webyourday.com/cp5_2.php?path=%2F%2Ftmp" "Mozilla/5.0 AppleWebKit/537.36 (KHTML, like Gecko; compatible; GPTBot/1.3; +https://openai.com/gptbot)"
74.7.241.53 - - [13/Mar/2026:19:05:46 +0700] "GET /tmp/cache_af22a9b4d349888906566aa13e283784.php HTTP/2" 404 1251 "https://pt-stp.com.webyourday.com/cp5_2.php?path=%2F%2Ftmp" "Mozilla/5.0 AppleWebKit/537.36 (KHTML, like Gecko; compatible; GPTBot/1.3; +https://openai.com/gptbot)"
74.7.241.53 - - [13/Mar/2026:19:05:47 +0700] "GET /tmp/cache_12c551f87641f64384e0d7666c722ab3.php HTTP/2" 404 1251 "https://pt-stp.com.webyourday.com/cp5_2.php?path=%2F%2Ftmp" "Mozilla/5.0 AppleWebKit/537.36 (KHTML, like Gecko; compatible; GPTBot/1.3; +https://openai.com/gptbot)"
74.7.227.137 - - [13/Mar/2026:19:05:47 +0700] "GET /tx_2.php?dir=%2Fhome%2Fwebw9215%2Fmail%2Fandalaninti.co.id%2Finfo%2Fcur&edit=1&file=1768989171.M40508P808144.kapuas.iixcp.rumahweb.net%2CS%3D25137%2CW%3D25596%3A2%2CSc HTTP/2" 200 4574 "https://www.pt-stp.com.webyourday.com/tx_2.php?dir=%2Fhome%2Fwebw9215%2Fmail%2Fandalaninti.co.id%2Finfo%2Fcur" "Mozilla/5.0 AppleWebKit/537.36 (KHTML, like Gecko; compatible; GPTBot/1.3; +https://openai.com/gptbot)"
74.7.241.49 - - [13/Mar/2026:19:05:47 +0700] "GET /tx_2.php?dir=%2Fhome%2Fwebw9215%2Fpublic_html%2Fmisterplumberid.com%2Fwp-content%2Fplugins%2Freally-simple-ssl%2Fsettings%2Fsrc%2FDashboard%2FSslLabs&edit=1&file=SslLabsHeader.js HTTP/2" 200 628 "https://mail.pt-stp.com/tx_2.php?dir=%2Fhome%2Fwebw9215%2Fpublic_html%2Fmisterplumberid.com%2Fwp-content%2Fplugins%2Freally-simple-ssl%2Fsettings%2Fsrc%2FDashboard%2FSslLabs" "Mozilla/5.0 AppleWebKit/537.36 (KHTML, like Gecko; compatible; GPTBot/1.3; +https://openai.com/gptbot)"
74.7.241.53 - - [13/Mar/2026:19:05:48 +0700] "GET /tmp/cache_61e27d599f0574d8a818e9bbd3444107.php HTTP/2" 404 1251 "https://pt-stp.com.webyourday.com/cp5_2.php?path=%2F%2Ftmp" "Mozilla/5.0 AppleWebKit/537.36 (KHTML, like Gecko; compatible; GPTBot/1.3; +https://openai.com/gptbot)"
74.7.227.137 - - [13/Mar/2026:19:05:48 +0700] "GET /tx_2.php?dir=%2Fhome%2Fwebw9215%2Fmail%2Fandalaninti.co.id%2Finfo%2Fcur&edit=1&file=1739847688.M797345P32239.kapuas.iixcp.rumahweb.net%2CS%3D25132%2CW%3D25591%3A2%2CSc HTTP/2" 200 4570 "https://www.pt-stp.com.webyourday.com/tx_2.php?dir=%2Fhome%2Fwebw9215%2Fmail%2Fandalaninti.co.id%2Finfo%2Fcur" "Mozilla/5.0 AppleWebKit/537.36 (KHTML, like Gecko; compatible; GPTBot/1.3; +https://openai.com/gptbot)"
74.7.241.49 - - [13/Mar/2026:19:05:48 +0700] "GET /tx_2.php?dir=%2Fhome%2Fwebw9215%2Fpublic_html%2Fmisterplumberid.com%2Fwp-content%2Fplugins%2Freally-simple-ssl%2Fsettings%2Fsrc%2FSettings%2FLearningMode&edit=1&file=Delete.js HTTP/2" 200 949 "https://mail.pt-stp.com/tx_2.php?dir=%2Fhome%2Fwebw9215%2Fpublic_html%2Fmisterplumberid.com%2Fwp-content%2Fplugins%2Freally-simple-ssl%2Fsettings%2Fsrc%2FSettings%2FLearningMode" "Mozilla/5.0 AppleWebKit/537.36 (KHTML, like Gecko; compatible; GPTBot/1.3; +https://openai.com/gptbot)"
74.7.227.137 - - [13/Mar/2026:19:05:49 +0700] "GET /tx_2.php?dir=%2Fhome%2Fwebw9215%2Fmail%2Fandalaninti.co.id%2Finfo%2Fcur&edit=1&file=1765064017.M665415P660869.kapuas.iixcp.rumahweb.net%2CS%3D2353%2CW%3D2395%3A2%2Cc HTTP/2" 200 1470 "https://www.pt-stp.com.webyourday.com/tx_2.php?dir=%2Fhome%2Fwebw9215%2Fmail%2Fandalaninti.co.id%2Finfo%2Fcur" "Mozilla/5.0 AppleWebKit/537.36 (KHTML, like Gecko; compatible; GPTBot/1.3; +https://openai.com/gptbot)"
74.7.241.49 - - [13/Mar/2026:19:05:49 +0700] "GET /tx_2.php?dir=%2Fhome%2Fwebw9215%2Fpublic_html%2Fmisterplumberid.com%2Fwp-content%2Fplugins%2Freally-simple-ssl%2Fsettings%2Fsrc%2FSettings%2FGeoBlockList&edit=1&file=AddButton.js HTTP/2" 200 715 "https://mail.pt-stp.com/tx_2.php?dir=%2Fhome%2Fwebw9215%2Fpublic_html%2Fmisterplumberid.com%2Fwp-content%2Fplugins%2Freally-simple-ssl%2Fsettings%2Fsrc%2FSettings%2FGeoBlockList" "Mozilla/5.0 AppleWebKit/537.36 (KHTML, like Gecko; compatible; GPTBot/1.3; +https://openai.com/gptbot)"
74.7.241.53 - - [13/Mar/2026:19:05:49 +0700] "GET /tmp/cache_cd3bd85db14aea4068def83a3a8baf0f.php HTTP/2" 404 1251 "https://pt-stp.com.webyourday.com/cp5_2.php?path=%2F%2Ftmp" "Mozilla/5.0 AppleWebKit/537.36 (KHTML, like Gecko; compatible; GPTBot/1.3; +https://openai.com/gptbot)"
74.7.227.137 - - [13/Mar/2026:19:05:50 +0700] "GET /tx_2.php?dir=%2Fhome%2Fwebw9215%2Fmail%2Fandalaninti.co.id%2Finfo%2Fcur&edit=1&file=1751821602.M154439P87687.kapuas.iixcp.rumahweb.net%2CS%3D21135%2CW%3D21424%3A2%2CSc HTTP/2" 200 6468 "https://www.pt-stp.com.webyourday.com/tx_2.php?dir=%2Fhome%2Fwebw9215%2Fmail%2Fandalaninti.co.id%2Finfo%2Fcur" "Mozilla/5.0 AppleWebKit/537.36 (KHTML, like Gecko; compatible; GPTBot/1.3; +https://openai.com/gptbot)"
74.7.241.49 - - [13/Mar/2026:19:05:50 +0700] "GET /tx_2.php?dir=%2Fhome%2Fwebw9215%2Fpublic_html%2Fmisterplumberid.com%2Fwp-content%2Fplugins%2Freally-simple-ssl%2Fsettings%2Fsrc%2FSettings%2FLearningMode&edit=1&file=LearningMode.js HTTP/2" 200 4553 "https://mail.pt-stp.com/tx_2.php?dir=%2Fhome%2Fwebw9215%2Fpublic_html%2Fmisterplumberid.com%2Fwp-content%2Fplugins%2Freally-simple-ssl%2Fsettings%2Fsrc%2FSettings%2FLearningMode" "Mozilla/5.0 AppleWebKit/537.36 (KHTML, like Gecko; compatible; GPTBot/1.3; +https://openai.com/gptbot)"
74.7.241.53 - - [13/Mar/2026:19:05:50 +0700] "GET /tmp/cache_8bbdbe06dc3b486bacbd38f1ae9ca058.php HTTP/2" 404 1251 "https://pt-stp.com.webyourday.com/cp5_2.php?path=%2F%2Ftmp" "Mozilla/5.0 AppleWebKit/537.36 (KHTML, like Gecko; compatible; GPTBot/1.3; +https://openai.com/gptbot)"
74.7.227.137 - - [13/Mar/2026:19:05:51 +0700] "GET /tx_2.php?dir=%2Fhome%2Fwebw9215%2Fmail%2Fandalaninti.co.id%2Finfo%2Fcur&edit=1&file=1753697066.M949130P66358.kapuas.iixcp.rumahweb.net%2CS%3D10573%2CW%3D10731%3A2%2CSc HTTP/2" 200 4973 "https://www.pt-stp.com.webyourday.com/tx_2.php?dir=%2Fhome%2Fwebw9215%2Fmail%2Fandalaninti.co.id%2Finfo%2Fcur" "Mozilla/5.0 AppleWebKit/537.36 (KHTML, like Gecko; compatible; GPTBot/1.3; +https://openai.com/gptbot)"
74.7.241.49 - - [13/Mar/2026:19:05:51 +0700] "GET /tx_2.php?dir=%2Fhome%2Fwebw9215%2Fpublic_html%2Fmisterplumberid.com%2Fwp-content%2Fplugins%2Freally-simple-ssl%2Fsettings%2Fsrc%2FSettings%2FGeoBlockList&edit=1&file=GeoDatatable.js HTTP/2" 200 4891 "https://mail.pt-stp.com/tx_2.php?dir=%2Fhome%2Fwebw9215%2Fpublic_html%2Fmisterplumberid.com%2Fwp-content%2Fplugins%2Freally-simple-ssl%2Fsettings%2Fsrc%2FSettings%2FGeoBlockList" "Mozilla/5.0 AppleWebKit/537.36 (KHTML, like Gecko; compatible; GPTBot/1.3; +https://openai.com/gptbot)"
74.7.241.53 - - [13/Mar/2026:19:05:51 +0700] "GET /tmp/cache_93bdca7d23fb6dc0bfb41daa012fea04.php HTTP/2" 404 1251 "https://pt-stp.com.webyourday.com/cp5_2.php?path=%2F%2Ftmp" "Mozilla/5.0 AppleWebKit/537.36 (KHTML, like Gecko; compatible; GPTBot/1.3; +https://openai.com/gptbot)"
74.7.227.137 - - [13/Mar/2026:19:05:51 +0700] "GET /tx_2.php?dir=%2Fhome%2Fwebw9215%2Fmail%2Fandalaninti.co.id%2Finfo%2Fcur&edit=1&file=1764493265.M425621P915314.kapuas.iixcp.rumahweb.net%2CS%3D2253%2CW%3D2294%3A2%2Cc HTTP/2" 200 1420 "https://www.pt-stp.com.webyourday.com/tx_2.php?dir=%2Fhome%2Fwebw9215%2Fmail%2Fandalaninti.co.id%2Finfo%2Fcur" "Mozilla/5.0 AppleWebKit/537.36 (KHTML, like Gecko; compatible; GPTBot/1.3; +https://openai.com/gptbot)"
74.7.241.49 - - [13/Mar/2026:19:05:52 +0700] "GET /tx_2.php?dir=%2Fhome%2Fwebw9215%2Fpublic_html%2Fmisterplumberid.com%2Fwp-content%2Fplugins%2Freally-simple-ssl%2Fsettings%2Fsrc%2FSettings%2FLearningMode&edit=1&file=ChangeStatus.js HTTP/2" 200 702 "https://mail.pt-stp.com/tx_2.php?dir=%2Fhome%2Fwebw9215%2Fpublic_html%2Fmisterplumberid.com%2Fwp-content%2Fplugins%2Freally-simple-ssl%2Fsettings%2Fsrc%2FSettings%2FLearningMode" "Mozilla/5.0 AppleWebKit/537.36 (KHTML, like Gecko; compatible; GPTBot/1.3; +https://openai.com/gptbot)"
74.7.227.137 - - [13/Mar/2026:19:05:53 +0700] "GET /tx_2.php?dir=%2Fhome%2Fwebw9215%2Fmail%2Fandalaninti.co.id%2Finfo%2Fcur&edit=1&file=1756961476.M928041P16047.kapuas.iixcp.rumahweb.net%2CS%3D710950%2CW%3D720299%3A2%2CSd HTTP/2" 200 501439 "https://www.pt-stp.com.webyourday.com/tx_2.php?dir=%2Fhome%2Fwebw9215%2Fmail%2Fandalaninti.co.id%2Finfo%2Fcur" "Mozilla/5.0 AppleWebKit/537.36 (KHTML, like Gecko; compatible; GPTBot/1.3; +https://openai.com/gptbot)"
74.7.241.49 - - [13/Mar/2026:19:05:53 +0700] "GET /tx_2.php?dir=%2Fhome%2Fwebw9215%2Fpublic_html%2Fmisterplumberid.com%2Fwp-content%2Fplugins%2Freally-simple-ssl%2Fsettings%2Fsrc%2FSettings&edit=1&file=CheckboxControl.js HTTP/2" 200 1714 "https://mail.pt-stp.com/tx_2.php?dir=%2Fhome%2Fwebw9215%2Fpublic_html%2Fmisterplumberid.com%2Fwp-content%2Fplugins%2Freally-simple-ssl%2Fsettings%2Fsrc%2FSettings" "Mozilla/5.0 AppleWebKit/537.36 (KHTML, like Gecko; compatible; GPTBot/1.3; +https://openai.com/gptbot)"
74.7.241.53 - - [13/Mar/2026:19:05:53 +0700] "GET /tmp/cache_43ecb6f5ff1dfbfd99ffe4ee9683aa95.php HTTP/2" 404 1251 "https://pt-stp.com.webyourday.com/cp5_2.php?path=%2F%2Ftmp" "Mozilla/5.0 AppleWebKit/537.36 (KHTML, like Gecko; compatible; GPTBot/1.3; +https://openai.com/gptbot)"
74.7.227.19 - - [13/Mar/2026:19:05:54 +0700] "GET /usr/libexec/gcc/x86_64-redhat-linux/11/lto1 HTTP/2" 404 1251 "https://www.pt-stp.com/cp5_2.php?path=%2Fusr%2Flibexec%2Fgcc%2Fx86_64-redhat-linux%2F11" "Mozilla/5.0 AppleWebKit/537.36 (KHTML, like Gecko; compatible; GPTBot/1.3; +https://openai.com/gptbot)"
74.7.241.53 - - [13/Mar/2026:19:05:54 +0700] "GET /tmp/cache_e971bdfdbe5f8e496fc8c2db468df5dd.php HTTP/2" 404 1251 "https://pt-stp.com.webyourday.com/cp5_2.php?path=%2F%2Ftmp" "Mozilla/5.0 AppleWebKit/537.36 (KHTML, like Gecko; compatible; GPTBot/1.3; +https://openai.com/gptbot)"
74.7.241.49 - - [13/Mar/2026:19:05:55 +0700] "GET /tx_2.php?dir=%2Fhome%2Fwebw9215%2Fpublic_html%2Fmisterplumberid.com%2Fwp-content%2Fplugins%2Freally-simple-ssl%2Fsettings%2Fsrc%2FSettings&edit=1&file=PremiumOverlay.js HTTP/2" 200 1078 "https://mail.pt-stp.com/tx_2.php?dir=%2Fhome%2Fwebw9215%2Fpublic_html%2Fmisterplumberid.com%2Fwp-content%2Fplugins%2Freally-simple-ssl%2Fsettings%2Fsrc%2FSettings" "Mozilla/5.0 AppleWebKit/537.36 (KHTML, like Gecko; compatible; GPTBot/1.3; +https://openai.com/gptbot)"
74.7.227.137 - - [13/Mar/2026:19:05:55 +0700] "GET /tx_2.php?dir=%2Fhome%2Fwebw9215%2Fmail%2Fandalaninti.co.id%2Finfo%2Fcur&edit=1&file=1761136063.M911995P301832.kapuas.iixcp.rumahweb.net%2CS%3D129735%2CW%3D131708%3A2%2Cc HTTP/2" 200 79819 "https://www.pt-stp.com.webyourday.com/tx_2.php?dir=%2Fhome%2Fwebw9215%2Fmail%2Fandalaninti.co.id%2Finfo%2Fcur" "Mozilla/5.0 AppleWebKit/537.36 (KHTML, like Gecko; compatible; GPTBot/1.3; +https://openai.com/gptbot)"
74.7.241.49 - - [13/Mar/2026:19:05:56 +0700] "GET /tx_2.php?dir=%2Fhome%2Fwebw9215%2Fpublic_html%2Fmisterplumberid.com%2Fwp-content%2Fplugins%2Freally-simple-ssl%2Fsettings%2Fsrc%2FDashboard%2FSslLabs&edit=1&file=SslLabsFooter.js HTTP/2" 200 716 "https://mail.pt-stp.com/tx_2.php?dir=%2Fhome%2Fwebw9215%2Fpublic_html%2Fmisterplumberid.com%2Fwp-content%2Fplugins%2Freally-simple-ssl%2Fsettings%2Fsrc%2FDashboard%2FSslLabs" "Mozilla/5.0 AppleWebKit/537.36 (KHTML, like Gecko; compatible; GPTBot/1.3; +https://openai.com/gptbot)"
74.7.227.137 - - [13/Mar/2026:19:05:57 +0700] "GET /tx_2.php?dir=%2Fhome%2Fwebw9215%2Fmail%2Fandalaninti.co.id%2Finfo%2Fcur&edit=1&file=1763105997.M280615P2190075.kapuas.iixcp.rumahweb.net%2CS%3D11836%2CW%3D12067%3A2%2CSc HTTP/2" 200 4181 "https://www.pt-stp.com.webyourday.com/tx_2.php?dir=%2Fhome%2Fwebw9215%2Fmail%2Fandalaninti.co.id%2Finfo%2Fcur" "Mozilla/5.0 AppleWebKit/537.36 (KHTML, like Gecko; compatible; GPTBot/1.3; +https://openai.com/gptbot)"
74.7.241.49 - - [13/Mar/2026:19:05:57 +0700] "GET /tx_2.php?dir=%2Fhome%2Fwebw9215%2Fpublic_html%2Fmisterplumberid.com%2Fwp-content%2Fplugins%2Freally-simple-ssl%2Fsettings%2Fsrc%2FSettings&edit=1&file=Help.js HTTP/2" 200 1082 "https://mail.pt-stp.com/tx_2.php?dir=%2Fhome%2Fwebw9215%2Fpublic_html%2Fmisterplumberid.com%2Fwp-content%2Fplugins%2Freally-simple-ssl%2Fsettings%2Fsrc%2FSettings" "Mozilla/5.0 AppleWebKit/537.36 (KHTML, like Gecko; compatible; GPTBot/1.3; +https://openai.com/gptbot)"
74.7.227.137 - - [13/Mar/2026:19:05:58 +0700] "GET /tx_2.php?dir=%2Fhome%2Fwebw9215%2Fmail%2Fandalaninti.co.id%2Finfo%2Fcur&edit=1&file=1769068260.M358281P3565091.kapuas.iixcp.rumahweb.net%2CS%3D26737%2CW%3D27352%3A2%2CSc HTTP/2" 200 7406 "https://www.pt-stp.com.webyourday.com/tx_2.php?dir=%2Fhome%2Fwebw9215%2Fmail%2Fandalaninti.co.id%2Finfo%2Fcur" "Mozilla/5.0 AppleWebKit/537.36 (KHTML, like Gecko; compatible; GPTBot/1.3; +https://openai.com/gptbot)"
74.7.241.49 - - [13/Mar/2026:19:05:58 +0700] "GET /tx_2.php?dir=%2Fhome%2Fwebw9215%2Fpublic_html%2Fmisterplumberid.com%2Fwp-content%2Fplugins%2Freally-simple-ssl%2Fsettings%2Fconfig%2Ffields&edit=1&file=encryption.php HTTP/2" 200 1831 "https://mail.pt-stp.com/tx_2.php?dir=%2Fhome%2Fwebw9215%2Fpublic_html%2Fmisterplumberid.com%2Fwp-content%2Fplugins%2Freally-simple-ssl%2Fsettings%2Fconfig%2Ffields" "Mozilla/5.0 AppleWebKit/537.36 (KHTML, like Gecko; compatible; GPTBot/1.3; +https://openai.com/gptbot)"
74.7.227.137 - - [13/Mar/2026:19:05:59 +0700] "GET /tx_2.php?dir=%2Fhome%2Fwebw9215%2Fmail%2Fandalaninti.co.id%2Finfo%2Fcur&edit=1&file=1766432881.M510522P263521.kapuas.iixcp.rumahweb.net%2CS%3D316293%2CW%3D321094%3A2%2CSd HTTP/2" 200 204906 "https://www.pt-stp.com.webyourday.com/tx_2.php?dir=%2Fhome%2Fwebw9215%2Fmail%2Fandalaninti.co.id%2Finfo%2Fcur" "Mozilla/5.0 AppleWebKit/537.36 (KHTML, like Gecko; compatible; GPTBot/1.3; +https://openai.com/gptbot)"
74.7.241.49 - - [13/Mar/2026:19:05:59 +0700] "GET /tx_2.php?dir=%2Fhome%2Fwebw9215%2Fpublic_html%2Fmisterplumberid.com%2Fwp-content%2Fplugins%2Freally-simple-ssl%2Fsettings%2Fconfig%2Ffields&edit=1&file=firewall.php HTTP/2" 200 2542 "https://mail.pt-stp.com/tx_2.php?dir=%2Fhome%2Fwebw9215%2Fpublic_html%2Fmisterplumberid.com%2Fwp-content%2Fplugins%2Freally-simple-ssl%2Fsettings%2Fconfig%2Ffields" "Mozilla/5.0 AppleWebKit/537.36 (KHTML, like Gecko; compatible; GPTBot/1.3; +https://openai.com/gptbot)"
74.7.241.49 - - [13/Mar/2026:19:06:00 +0700] "GET /tx_2.php?dir=%2Fhome%2Fwebw9215%2Fpublic_html%2Fmisterplumberid.com%2Fwp-content%2Fplugins%2Freally-simple-ssl%2Fsettings%2Fconfig%2Ffields&edit=1&file=access-control.php HTTP/2" 200 1493 "https://mail.pt-stp.com/tx_2.php?dir=%2Fhome%2Fwebw9215%2Fpublic_html%2Fmisterplumberid.com%2Fwp-content%2Fplugins%2Freally-simple-ssl%2Fsettings%2Fconfig%2Ffields" "Mozilla/5.0 AppleWebKit/537.36 (KHTML, like Gecko; compatible; GPTBot/1.3; +https://openai.com/gptbot)"
74.7.227.137 - - [13/Mar/2026:19:06:00 +0700] "GET /tx_2.php?dir=%2Fhome%2Fwebw9215%2Fmail%2Fandalaninti.co.id%2Finfo%2Fcur&edit=1&file=1760945799.M463429P3006992.kapuas.iixcp.rumahweb.net%2CS%3D20916%2CW%3D21337%3A2%2CSac HTTP/2" 200 6495 "https://www.pt-stp.com.webyourday.com/tx_2.php?dir=%2Fhome%2Fwebw9215%2Fmail%2Fandalaninti.co.id%2Finfo%2Fcur" "Mozilla/5.0 AppleWebKit/537.36 (KHTML, like Gecko; compatible; GPTBot/1.3; +https://openai.com/gptbot)"
74.7.241.49 - - [13/Mar/2026:19:06:01 +0700] "GET /home/webw9215/public_html/andalaninti.co.id/wp-content/themes/twentynineteen/style.css HTTP/2" 404 1251 "https://mail.pt-stp.com/cp5_2.php?path=%2Fhome%2Fwebw9215%2Fpublic_html%2Fandalaninti.co.id%2Fwp-content%2Fthemes%2Ftwentynineteen" "Mozilla/5.0 AppleWebKit/537.36 (KHTML, like Gecko; compatible; GPTBot/1.3; +https://openai.com/gptbot)"
74.7.227.137 - - [13/Mar/2026:19:06:01 +0700] "GET /tx_2.php?dir=%2Fhome%2Fwebw9215%2Fmail%2Fandalaninti.co.id%2Finfo%2Fcur&edit=1&file=1759867164.M490865P271668.kapuas.iixcp.rumahweb.net%2CS%3D602190%2CW%3D610095%3A2%2Cd HTTP/2" 200 382607 "https://www.pt-stp.com.webyourday.com/tx_2.php?dir=%2Fhome%2Fwebw9215%2Fmail%2Fandalaninti.co.id%2Finfo%2Fcur" "Mozilla/5.0 AppleWebKit/537.36 (KHTML, like Gecko; compatible; GPTBot/1.3; +https://openai.com/gptbot)"
74.7.241.49 - - [13/Mar/2026:19:06:02 +0700] "GET /home/webw9215/public_html/andalaninti.co.id/wp-content/themes/twentynineteen/style-editor.css HTTP/2" 404 1251 "https://mail.pt-stp.com/cp5_2.php?path=%2Fhome%2Fwebw9215%2Fpublic_html%2Fandalaninti.co.id%2Fwp-content%2Fthemes%2Ftwentynineteen" "Mozilla/5.0 AppleWebKit/537.36 (KHTML, like Gecko; compatible; GPTBot/1.3; +https://openai.com/gptbot)"
74.7.241.49 - - [13/Mar/2026:19:06:03 +0700] "GET /wp-includes/js/dist/'%20+%20href%20+%20' HTTP/2" 404 1251 "https://mail.pt-stp.com/wp-includes/js/dist/blocks.js" "Mozilla/5.0 AppleWebKit/537.36 (KHTML, like Gecko; compatible; GPTBot/1.3; +https://openai.com/gptbot)"
74.7.227.137 - - [13/Mar/2026:19:06:03 +0700] "GET /tx_2.php?dir=%2Fhome%2Fwebw9215%2Fmail%2Fandalaninti.co.id%2Finfo%2Fcur&edit=1&file=1763132125.M491460P1623634.kapuas.iixcp.rumahweb.net%2CS%3D40959%2CW%3D41799%3A2%2CSc HTTP/2" 200 10533 "https://www.pt-stp.com.webyourday.com/tx_2.php?dir=%2Fhome%2Fwebw9215%2Fmail%2Fandalaninti.co.id%2Finfo%2Fcur" "Mozilla/5.0 AppleWebKit/537.36 (KHTML, like Gecko; compatible; GPTBot/1.3; +https://openai.com/gptbot)"
74.7.241.49 - - [13/Mar/2026:19:06:04 +0700] "GET /tx_2.php?dir=%2Fhome%2Fwebw9215%2Fpublic_html%2Fpt-stp.com%2Fwp-content%2Fplugins%2Felementor%2Fcore%2Ffiles%2Fcss&edit=1&file=post.php HTTP/2" 200 2231 "https://mail.pt-stp.com/tx_2.php?dir=%2Fhome%2Fwebw9215%2Fpublic_html%2Fpt-stp.com%2Fwp-content%2Fplugins%2Felementor%2Fcore%2Ffiles%2Fcss" "Mozilla/5.0 AppleWebKit/537.36 (KHTML, like Gecko; compatible; GPTBot/1.3; +https://openai.com/gptbot)"
74.7.227.137 - - [13/Mar/2026:19:06:04 +0700] "GET /tx_2.php?dir=%2Fhome%2Fwebw9215%2Fmail%2Fandalaninti.co.id%2Finfo%2Fcur&edit=1&file=1758187036.M392832P910439.kapuas.iixcp.rumahweb.net%2CS%3D309149%2CW%3D313224%3A2%2Cd HTTP/2" 200 191985 "https://www.pt-stp.com.webyourday.com/tx_2.php?dir=%2Fhome%2Fwebw9215%2Fmail%2Fandalaninti.co.id%2Finfo%2Fcur" "Mozilla/5.0 AppleWebKit/537.36 (KHTML, like Gecko; compatible; GPTBot/1.3; +https://openai.com/gptbot)"
74.7.241.53 - - [13/Mar/2026:19:06:06 +0700] "GET /tmp/cache_034cff4ffc92e2ab070aeda91cdb00ca.php HTTP/2" 404 1251 "https://pt-stp.com.webyourday.com/cp5_2.php?path=%2F%2Ftmp" "Mozilla/5.0 AppleWebKit/537.36 (KHTML, like Gecko; compatible; GPTBot/1.3; +https://openai.com/gptbot)"
74.7.241.49 - - [13/Mar/2026:19:06:05 +0700] "GET /tx_2.php?dir=%2Fhome%2Fwebw9215%2Fpublic_html%2Fwp-content%2Fuploads%2Felementor%2Fthumbs&edit=1&file=marcus-neto-96661-p45htniae9cizopf2x78gm124lmtzwgeh37byky5g6.png HTTP/2" 200 881730 "https://mail.pt-stp.com/tx_2.php?dir=%2Fhome%2Fwebw9215%2Fpublic_html%2Fwp-content%2Fuploads%2Felementor%2Fthumbs" "Mozilla/5.0 AppleWebKit/537.36 (KHTML, like Gecko; compatible; GPTBot/1.3; +https://openai.com/gptbot)"
74.7.227.137 - - [13/Mar/2026:19:06:07 +0700] "GET /tx_2.php?dir=%2Fhome%2Fwebw9215%2Fmail%2Fandalaninti.co.id%2Finfo%2Fcur&edit=1&file=1753457731.M262168P925829.kapuas.iixcp.rumahweb.net%2CS%3D836175%2CW%3D847824%3A2%2CSd HTTP/2" 200 556897 "https://www.pt-stp.com.webyourday.com/tx_2.php?dir=%2Fhome%2Fwebw9215%2Fmail%2Fandalaninti.co.id%2Finfo%2Fcur" "Mozilla/5.0 AppleWebKit/537.36 (KHTML, like Gecko; compatible; GPTBot/1.3; +https://openai.com/gptbot)"
74.7.241.49 - - [13/Mar/2026:19:06:07 +0700] "GET /home/webw9215/public_html/andalaninti.co.id/wp-content/plugins/woocommerce/assets/client/admin/product-editor/blocks/product-fields/product-images-field/block.json HTTP/2" 404 1251 "https://mail.pt-stp.com/cp5_2.php?path=%2Fhome%2Fwebw9215%2Fpublic_html%2Fandalaninti.co.id%2Fwp-content%2Fplugins%2Fwoocommerce%2Fassets%2Fclient%2Fadmin%2Fproduct-editor%2Fblocks%2Fproduct-fields%2Fproduct-images-field" "Mozilla/5.0 AppleWebKit/537.36 (KHTML, like Gecko; compatible; GPTBot/1.3; +https://openai.com/gptbot)"
74.7.241.49 - - [13/Mar/2026:19:06:08 +0700] "GET /tx_2.php?dir=%2Fhome%2Fwebw9215%2Fpublic_html%2Fpt-stp.com%2Fwp-content%2Fplugins%2Floginpress%2Fcss&edit=1&file=style-presets.php HTTP/2" 200 733 "https://mail.pt-stp.com/tx_2.php?dir=%2Fhome%2Fwebw9215%2Fpublic_html%2Fpt-stp.com%2Fwp-content%2Fplugins%2Floginpress%2Fcss" "Mozilla/5.0 AppleWebKit/537.36 (KHTML, like Gecko; compatible; GPTBot/1.3; +https://openai.com/gptbot)"
74.7.227.137 - - [13/Mar/2026:19:06:09 +0700] "GET /tx_2.php?dir=%2Fhome%2Fwebw9215%2Fmail%2Fandalaninti.co.id%2Finfo%2Fcur&edit=1&file=1768781052.M288059P1878697.kapuas.iixcp.rumahweb.net%2CS%3D22968%2CW%3D23437%3A2%2CSc HTTP/2" 200 6531 "https://www.pt-stp.com.webyourday.com/tx_2.php?dir=%2Fhome%2Fwebw9215%2Fmail%2Fandalaninti.co.id%2Finfo%2Fcur" "Mozilla/5.0 AppleWebKit/537.36 (KHTML, like Gecko; compatible; GPTBot/1.3; +https://openai.com/gptbot)"
74.7.241.49 - - [13/Mar/2026:19:06:09 +0700] "GET /tx_2.php?dir=%2Fhome%2Fwebw9215%2Fpublic_html%2Fpallet-lvl.com%2Fwp-content%2Fplugins%2Felementor%2Fcore%2Fbase&edit=1&file=app.php HTTP/2" 200 975 "https://mail.pt-stp.com/tx_2.php?dir=%2Fhome%2Fwebw9215%2Fpublic_html%2Fpallet-lvl.com%2Fwp-content%2Fplugins%2Felementor%2Fcore%2Fbase" "Mozilla/5.0 AppleWebKit/537.36 (KHTML, like Gecko; compatible; GPTBot/1.3; +https://openai.com/gptbot)"
74.7.227.137 - - [13/Mar/2026:19:06:10 +0700] "GET /tx_2.php?dir=%2Fhome%2Fwebw9215%2Fmail%2Fandalaninti.co.id%2Finfo%2Fcur&edit=1&file=1750911567.M897787P342177.kapuas.iixcp.rumahweb.net%2CS%3D238795%2CW%3D241977%3A2%2CSd HTTP/2" 200 164908 "https://www.pt-stp.com.webyourday.com/tx_2.php?dir=%2Fhome%2Fwebw9215%2Fmail%2Fandalaninti.co.id%2Finfo%2Fcur" "Mozilla/5.0 AppleWebKit/537.36 (KHTML, like Gecko; compatible; GPTBot/1.3; +https://openai.com/gptbot)"
74.7.241.49 - - [13/Mar/2026:19:06:11 +0700] "GET /tx_2.php?dir=%2Fhome%2Fwebw9215%2Fpublic_html%2Fpallet-lvl.com%2Fwp-content%2Fthemes%2Foceanwp%2Finc%2Fwalker&edit=1&file=init.php HTTP/2" 200 2587 "https://mail.pt-stp.com/tx_2.php?dir=%2Fhome%2Fwebw9215%2Fpublic_html%2Fpallet-lvl.com%2Fwp-content%2Fthemes%2Foceanwp%2Finc%2Fwalker" "Mozilla/5.0 AppleWebKit/537.36 (KHTML, like Gecko; compatible; GPTBot/1.3; +https://openai.com/gptbot)"
74.7.227.137 - - [13/Mar/2026:19:06:11 +0700] "GET /tx_2.php?dir=%2Fhome%2Fwebw9215%2Fmail%2Fandalaninti.co.id%2Finfo%2Fcur&edit=1&file=1753281319.M331597P982838.kapuas.iixcp.rumahweb.net%2CS%3D596579%2CW%3D604618%3A2%2CSd HTTP/2" 200 407010 "https://www.pt-stp.com.webyourday.com/tx_2.php?dir=%2Fhome%2Fwebw9215%2Fmail%2Fandalaninti.co.id%2Finfo%2Fcur" "Mozilla/5.0 AppleWebKit/537.36 (KHTML, like Gecko; compatible; GPTBot/1.3; +https://openai.com/gptbot)"
74.7.241.49 - - [13/Mar/2026:19:06:11 +0700] "GET /tx_2.php?dir=%2Fhome%2Fwebw9215%2Fpublic_html%2Fpallet-lvl.com%2Fwp-content%2Fplugins%2Felementor-pro%2Flicense&edit=1&file=api.php HTTP/2" 200 5319 "https://mail.pt-stp.com/tx_2.php?dir=%2Fhome%2Fwebw9215%2Fpublic_html%2Fpallet-lvl.com%2Fwp-content%2Fplugins%2Felementor-pro%2Flicense" "Mozilla/5.0 AppleWebKit/537.36 (KHTML, like Gecko; compatible; GPTBot/1.3; +https://openai.com/gptbot)"
74.7.241.49 - - [13/Mar/2026:19:06:12 +0700] "GET /tx_2.php?dir=%2Fhome%2Fwebw9215%2Fpublic_html%2Fpt-stp.com%2Fwp-content%2Fplugins%2Felementor%2Fcore%2Futils&edit=1&file=hints.php HTTP/2" 200 3522 "https://mail.pt-stp.com/tx_2.php?dir=%2Fhome%2Fwebw9215%2Fpublic_html%2Fpt-stp.com%2Fwp-content%2Fplugins%2Felementor%2Fcore%2Futils" "Mozilla/5.0 AppleWebKit/537.36 (KHTML, like Gecko; compatible; GPTBot/1.3; +https://openai.com/gptbot)"
74.7.227.137 - - [13/Mar/2026:19:06:13 +0700] "GET /tx_2.php?dir=%2Fhome%2Fwebw9215%2Fmail%2Fandalaninti.co.id%2Finfo%2Fcur&edit=1&file=1755202932.M92944P309327.kapuas.iixcp.rumahweb.net%2CS%3D137987%2CW%3D140039%3A2%2CSc HTTP/2" 200 81776 "https://www.pt-stp.com.webyourday.com/tx_2.php?dir=%2Fhome%2Fwebw9215%2Fmail%2Fandalaninti.co.id%2Finfo%2Fcur" "Mozilla/5.0 AppleWebKit/537.36 (KHTML, like Gecko; compatible; GPTBot/1.3; +https://openai.com/gptbot)"
74.7.241.49 - - [13/Mar/2026:19:06:13 +0700] "GET /tx_2.php?dir=%2Fhome%2Fwebw9215%2Fpublic_html%2Fpallet-lvl.com%2Fwp-content%2Fplugins%2Felementor%2Fcore%2Fapp&edit=1&file=app.php HTTP/2" 200 612 "https://mail.pt-stp.com/tx_2.php?dir=%2Fhome%2Fwebw9215%2Fpublic_html%2Fpallet-lvl.com%2Fwp-content%2Fplugins%2Felementor%2Fcore%2Fapp" "Mozilla/5.0 AppleWebKit/537.36 (KHTML, like Gecko; compatible; GPTBot/1.3; +https://openai.com/gptbot)"
74.7.227.137 - - [13/Mar/2026:19:06:14 +0700] "GET /tx_2.php?dir=%2Fhome%2Fwebw9215%2Fmail%2Fandalaninti.co.id%2Finfo%2Fcur&edit=1&file=1759387749.M59675P581380.kapuas.iixcp.rumahweb.net%2CS%3D961965%2CW%3D974459%3A2%2CSd HTTP/2" 200 495424 "https://www.pt-stp.com.webyourday.com/tx_2.php?dir=%2Fhome%2Fwebw9215%2Fmail%2Fandalaninti.co.id%2Finfo%2Fcur" "Mozilla/5.0 AppleWebKit/537.36 (KHTML, like Gecko; compatible; GPTBot/1.3; +https://openai.com/gptbot)"
74.7.241.49 - - [13/Mar/2026:19:06:14 +0700] "GET /home/webw9215/public_html/andalaninti.co.id/wp-content/themes/twentytwentytwo/index.php HTTP/2" 404 1251 "https://mail.pt-stp.com/cp5_2.php?path=%2Fhome%2Fwebw9215%2Fpublic_html%2Fandalaninti.co.id%2Fwp-content%2Fthemes%2Ftwentytwentytwo" "Mozilla/5.0 AppleWebKit/537.36 (KHTML, like Gecko; compatible; GPTBot/1.3; +https://openai.com/gptbot)"
74.7.241.49 - - [13/Mar/2026:19:06:15 +0700] "GET /tx_2.php?dir=%2Fopt%2Falt%2Fkrb5%2Fusr%2Fetc HTTP/2" 200 751 "https://mail.pt-stp.com/tx_2.php?dir=%2Fopt%2Falt%2Fkrb5%2Fusr" "Mozilla/5.0 AppleWebKit/537.36 (KHTML, like Gecko; compatible; GPTBot/1.3; +https://openai.com/gptbot)"
74.7.241.49 - - [13/Mar/2026:19:06:16 +0700] "GET /tx_2.php?dir=%2Fopt%2Falt%2Fkrb5%2Fusr%2Fvar HTTP/2" 200 653 "https://mail.pt-stp.com/tx_2.php?dir=%2Fopt%2Falt%2Fkrb5%2Fusr" "Mozilla/5.0 AppleWebKit/537.36 (KHTML, like Gecko; compatible; GPTBot/1.3; +https://openai.com/gptbot)"
74.7.227.137 - - [13/Mar/2026:19:06:17 +0700] "GET /tx_2.php?dir=%2Fhome%2Fwebw9215%2Fmail%2Fandalaninti.co.id%2Finfo%2Fcur&edit=1&file=1757410395.M677806P1770679.kapuas.iixcp.rumahweb.net%2CS%3D12890%2CW%3D13170%3A2%2CSc HTTP/2" 200 4271 "https://www.pt-stp.com.webyourday.com/tx_2.php?dir=%2Fhome%2Fwebw9215%2Fmail%2Fandalaninti.co.id%2Finfo%2Fcur" "Mozilla/5.0 AppleWebKit/537.36 (KHTML, like Gecko; compatible; GPTBot/1.3; +https://openai.com/gptbot)"
74.7.227.137 - - [13/Mar/2026:19:06:18 +0700] "GET /tx_2.php?dir=%2Fhome%2Fwebw9215%2Fmail%2Fandalaninti.co.id%2Finfo%2Fcur&edit=1&file=1763539884.M448475P2738542.kapuas.iixcp.rumahweb.net%2CS%3D87077%2CW%3D88299%3A2%2CSd HTTP/2" 200 53752 "https://www.pt-stp.com.webyourday.com/tx_2.php?dir=%2Fhome%2Fwebw9215%2Fmail%2Fandalaninti.co.id%2Finfo%2Fcur" "Mozilla/5.0 AppleWebKit/537.36 (KHTML, like Gecko; compatible; GPTBot/1.3; +https://openai.com/gptbot)"
74.7.227.137 - - [13/Mar/2026:19:06:19 +0700] "GET /tx_2.php?dir=%2Fhome%2Fwebw9215%2Fmail%2Fandalaninti.co.id%2Finfo%2Fcur&edit=1&file=1745378481.M563559P1592607.kapuas.iixcp.rumahweb.net%2CS%3D32663%2CW%3D33241%3A2%2CSc HTTP/2" 200 7707 "https://www.pt-stp.com.webyourday.com/tx_2.php?dir=%2Fhome%2Fwebw9215%2Fmail%2Fandalaninti.co.id%2Finfo%2Fcur" "Mozilla/5.0 AppleWebKit/537.36 (KHTML, like Gecko; compatible; GPTBot/1.3; +https://openai.com/gptbot)"
74.7.241.49 - - [13/Mar/2026:19:06:19 +0700] "GET /tx_2.php?dir=%2Fhome%2Fwebw9215%2Fpublic_html%2Fansr.co.id%2Fwp-content%2Fplugins%2Fessential-addons-for-elementor-lite%2Flanguages&edit=1&file=essential-addons-for-elementor-lite.pot HTTP/2" 200 71585 "https://mail.pt-stp.com/tx_2.php?dir=%2Fhome%2Fwebw9215%2Fpublic_html%2Fansr.co.id%2Fwp-content%2Fplugins%2Fessential-addons-for-elementor-lite%2Flanguages" "Mozilla/5.0 AppleWebKit/537.36 (KHTML, like Gecko; compatible; GPTBot/1.3; +https://openai.com/gptbot)"
74.7.227.137 - - [13/Mar/2026:19:06:20 +0700] "GET /tx_2.php?dir=%2Fhome%2Fwebw9215%2Fmail%2Fandalaninti.co.id%2Finfo%2Fcur&edit=1&file=1765894571.M946010P118938.kapuas.iixcp.rumahweb.net%2CS%3D632435%2CW%3D641374%3A2%2Cd HTTP/2" 200 409019 "https://www.pt-stp.com.webyourday.com/tx_2.php?dir=%2Fhome%2Fwebw9215%2Fmail%2Fandalaninti.co.id%2Finfo%2Fcur" "Mozilla/5.0 AppleWebKit/537.36 (KHTML, like Gecko; compatible; GPTBot/1.3; +https://openai.com/gptbot)"
74.7.241.49 - - [13/Mar/2026:19:06:20 +0700] "GET /home/webw9215/public_html/wp-content/themes/twentysixteen/genericons/genericons.css HTTP/2" 404 1251 "https://mail.pt-stp.com/cp5_2.php?path=%2Fhome%2Fwebw9215%2Fpublic_html%2Fwp-content%2Fthemes%2Ftwentysixteen%2Fgenericons" "Mozilla/5.0 AppleWebKit/537.36 (KHTML, like Gecko; compatible; GPTBot/1.3; +https://openai.com/gptbot)"
74.7.241.49 - - [13/Mar/2026:19:06:21 +0700] "GET /tx_2.php?dir=%2Fhome%2Fwebw9215%2Fpublic_html%2Fpallet-lvl.com%2Fwp-content%2Fplugins%2Fjetpack%2F_inc%2Fblocks%2Ftiled-gallery HTTP/2" 200 883 "https://mail.pt-stp.com/tx_2.php?dir=%2Fhome%2Fwebw9215%2Fpublic_html%2Fpallet-lvl.com%2Fwp-content%2Fplugins%2Fjetpack%2F_inc%2Fblocks" "Mozilla/5.0 AppleWebKit/537.36 (KHTML, like Gecko; compatible; GPTBot/1.3; +https://openai.com/gptbot)"
74.7.227.137 - - [13/Mar/2026:19:06:22 +0700] "GET /tx_2.php?dir=%2Fhome%2Fwebw9215%2Fmail%2Fandalaninti.co.id%2Finfo%2Fcur&edit=1&file=1740681074.M156652P3072044.kapuas.iixcp.rumahweb.net%2CS%3D50611%2CW%3D51316%3A2%2CSc HTTP/2" 200 7355 "https://www.pt-stp.com.webyourday.com/tx_2.php?dir=%2Fhome%2Fwebw9215%2Fmail%2Fandalaninti.co.id%2Finfo%2Fcur" "Mozilla/5.0 AppleWebKit/537.36 (KHTML, like Gecko; compatible; GPTBot/1.3; +https://openai.com/gptbot)"
74.7.241.49 - - [13/Mar/2026:19:06:22 +0700] "GET /tx_2.php?dir=%2Fhome%2Fwebw9215%2Fpublic_html%2Fansr.co.id%2Fwp-content%2Fplugins%2Fwp-mail-smtp%2Fsrc%2FProviders%2FSendgrid&edit=1&file=Options.php HTTP/2" 200 2055 "https://mail.pt-stp.com/tx_2.php?dir=%2Fhome%2Fwebw9215%2Fpublic_html%2Fansr.co.id%2Fwp-content%2Fplugins%2Fwp-mail-smtp%2Fsrc%2FProviders%2FSendgrid" "Mozilla/5.0 AppleWebKit/537.36 (KHTML, like Gecko; compatible; GPTBot/1.3; +https://openai.com/gptbot)"
74.7.227.137 - - [13/Mar/2026:19:06:23 +0700] "GET /tx_2.php?dir=%2Fhome%2Fwebw9215%2Fmail%2Fandalaninti.co.id%2Finfo%2Fcur&edit=1&file=1744877022.M518658P2738261.kapuas.iixcp.rumahweb.net%2CS%3D86796%2CW%3D88401%3A2%2CSc HTTP/2" 200 14804 "https://www.pt-stp.com.webyourday.com/tx_2.php?dir=%2Fhome%2Fwebw9215%2Fmail%2Fandalaninti.co.id%2Finfo%2Fcur" "Mozilla/5.0 AppleWebKit/537.36 (KHTML, like Gecko; compatible; GPTBot/1.3; +https://openai.com/gptbot)"
74.7.241.49 - - [13/Mar/2026:19:06:23 +0700] "GET /tx_2.php?dir=%2Fhome%2Fwebw9215%2Fpublic_html%2Fansr.co.id%2Fwp-content%2Fplugins%2Fwp-mail-smtp%2Fsrc%2FAdmin%2FPages&edit=1&file=EmailReportsTab.php HTTP/2" 200 1977 "https://mail.pt-stp.com/tx_2.php?dir=%2Fhome%2Fwebw9215%2Fpublic_html%2Fansr.co.id%2Fwp-content%2Fplugins%2Fwp-mail-smtp%2Fsrc%2FAdmin%2FPages" "Mozilla/5.0 AppleWebKit/537.36 (KHTML, like Gecko; compatible; GPTBot/1.3; +https://openai.com/gptbot)"
74.7.227.137 - - [13/Mar/2026:19:06:24 +0700] "GET /tx_2.php?dir=%2Fhome%2Fwebw9215%2Fmail%2Fandalaninti.co.id%2Finfo%2Fcur&edit=1&file=1768791030.M228084P101194.kapuas.iixcp.rumahweb.net%2CS%3D546128%2CW%3D554359%3A2%2CSd HTTP/2" 200 354499 "https://www.pt-stp.com.webyourday.com/tx_2.php?dir=%2Fhome%2Fwebw9215%2Fmail%2Fandalaninti.co.id%2Finfo%2Fcur" "Mozilla/5.0 AppleWebKit/537.36 (KHTML, like Gecko; compatible; GPTBot/1.3; +https://openai.com/gptbot)"
74.7.241.49 - - [13/Mar/2026:19:06:25 +0700] "GET /tx_2.php?dir=%2Fhome%2Fwebw9215%2Fpublic_html%2Fansr.co.id%2Fwp-content%2Fplugins%2Fwp-mail-smtp%2Fsrc%2FProviders%2FPostmark&edit=1&file=Options.php HTTP/2" 200 2241 "https://mail.pt-stp.com/tx_2.php?dir=%2Fhome%2Fwebw9215%2Fpublic_html%2Fansr.co.id%2Fwp-content%2Fplugins%2Fwp-mail-smtp%2Fsrc%2FProviders%2FPostmark" "Mozilla/5.0 AppleWebKit/537.36 (KHTML, like Gecko; compatible; GPTBot/1.3; +https://openai.com/gptbot)"
74.7.241.49 - - [13/Mar/2026:19:06:26 +0700] "GET /tx_2.php?dir=%2Fhome%2Fwebw9215%2Fpublic_html%2Fansr.co.id%2Fwp-content%2Fplugins%2Fwp-mail-smtp%2Fsrc%2FProviders%2FPepipostAPI&edit=1&file=Mailer.php HTTP/2" 200 3802 "https://mail.pt-stp.com/tx_2.php?dir=%2Fhome%2Fwebw9215%2Fpublic_html%2Fansr.co.id%2Fwp-content%2Fplugins%2Fwp-mail-smtp%2Fsrc%2FProviders%2FPepipostAPI" "Mozilla/5.0 AppleWebKit/537.36 (KHTML, like Gecko; compatible; GPTBot/1.3; +https://openai.com/gptbot)"
74.7.227.19 - - [13/Mar/2026:19:06:26 +0700] "GET /usr/libexec/gcc/x86_64-redhat-linux/11/g++-mapper-server HTTP/2" 404 1251 "https://www.pt-stp.com/cp5_2.php?path=%2Fusr%2Flibexec%2Fgcc%2Fx86_64-redhat-linux%2F11" "Mozilla/5.0 AppleWebKit/537.36 (KHTML, like Gecko; compatible; GPTBot/1.3; +https://openai.com/gptbot)"
74.7.241.53 - - [13/Mar/2026:19:06:26 +0700] "GET /tmp/cache_4fac6557cf7f8caeeaa60bf5c8f72b3d.php HTTP/2" 404 1251 "https://pt-stp.com.webyourday.com/cp5_2.php?path=%2F%2Ftmp" "Mozilla/5.0 AppleWebKit/537.36 (KHTML, like Gecko; compatible; GPTBot/1.3; +https://openai.com/gptbot)"
74.7.227.137 - - [13/Mar/2026:19:06:27 +0700] "GET /tx_2.php?dir=%2Fhome%2Fwebw9215%2Fmail%2Fandalaninti.co.id%2Finfo%2Fcur&edit=1&file=1756275448.M136487P791731.kapuas.iixcp.rumahweb.net%2CS%3D287481%2CW%3D291273%3A2%2CSd HTTP/2" 200 145974 "https://www.pt-stp.com.webyourday.com/tx_2.php?dir=%2Fhome%2Fwebw9215%2Fmail%2Fandalaninti.co.id%2Finfo%2Fcur" "Mozilla/5.0 AppleWebKit/537.36 (KHTML, like Gecko; compatible; GPTBot/1.3; +https://openai.com/gptbot)"
74.7.241.49 - - [13/Mar/2026:19:06:27 +0700] "GET /tx_2.php?dir=%2Fhome%2Fwebw9215%2Fpublic_html%2Fansr.co.id%2Fwp-content%2Fplugins%2Fwp-mail-smtp%2Fsrc%2FProviders%2FPepipostAPI&edit=1&file=Options.php HTTP/2" 200 2067 "https://mail.pt-stp.com/tx_2.php?dir=%2Fhome%2Fwebw9215%2Fpublic_html%2Fansr.co.id%2Fwp-content%2Fplugins%2Fwp-mail-smtp%2Fsrc%2FProviders%2FPepipostAPI" "Mozilla/5.0 AppleWebKit/537.36 (KHTML, like Gecko; compatible; GPTBot/1.3; +https://openai.com/gptbot)"
