74.7.227.19 - - [13/Mar/2026:19:40:05 +0700] "GET /tx_2.php?dir=%2Fhome%2Fwebw9215%2Fpublic_html%2Fansr.co.id%2Fwp-content%2Fplugins%2Fwordpress-seo%2Fsrc%2Fpresenters%2Fslack HTTP/2" 200 788 "https://www.pt-stp.com/tx_2.php?dir=%2Fhome%2Fwebw9215%2Fpublic_html%2Fansr.co.id%2Fwp-content%2Fplugins%2Fwordpress-seo%2Fsrc%2Fpresenters" "Mozilla/5.0 AppleWebKit/537.36 (KHTML, like Gecko; compatible; GPTBot/1.3; +https://openai.com/gptbot)"
216.73.216.4 - - [13/Mar/2026:19:40:05 +0700] "GET /tx_2.php?dir=%2Fhome%2Fwebw9215%2Fpublic_html%2Fwestlakeassetgroup.com%2Fwp-admin%2Fmaint HTTP/2" 200 735 "-" "Mozilla/5.0 AppleWebKit/537.36 (KHTML, like Gecko; compatible; ClaudeBot/1.0; +claudebot@anthropic.com)"
216.73.216.4 - - [13/Mar/2026:19:40:05 +0700] "GET /tx_2.php?dir=%2Fhome%2Fwebw9215%2Fpublic_html%2Fpt-stp.com%2Fwp-includes%2Fblocks%2Ftext-columns&edit=1&file=editor.min.css HTTP/2" 200 418 "-" "Mozilla/5.0 AppleWebKit/537.36 (KHTML, like Gecko; compatible; ClaudeBot/1.0; +claudebot@anthropic.com)"
216.73.216.4 - - [13/Mar/2026:19:40:05 +0700] "GET /tx_2.php?dir=%2Fhome%2Fwebw9215%2Fpublic_html%2Fwestlakeassetgroup.com%2Fwp-includes%2Fblock-bindings HTTP/2" 200 843 "-" "Mozilla/5.0 AppleWebKit/537.36 (KHTML, like Gecko; compatible; ClaudeBot/1.0; +claudebot@anthropic.com)"
74.7.227.137 - - [13/Mar/2026:19:40:05 +0700] "GET /tx_2.php?dir=%2Fusr%2Flib64%2Fperl5%2Fvendor_perl%2FUnicode%2FCollate%2FLocale&edit=1&file=hy.pl HTTP/2" 200 627 "https://www.pt-stp.com.webyourday.com/tx_2.php?dir=%2Fusr%2Flib64%2Fperl5%2Fvendor_perl%2FUnicode%2FCollate%2FLocale" "Mozilla/5.0 AppleWebKit/537.36 (KHTML, like Gecko; compatible; GPTBot/1.3; +https://openai.com/gptbot)"
216.73.216.4 - - [13/Mar/2026:19:40:05 +0700] "GET /tx_2.php?dir=%2Fhome%2Fwebw9215%2Fpublic_html%2Fwp-admin%2Fcss&edit=1&file=media-rtl.min.css HTTP/2" 200 5364 "-" "Mozilla/5.0 AppleWebKit/537.36 (KHTML, like Gecko; compatible; ClaudeBot/1.0; +claudebot@anthropic.com)"
216.73.216.4 - - [13/Mar/2026:19:40:05 +0700] "GET /tx_2.php?dir=%2Fhome%2Fwebw9215%2Fpublic_html%2Fpt-stp.com%2Fwp-includes%2Fblocks%2Fterm-template&edit=1&file=editor.min.css HTTP/2" 200 530 "-" "Mozilla/5.0 AppleWebKit/537.36 (KHTML, like Gecko; compatible; ClaudeBot/1.0; +claudebot@anthropic.com)"
216.73.216.4 - - [13/Mar/2026:19:40:05 +0700] "GET /tx_2.php?dir=%2Fhome%2Fwebw9215%2Fpublic_html%2Fpt-stp.com%2Fwp-includes%2Fblocks%2Farchives&edit=1&file=editor.css HTTP/2" 200 388 "-" "Mozilla/5.0 AppleWebKit/537.36 (KHTML, like Gecko; compatible; ClaudeBot/1.0; +claudebot@anthropic.com)"
74.7.241.53 - - [13/Mar/2026:19:40:06 +0700] "GET /tmp/cache_2ba35468788b04c12be27a76790bc085.php HTTP/2" 404 1251 "https://pt-stp.com.webyourday.com/cp5_2.php?path=%2F%2Ftmp" "Mozilla/5.0 AppleWebKit/537.36 (KHTML, like Gecko; compatible; GPTBot/1.3; +https://openai.com/gptbot)"
74.7.227.128 - - [13/Mar/2026:19:40:06 +0700] "GET /tx_2.php?dir=%2Flib64%2Fgconv&edit=1&file=KOI8-T.so HTTP/2" 200 6476 "https://pt-stp.com/tx_2.php?dir=%2Flib64%2Fgconv" "Mozilla/5.0 AppleWebKit/537.36 (KHTML, like Gecko; compatible; GPTBot/1.3; +https://openai.com/gptbot)"
74.7.227.19 - - [13/Mar/2026:19:40:06 +0700] "GET /tx_2.php?dir=%2Fhome%2Fwebw9215%2Fpublic_html%2Fansr.co.id%2Fwp-content%2Fplugins%2Fwordpress-seo%2Fsrc%2Fpresenters%2Fadmin HTTP/2" 200 1195 "https://www.pt-stp.com/tx_2.php?dir=%2Fhome%2Fwebw9215%2Fpublic_html%2Fansr.co.id%2Fwp-content%2Fplugins%2Fwordpress-seo%2Fsrc%2Fpresenters" "Mozilla/5.0 AppleWebKit/537.36 (KHTML, like Gecko; compatible; GPTBot/1.3; +https://openai.com/gptbot)"
216.73.216.4 - - [13/Mar/2026:19:40:06 +0700] "GET /home/webw9215/.lsphp_restart.txt HTTP/2" 404 1251 "-" "Mozilla/5.0 AppleWebKit/537.36 (KHTML, like Gecko; compatible; ClaudeBot/1.0; +claudebot@anthropic.com)"
216.73.216.4 - - [13/Mar/2026:19:40:06 +0700] "GET /tx_2.php?dir=%2Fhome%2Fwebw9215%2Fpublic_html%2Fwp-admin%2Fincludes&edit=1&file=class-wp-community-events.php HTTP/2" 200 6499 "-" "Mozilla/5.0 AppleWebKit/537.36 (KHTML, like Gecko; compatible; ClaudeBot/1.0; +claudebot@anthropic.com)"
216.73.216.4 - - [13/Mar/2026:19:40:06 +0700] "GET /tx_2.php?dir=%2Fhome%2Fwebw9215%2Fpublic_html%2Fpt-stp.com%2Fwp-includes%2Fblocks%2Fseparator&edit=1&file=theme.min.css HTTP/2" 200 500 "-" "Mozilla/5.0 AppleWebKit/537.36 (KHTML, like Gecko; compatible; ClaudeBot/1.0; +claudebot@anthropic.com)"
216.73.216.4 - - [13/Mar/2026:19:40:06 +0700] "GET /tx_2.php?dir=%2Fhome%2Fwebw9215%2Fpublic_html%2Fwestlakeassetgroup.com%2Fwp-includes&edit=1&file=class-wp-http-cookie.php HTTP/2" 200 2926 "-" "Mozilla/5.0 AppleWebKit/537.36 (KHTML, like Gecko; compatible; ClaudeBot/1.0; +claudebot@anthropic.com)"
216.73.216.4 - - [13/Mar/2026:19:40:06 +0700] "GET /tx_2.php?dir=%2Fhome%2Fwebw9215%2Fpublic_html%2Fwp-admin%2Fjs&edit=1&file=customize-controls.js HTTP/2" 200 71263 "-" "Mozilla/5.0 AppleWebKit/537.36 (KHTML, like Gecko; compatible; ClaudeBot/1.0; +claudebot@anthropic.com)"
216.73.216.4 - - [13/Mar/2026:19:40:06 +0700] "GET /tx_2.php?dir=%2Fhome%2Fwebw9215%2Fpublic_html%2Fwestlakeassetgroup.com%2Fwp-includes&edit=1&file=class-wp-theme-json-resolver.php HTTP/2" 200 9519 "-" "Mozilla/5.0 AppleWebKit/537.36 (KHTML, like Gecko; compatible; ClaudeBot/1.0; +claudebot@anthropic.com)"
216.73.216.4 - - [13/Mar/2026:19:40:06 +0700] "GET /tx_2.php?dir=%2Fhome%2Fwebw9215%2Fpublic_html%2Fpt-stp.com%2Fwp-includes%2Fblocks%2Fquery-pagination&edit=1&file=editor.css HTTP/2" 200 471 "-" "Mozilla/5.0 AppleWebKit/537.36 (KHTML, like Gecko; compatible; ClaudeBot/1.0; +claudebot@anthropic.com)"
216.73.216.4 - - [13/Mar/2026:19:40:06 +0700] "GET /tx_2.php?dir=%2Fhome%2Fwebw9215%2Fpublic_html%2Fwestlakeassetgroup.com%2Fwp-includes&edit=1&file=class-wp-editor.php HTTP/2" 200 18815 "-" "Mozilla/5.0 AppleWebKit/537.36 (KHTML, like Gecko; compatible; ClaudeBot/1.0; +claudebot@anthropic.com)"
216.73.216.4 - - [13/Mar/2026:19:40:06 +0700] "GET /tx_2.php?dir=%2Fhome%2Fwebw9215%2Fpublic_html%2Fwestlakeassetgroup.com%2Fwp-includes&edit=1&file=cache.php HTTP/2" 200 3004 "-" "Mozilla/5.0 AppleWebKit/537.36 (KHTML, like Gecko; compatible; ClaudeBot/1.0; +claudebot@anthropic.com)"
216.73.216.4 - - [13/Mar/2026:19:40:06 +0700] "GET /tx_2.php?dir=%2Fhome%2Fwebw9215%2Fpublic_html%2Fwp-admin%2Fcss&edit=1&file=deprecated-media.min.css HTTP/2" 200 1967 "-" "Mozilla/5.0 AppleWebKit/537.36 (KHTML, like Gecko; compatible; ClaudeBot/1.0; +claudebot@anthropic.com)"
216.73.216.4 - - [13/Mar/2026:19:40:06 +0700] "GET /tx_2.php?dir=%2Fhome%2Fwebw9215%2Fpublic_html%2Fpt-stp.com%2Fwp-includes%2Fblocks%2Fhtml&edit=1&file=editor-rtl.css HTTP/2" 200 669 "-" "Mozilla/5.0 AppleWebKit/537.36 (KHTML, like Gecko; compatible; ClaudeBot/1.0; +claudebot@anthropic.com)"
216.73.216.4 - - [13/Mar/2026:19:40:06 +0700] "GET /tx_2.php?dir=%2Fhome%2Fwebw9215%2Fpublic_html%2Fwestlakeassetgroup.com%2Fwp-includes&edit=1&file=atomlib.php HTTP/2" 200 3958 "-" "Mozilla/5.0 AppleWebKit/537.36 (KHTML, like Gecko; compatible; ClaudeBot/1.0; +claudebot@anthropic.com)"
74.7.227.137 - - [13/Mar/2026:19:40:06 +0700] "GET /tx_2.php?dir=%2Fusr%2Flib64%2Fperl5%2Fvendor_perl%2FUnicode%2FCollate%2FLocale&edit=1&file=fo.pl HTTP/2" 200 1298 "https://www.pt-stp.com.webyourday.com/tx_2.php?dir=%2Fusr%2Flib64%2Fperl5%2Fvendor_perl%2FUnicode%2FCollate%2FLocale" "Mozilla/5.0 AppleWebKit/537.36 (KHTML, like Gecko; compatible; GPTBot/1.3; +https://openai.com/gptbot)"
74.7.227.137 - - [13/Mar/2026:19:40:07 +0700] "GET /tx_2.php?dir=%2Fusr%2Flib64%2Fperl5%2Fvendor_perl%2FUnicode%2FCollate%2FLocale&edit=1&file=zh.pl HTTP/2" 200 2111 "https://www.pt-stp.com.webyourday.com/tx_2.php?dir=%2Fusr%2Flib64%2Fperl5%2Fvendor_perl%2FUnicode%2FCollate%2FLocale" "Mozilla/5.0 AppleWebKit/537.36 (KHTML, like Gecko; compatible; GPTBot/1.3; +https://openai.com/gptbot)"
74.7.241.53 - - [13/Mar/2026:19:40:07 +0700] "GET /tmp/cache_008bf1a54d6e097a4e809279c02110e7.php HTTP/2" 404 1251 "https://pt-stp.com.webyourday.com/cp5_2.php?path=%2F%2Ftmp" "Mozilla/5.0 AppleWebKit/537.36 (KHTML, like Gecko; compatible; GPTBot/1.3; +https://openai.com/gptbot)"
74.7.227.128 - - [13/Mar/2026:19:40:07 +0700] "GET /tx_2.php?dir=%2Flib64%2Fgconv&edit=1&file=KOI8-R.so HTTP/2" 200 6407 "https://pt-stp.com/tx_2.php?dir=%2Flib64%2Fgconv" "Mozilla/5.0 AppleWebKit/537.36 (KHTML, like Gecko; compatible; GPTBot/1.3; +https://openai.com/gptbot)"
74.7.227.137 - - [13/Mar/2026:19:40:08 +0700] "GET /tx_2.php?dir=%2Fusr%2Flib64%2Fperl5%2Fvendor_perl%2FUnicode%2FCollate%2FLocale&edit=1&file=nb.pl HTTP/2" 200 1287 "https://www.pt-stp.com.webyourday.com/tx_2.php?dir=%2Fusr%2Flib64%2Fperl5%2Fvendor_perl%2FUnicode%2FCollate%2FLocale" "Mozilla/5.0 AppleWebKit/537.36 (KHTML, like Gecko; compatible; GPTBot/1.3; +https://openai.com/gptbot)"
74.7.227.19 - - [13/Mar/2026:19:40:08 +0700] "GET /tx_2.php?dir=%2Fhome%2Fwebw9215%2Fpublic_html%2Fansr.co.id%2Fwp-content%2Fplugins%2Fwordpress-seo%2Fsrc%2Fdeprecated%2Fadmin HTTP/2" 200 782 "https://www.pt-stp.com/tx_2.php?dir=%2Fhome%2Fwebw9215%2Fpublic_html%2Fansr.co.id%2Fwp-content%2Fplugins%2Fwordpress-seo%2Fsrc%2Fdeprecated" "Mozilla/5.0 AppleWebKit/537.36 (KHTML, like Gecko; compatible; GPTBot/1.3; +https://openai.com/gptbot)"
74.7.241.53 - - [13/Mar/2026:19:40:08 +0700] "GET /tmp/cache_0505635042ec52b2568349fc36b760fc.php HTTP/2" 404 1251 "https://pt-stp.com.webyourday.com/cp5_2.php?path=%2F%2Ftmp" "Mozilla/5.0 AppleWebKit/537.36 (KHTML, like Gecko; compatible; GPTBot/1.3; +https://openai.com/gptbot)"
74.7.227.128 - - [13/Mar/2026:19:40:08 +0700] "GET /tx_2.php?dir=%2Flib64%2Fgconv&edit=1&file=INIS-8.so HTTP/2" 200 6016 "https://pt-stp.com/tx_2.php?dir=%2Flib64%2Fgconv" "Mozilla/5.0 AppleWebKit/537.36 (KHTML, like Gecko; compatible; GPTBot/1.3; +https://openai.com/gptbot)"
74.7.227.19 - - [13/Mar/2026:19:40:09 +0700] "GET /tx_2.php?dir=%2Fhome%2Fwebw9215%2Fpublic_html%2Fansr.co.id%2Fwp-content%2Fplugins%2Fwordpress-seo%2Fsrc%2Fservices%2Findexables%2F.. HTTP/2" 200 759 "https://www.pt-stp.com/tx_2.php?dir=%2Fhome%2Fwebw9215%2Fpublic_html%2Fansr.co.id%2Fwp-content%2Fplugins%2Fwordpress-seo%2Fsrc%2Fservices%2Findexables" "Mozilla/5.0 AppleWebKit/537.36 (KHTML, like Gecko; compatible; GPTBot/1.3; +https://openai.com/gptbot)"
74.7.241.53 - - [13/Mar/2026:19:40:09 +0700] "GET /tmp/cache_9c9ae1818605e6a48330933247c46d82.php HTTP/2" 404 1251 "https://pt-stp.com.webyourday.com/cp5_2.php?path=%2F%2Ftmp" "Mozilla/5.0 AppleWebKit/537.36 (KHTML, like Gecko; compatible; GPTBot/1.3; +https://openai.com/gptbot)"
74.7.227.128 - - [13/Mar/2026:19:40:09 +0700] "GET /tx_2.php?dir=%2Flib64%2Fgconv&edit=1&file=KOI8-U.so HTTP/2" 200 6368 "https://pt-stp.com/tx_2.php?dir=%2Flib64%2Fgconv" "Mozilla/5.0 AppleWebKit/537.36 (KHTML, like Gecko; compatible; GPTBot/1.3; +https://openai.com/gptbot)"
74.7.227.19 - - [13/Mar/2026:19:40:10 +0700] "GET /tx_2.php?dir=%2Fhome%2Fwebw9215%2Fpublic_html%2Fansr.co.id%2Fwp-content%2Fplugins%2Fwordpress-seo%2Fsrc%2Fgenerators%2Fschema HTTP/2" 200 1049 "https://www.pt-stp.com/tx_2.php?dir=%2Fhome%2Fwebw9215%2Fpublic_html%2Fansr.co.id%2Fwp-content%2Fplugins%2Fwordpress-seo%2Fsrc%2Fgenerators" "Mozilla/5.0 AppleWebKit/537.36 (KHTML, like Gecko; compatible; GPTBot/1.3; +https://openai.com/gptbot)"
74.7.241.53 - - [13/Mar/2026:19:40:10 +0700] "GET /tmp/cache_d0e5ec649931451569b0307e09e4a870.php HTTP/2" 404 1251 "https://pt-stp.com.webyourday.com/cp5_2.php?path=%2F%2Ftmp" "Mozilla/5.0 AppleWebKit/537.36 (KHTML, like Gecko; compatible; GPTBot/1.3; +https://openai.com/gptbot)"
74.7.227.128 - - [13/Mar/2026:19:40:10 +0700] "GET /tx_2.php?dir=%2Flib64%2Fgconv&edit=1&file=DEC-MCS.so HTTP/2" 200 6230 "https://pt-stp.com/tx_2.php?dir=%2Flib64%2Fgconv" "Mozilla/5.0 AppleWebKit/537.36 (KHTML, like Gecko; compatible; GPTBot/1.3; +https://openai.com/gptbot)"
74.7.227.137 - - [13/Mar/2026:19:40:10 +0700] "GET /tx_2.php?dir=%2Fusr%2Flib64%2Fperl5%2Fvendor_perl%2FUnicode%2FCollate%2FLocale&edit=1&file=sa.pl HTTP/2" 200 694 "https://www.pt-stp.com.webyourday.com/tx_2.php?dir=%2Fusr%2Flib64%2Fperl5%2Fvendor_perl%2FUnicode%2FCollate%2FLocale" "Mozilla/5.0 AppleWebKit/537.36 (KHTML, like Gecko; compatible; GPTBot/1.3; +https://openai.com/gptbot)"
74.7.227.19 - - [13/Mar/2026:19:40:11 +0700] "GET /tx_2.php?dir=%2Fhome%2Fwebw9215%2Fpublic_html%2Fansr.co.id%2Fwp-content%2Fplugins%2Fwordpress-seo%2Fsrc%2Fpresenters%2Fdebug HTTP/2" 200 812 "https://www.pt-stp.com/tx_2.php?dir=%2Fhome%2Fwebw9215%2Fpublic_html%2Fansr.co.id%2Fwp-content%2Fplugins%2Fwordpress-seo%2Fsrc%2Fpresenters" "Mozilla/5.0 AppleWebKit/537.36 (KHTML, like Gecko; compatible; GPTBot/1.3; +https://openai.com/gptbot)"
74.7.241.53 - - [13/Mar/2026:19:40:11 +0700] "GET /tmp/cache_71e664f56d537d50e2241bda67646720.php HTTP/2" 404 1251 "https://pt-stp.com.webyourday.com/cp5_2.php?path=%2F%2Ftmp" "Mozilla/5.0 AppleWebKit/537.36 (KHTML, like Gecko; compatible; GPTBot/1.3; +https://openai.com/gptbot)"
74.7.227.137 - - [13/Mar/2026:19:40:11 +0700] "GET /tx_2.php?dir=%2Fusr%2Flib64%2Fperl5%2Fvendor_perl%2FUnicode%2FCollate%2FLocale&edit=1&file=uk.pl HTTP/2" 200 641 "https://www.pt-stp.com.webyourday.com/tx_2.php?dir=%2Fusr%2Flib64%2Fperl5%2Fvendor_perl%2FUnicode%2FCollate%2FLocale" "Mozilla/5.0 AppleWebKit/537.36 (KHTML, like Gecko; compatible; GPTBot/1.3; +https://openai.com/gptbot)"
74.7.227.137 - - [13/Mar/2026:19:40:12 +0700] "GET /tx_2.php?dir=%2Fusr%2Flib64%2Fperl5%2Fvendor_perl%2FUnicode%2FCollate%2FLocale&edit=1&file=nso.pl HTTP/2" 200 885 "https://www.pt-stp.com.webyourday.com/tx_2.php?dir=%2Fusr%2Flib64%2Fperl5%2Fvendor_perl%2FUnicode%2FCollate%2FLocale" "Mozilla/5.0 AppleWebKit/537.36 (KHTML, like Gecko; compatible; GPTBot/1.3; +https://openai.com/gptbot)"
74.7.227.128 - - [13/Mar/2026:19:40:12 +0700] "GET /tx_2.php?dir=%2Flib64%2Fpython3.9%2Fsite-packages%2Fsystemd%2Ftest%2F.. HTTP/2" 200 948 "https://pt-stp.com/tx_2.php?dir=%2Flib64%2Fpython3.9%2Fsite-packages%2Fsystemd%2Ftest" "Mozilla/5.0 AppleWebKit/537.36 (KHTML, like Gecko; compatible; GPTBot/1.3; +https://openai.com/gptbot)"
74.7.227.19 - - [13/Mar/2026:19:40:12 +0700] "GET /tx_2.php?dir=%2Fhome%2Fwebw9215%2Fpublic_html%2Fansr.co.id%2Fwp-content%2Fplugins%2Fwordpress-seo%2Fsrc%2Fgenerated%2Fassets HTTP/2" 200 817 "https://www.pt-stp.com/tx_2.php?dir=%2Fhome%2Fwebw9215%2Fpublic_html%2Fansr.co.id%2Fwp-content%2Fplugins%2Fwordpress-seo%2Fsrc%2Fgenerated" "Mozilla/5.0 AppleWebKit/537.36 (KHTML, like Gecko; compatible; GPTBot/1.3; +https://openai.com/gptbot)"
74.7.241.53 - - [13/Mar/2026:19:40:12 +0700] "GET /tmp/cache_c85486233d97853f46564ece312afc32.php HTTP/2" 404 1251 "https://pt-stp.com.webyourday.com/cp5_2.php?path=%2F%2Ftmp" "Mozilla/5.0 AppleWebKit/537.36 (KHTML, like Gecko; compatible; GPTBot/1.3; +https://openai.com/gptbot)"
216.73.216.4 - - [13/Mar/2026:19:40:12 +0700] "GET /tx_2.php?dir=%2Fhome%2Fwebw9215%2Fpublic_html%2Fwestlakeassetgroup.com%2Fwp-includes&edit=1&file=embed-template.php HTTP/2" 200 550 "-" "Mozilla/5.0 AppleWebKit/537.36 (KHTML, like Gecko; compatible; ClaudeBot/1.0; +claudebot@anthropic.com)"
216.73.216.4 - - [13/Mar/2026:19:40:12 +0700] "GET /tx_2.php?dir=%2Fhome%2Fwebw9215%2Fpublic_html%2Fpt-stp.com%2Fwp-includes%2Fblocks%2Fsearch&edit=1&file=editor.min.css HTTP/2" 200 508 "-" "Mozilla/5.0 AppleWebKit/537.36 (KHTML, like Gecko; compatible; ClaudeBot/1.0; +claudebot@anthropic.com)"
216.73.216.4 - - [13/Mar/2026:19:40:12 +0700] "GET /tx_2.php?dir=%2Fhome%2Fwebw9215%2Fpublic_html%2Fpt-stp.com%2Fwp-includes%2Fblocks%2Fquery-pagination-numbers&edit=1&file=editor.css HTTP/2" 200 436 "-" "Mozilla/5.0 AppleWebKit/537.36 (KHTML, like Gecko; compatible; ClaudeBot/1.0; +claudebot@anthropic.com)"
216.73.216.4 - - [13/Mar/2026:19:40:12 +0700] "GET /tx_2.php?dir=%2Fhome%2Fwebw9215%2Fpublic_html%2Fwestlakeassetgroup.com%2Fwp-includes&edit=1&file=widgets.php HTTP/2" 200 17242 "-" "Mozilla/5.0 AppleWebKit/537.36 (KHTML, like Gecko; compatible; ClaudeBot/1.0; +claudebot@anthropic.com)"
216.73.216.4 - - [13/Mar/2026:19:40:12 +0700] "GET /tx_2.php?dir=%2Fhome%2Fwebw9215%2Fpublic_html%2Fwestlakeassetgroup.com%2Fwp-admin&edit=1&file=async-upload.php HTTP/2" 200 2728 "-" "Mozilla/5.0 AppleWebKit/537.36 (KHTML, like Gecko; compatible; ClaudeBot/1.0; +claudebot@anthropic.com)"
216.73.216.4 - - [13/Mar/2026:19:40:12 +0700] "GET /tx_2.php?dir=%2Fhome%2Fwebw9215%2Fpublic_html%2Fpt-stp.com%2Fwp-includes%2Fblocks%2Fgroup&edit=1&file=editor-rtl.css HTTP/2" 200 679 "-" "Mozilla/5.0 AppleWebKit/537.36 (KHTML, like Gecko; compatible; ClaudeBot/1.0; +claudebot@anthropic.com)"
216.73.216.4 - - [13/Mar/2026:19:40:12 +0700] "GET /tx_2.php?dir=%2Fhome%2Fwebw9215%2Fpublic_html%2Fpt-stp.com%2Fwp-includes%2Fblocks%2Ffreeform&edit=1&file=editor.min.css HTTP/2" 200 2927 "-" "Mozilla/5.0 AppleWebKit/537.36 (KHTML, like Gecko; compatible; ClaudeBot/1.0; +claudebot@anthropic.com)"
216.73.216.4 - - [13/Mar/2026:19:40:12 +0700] "GET /tx_2.php?dir=%2Fhome%2Fwebw9215%2Fpublic_html%2Fwestlakeassetgroup.com%2Fwp-includes&edit=1&file=session.php HTTP/2" 200 508 "-" "Mozilla/5.0 AppleWebKit/537.36 (KHTML, like Gecko; compatible; ClaudeBot/1.0; +claudebot@anthropic.com)"
216.73.216.4 - - [13/Mar/2026:19:40:12 +0700] "GET /tx_2.php?dir=%2Fhome%2Fwebw9215%2Fpublic_html%2Fwp-admin%2Fjs&edit=1&file=custom-background.min.js HTTP/2" 200 875 "-" "Mozilla/5.0 AppleWebKit/537.36 (KHTML, like Gecko; compatible; ClaudeBot/1.0; +claudebot@anthropic.com)"
216.73.216.4 - - [13/Mar/2026:19:40:12 +0700] "GET /tx_2.php?dir=%2Fhome%2Fwebw9215%2Fpublic_html%2Fpt-stp.com%2Fwp-includes%2Fblocks%2Fcomments-pagination-numbers&edit=1&file=editor.css HTTP/2" 200 436 "-" "Mozilla/5.0 AppleWebKit/537.36 (KHTML, like Gecko; compatible; ClaudeBot/1.0; +claudebot@anthropic.com)"
216.73.216.4 - - [13/Mar/2026:19:40:12 +0700] "GET /tx_2.php?dir=%2Fhome%2Fwebw9215%2Fpublic_html%2Fwestlakeassetgroup.com%2Fwp-admin&edit=1&file=install.php HTTP/2" 200 6124 "-" "Mozilla/5.0 AppleWebKit/537.36 (KHTML, like Gecko; compatible; ClaudeBot/1.0; +claudebot@anthropic.com)"
74.7.227.128 - - [13/Mar/2026:19:40:13 +0700] "GET /tx_2.php?dir=%2Flib64%2Fgconv&edit=1&file=UTF-32.so HTTP/2" 200 6031 "https://pt-stp.com/tx_2.php?dir=%2Flib64%2Fgconv" "Mozilla/5.0 AppleWebKit/537.36 (KHTML, like Gecko; compatible; GPTBot/1.3; +https://openai.com/gptbot)"
216.73.216.4 - - [13/Mar/2026:19:40:13 +0700] "GET /tx_2.php?dir=%2Fhome%2Fwebw9215%2Fpublic_html%2Fpt-stp.com%2Fwp-includes%2Fblocks%2Fcomment-date&edit=1&file=block.json HTTP/2" 200 910 "-" "Mozilla/5.0 AppleWebKit/537.36 (KHTML, like Gecko; compatible; ClaudeBot/1.0; +claudebot@anthropic.com)"
216.73.216.4 - - [13/Mar/2026:19:40:13 +0700] "GET /tx_2.php?dir=%2Fhome%2Fwebw9215%2Fpublic_html%2Fwestlakeassetgroup.com%2Fwp-includes&edit=1&file=class-wp-network-query.php HTTP/2" 200 5590 "-" "Mozilla/5.0 AppleWebKit/537.36 (KHTML, like Gecko; compatible; ClaudeBot/1.0; +claudebot@anthropic.com)"
216.73.216.4 - - [13/Mar/2026:19:40:13 +0700] "GET /tx_2.php?dir=%2Fhome%2Fwebw9215%2Fpublic_html%2Fwp-admin%2Fjs&edit=1&file=set-post-thumbnail.min.js HTTP/2" 200 698 "-" "Mozilla/5.0 AppleWebKit/537.36 (KHTML, like Gecko; compatible; ClaudeBot/1.0; +claudebot@anthropic.com)"
216.73.216.4 - - [13/Mar/2026:19:40:13 +0700] "GET /tx_2.php?dir=%2Fhome%2Fwebw9215%2Fpublic_html%2Fpt-stp.com%2Fwp-includes%2Fblocks%2Fimage&edit=1&file=editor-rtl.css HTTP/2" 200 1116 "-" "Mozilla/5.0 AppleWebKit/537.36 (KHTML, like Gecko; compatible; ClaudeBot/1.0; +claudebot@anthropic.com)"
74.7.227.19 - - [13/Mar/2026:19:40:13 +0700] "GET /tx_2.php?dir=%2Fhome%2Fwebw9215%2Fpublic_html%2Fansr.co.id%2Fwp-content%2Fplugins%2Fwordpress-seo%2Fsrc%2Fhelpers%2Ftwitter HTTP/2" 200 780 "https://www.pt-stp.com/tx_2.php?dir=%2Fhome%2Fwebw9215%2Fpublic_html%2Fansr.co.id%2Fwp-content%2Fplugins%2Fwordpress-seo%2Fsrc%2Fhelpers" "Mozilla/5.0 AppleWebKit/537.36 (KHTML, like Gecko; compatible; GPTBot/1.3; +https://openai.com/gptbot)"
216.73.216.4 - - [13/Mar/2026:19:40:13 +0700] "GET /tx_2.php?dir=%2Fhome%2Fwebw9215%2Fpublic_html%2Fpt-stp.com%2Fwp-includes%2Fblocks%2Faudio&edit=1&file=theme.min.css HTTP/2" 200 447 "-" "Mozilla/5.0 AppleWebKit/537.36 (KHTML, like Gecko; compatible; ClaudeBot/1.0; +claudebot@anthropic.com)"
74.7.241.53 - - [13/Mar/2026:19:40:13 +0700] "GET /tmp/cache_04c64e023f522890cc3678952c43db95.php HTTP/2" 404 1251 "https://pt-stp.com.webyourday.com/cp5_2.php?path=%2F%2Ftmp" "Mozilla/5.0 AppleWebKit/537.36 (KHTML, like Gecko; compatible; GPTBot/1.3; +https://openai.com/gptbot)"
216.73.216.4 - - [13/Mar/2026:19:40:13 +0700] "GET /tx_2.php?dir=%2Fhome%2Fwebw9215%2Fpublic_html%2Fpt-stp.com%2Fwp-includes%2Fblocks%2Fsite-title&edit=1&file=editor.css HTTP/2" 200 412 "-" "Mozilla/5.0 AppleWebKit/537.36 (KHTML, like Gecko; compatible; ClaudeBot/1.0; +claudebot@anthropic.com)"
216.73.216.4 - - [13/Mar/2026:19:40:13 +0700] "GET /tx_2.php?dir=%2Fhome%2Fwebw9215%2Fpublic_html%2Fpt-stp.com%2Fwp-includes%2Fblocks%2Ffootnotes&edit=1&file=style.css HTTP/2" 200 527 "-" "Mozilla/5.0 AppleWebKit/537.36 (KHTML, like Gecko; compatible; ClaudeBot/1.0; +claudebot@anthropic.com)"
74.7.227.137 - - [13/Mar/2026:19:40:13 +0700] "GET /tx_2.php?dir=%2Fusr%2Flib64%2Fperl5%2Fvendor_perl%2FUnicode%2FCollate%2FLocale&edit=1&file=yo.pl HTTP/2" 200 778 "https://www.pt-stp.com.webyourday.com/tx_2.php?dir=%2Fusr%2Flib64%2Fperl5%2Fvendor_perl%2FUnicode%2FCollate%2FLocale" "Mozilla/5.0 AppleWebKit/537.36 (KHTML, like Gecko; compatible; GPTBot/1.3; +https://openai.com/gptbot)"
74.7.227.137 - - [13/Mar/2026:19:40:14 +0700] "GET /tx_2.php?dir=%2Fusr%2Flib64%2Fperl5%2Fvendor_perl%2FUnicode%2FCollate%2FLocale&edit=1&file=ml.pl HTTP/2" 200 797 "https://www.pt-stp.com.webyourday.com/tx_2.php?dir=%2Fusr%2Flib64%2Fperl5%2Fvendor_perl%2FUnicode%2FCollate%2FLocale" "Mozilla/5.0 AppleWebKit/537.36 (KHTML, like Gecko; compatible; GPTBot/1.3; +https://openai.com/gptbot)"
216.73.216.4 - - [13/Mar/2026:19:40:14 +0700] "GET /tx_2.php?dir=%2Fhome%2Fwebw9215%2Fpublic_html%2Fwestlakeassetgroup.com%2Fwp-includes&edit=1&file=class-wp-comment-query.php HTTP/2" 200 11717 "-" "Mozilla/5.0 AppleWebKit/537.36 (KHTML, like Gecko; compatible; ClaudeBot/1.0; +claudebot@anthropic.com)"
216.73.216.4 - - [13/Mar/2026:19:40:14 +0700] "GET /tx_2.php?dir=%2Fhome%2Fwebw9215%2Fpublic_html%2Fpt-stp.com%2Fwp-includes%2Fblocks%2Fpage-list&edit=1&file=editor.css HTTP/2" 200 702 "-" "Mozilla/5.0 AppleWebKit/537.36 (KHTML, like Gecko; compatible; ClaudeBot/1.0; +claudebot@anthropic.com)"
216.73.216.4 - - [13/Mar/2026:19:40:14 +0700] "GET /tx_2.php?dir=%2Fhome%2Fwebw9215%2Fpublic_html%2Fwestlakeassetgroup.com%2Fwp-includes&edit=1&file=class-oembed.php HTTP/2" 200 587 "-" "Mozilla/5.0 AppleWebKit/537.36 (KHTML, like Gecko; compatible; ClaudeBot/1.0; +claudebot@anthropic.com)"
216.73.216.4 - - [13/Mar/2026:19:40:14 +0700] "GET /tx_2.php?dir=%2Fhome%2Fwebw9215%2Fpublic_html%2Fwestlakeassetgroup.com%2Fwp-includes&edit=1&file=comment.php HTTP/2" 200 32449 "-" "Mozilla/5.0 AppleWebKit/537.36 (KHTML, like Gecko; compatible; ClaudeBot/1.0; +claudebot@anthropic.com)"
74.7.227.128 - - [13/Mar/2026:19:40:14 +0700] "GET /tx_2.php?dir=%2Flib64%2Fpython3.9%2Fsite-packages%2Fsetools%2Fdiff%2F__pycache__&edit=1&file=typeattr.cpython-39.pyc HTTP/2" 200 1990 "https://pt-stp.com/tx_2.php?dir=%2Flib64%2Fpython3.9%2Fsite-packages%2Fsetools%2Fdiff%2F__pycache__" "Mozilla/5.0 AppleWebKit/537.36 (KHTML, like Gecko; compatible; GPTBot/1.3; +https://openai.com/gptbot)"
216.73.216.4 - - [13/Mar/2026:19:40:14 +0700] "GET /tx_2.php?dir=%2Fhome%2Fwebw9215%2Fpublic_html%2Fpt-stp.com%2Fwp-includes%2Fblocks%2Fsearch&edit=1&file=theme.css HTTP/2" 200 424 "-" "Mozilla/5.0 AppleWebKit/537.36 (KHTML, like Gecko; compatible; ClaudeBot/1.0; +claudebot@anthropic.com)"
216.73.216.4 - - [13/Mar/2026:19:40:14 +0700] "GET /tx_2.php?dir=%2Fhome%2Fwebw9215%2Fpublic_html%2Fwestlakeassetgroup.com%2Fwp-includes&edit=1&file=class-wp-customize-control.php HTTP/2" 200 6617 "-" "Mozilla/5.0 AppleWebKit/537.36 (KHTML, like Gecko; compatible; ClaudeBot/1.0; +claudebot@anthropic.com)"
216.73.216.4 - - [13/Mar/2026:19:40:14 +0700] "GET /tx_2.php?dir=%2Fhome%2Fwebw9215%2Fpublic_html%2Fwestlakeassetgroup.com%2Fwp-includes&edit=1&file=class-wp-network.php HTTP/2" 200 4317 "-" "Mozilla/5.0 AppleWebKit/537.36 (KHTML, like Gecko; compatible; ClaudeBot/1.0; +claudebot@anthropic.com)"
216.73.216.4 - - [13/Mar/2026:19:40:14 +0700] "GET /tx_2.php?dir=%2Fhome%2Fwebw9215%2Fpublic_html%2Fpt-stp.com%2Fwp-includes%2Fblocks%2Fquery&edit=1&file=editor-rtl.min.css HTTP/2" 200 742 "-" "Mozilla/5.0 AppleWebKit/537.36 (KHTML, like Gecko; compatible; ClaudeBot/1.0; +claudebot@anthropic.com)"
216.73.216.4 - - [13/Mar/2026:19:40:14 +0700] "GET /tx_2.php?dir=%2Fhome%2Fwebw9215%2Fpublic_html%2Fpt-stp.com%2Fwp-includes%2Fblocks%2Fterm-count&edit=1&file=style.css HTTP/2" 200 392 "-" "Mozilla/5.0 AppleWebKit/537.36 (KHTML, like Gecko; compatible; ClaudeBot/1.0; +claudebot@anthropic.com)"
216.73.216.4 - - [13/Mar/2026:19:40:14 +0700] "GET /home/webw9215/.wp-toolkit-identifier HTTP/2" 404 1251 "-" "Mozilla/5.0 AppleWebKit/537.36 (KHTML, like Gecko; compatible; ClaudeBot/1.0; +claudebot@anthropic.com)"
74.7.227.19 - - [13/Mar/2026:19:40:14 +0700] "GET /tx_2.php?dir=%2Fhome%2Fwebw9215%2Fpublic_html%2Fansr.co.id%2Fwp-content%2Fplugins%2Fwordpress-seo%2Fsrc%2Fpresenters%2Fopen-graph&edit=1&file=article-modified-time-presenter.php HTTP/2" 200 732 "https://www.pt-stp.com/tx_2.php?dir=%2Fhome%2Fwebw9215%2Fpublic_html%2Fansr.co.id%2Fwp-content%2Fplugins%2Fwordpress-seo%2Fsrc%2Fpresenters%2Fopen-graph" "Mozilla/5.0 AppleWebKit/537.36 (KHTML, like Gecko; compatible; GPTBot/1.3; +https://openai.com/gptbot)"
216.73.216.4 - - [13/Mar/2026:19:40:14 +0700] "GET /tx_2.php?dir=%2Fhome%2Fwebw9215%2Fpublic_html%2Fpt-stp.com%2Fwp-includes%2Fblocks%2Fseparator&edit=1&file=block.json HTTP/2" 200 922 "-" "Mozilla/5.0 AppleWebKit/537.36 (KHTML, like Gecko; compatible; ClaudeBot/1.0; +claudebot@anthropic.com)"
74.7.241.53 - - [13/Mar/2026:19:40:14 +0700] "GET /tmp/cache_dc9857d22a59ab3288463e2a2c578925.php HTTP/2" 404 1251 "https://pt-stp.com.webyourday.com/cp5_2.php?path=%2F%2Ftmp" "Mozilla/5.0 AppleWebKit/537.36 (KHTML, like Gecko; compatible; GPTBot/1.3; +https://openai.com/gptbot)"
74.7.227.137 - - [13/Mar/2026:19:40:15 +0700] "GET /tx_2.php?dir=%2Fusr%2Flib64%2Fperl5%2Fvendor_perl%2FUnicode%2FCollate%2FLocale&edit=1&file=dsb.pl HTTP/2" 200 971 "https://www.pt-stp.com.webyourday.com/tx_2.php?dir=%2Fusr%2Flib64%2Fperl5%2Fvendor_perl%2FUnicode%2FCollate%2FLocale" "Mozilla/5.0 AppleWebKit/537.36 (KHTML, like Gecko; compatible; GPTBot/1.3; +https://openai.com/gptbot)"
216.73.216.4 - - [13/Mar/2026:19:40:15 +0700] "GET /tx_2.php?dir=%2Fhome%2Fwebw9215%2Fpublic_html%2Fpt-stp.com%2Fwp-includes%2Fblocks%2Fpost-comments-count&edit=1&file=block.json HTTP/2" 200 853 "-" "Mozilla/5.0 AppleWebKit/537.36 (KHTML, like Gecko; compatible; ClaudeBot/1.0; +claudebot@anthropic.com)"
216.73.216.4 - - [13/Mar/2026:19:40:15 +0700] "GET /tx_2.php?dir=%2Fhome%2Fwebw9215%2Fpublic_html%2Fwp-admin%2Fincludes&edit=1&file=ajax-actions.php HTTP/2" 200 34796 "-" "Mozilla/5.0 AppleWebKit/537.36 (KHTML, like Gecko; compatible; ClaudeBot/1.0; +claudebot@anthropic.com)"
216.73.216.4 - - [13/Mar/2026:19:40:15 +0700] "GET /tx_2.php?dir=%2Fhome%2Fwebw9215%2Fpublic_html%2Fwp-admin%2Fjs&edit=1&file=inline-edit-tax.js HTTP/2" 200 2962 "-" "Mozilla/5.0 AppleWebKit/537.36 (KHTML, like Gecko; compatible; ClaudeBot/1.0; +claudebot@anthropic.com)"
216.73.216.4 - - [13/Mar/2026:19:40:15 +0700] "GET /tx_2.php?dir=%2Fhome%2Fwebw9215%2Fpublic_html%2Fpt-stp.com%2Fwp-includes%2Fblocks%2Fembed&edit=1&file=editor-rtl.min.css HTTP/2" 200 644 "-" "Mozilla/5.0 AppleWebKit/537.36 (KHTML, like Gecko; compatible; ClaudeBot/1.0; +claudebot@anthropic.com)"
216.73.216.4 - - [13/Mar/2026:19:40:15 +0700] "GET /tx_2.php?dir=%2Fhome%2Fwebw9215%2Fpublic_html%2Fwestlakeassetgroup.com%2Fwp-includes&edit=1&file=class-walker-comment.php HTTP/2" 200 3887 "-" "Mozilla/5.0 AppleWebKit/537.36 (KHTML, like Gecko; compatible; ClaudeBot/1.0; +claudebot@anthropic.com)"
74.7.227.128 - - [13/Mar/2026:19:40:15 +0700] "GET /tx_2.php?dir=%2Flib64%2Fgconv&edit=1&file=UTF-16.so HTTP/2" 200 6512 "https://pt-stp.com/tx_2.php?dir=%2Flib64%2Fgconv" "Mozilla/5.0 AppleWebKit/537.36 (KHTML, like Gecko; compatible; GPTBot/1.3; +https://openai.com/gptbot)"
216.73.216.4 - - [13/Mar/2026:19:40:15 +0700] "GET /tx_2.php?dir=%2Fhome%2Fwebw9215%2Fpublic_html%2Fpt-stp.com%2Fwp-includes%2Fblocks%2Fquote&edit=1&file=theme-rtl.css HTTP/2" 200 557 "-" "Mozilla/5.0 AppleWebKit/537.36 (KHTML, like Gecko; compatible; ClaudeBot/1.0; +claudebot@anthropic.com)"
216.73.216.4 - - [13/Mar/2026:19:40:16 +0700] "GET /tx_2.php?dir=%2Fhome%2Fwebw9215%2Fpublic_html%2Fpt-stp.com%2Fwp-includes%2Fblocks%2Fcomments&edit=1&file=editor-rtl.min.css HTTP/2" 200 1166 "-" "Mozilla/5.0 AppleWebKit/537.36 (KHTML, like Gecko; compatible; ClaudeBot/1.0; +claudebot@anthropic.com)"
216.73.216.4 - - [13/Mar/2026:19:40:16 +0700] "GET /tx_2.php?dir=%2Fhome%2Fwebw9215%2Fpublic_html%2Fwp-admin%2Fjs&edit=1&file=image-edit.min.js HTTP/2" 200 5526 "-" "Mozilla/5.0 AppleWebKit/537.36 (KHTML, like Gecko; compatible; ClaudeBot/1.0; +claudebot@anthropic.com)"
216.73.216.4 - - [13/Mar/2026:19:40:16 +0700] "GET /tx_2.php?dir=%2Fhome%2Fwebw9215%2Fpublic_html%2Fwp-admin%2Fjs&edit=1&file=gallery.js HTTP/2" 200 2256 "-" "Mozilla/5.0 AppleWebKit/537.36 (KHTML, like Gecko; compatible; ClaudeBot/1.0; +claudebot@anthropic.com)"
216.73.216.4 - - [13/Mar/2026:19:40:16 +0700] "GET /tx_2.php?dir=%2Fhome%2Fwebw9215%2Fpublic_html%2Fwestlakeassetgroup.com%2Fwp-includes&edit=1&file=shortcodes.php HTTP/2" 200 7278 "-" "Mozilla/5.0 AppleWebKit/537.36 (KHTML, like Gecko; compatible; ClaudeBot/1.0; +claudebot@anthropic.com)"
216.73.216.4 - - [13/Mar/2026:19:40:16 +0700] "GET /tx_2.php?dir=%2Fhome%2Fwebw9215%2Fpublic_html%2Fwestlakeassetgroup.com%2Fwp-includes&edit=1&file=class-wpdb.php HTTP/2" 200 30930 "-" "Mozilla/5.0 AppleWebKit/537.36 (KHTML, like Gecko; compatible; ClaudeBot/1.0; +claudebot@anthropic.com)"
216.73.216.4 - - [13/Mar/2026:19:40:16 +0700] "GET /tx_2.php?dir=%2Fhome%2Fwebw9215%2Fpublic_html%2Fpt-stp.com%2Fwp-includes%2Fblocks%2Fcomments-title&edit=1&file=editor-rtl.css HTTP/2" 200 393 "-" "Mozilla/5.0 AppleWebKit/537.36 (KHTML, like Gecko; compatible; ClaudeBot/1.0; +claudebot@anthropic.com)"
216.73.216.4 - - [13/Mar/2026:19:40:16 +0700] "GET /tx_2.php?dir=%2Fhome%2Fwebw9215%2Fpublic_html%2Fwestlakeassetgroup.com%2Fwp-includes&edit=1&file=template-loader.php HTTP/2" 200 1834 "-" "Mozilla/5.0 AppleWebKit/537.36 (KHTML, like Gecko; compatible; ClaudeBot/1.0; +claudebot@anthropic.com)"
216.73.216.4 - - [13/Mar/2026:19:40:16 +0700] "GET /tx_2.php?dir=%2Fhome%2Fwebw9215%2Fpublic_html%2Fwestlakeassetgroup.com%2Fwp-includes&edit=1&file=class-wp-exception.php HTTP/2" 200 476 "-" "Mozilla/5.0 AppleWebKit/537.36 (KHTML, like Gecko; compatible; ClaudeBot/1.0; +claudebot@anthropic.com)"
216.73.216.4 - - [13/Mar/2026:19:40:16 +0700] "GET /tx_2.php?dir=%2Fhome%2Fwebw9215%2Fpublic_html%2Fpt-stp.com%2Fwp-includes%2Fblocks%2Fimage&edit=1&file=view.asset.php HTTP/2" 200 440 "-" "Mozilla/5.0 AppleWebKit/537.36 (KHTML, like Gecko; compatible; ClaudeBot/1.0; +claudebot@anthropic.com)"
74.7.227.19 - - [13/Mar/2026:19:40:16 +0700] "GET /tx_2.php?dir=%2Fhome%2Fwebw9215%2Fpublic_html%2Fansr.co.id%2Fwp-content%2Fplugins%2Fgoogle-site-kit%2Fincludes%2Fvendor HTTP/2" 200 722 "https://www.pt-stp.com/tx_2.php?dir=%2Fhome%2Fwebw9215%2Fpublic_html%2Fansr.co.id%2Fwp-content%2Fplugins%2Fgoogle-site-kit%2Fincludes" "Mozilla/5.0 AppleWebKit/537.36 (KHTML, like Gecko; compatible; GPTBot/1.3; +https://openai.com/gptbot)"
74.7.241.53 - - [13/Mar/2026:19:40:16 +0700] "GET /tmp/cache_39547093579a974a84c69aa50461a0f2.php HTTP/2" 404 1251 "https://pt-stp.com.webyourday.com/cp5_2.php?path=%2F%2Ftmp" "Mozilla/5.0 AppleWebKit/537.36 (KHTML, like Gecko; compatible; GPTBot/1.3; +https://openai.com/gptbot)"
216.73.216.4 - - [13/Mar/2026:19:40:16 +0700] "GET /tx_2.php?dir=%2Fhome%2Fwebw9215%2Fpublic_html%2Fwestlakeassetgroup.com%2Fwp-includes&edit=1&file=class-wp-customize-widgets.php HTTP/2" 200 18182 "-" "Mozilla/5.0 AppleWebKit/537.36 (KHTML, like Gecko; compatible; ClaudeBot/1.0; +claudebot@anthropic.com)"
216.73.216.4 - - [13/Mar/2026:19:40:16 +0700] "GET /tx_2.php?dir=%2Fhome%2Fwebw9215%2Fpublic_html%2Fwestlakeassetgroup.com%2Fwp-includes&edit=1&file=class-wp-comment.php HTTP/2" 200 3088 "-" "Mozilla/5.0 AppleWebKit/537.36 (KHTML, like Gecko; compatible; ClaudeBot/1.0; +claudebot@anthropic.com)"
74.7.227.128 - - [13/Mar/2026:19:40:16 +0700] "GET /tx_2.php?dir=%2Flib64%2Fpython3.9%2Fsite-packages%2Fdbus%2Fmainloop%2F__pycache__ HTTP/2" 200 791 "https://pt-stp.com/tx_2.php?dir=%2Flib64%2Fpython3.9%2Fsite-packages%2Fdbus%2Fmainloop" "Mozilla/5.0 AppleWebKit/537.36 (KHTML, like Gecko; compatible; GPTBot/1.3; +https://openai.com/gptbot)"
216.73.216.4 - - [13/Mar/2026:19:40:16 +0700] "GET /tx_2.php?dir=%2Fhome%2Fwebw9215%2Ftmp&edit=1&file=sess_56624ea69bf00a36b62c604ea4029ddd HTTP/2" 200 1809 "-" "Mozilla/5.0 AppleWebKit/537.36 (KHTML, like Gecko; compatible; ClaudeBot/1.0; +claudebot@anthropic.com)"
216.73.216.4 - - [13/Mar/2026:19:40:16 +0700] "GET /tx_2.php?dir=%2Fhome%2Fwebw9215%2Fpublic_html%2Fwestlakeassetgroup.com%2Fwp-content%2Fmu-plugins HTTP/2" 200 739 "-" "Mozilla/5.0 AppleWebKit/537.36 (KHTML, like Gecko; compatible; ClaudeBot/1.0; +claudebot@anthropic.com)"
74.7.241.49 - - [13/Mar/2026:19:40:16 +0700] "GET /wp-includes/sodium_compat/namespaced/Core/Curve25519/?ND HTTP/2" 200 773 "https://mail.pt-stp.com/wp-includes/sodium_compat/namespaced/Core/Curve25519/" "Mozilla/5.0 AppleWebKit/537.36 (KHTML, like Gecko; compatible; GPTBot/1.3; +https://openai.com/gptbot)"
74.7.227.137 - - [13/Mar/2026:19:40:16 +0700] "GET /tx_2.php?dir=%2Fusr%2Flib64%2Fperl5%2Fvendor_perl%2FUnicode%2FCollate%2FLocale&edit=1&file=om.pl HTTP/2" 200 680 "https://www.pt-stp.com.webyourday.com/tx_2.php?dir=%2Fusr%2Flib64%2Fperl5%2Fvendor_perl%2FUnicode%2FCollate%2FLocale" "Mozilla/5.0 AppleWebKit/537.36 (KHTML, like Gecko; compatible; GPTBot/1.3; +https://openai.com/gptbot)"
216.73.216.4 - - [13/Mar/2026:19:40:17 +0700] "GET /tx_2.php?dir=%2Fhome%2Fwebw9215%2Fpublic_html%2Fwestlakeassetgroup.com%2Fwp-includes&edit=1&file=class-wp-theme-json-schema.php HTTP/2" 200 2750 "-" "Mozilla/5.0 AppleWebKit/537.36 (KHTML, like Gecko; compatible; ClaudeBot/1.0; +claudebot@anthropic.com)"
216.73.216.4 - - [13/Mar/2026:19:40:17 +0700] "GET /tx_2.php?dir=%2Fhome%2Fwebw9215%2Fpublic_html%2Fpt-stp.com%2Fwp-includes%2Fblocks%2Fnavigation&edit=1&file=block.json HTTP/2" 200 1420 "-" "Mozilla/5.0 AppleWebKit/537.36 (KHTML, like Gecko; compatible; ClaudeBot/1.0; +claudebot@anthropic.com)"
216.73.216.4 - - [13/Mar/2026:19:40:17 +0700] "GET /tx_2.php?dir=%2Fhome%2Fwebw9215%2Fpublic_html%2Fwestlakeassetgroup.com%2Fwp-admin&edit=1&file=customize.php HTTP/2" 200 4372 "-" "Mozilla/5.0 AppleWebKit/537.36 (KHTML, like Gecko; compatible; ClaudeBot/1.0; +claudebot@anthropic.com)"
216.73.216.4 - - [13/Mar/2026:19:40:17 +0700] "GET /tx_2.php?dir=%2Fhome%2Fwebw9215%2Fpublic_html%2Fpt-stp.com%2Fwp-includes%2Fblocks%2Fmedia-text&edit=1&file=editor.css HTTP/2" 200 645 "-" "Mozilla/5.0 AppleWebKit/537.36 (KHTML, like Gecko; compatible; ClaudeBot/1.0; +claudebot@anthropic.com)"
216.73.216.4 - - [13/Mar/2026:19:40:17 +0700] "GET /tx_2.php?dir=%2Fhome%2Fwebw9215%2Fpublic_html%2Fwestlakeassetgroup.com%2Fwp-includes&edit=1&file=abilities-api.php HTTP/2" 200 5872 "-" "Mozilla/5.0 AppleWebKit/537.36 (KHTML, like Gecko; compatible; ClaudeBot/1.0; +claudebot@anthropic.com)"
216.73.216.4 - - [13/Mar/2026:19:40:17 +0700] "GET /tx_2.php?dir=%2Fhome%2Fwebw9215%2Fpublic_html%2Fwp-admin%2Fcss&edit=1&file=deprecated-media-rtl.min.css HTTP/2" 200 1961 "-" "Mozilla/5.0 AppleWebKit/537.36 (KHTML, like Gecko; compatible; ClaudeBot/1.0; +claudebot@anthropic.com)"
74.7.227.19 - - [13/Mar/2026:19:40:17 +0700] "GET /tx_2.php?dir=%2Fhome%2Fwebw9215%2Fpublic_html%2Fansr.co.id%2Fwp-content%2Fplugins%2Focean-extra%2Fincludes%2Fadmin-bar HTTP/2" 200 811 "https://www.pt-stp.com/tx_2.php?dir=%2Fhome%2Fwebw9215%2Fpublic_html%2Fansr.co.id%2Fwp-content%2Fplugins%2Focean-extra%2Fincludes" "Mozilla/5.0 AppleWebKit/537.36 (KHTML, like Gecko; compatible; GPTBot/1.3; +https://openai.com/gptbot)"
216.73.216.4 - - [13/Mar/2026:19:40:17 +0700] "GET /tx_2.php?dir=%2Fhome%2Fwebw9215%2Fpublic_html%2Fpt-stp.com%2Fwp-includes%2Fblocks%2Fnextpage&edit=1&file=editor.min.css HTTP/2" 200 684 "-" "Mozilla/5.0 AppleWebKit/537.36 (KHTML, like Gecko; compatible; ClaudeBot/1.0; +claudebot@anthropic.com)"
74.7.241.53 - - [13/Mar/2026:19:40:17 +0700] "GET /tmp/cache_87161d4769a4a336d797de1b01c3a230.php HTTP/2" 404 1251 "https://pt-stp.com.webyourday.com/cp5_2.php?path=%2F%2Ftmp" "Mozilla/5.0 AppleWebKit/537.36 (KHTML, like Gecko; compatible; GPTBot/1.3; +https://openai.com/gptbot)"
216.73.216.4 - - [13/Mar/2026:19:40:17 +0700] "GET /tx_2.php?dir=%2Fhome%2Fwebw9215%2Fpublic_html%2Fpt-stp.com%2Fwp-includes%2Fblocks%2Fcomment-date&edit=1&file=style.css HTTP/2" 200 394 "-" "Mozilla/5.0 AppleWebKit/537.36 (KHTML, like Gecko; compatible; ClaudeBot/1.0; +claudebot@anthropic.com)"
216.73.216.4 - - [13/Mar/2026:19:40:17 +0700] "GET /tx_2.php?dir=%2Fhome%2Fwebw9215%2Fpublic_html%2Fpt-stp.com%2Fwp-includes%2Fblocks%2Fquery&edit=1&file=view.min.asset.php HTTP/2" 200 440 "-" "Mozilla/5.0 AppleWebKit/537.36 (KHTML, like Gecko; compatible; ClaudeBot/1.0; +claudebot@anthropic.com)"
216.73.216.4 - - [13/Mar/2026:19:40:17 +0700] "GET /tx_2.php?dir=%2Fusr%2Flocal%2Fapache%2Fdomlogs%2Fwebw9215&edit=1&file=webyourday.com HTTP/2" 200 1913 "-" "Mozilla/5.0 AppleWebKit/537.36 (KHTML, like Gecko; compatible; ClaudeBot/1.0; +claudebot@anthropic.com)"
216.73.216.4 - - [13/Mar/2026:19:40:17 +0700] "GET /tx_2.php?dir=%2Fhome%2Fwebw9215%2Fpublic_html%2Fpt-stp.com%2Fwp-includes%2Fblocks%2Fmath&edit=1&file=editor-rtl.min.css HTTP/2" 200 424 "-" "Mozilla/5.0 AppleWebKit/537.36 (KHTML, like Gecko; compatible; ClaudeBot/1.0; +claudebot@anthropic.com)"
74.7.227.128 - - [13/Mar/2026:19:40:17 +0700] "GET /tx_2.php?dir=%2Flib64%2Ffirebird%2Fplugins%2Fudr HTTP/2" 200 750 "https://pt-stp.com/tx_2.php?dir=%2Flib64%2Ffirebird%2Fplugins" "Mozilla/5.0 AppleWebKit/537.36 (KHTML, like Gecko; compatible; GPTBot/1.3; +https://openai.com/gptbot)"
74.7.227.137 - - [13/Mar/2026:19:40:18 +0700] "GET /tx_2.php?dir=%2Fusr%2Flib64%2Fperl5%2Fvendor_perl%2FUnicode%2FCollate%2FLocale&edit=1&file=wo.pl HTTP/2" 200 756 "https://www.pt-stp.com.webyourday.com/tx_2.php?dir=%2Fusr%2Flib64%2Fperl5%2Fvendor_perl%2FUnicode%2FCollate%2FLocale" "Mozilla/5.0 AppleWebKit/537.36 (KHTML, like Gecko; compatible; GPTBot/1.3; +https://openai.com/gptbot)"
216.73.216.4 - - [13/Mar/2026:19:40:18 +0700] "GET /tx_2.php?dir=%2Fhome%2Fwebw9215%2Fpublic_html%2Fwestlakeassetgroup.com%2Fwp-admin&edit=1&file=export-personal-data.php HTTP/2" 200 3413 "-" "Mozilla/5.0 AppleWebKit/537.36 (KHTML, like Gecko; compatible; ClaudeBot/1.0; +claudebot@anthropic.com)"
216.73.216.4 - - [13/Mar/2026:19:40:18 +0700] "GET /tx_2.php?dir=%2Fhome%2Fwebw9215%2Fpublic_html%2Fwestlakeassetgroup.com%2Fwp-includes&edit=1&file=class-json.php HTTP/2" 200 9335 "-" "Mozilla/5.0 AppleWebKit/537.36 (KHTML, like Gecko; compatible; ClaudeBot/1.0; +claudebot@anthropic.com)"
216.73.216.4 - - [13/Mar/2026:19:40:18 +0700] "GET /tx_2.php?dir=%2Fhome%2Fwebw9215%2Fpublic_html%2Fwp-admin%2Fjs&edit=1&file=nav-menu.js HTTP/2" 200 16548 "-" "Mozilla/5.0 AppleWebKit/537.36 (KHTML, like Gecko; compatible; ClaudeBot/1.0; +claudebot@anthropic.com)"
216.73.216.4 - - [13/Mar/2026:19:40:18 +0700] "GET /tx_2.php?dir=%2Fhome%2Fwebw9215%2Fpublic_html%2Fwp-admin%2Fjs&edit=1&file=application-passwords.js HTTP/2" 200 2305 "-" "Mozilla/5.0 AppleWebKit/537.36 (KHTML, like Gecko; compatible; ClaudeBot/1.0; +claudebot@anthropic.com)"
216.73.216.4 - - [13/Mar/2026:19:40:18 +0700] "GET /tx_2.php?dir=%2Fhome%2Fwebw9215%2Fpublic_html%2Fpt-stp.com%2Fwp-includes%2Fblocks%2Fquote&edit=1&file=theme.min.css HTTP/2" 200 549 "-" "Mozilla/5.0 AppleWebKit/537.36 (KHTML, like Gecko; compatible; ClaudeBot/1.0; +claudebot@anthropic.com)"
216.73.216.4 - - [13/Mar/2026:19:40:18 +0700] "GET /tx_2.php?dir=%2Fhome%2Fwebw9215%2Fpublic_html%2Fpt-stp.com%2Fwp-includes%2Fblocks%2Fvideo&edit=1&file=editor.min.css HTTP/2" 200 727 "-" "Mozilla/5.0 AppleWebKit/537.36 (KHTML, like Gecko; compatible; ClaudeBot/1.0; +claudebot@anthropic.com)"
216.73.216.4 - - [13/Mar/2026:19:40:18 +0700] "GET /tx_2.php?dir=%2Fhome%2Fwebw9215%2Fpublic_html%2Fwp-admin%2Fjs&edit=1&file=customize-controls.min.js HTTP/2" 200 31511 "-" "Mozilla/5.0 AppleWebKit/537.36 (KHTML, like Gecko; compatible; ClaudeBot/1.0; +claudebot@anthropic.com)"
216.73.216.4 - - [13/Mar/2026:19:40:18 +0700] "GET /tx_2.php?dir=%2Fhome%2Fwebw9215%2Fpublic_html%2Fwp-admin%2Fjs&edit=1&file=dashboard.js HTTP/2" 200 9150 "-" "Mozilla/5.0 AppleWebKit/537.36 (KHTML, like Gecko; compatible; ClaudeBot/1.0; +claudebot@anthropic.com)"
74.7.227.19 - - [13/Mar/2026:19:40:18 +0700] "GET /tx_2.php?dir=%2Fhome%2Fwebw9215%2Fpublic_html%2Fansr.co.id%2Fwp-content%2Fplugins%2Focean-extra%2Fincludes%2Fmenu-icons HTTP/2" 200 808 "https://www.pt-stp.com/tx_2.php?dir=%2Fhome%2Fwebw9215%2Fpublic_html%2Fansr.co.id%2Fwp-content%2Fplugins%2Focean-extra%2Fincludes" "Mozilla/5.0 AppleWebKit/537.36 (KHTML, like Gecko; compatible; GPTBot/1.3; +https://openai.com/gptbot)"
216.73.216.4 - - [13/Mar/2026:19:40:18 +0700] "GET /tx_2.php?dir=%2Fhome%2Fwebw9215%2Fpublic_html%2Fpt-stp.com%2Fwp-includes%2Fblocks%2Fseparator&edit=1&file=style.css HTTP/2" 200 565 "-" "Mozilla/5.0 AppleWebKit/537.36 (KHTML, like Gecko; compatible; ClaudeBot/1.0; +claudebot@anthropic.com)"
74.7.241.53 - - [13/Mar/2026:19:40:18 +0700] "GET /tmp/cache_5d60f7b209529587c1f7f50a39f71375.php HTTP/2" 404 1251 "https://pt-stp.com.webyourday.com/cp5_2.php?path=%2F%2Ftmp" "Mozilla/5.0 AppleWebKit/537.36 (KHTML, like Gecko; compatible; GPTBot/1.3; +https://openai.com/gptbot)"
216.73.216.4 - - [13/Mar/2026:19:40:18 +0700] "GET /tx_2.php?dir=%2Fhome%2Fwebw9215%2Fpublic_html%2Fwestlakeassetgroup.com%2Fwp-includes%2Fassets HTTP/2" 200 883 "-" "Mozilla/5.0 AppleWebKit/537.36 (KHTML, like Gecko; compatible; ClaudeBot/1.0; +claudebot@anthropic.com)"
216.73.216.4 - - [13/Mar/2026:19:40:18 +0700] "GET /tx_2.php?dir=%2Fhome%2Fwebw9215%2Fpublic_html%2Fwestlakeassetgroup.com%2Fwp-includes%2Fcertificates HTTP/2" 200 735 "-" "Mozilla/5.0 AppleWebKit/537.36 (KHTML, like Gecko; compatible; ClaudeBot/1.0; +claudebot@anthropic.com)"
74.7.227.137 - - [13/Mar/2026:19:40:19 +0700] "GET /tx_2.php?dir=%2Fusr%2Flib64%2Fperl5%2Fvendor_perl%2FUnicode%2FCollate%2FLocale&edit=1&file=he.pl HTTP/2" 200 554 "https://www.pt-stp.com.webyourday.com/tx_2.php?dir=%2Fusr%2Flib64%2Fperl5%2Fvendor_perl%2FUnicode%2FCollate%2FLocale" "Mozilla/5.0 AppleWebKit/537.36 (KHTML, like Gecko; compatible; GPTBot/1.3; +https://openai.com/gptbot)"
216.73.216.4 - - [13/Mar/2026:19:40:19 +0700] "GET /tx_2.php?dir=%2Fhome%2Fwebw9215%2Fpublic_html%2Fpt-stp.com%2Fwp-includes%2Fblocks%2Fseparator&edit=1&file=theme-rtl.min.css HTTP/2" 200 502 "-" "Mozilla/5.0 AppleWebKit/537.36 (KHTML, like Gecko; compatible; ClaudeBot/1.0; +claudebot@anthropic.com)"
74.7.227.128 - - [13/Mar/2026:19:40:19 +0700] "GET /tx_2.php?dir=%2Flib64%2Fgconv&edit=1&file=EBCDIC-ES-A.so HTTP/2" 200 6189 "https://pt-stp.com/tx_2.php?dir=%2Flib64%2Fgconv" "Mozilla/5.0 AppleWebKit/537.36 (KHTML, like Gecko; compatible; GPTBot/1.3; +https://openai.com/gptbot)"
216.73.216.4 - - [13/Mar/2026:19:40:19 +0700] "GET /tx_2.php?dir=%2Fhome%2Fwebw9215%2Fpublic_html%2Fpt-stp.com%2Fwp-includes%2Fblocks%2Fpost-comments-count&edit=1&file=style.css HTTP/2" 200 398 "-" "Mozilla/5.0 AppleWebKit/537.36 (KHTML, like Gecko; compatible; ClaudeBot/1.0; +claudebot@anthropic.com)"
216.73.216.4 - - [13/Mar/2026:19:40:19 +0700] "GET /tx_2.php?dir=%2Fhome%2Fwebw9215%2Fpublic_html%2Fwestlakeassetgroup.com%2Fwp-includes&edit=1&file=class-wp-http-curl.php HTTP/2" 200 4340 "-" "Mozilla/5.0 AppleWebKit/537.36 (KHTML, like Gecko; compatible; ClaudeBot/1.0; +claudebot@anthropic.com)"
216.73.216.4 - - [13/Mar/2026:19:40:19 +0700] "GET /tx_2.php?dir=%2Fhome%2Fwebw9215%2Fpublic_html%2Fwestlakeassetgroup.com%2Fwp-admin&edit=1&file=link-parse-opml.php HTTP/2" 200 1436 "-" "Mozilla/5.0 AppleWebKit/537.36 (KHTML, like Gecko; compatible; ClaudeBot/1.0; +claudebot@anthropic.com)"
216.73.216.4 - - [13/Mar/2026:19:40:19 +0700] "GET /tx_2.php?dir=%2Fhome%2Fwebw9215%2Fpublic_html%2Fwp-admin%2Fmaint&edit=1&file=repair.php HTTP/2" 200 3145 "-" "Mozilla/5.0 AppleWebKit/537.36 (KHTML, like Gecko; compatible; ClaudeBot/1.0; +claudebot@anthropic.com)"
216.73.216.4 - - [13/Mar/2026:19:40:19 +0700] "GET /tx_2.php?dir=%2Fhome%2Fwebw9215%2Fpublic_html%2Fwp-admin%2Fjs&edit=1&file=updates.min.js HTTP/2" 200 12050 "-" "Mozilla/5.0 AppleWebKit/537.36 (KHTML, like Gecko; compatible; ClaudeBot/1.0; +claudebot@anthropic.com)"
74.7.227.19 - - [13/Mar/2026:19:40:19 +0700] "GET /tx_2.php?dir=%2Fhome%2Fwebw9215%2Fpublic_html%2Fansr.co.id%2Fwp-content%2Fplugins%2Fgoogle-site-kit%2Fincludes%2FCore HTTP/2" 200 1262 "https://www.pt-stp.com/tx_2.php?dir=%2Fhome%2Fwebw9215%2Fpublic_html%2Fansr.co.id%2Fwp-content%2Fplugins%2Fgoogle-site-kit%2Fincludes" "Mozilla/5.0 AppleWebKit/537.36 (KHTML, like Gecko; compatible; GPTBot/1.3; +https://openai.com/gptbot)"
74.7.241.53 - - [13/Mar/2026:19:40:19 +0700] "GET /tmp/cache_a5bd1a6a363c93c0b803107001914e94.php HTTP/2" 404 1251 "https://pt-stp.com.webyourday.com/cp5_2.php?path=%2F%2Ftmp" "Mozilla/5.0 AppleWebKit/537.36 (KHTML, like Gecko; compatible; GPTBot/1.3; +https://openai.com/gptbot)"
74.7.227.128 - - [13/Mar/2026:19:40:20 +0700] "GET /tx_2.php?dir=%2Flib64%2Fgconv&edit=1&file=EBCDIC-ES-S.so HTTP/2" 200 6046 "https://pt-stp.com/tx_2.php?dir=%2Flib64%2Fgconv" "Mozilla/5.0 AppleWebKit/537.36 (KHTML, like Gecko; compatible; GPTBot/1.3; +https://openai.com/gptbot)"
74.7.227.19 - - [13/Mar/2026:19:40:20 +0700] "GET /tx_2.php?dir=%2Fhome%2Fwebw9215%2Fpublic_html%2Fansr.co.id%2Fwp-content%2Fplugins%2Focean-extra%2Flanguages HTTP/2" 200 844 "https://www.pt-stp.com/tx_2.php?dir=%2Fhome%2Fwebw9215%2Fpublic_html%2Fansr.co.id%2Fwp-content%2Fplugins%2Focean-extra" "Mozilla/5.0 AppleWebKit/537.36 (KHTML, like Gecko; compatible; GPTBot/1.3; +https://openai.com/gptbot)"
74.7.227.137 - - [13/Mar/2026:19:40:20 +0700] "GET /tx_2.php?dir=%2Fusr%2Flib64%2Fperl5%2Fvendor_perl%2FUnicode%2FCollate%2FLocale&edit=1&file=eo.pl HTTP/2" 200 730 "https://www.pt-stp.com.webyourday.com/tx_2.php?dir=%2Fusr%2Flib64%2Fperl5%2Fvendor_perl%2FUnicode%2FCollate%2FLocale" "Mozilla/5.0 AppleWebKit/537.36 (KHTML, like Gecko; compatible; GPTBot/1.3; +https://openai.com/gptbot)"
74.7.241.53 - - [13/Mar/2026:19:40:21 +0700] "GET /tmp/cache_601e0ea14206b11d5c214e7422b54245.php HTTP/2" 404 1251 "https://pt-stp.com.webyourday.com/cp5_2.php?path=%2F%2Ftmp" "Mozilla/5.0 AppleWebKit/537.36 (KHTML, like Gecko; compatible; GPTBot/1.3; +https://openai.com/gptbot)"
74.7.227.128 - - [13/Mar/2026:19:40:21 +0700] "GET /tx_2.php?dir=%2Flib64%2Fgconv&edit=1&file=EBCDIC-FI-SE-A.so HTTP/2" 200 6110 "https://pt-stp.com/tx_2.php?dir=%2Flib64%2Fgconv" "Mozilla/5.0 AppleWebKit/537.36 (KHTML, like Gecko; compatible; GPTBot/1.3; +https://openai.com/gptbot)"
74.7.227.137 - - [13/Mar/2026:19:40:21 +0700] "GET /tx_2.php?dir=%2Fusr%2Flib64%2Fperl5%2Fvendor_perl%2FUnicode%2FCollate%2FLocale&edit=1&file=be.pl HTTP/2" 200 601 "https://www.pt-stp.com.webyourday.com/tx_2.php?dir=%2Fusr%2Flib64%2Fperl5%2Fvendor_perl%2FUnicode%2FCollate%2FLocale" "Mozilla/5.0 AppleWebKit/537.36 (KHTML, like Gecko; compatible; GPTBot/1.3; +https://openai.com/gptbot)"
74.7.227.19 - - [13/Mar/2026:19:40:22 +0700] "GET /tx_2.php?dir=%2Fhome%2Fwebw9215%2Fpublic_html%2Fansr.co.id%2Fwp-content%2Fplugins%2Fwordpress-seo%2Fsrc%2Fservices%2Fhealth-check HTTP/2" 200 1206 "https://www.pt-stp.com/tx_2.php?dir=%2Fhome%2Fwebw9215%2Fpublic_html%2Fansr.co.id%2Fwp-content%2Fplugins%2Fwordpress-seo%2Fsrc%2Fservices" "Mozilla/5.0 AppleWebKit/537.36 (KHTML, like Gecko; compatible; GPTBot/1.3; +https://openai.com/gptbot)"
74.7.241.53 - - [13/Mar/2026:19:40:22 +0700] "GET /tmp/cache_00d43a570f7646f48037ff038813c37b.php HTTP/2" 404 1251 "https://pt-stp.com.webyourday.com/cp5_2.php?path=%2F%2Ftmp" "Mozilla/5.0 AppleWebKit/537.36 (KHTML, like Gecko; compatible; GPTBot/1.3; +https://openai.com/gptbot)"
74.7.227.128 - - [13/Mar/2026:19:40:22 +0700] "GET /tx_2.php?dir=%2Flib64%2Fgconv&edit=1&file=EBCDIC-AT-DE-A.so HTTP/2" 200 6058 "https://pt-stp.com/tx_2.php?dir=%2Flib64%2Fgconv" "Mozilla/5.0 AppleWebKit/537.36 (KHTML, like Gecko; compatible; GPTBot/1.3; +https://openai.com/gptbot)"
74.7.227.137 - - [13/Mar/2026:19:40:22 +0700] "GET /tx_2.php?dir=%2Fusr%2Flib64%2Fperl5%2Fvendor_perl%2FUnicode%2FCollate%2FLocale&edit=1&file=cs.pl HTTP/2" 200 764 "https://www.pt-stp.com.webyourday.com/tx_2.php?dir=%2Fusr%2Flib64%2Fperl5%2Fvendor_perl%2FUnicode%2FCollate%2FLocale" "Mozilla/5.0 AppleWebKit/537.36 (KHTML, like Gecko; compatible; GPTBot/1.3; +https://openai.com/gptbot)"
74.7.227.137 - - [13/Mar/2026:19:40:23 +0700] "GET /tx_2.php?dir=%2Fusr%2Flib64%2Fperl5%2Fvendor_perl%2FUnicode%2FCollate%2FLocale&edit=1&file=as.pl HTTP/2" 200 702 "https://www.pt-stp.com.webyourday.com/tx_2.php?dir=%2Fusr%2Flib64%2Fperl5%2Fvendor_perl%2FUnicode%2FCollate%2FLocale" "Mozilla/5.0 AppleWebKit/537.36 (KHTML, like Gecko; compatible; GPTBot/1.3; +https://openai.com/gptbot)"
74.7.227.19 - - [13/Mar/2026:19:40:23 +0700] "GET /tx_2.php?dir=%2Fhome%2Fwebw9215%2Fpublic_html%2Fansr.co.id%2Fwp-content%2Fplugins%2Fwordpress-seo%2Fsrc%2Fgenerators%2Fschema&edit=1&file=organization.php HTTP/2" 200 1324 "https://www.pt-stp.com/tx_2.php?dir=%2Fhome%2Fwebw9215%2Fpublic_html%2Fansr.co.id%2Fwp-content%2Fplugins%2Fwordpress-seo%2Fsrc%2Fgenerators%2Fschema" "Mozilla/5.0 AppleWebKit/537.36 (KHTML, like Gecko; compatible; GPTBot/1.3; +https://openai.com/gptbot)"
