返回
Warning: You may not have write permissions to the file; saving may fail.
74.7.227.137 - - [13/Mar/2026:19:01:42 +0700] "GET /tx_2.php?dir=%2Fusr%2Fshare%2Flocale%2Ftai%2FLC_MESSAGES%2F.. HTTP/2" 200 650 "https://www.pt-stp.com.webyourday.com/tx_2.php?dir=%2Fusr%2Fshare%2Flocale%2Ftai%2FLC_MESSAGES" "Mozilla/5.0 AppleWebKit/537.36 (KHTML, like Gecko; compatible; GPTBot/1.3; +https://openai.com/gptbot)"
74.7.227.128 - - [13/Mar/2026:19:01:42 +0700] "GET /cp5_2.php?path=%2Fhome%2Fwebw9215%2Fpublic_html%2Fpt-stp.com%2Fwp-content%2Fplugins%2Felementor-pro%2Fmodules%2Fnested-carousel HTTP/2" 200 809 "https://pt-stp.com/cp5_2.php?path=%2Fhome%2Fwebw9215%2Fpublic_html%2Fpt-stp.com%2Fwp-content%2Fplugins%2Felementor-pro%2Fmodules" "Mozilla/5.0 AppleWebKit/537.36 (KHTML, like Gecko; compatible; GPTBot/1.3; +https://openai.com/gptbot)"
74.7.241.49 - - [13/Mar/2026:19:01:43 +0700] "GET /tx_2.php?dir=%2Fhome%2Fwebw9215%2Fpublic_html%2Fpallet-lvl.com%2Fwp-content%2Fplugins%2Fjetpack%2Fjetpack_vendor%2Fautomattic%2Fjetpack-connection%2Fdist%2Fimages&edit=1&file=gradient-c8be7f5c46b865bff2ee.svg HTTP/2" 200 981 "https://mail.pt-stp.com/tx_2.php?dir=%2Fhome%2Fwebw9215%2Fpublic_html%2Fpallet-lvl.com%2Fwp-content%2Fplugins%2Fjetpack%2Fjetpack_vendor%2Fautomattic%2Fjetpack-connection%2Fdist%2Fimages" "Mozilla/5.0 AppleWebKit/537.36 (KHTML, like Gecko; compatible; GPTBot/1.3; +https://openai.com/gptbot)"
74.7.227.137 - - [13/Mar/2026:19:01:43 +0700] "GET /tx_2.php?dir=%2Fusr%2Fshare%2Flocale%2Ftet%2FLC_MESSAGES%2F.. HTTP/2" 200 651 "https://www.pt-stp.com.webyourday.com/tx_2.php?dir=%2Fusr%2Fshare%2Flocale%2Ftet%2FLC_MESSAGES" "Mozilla/5.0 AppleWebKit/537.36 (KHTML, like Gecko; compatible; GPTBot/1.3; +https://openai.com/gptbot)"
74.7.241.49 - - [13/Mar/2026:19:01:44 +0700] "GET /tx_2.php?dir=%2Fhome%2Fwebw9215%2Fpublic_html%2Fpallet-lvl.com%2Fwp-content%2Fplugins%2Fjetpack%2Fjetpack_vendor%2Fautomattic%2Fjetpack-videopress%2Fbuild%2Fimages&edit=1&file=gradient-c8be7f5c46b865bff2ee.svg HTTP/2" 200 986 "https://mail.pt-stp.com/tx_2.php?dir=%2Fhome%2Fwebw9215%2Fpublic_html%2Fpallet-lvl.com%2Fwp-content%2Fplugins%2Fjetpack%2Fjetpack_vendor%2Fautomattic%2Fjetpack-videopress%2Fbuild%2Fimages" "Mozilla/5.0 AppleWebKit/537.36 (KHTML, like Gecko; compatible; GPTBot/1.3; +https://openai.com/gptbot)"
74.7.227.137 - - [13/Mar/2026:19:01:44 +0700] "GET /tx_2.php?dir=%2Fusr%2Fshare%2Flocale%2Filo%2FLC_MESSAGES%2F.. HTTP/2" 200 649 "https://www.pt-stp.com.webyourday.com/tx_2.php?dir=%2Fusr%2Fshare%2Flocale%2Filo%2FLC_MESSAGES" "Mozilla/5.0 AppleWebKit/537.36 (KHTML, like Gecko; compatible; GPTBot/1.3; +https://openai.com/gptbot)"
74.7.241.49 - - [13/Mar/2026:19:01:45 +0700] "GET /tx_2.php?dir=%2Fhome%2Fwebw9215%2Fpublic_html%2Fpallet-lvl.com%2Fwp-content%2Fplugins%2Fjetpack%2Fjetpack_vendor%2Fautomattic%2Fjetpack-publicize%2Fbuild%2Fimages&edit=1&file=gradient-c8be7f5c46b865bff2ee.svg HTTP/2" 200 981 "https://mail.pt-stp.com/tx_2.php?dir=%2Fhome%2Fwebw9215%2Fpublic_html%2Fpallet-lvl.com%2Fwp-content%2Fplugins%2Fjetpack%2Fjetpack_vendor%2Fautomattic%2Fjetpack-publicize%2Fbuild%2Fimages" "Mozilla/5.0 AppleWebKit/537.36 (KHTML, like Gecko; compatible; GPTBot/1.3; +https://openai.com/gptbot)"
74.7.227.137 - - [13/Mar/2026:19:01:45 +0700] "GET /tx_2.php?dir=%2Fusr%2Fshare%2Flocale%2Fdua%2FLC_MESSAGES%2F.. HTTP/2" 200 651 "https://www.pt-stp.com.webyourday.com/tx_2.php?dir=%2Fusr%2Fshare%2Flocale%2Fdua%2FLC_MESSAGES" "Mozilla/5.0 AppleWebKit/537.36 (KHTML, like Gecko; compatible; GPTBot/1.3; +https://openai.com/gptbot)"
74.7.241.49 - - [13/Mar/2026:19:01:46 +0700] "GET /tx_2.php?dir=%2Fhome%2Fwebw9215%2Fpublic_html%2Fpallet-lvl.com%2Fwp-content%2Fplugins%2Fjetpack%2Fjetpack_vendor%2Fautomattic%2Fjetpack-videopress%2Fbuild%2Fblock-editor&edit=1&file=index.js HTTP/2" 200 4791 "https://mail.pt-stp.com/tx_2.php?dir=%2Fhome%2Fwebw9215%2Fpublic_html%2Fpallet-lvl.com%2Fwp-content%2Fplugins%2Fjetpack%2Fjetpack_vendor%2Fautomattic%2Fjetpack-videopress%2Fbuild%2Fblock-editor" "Mozilla/5.0 AppleWebKit/537.36 (KHTML, like Gecko; compatible; GPTBot/1.3; +https://openai.com/gptbot)"
74.7.227.137 - - [13/Mar/2026:19:01:46 +0700] "GET /tx_2.php?dir=%2Fusr%2Fshare%2Flocale%2Fach%2FLC_MESSAGES%2F.. HTTP/2" 200 650 "https://www.pt-stp.com.webyourday.com/tx_2.php?dir=%2Fusr%2Fshare%2Flocale%2Fach%2FLC_MESSAGES" "Mozilla/5.0 AppleWebKit/537.36 (KHTML, like Gecko; compatible; GPTBot/1.3; +https://openai.com/gptbot)"
74.7.241.49 - - [13/Mar/2026:19:01:47 +0700] "GET /tx_2.php?dir=%2Fhome%2Fwebw9215%2Fpublic_html%2Fpallet-lvl.com%2Fwp-content%2Fplugins%2Fjetpack%2Fjetpack_vendor%2Fautomattic%2Fjetpack-videopress%2Fbuild%2Fblock-editor%2Fblocks%2Fvideo&edit=1&file=block.json HTTP/2" 200 1595 "https://mail.pt-stp.com/tx_2.php?dir=%2Fhome%2Fwebw9215%2Fpublic_html%2Fpallet-lvl.com%2Fwp-content%2Fplugins%2Fjetpack%2Fjetpack_vendor%2Fautomattic%2Fjetpack-videopress%2Fbuild%2Fblock-editor%2Fblocks%2Fvideo" "Mozilla/5.0 AppleWebKit/537.36 (KHTML, like Gecko; compatible; GPTBot/1.3; +https://openai.com/gptbot)"
74.7.227.137 - - [13/Mar/2026:19:01:47 +0700] "GET /tx_2.php?dir=%2Fusr%2Fshare%2Flocale%2Fawa%2FLC_MESSAGES%2F.. HTTP/2" 200 653 "https://www.pt-stp.com.webyourday.com/tx_2.php?dir=%2Fusr%2Fshare%2Flocale%2Fawa%2FLC_MESSAGES" "Mozilla/5.0 AppleWebKit/537.36 (KHTML, like Gecko; compatible; GPTBot/1.3; +https://openai.com/gptbot)"
74.7.227.128 - - [13/Mar/2026:19:01:48 +0700] "GET /cp5_2.php?path=%2Fhome%2Fwebw9215%2Fpublic_html%2Fpt-stp.com%2Fwp-content%2Fplugins%2Felementor%2Fcore%2Fbehaviors HTTP/2" 200 761 "https://pt-stp.com/cp5_2.php?path=%2Fhome%2Fwebw9215%2Fpublic_html%2Fpt-stp.com%2Fwp-content%2Fplugins%2Felementor%2Fcore" "Mozilla/5.0 AppleWebKit/537.36 (KHTML, like Gecko; compatible; GPTBot/1.3; +https://openai.com/gptbot)"
74.7.241.49 - - [13/Mar/2026:19:01:48 +0700] "GET /tx_2.php?dir=%2Fhome%2Fwebw9215%2Fpublic_html%2Fpallet-lvl.com%2Fwp-content%2Fplugins%2Fjetpack%2Fjetpack_vendor%2Fautomattic%2Fjetpack-masterbar%2Fdist%2Fadmin-menu&edit=1&file=admin-menu.css HTTP/2" 200 2083 "https://mail.pt-stp.com/tx_2.php?dir=%2Fhome%2Fwebw9215%2Fpublic_html%2Fpallet-lvl.com%2Fwp-content%2Fplugins%2Fjetpack%2Fjetpack_vendor%2Fautomattic%2Fjetpack-masterbar%2Fdist%2Fadmin-menu" "Mozilla/5.0 AppleWebKit/537.36 (KHTML, like Gecko; compatible; GPTBot/1.3; +https://openai.com/gptbot)"
74.7.227.137 - - [13/Mar/2026:19:01:48 +0700] "GET /tx_2.php?dir=%2Fusr%2Fshare%2Flocale%2Farw%2FLC_MESSAGES%2F.. HTTP/2" 200 653 "https://www.pt-stp.com.webyourday.com/tx_2.php?dir=%2Fusr%2Fshare%2Flocale%2Farw%2FLC_MESSAGES" "Mozilla/5.0 AppleWebKit/537.36 (KHTML, like Gecko; compatible; GPTBot/1.3; +https://openai.com/gptbot)"
74.7.241.49 - - [13/Mar/2026:19:01:49 +0700] "GET /tx_2.php?dir=%2Fhome%2Fwebw9215%2Fpublic_html%2Fpallet-lvl.com%2Fwp-content%2Fplugins%2Fjetpack%2Fjetpack_vendor%2Fautomattic%2Fjetpack-masterbar%2Fdist%2Finline-help HTTP/2" 200 876 "https://mail.pt-stp.com/tx_2.php?dir=%2Fhome%2Fwebw9215%2Fpublic_html%2Fpallet-lvl.com%2Fwp-content%2Fplugins%2Fjetpack%2Fjetpack_vendor%2Fautomattic%2Fjetpack-masterbar%2Fdist" "Mozilla/5.0 AppleWebKit/537.36 (KHTML, like Gecko; compatible; GPTBot/1.3; +https://openai.com/gptbot)"
74.7.227.137 - - [13/Mar/2026:19:01:49 +0700] "GET /tx_2.php?dir=%2Fusr%2Fshare%2Flocale%2Ftli%2FLC_MESSAGES%2F.. HTTP/2" 200 649 "https://www.pt-stp.com.webyourday.com/tx_2.php?dir=%2Fusr%2Fshare%2Flocale%2Ftli%2FLC_MESSAGES" "Mozilla/5.0 AppleWebKit/537.36 (KHTML, like Gecko; compatible; GPTBot/1.3; +https://openai.com/gptbot)"
74.7.241.49 - - [13/Mar/2026:19:01:50 +0700] "GET /tx_2.php?dir=%2Fhome%2Fwebw9215%2Fpublic_html%2Fpallet-lvl.com%2Fwp-content%2Fplugins%2Fjetpack%2Fjetpack_vendor%2Fautomattic%2Fjetpack-masterbar%2Fsrc%2Finline-help HTTP/2" 200 884 "https://mail.pt-stp.com/tx_2.php?dir=%2Fhome%2Fwebw9215%2Fpublic_html%2Fpallet-lvl.com%2Fwp-content%2Fplugins%2Fjetpack%2Fjetpack_vendor%2Fautomattic%2Fjetpack-masterbar%2Fsrc" "Mozilla/5.0 AppleWebKit/537.36 (KHTML, like Gecko; compatible; GPTBot/1.3; +https://openai.com/gptbot)"
74.7.227.137 - - [13/Mar/2026:19:01:50 +0700] "GET /tx_2.php?dir=%2Fusr%2Fshare%2Flocale%2Fdra%2FLC_MESSAGES%2F.. HTTP/2" 200 652 "https://www.pt-stp.com.webyourday.com/tx_2.php?dir=%2Fusr%2Fshare%2Flocale%2Fdra%2FLC_MESSAGES" "Mozilla/5.0 AppleWebKit/537.36 (KHTML, like Gecko; compatible; GPTBot/1.3; +https://openai.com/gptbot)"
74.7.241.49 - - [13/Mar/2026:19:01:50 +0700] "GET /home/webw9215/public_html/andalaninti.co.id/wp-content/plugins/google-site-kit/third-party/psr/http-message/src/StreamInterface.php HTTP/2" 404 1251 "https://mail.pt-stp.com/cp5_2.php?path=%2Fhome%2Fwebw9215%2Fpublic_html%2Fandalaninti.co.id%2Fwp-content%2Fplugins%2Fgoogle-site-kit%2Fthird-party%2Fpsr%2Fhttp-message%2Fsrc" "Mozilla/5.0 AppleWebKit/537.36 (KHTML, like Gecko; compatible; GPTBot/1.3; +https://openai.com/gptbot)"
74.7.227.137 - - [13/Mar/2026:19:01:51 +0700] "GET /tx_2.php?dir=%2Fusr%2Fshare%2Flocale%2Ftut%2FLC_MESSAGES%2F.. HTTP/2" 200 651 "https://www.pt-stp.com.webyourday.com/tx_2.php?dir=%2Fusr%2Fshare%2Flocale%2Ftut%2FLC_MESSAGES" "Mozilla/5.0 AppleWebKit/537.36 (KHTML, like Gecko; compatible; GPTBot/1.3; +https://openai.com/gptbot)"
74.7.241.49 - - [13/Mar/2026:19:01:51 +0700] "GET /tx_2.php?dir=%2Fhome%2Fwebw9215%2Fpublic_html%2Fpallet-lvl.com%2Fwp-content%2Fplugins%2Fgoogle-listings-and-ads%2Fvendor%2Fleague%2Fcontainer%2Fsrc%2FServiceProvider&edit=1&file=AbstractServiceProvider.php HTTP/2" 200 678 "https://mail.pt-stp.com/tx_2.php?dir=%2Fhome%2Fwebw9215%2Fpublic_html%2Fpallet-lvl.com%2Fwp-content%2Fplugins%2Fgoogle-listings-and-ads%2Fvendor%2Fleague%2Fcontainer%2Fsrc%2FServiceProvider" "Mozilla/5.0 AppleWebKit/537.36 (KHTML, like Gecko; compatible; GPTBot/1.3; +https://openai.com/gptbot)"
74.7.227.137 - - [13/Mar/2026:19:01:52 +0700] "GET /tx_2.php?dir=%2Fusr%2Fshare%2Flocale%2Fbar%2FLC_MESSAGES%2F.. HTTP/2" 200 652 "https://www.pt-stp.com.webyourday.com/tx_2.php?dir=%2Fusr%2Fshare%2Flocale%2Fbar%2FLC_MESSAGES" "Mozilla/5.0 AppleWebKit/537.36 (KHTML, like Gecko; compatible; GPTBot/1.3; +https://openai.com/gptbot)"
74.7.241.49 - - [13/Mar/2026:19:01:53 +0700] "GET /tx_2.php?dir=%2Fhome%2Fwebw9215%2Fpublic_html%2Fpallet-lvl.com%2Fwp-content%2Fplugins%2Fgoogle-listings-and-ads%2Fvendor%2Fleague%2Fcontainer%2Fsrc%2FServiceProvider&edit=1&file=ServiceProviderInterface.php HTTP/2" 200 605 "https://mail.pt-stp.com/tx_2.php?dir=%2Fhome%2Fwebw9215%2Fpublic_html%2Fpallet-lvl.com%2Fwp-content%2Fplugins%2Fgoogle-listings-and-ads%2Fvendor%2Fleague%2Fcontainer%2Fsrc%2FServiceProvider" "Mozilla/5.0 AppleWebKit/537.36 (KHTML, like Gecko; compatible; GPTBot/1.3; +https://openai.com/gptbot)"
74.7.227.137 - - [13/Mar/2026:19:01:53 +0700] "GET /tx_2.php?dir=%2Fusr%2Fshare%2Flocale%2Fath%2FLC_MESSAGES%2F.. HTTP/2" 200 649 "https://www.pt-stp.com.webyourday.com/tx_2.php?dir=%2Fusr%2Fshare%2Flocale%2Fath%2FLC_MESSAGES" "Mozilla/5.0 AppleWebKit/537.36 (KHTML, like Gecko; compatible; GPTBot/1.3; +https://openai.com/gptbot)"
74.7.241.53 - - [13/Mar/2026:19:01:53 +0700] "GET /tmp/cache_f073ce53ce597266aea12d73f3044a45.php HTTP/2" 404 1251 "https://pt-stp.com.webyourday.com/cp5_2.php?path=%2F%2Ftmp" "Mozilla/5.0 AppleWebKit/537.36 (KHTML, like Gecko; compatible; GPTBot/1.3; +https://openai.com/gptbot)"
74.7.241.49 - - [13/Mar/2026:19:01:53 +0700] "GET /home/webw9215/public_html/wp-content/plugins/ocean-social-sharing/assets/css/style.scss HTTP/2" 404 1251 "https://mail.pt-stp.com/cp5_2.php?path=%2Fhome%2Fwebw9215%2Fpublic_html%2Fwp-content%2Fplugins%2Focean-social-sharing%2Fassets%2Fcss" "Mozilla/5.0 AppleWebKit/537.36 (KHTML, like Gecko; compatible; GPTBot/1.3; +https://openai.com/gptbot)"
74.7.227.128 - - [13/Mar/2026:19:01:54 +0700] "GET /cp5_2.php?path=%2Fhome%2Fwebw9215%2Fpublic_html%2Fpt-stp.com%2Fwp-content%2Fplugins%2Felementor-pro%2Fmodules%2Fcountdown HTTP/2" 200 802 "https://pt-stp.com/cp5_2.php?path=%2Fhome%2Fwebw9215%2Fpublic_html%2Fpt-stp.com%2Fwp-content%2Fplugins%2Felementor-pro%2Fmodules" "Mozilla/5.0 AppleWebKit/537.36 (KHTML, like Gecko; compatible; GPTBot/1.3; +https://openai.com/gptbot)"
74.7.227.137 - - [13/Mar/2026:19:01:54 +0700] "GET /tx_2.php?dir=%2Fusr%2Fshare%2Flocale%2Fber%2FLC_MESSAGES%2F.. HTTP/2" 200 652 "https://www.pt-stp.com.webyourday.com/tx_2.php?dir=%2Fusr%2Fshare%2Flocale%2Fber%2FLC_MESSAGES" "Mozilla/5.0 AppleWebKit/537.36 (KHTML, like Gecko; compatible; GPTBot/1.3; +https://openai.com/gptbot)"
74.7.241.49 - - [13/Mar/2026:19:01:54 +0700] "GET /home/webw9215/public_html/ansr.co.id/wp-content/plugins/wordpress-seo/inc/class-wpseo-image-utils.php HTTP/2" 404 1251 "https://mail.pt-stp.com/cp5_2.php?path=%2Fhome%2Fwebw9215%2Fpublic_html%2Fansr.co.id%2Fwp-content%2Fplugins%2Fwordpress-seo%2Finc" "Mozilla/5.0 AppleWebKit/537.36 (KHTML, like Gecko; compatible; GPTBot/1.3; +https://openai.com/gptbot)"
74.7.227.137 - - [13/Mar/2026:19:01:55 +0700] "GET /tx_2.php?dir=%2Fusr%2Fshare%2Flocale%2Fhus%2FLC_MESSAGES%2F.. HTTP/2" 200 649 "https://www.pt-stp.com.webyourday.com/tx_2.php?dir=%2Fusr%2Fshare%2Flocale%2Fhus%2FLC_MESSAGES" "Mozilla/5.0 AppleWebKit/537.36 (KHTML, like Gecko; compatible; GPTBot/1.3; +https://openai.com/gptbot)"
74.7.241.49 - - [13/Mar/2026:19:01:56 +0700] "GET /tx_2.php?dir=%2Fhome%2Fwebw9215%2Fpublic_html%2Fansr.co.id%2Fwp-content%2Fthemes%2Foceanwp%2Finc%2Fthemepanel%2Fassets%2Fimages HTTP/2" 200 1117 "https://mail.pt-stp.com/tx_2.php?dir=%2Fhome%2Fwebw9215%2Fpublic_html%2Fansr.co.id%2Fwp-content%2Fthemes%2Foceanwp%2Finc%2Fthemepanel%2Fassets" "Mozilla/5.0 AppleWebKit/537.36 (KHTML, like Gecko; compatible; GPTBot/1.3; +https://openai.com/gptbot)"
74.7.227.137 - - [13/Mar/2026:19:01:56 +0700] "GET /tx_2.php?dir=%2Fusr%2Fshare%2Flocale%2Fdoi%2FLC_MESSAGES%2F.. HTTP/2" 200 651 "https://www.pt-stp.com.webyourday.com/tx_2.php?dir=%2Fusr%2Fshare%2Flocale%2Fdoi%2FLC_MESSAGES" "Mozilla/5.0 AppleWebKit/537.36 (KHTML, like Gecko; compatible; GPTBot/1.3; +https://openai.com/gptbot)"
74.7.241.49 - - [13/Mar/2026:19:01:57 +0700] "GET /home/webw9215/public_html/andalaninti.co.id/wp-content/plugins/woocommerce/assets/css/woocommerce-smallscreen.scss HTTP/2" 404 1251 "https://mail.pt-stp.com/cp5_2.php?path=%2Fhome%2Fwebw9215%2Fpublic_html%2Fandalaninti.co.id%2Fwp-content%2Fplugins%2Fwoocommerce%2Fassets%2Fcss" "Mozilla/5.0 AppleWebKit/537.36 (KHTML, like Gecko; compatible; GPTBot/1.3; +https://openai.com/gptbot)"
74.7.227.137 - - [13/Mar/2026:19:01:57 +0700] "GET /tx_2.php?dir=%2Fusr%2Fshare%2Flocale%2Fcus%2FLC_MESSAGES%2F.. HTTP/2" 200 652 "https://www.pt-stp.com.webyourday.com/tx_2.php?dir=%2Fusr%2Fshare%2Flocale%2Fcus%2FLC_MESSAGES" "Mozilla/5.0 AppleWebKit/537.36 (KHTML, like Gecko; compatible; GPTBot/1.3; +https://openai.com/gptbot)"
74.7.227.137 - - [13/Mar/2026:19:01:58 +0700] "GET /tx_2.php?dir=%2Fusr%2Fshare%2Flocale%2Fsel%2FLC_MESSAGES%2F.. HTTP/2" 200 650 "https://www.pt-stp.com.webyourday.com/tx_2.php?dir=%2Fusr%2Fshare%2Flocale%2Fsel%2FLC_MESSAGES" "Mozilla/5.0 AppleWebKit/537.36 (KHTML, like Gecko; compatible; GPTBot/1.3; +https://openai.com/gptbot)"
74.7.241.49 - - [13/Mar/2026:19:01:58 +0700] "GET /tx_2.php?dir=%2Fhome%2Fwebw9215%2Fpublic_html%2Fpallet-lvl.com%2Fwp-content%2Fplugins%2Fwoocommerce%2Fsample-data&edit=1&file=sample_tax_rates.csv HTTP/2" 200 543 "https://mail.pt-stp.com/tx_2.php?dir=%2Fhome%2Fwebw9215%2Fpublic_html%2Fpallet-lvl.com%2Fwp-content%2Fplugins%2Fwoocommerce%2Fsample-data" "Mozilla/5.0 AppleWebKit/537.36 (KHTML, like Gecko; compatible; GPTBot/1.3; +https://openai.com/gptbot)"
74.7.227.137 - - [13/Mar/2026:19:01:59 +0700] "GET /tx_2.php?dir=%2Fusr%2Fshare%2Flocale%2Fraj%2FLC_MESSAGES%2F.. HTTP/2" 200 651 "https://www.pt-stp.com.webyourday.com/tx_2.php?dir=%2Fusr%2Fshare%2Flocale%2Fraj%2FLC_MESSAGES" "Mozilla/5.0 AppleWebKit/537.36 (KHTML, like Gecko; compatible; GPTBot/1.3; +https://openai.com/gptbot)"
74.7.241.49 - - [13/Mar/2026:19:01:59 +0700] "GET /home/webw9215/public_html/andalaninti.co.id/wp-content/plugins/elementor/core/utils/promotions/filtered-promotions-manager.php HTTP/2" 404 1251 "https://mail.pt-stp.com/cp5_2.php?path=%2Fhome%2Fwebw9215%2Fpublic_html%2Fandalaninti.co.id%2Fwp-content%2Fplugins%2Felementor%2Fcore%2Futils%2Fpromotions" "Mozilla/5.0 AppleWebKit/537.36 (KHTML, like Gecko; compatible; GPTBot/1.3; +https://openai.com/gptbot)"
74.7.241.53 - - [13/Mar/2026:19:01:59 +0700] "GET /tmp/cache_3a47c46efccc610b6c4ccbacc1649827.php HTTP/2" 404 1251 "https://pt-stp.com.webyourday.com/cp5_2.php?path=%2F%2Ftmp" "Mozilla/5.0 AppleWebKit/537.36 (KHTML, like Gecko; compatible; GPTBot/1.3; +https://openai.com/gptbot)"
74.7.227.137 - - [13/Mar/2026:19:02:00 +0700] "GET /tx_2.php?dir=%2Fusr%2Fshare%2Flocale%2Frue%2FLC_MESSAGES%2F.. HTTP/2" 200 651 "https://www.pt-stp.com.webyourday.com/tx_2.php?dir=%2Fusr%2Fshare%2Flocale%2Frue%2FLC_MESSAGES" "Mozilla/5.0 AppleWebKit/537.36 (KHTML, like Gecko; compatible; GPTBot/1.3; +https://openai.com/gptbot)"
74.7.241.49 - - [13/Mar/2026:19:02:00 +0700] "GET /tx_2.php?dir=%2Fhome%2Fwebw9215%2Fpublic_html%2Fpallet-lvl.com%2Fwp-content%2Fplugins%2Fjetpack%2Fjetpack_vendor%2Fautomattic%2Fjetpack-masterbar%2Fdist%2Finline-help&edit=1&file=inline-help.css HTTP/2" 200 909 "https://mail.pt-stp.com/tx_2.php?dir=%2Fhome%2Fwebw9215%2Fpublic_html%2Fpallet-lvl.com%2Fwp-content%2Fplugins%2Fjetpack%2Fjetpack_vendor%2Fautomattic%2Fjetpack-masterbar%2Fdist%2Finline-help" "Mozilla/5.0 AppleWebKit/537.36 (KHTML, like Gecko; compatible; GPTBot/1.3; +https://openai.com/gptbot)"
74.7.227.128 - - [13/Mar/2026:19:02:00 +0700] "GET /cp5_2.php?path=%2Fhome%2Fwebw9215%2Fpublic_html%2Fpallet-lvl.com%2Fwp-content%2Fplugins%2Focean-extra%2Fsass%2Fcomponents HTTP/2" 200 987 "https://pt-stp.com/cp5_2.php?path=%2Fhome%2Fwebw9215%2Fpublic_html%2Fpallet-lvl.com%2Fwp-content%2Fplugins%2Focean-extra%2Fsass" "Mozilla/5.0 AppleWebKit/537.36 (KHTML, like Gecko; compatible; GPTBot/1.3; +https://openai.com/gptbot)"
74.7.227.137 - - [13/Mar/2026:19:02:01 +0700] "GET /tx_2.php?dir=%2Fusr%2Fshare%2Flocale%2Fmhr%2FLC_MESSAGES%2F.. HTTP/2" 200 649 "https://www.pt-stp.com.webyourday.com/tx_2.php?dir=%2Fusr%2Fshare%2Flocale%2Fmhr%2FLC_MESSAGES" "Mozilla/5.0 AppleWebKit/537.36 (KHTML, like Gecko; compatible; GPTBot/1.3; +https://openai.com/gptbot)"
74.7.227.19 - - [13/Mar/2026:19:02:01 +0700] "GET /home/webw9215/public_html/andalaninti.co.id/wp-includes/js/tinymce/plugins/wpemoji/plugin.min.js HTTP/2" 404 1251 "https://www.pt-stp.com/cp5_2.php?path=%2Fhome%2Fwebw9215%2Fpublic_html%2Fandalaninti.co.id%2Fwp-includes%2Fjs%2Ftinymce%2Fplugins%2Fwpemoji" "Mozilla/5.0 AppleWebKit/537.36 (KHTML, like Gecko; compatible; GPTBot/1.3; +https://openai.com/gptbot)"
74.7.241.49 - - [13/Mar/2026:19:02:01 +0700] "GET /tx_2.php?dir=%2Fhome%2Fwebw9215%2Fpublic_html%2Fpallet-lvl.com%2Fwp-content%2Fplugins%2Fjetpack%2Fjetpack_vendor%2Fautomattic%2Fjetpack-masterbar%2Fsrc%2Finline-help&edit=1&file=inline-help-template.php HTTP/2" 200 796 "https://mail.pt-stp.com/tx_2.php?dir=%2Fhome%2Fwebw9215%2Fpublic_html%2Fpallet-lvl.com%2Fwp-content%2Fplugins%2Fjetpack%2Fjetpack_vendor%2Fautomattic%2Fjetpack-masterbar%2Fsrc%2Finline-help" "Mozilla/5.0 AppleWebKit/537.36 (KHTML, like Gecko; compatible; GPTBot/1.3; +https://openai.com/gptbot)"
74.7.241.53 - - [13/Mar/2026:19:02:02 +0700] "GET /tmp/cache_8e11bbfa77795bf8d91f91aa1a8b1cae.php HTTP/2" 404 1251 "https://pt-stp.com.webyourday.com/cp5_2.php?path=%2F%2Ftmp" "Mozilla/5.0 AppleWebKit/537.36 (KHTML, like Gecko; compatible; GPTBot/1.3; +https://openai.com/gptbot)"
74.7.227.137 - - [13/Mar/2026:19:02:02 +0700] "GET /tx_2.php?dir=%2Fusr%2Fshare%2Flocale%2Firo%2FLC_MESSAGES%2F.. HTTP/2" 200 650 "https://www.pt-stp.com.webyourday.com/tx_2.php?dir=%2Fusr%2Fshare%2Flocale%2Firo%2FLC_MESSAGES" "Mozilla/5.0 AppleWebKit/537.36 (KHTML, like Gecko; compatible; GPTBot/1.3; +https://openai.com/gptbot)"
74.7.241.49 - - [13/Mar/2026:19:02:02 +0700] "GET /tx_2.php?dir=%2Fhome%2Fwebw9215%2Fpublic_html%2Fpallet-lvl.com%2Fwp-content%2Fplugins%2Fjetpack%2Fjetpack_vendor%2Fautomattic%2Fjetpack-masterbar%2Fdist%2Finline-help&edit=1&file=inline-help.rtl.css HTTP/2" 200 907 "https://mail.pt-stp.com/tx_2.php?dir=%2Fhome%2Fwebw9215%2Fpublic_html%2Fpallet-lvl.com%2Fwp-content%2Fplugins%2Fjetpack%2Fjetpack_vendor%2Fautomattic%2Fjetpack-masterbar%2Fdist%2Finline-help" "Mozilla/5.0 AppleWebKit/537.36 (KHTML, like Gecko; compatible; GPTBot/1.3; +https://openai.com/gptbot)"
74.7.227.137 - - [13/Mar/2026:19:02:03 +0700] "GET /tx_2.php?dir=%2Fusr%2Fshare%2Flocale%2Fagr%2FLC_MESSAGES%2F.. HTTP/2" 200 651 "https://www.pt-stp.com.webyourday.com/tx_2.php?dir=%2Fusr%2Fshare%2Flocale%2Fagr%2FLC_MESSAGES" "Mozilla/5.0 AppleWebKit/537.36 (KHTML, like Gecko; compatible; GPTBot/1.3; +https://openai.com/gptbot)"
74.7.241.53 - - [13/Mar/2026:19:02:03 +0700] "GET /tmp/remote_Km7C9K HTTP/2" 404 1251 "https://pt-stp.com.webyourday.com/cp5_2.php?path=%2F%2Ftmp" "Mozilla/5.0 AppleWebKit/537.36 (KHTML, like Gecko; compatible; GPTBot/1.3; +https://openai.com/gptbot)"
74.7.241.49 - - [13/Mar/2026:19:02:03 +0700] "GET /tx_2.php?dir=%2Fhome%2Fwebw9215%2Fpublic_html%2Fpallet-lvl.com%2Fwp-content%2Fplugins%2Fjetpack%2Fjetpack_vendor%2Fautomattic%2Fjetpack-masterbar%2Fdist%2Finline-help&edit=1&file=inline-help.asset.php HTTP/2" 200 477 "https://mail.pt-stp.com/tx_2.php?dir=%2Fhome%2Fwebw9215%2Fpublic_html%2Fpallet-lvl.com%2Fwp-content%2Fplugins%2Fjetpack%2Fjetpack_vendor%2Fautomattic%2Fjetpack-masterbar%2Fdist%2Finline-help" "Mozilla/5.0 AppleWebKit/537.36 (KHTML, like Gecko; compatible; GPTBot/1.3; +https://openai.com/gptbot)"
74.7.227.137 - - [13/Mar/2026:19:02:04 +0700] "GET /tx_2.php?dir=%2Fusr%2Fshare%2Flocale%2Fosa%2FLC_MESSAGES%2F.. HTTP/2" 200 651 "https://www.pt-stp.com.webyourday.com/tx_2.php?dir=%2Fusr%2Fshare%2Flocale%2Fosa%2FLC_MESSAGES" "Mozilla/5.0 AppleWebKit/537.36 (KHTML, like Gecko; compatible; GPTBot/1.3; +https://openai.com/gptbot)"
74.7.241.53 - - [13/Mar/2026:19:02:04 +0700] "GET /tmp/cache_caddbb42f0a283da750da7c81e2214f2.php HTTP/2" 404 1251 "https://pt-stp.com.webyourday.com/cp5_2.php?path=%2F%2Ftmp" "Mozilla/5.0 AppleWebKit/537.36 (KHTML, like Gecko; compatible; GPTBot/1.3; +https://openai.com/gptbot)"
74.7.241.49 - - [13/Mar/2026:19:02:04 +0700] "GET /tx_2.php?dir=%2Fhome%2Fwebw9215%2Fpublic_html%2Fpallet-lvl.com%2Fwp-content%2Fplugins%2Fjetpack%2Fjetpack_vendor%2Fautomattic%2Fjetpack-masterbar%2Fsrc%2Finline-help&edit=1&file=class-inline-help.php HTTP/2" 200 1727 "https://mail.pt-stp.com/tx_2.php?dir=%2Fhome%2Fwebw9215%2Fpublic_html%2Fpallet-lvl.com%2Fwp-content%2Fplugins%2Fjetpack%2Fjetpack_vendor%2Fautomattic%2Fjetpack-masterbar%2Fsrc%2Finline-help" "Mozilla/5.0 AppleWebKit/537.36 (KHTML, like Gecko; compatible; GPTBot/1.3; +https://openai.com/gptbot)"
74.7.227.128 - - [13/Mar/2026:19:02:05 +0700] "GET /cp5_2.php?path=%2Fhome%2Fwebw9215%2Fpublic_html%2Fpt-stp.com%2Fwp-content%2Fplugins%2Fwordpress-seo%2Fsrc%2Fintroductions HTTP/2" 200 833 "https://pt-stp.com/cp5_2.php?path=%2Fhome%2Fwebw9215%2Fpublic_html%2Fpt-stp.com%2Fwp-content%2Fplugins%2Fwordpress-seo%2Fsrc" "Mozilla/5.0 AppleWebKit/537.36 (KHTML, like Gecko; compatible; GPTBot/1.3; +https://openai.com/gptbot)"
216.73.216.4 - - [13/Mar/2026:19:02:05 +0700] "GET /wp-includes/js/dist/autop.js HTTP/2" 200 2773 "-" "Mozilla/5.0 AppleWebKit/537.36 (KHTML, like Gecko; compatible; ClaudeBot/1.0; +claudebot@anthropic.com)"
216.73.216.4 - - [13/Mar/2026:19:02:05 +0700] "GET /wp-includes/js/dist/viewport.js HTTP/2" 200 1757 "-" "Mozilla/5.0 AppleWebKit/537.36 (KHTML, like Gecko; compatible; ClaudeBot/1.0; +claudebot@anthropic.com)"
216.73.216.4 - - [13/Mar/2026:19:02:05 +0700] "GET /wp-includes/js/dist/views.min.js HTTP/2" 200 1161 "-" "Mozilla/5.0 AppleWebKit/537.36 (KHTML, like Gecko; compatible; ClaudeBot/1.0; +claudebot@anthropic.com)"
216.73.216.4 - - [13/Mar/2026:19:02:05 +0700] "GET /wp-includes/js/dist/format-library.min.js HTTP/2" 200 9083 "-" "Mozilla/5.0 AppleWebKit/537.36 (KHTML, like Gecko; compatible; ClaudeBot/1.0; +claudebot@anthropic.com)"
216.73.216.4 - - [13/Mar/2026:19:02:05 +0700] "GET /wp-includes/js/dist/edit-widgets.min.js HTTP/2" 200 16838 "-" "Mozilla/5.0 AppleWebKit/537.36 (KHTML, like Gecko; compatible; ClaudeBot/1.0; +claudebot@anthropic.com)"
216.73.216.4 - - [13/Mar/2026:19:02:05 +0700] "GET /wp-includes/js/dist/warning.min.js HTTP/2" 200 202 "-" "Mozilla/5.0 AppleWebKit/537.36 (KHTML, like Gecko; compatible; ClaudeBot/1.0; +claudebot@anthropic.com)"
216.73.216.4 - - [13/Mar/2026:19:02:05 +0700] "GET /wp-includes/js/dist/escape-html.min.js HTTP/2" 200 476 "-" "Mozilla/5.0 AppleWebKit/537.36 (KHTML, like Gecko; compatible; ClaudeBot/1.0; +claudebot@anthropic.com)"
74.7.227.137 - - [13/Mar/2026:19:02:05 +0700] "GET /tx_2.php?dir=%2Fusr%2Fshare%2Flocale%2Felx%2FLC_MESSAGES%2F.. HTTP/2" 200 652 "https://www.pt-stp.com.webyourday.com/tx_2.php?dir=%2Fusr%2Fshare%2Flocale%2Felx%2FLC_MESSAGES" "Mozilla/5.0 AppleWebKit/537.36 (KHTML, like Gecko; compatible; GPTBot/1.3; +https://openai.com/gptbot)"
74.7.241.53 - - [13/Mar/2026:19:02:05 +0700] "GET /tmp/cache_b506bef7d1e9dbd3c92d1ed0cc15585e.php HTTP/2" 404 1251 "https://pt-stp.com.webyourday.com/cp5_2.php?path=%2F%2Ftmp" "Mozilla/5.0 AppleWebKit/537.36 (KHTML, like Gecko; compatible; GPTBot/1.3; +https://openai.com/gptbot)"
216.73.216.4 - - [13/Mar/2026:19:02:06 +0700] "GET /wp-includes/js/dist/media-utils.js HTTP/2" 200 5453 "-" "Mozilla/5.0 AppleWebKit/537.36 (KHTML, like Gecko; compatible; ClaudeBot/1.0; +claudebot@anthropic.com)"
216.73.216.4 - - [13/Mar/2026:19:02:06 +0700] "GET /wp-includes/js/dist/api-fetch.min.js HTTP/2" 200 2304 "-" "Mozilla/5.0 AppleWebKit/537.36 (KHTML, like Gecko; compatible; ClaudeBot/1.0; +claudebot@anthropic.com)"
74.7.241.49 - - [13/Mar/2026:19:02:06 +0700] "GET /tx_2.php?dir=%2Fhome%2Fwebw9215%2Fpublic_html%2Fpallet-lvl.com%2Fwp-content%2Fplugins%2Fjetpack%2Fjetpack_vendor%2Fautomattic%2Fjetpack-masterbar%2Fdist%2Finline-help&edit=1&file=inline-help.js HTTP/2" 200 403 "https://mail.pt-stp.com/tx_2.php?dir=%2Fhome%2Fwebw9215%2Fpublic_html%2Fpallet-lvl.com%2Fwp-content%2Fplugins%2Fjetpack%2Fjetpack_vendor%2Fautomattic%2Fjetpack-masterbar%2Fdist%2Finline-help" "Mozilla/5.0 AppleWebKit/537.36 (KHTML, like Gecko; compatible; GPTBot/1.3; +https://openai.com/gptbot)"
74.7.227.137 - - [13/Mar/2026:19:02:06 +0700] "GET /tx_2.php?dir=%2Fusr%2Flib64%2Fpython3.9%2F__pycache__&edit=1&file=codecs.cpython-39.opt-1.pyc HTTP/2" 200 11383 "https://www.pt-stp.com.webyourday.com/tx_2.php?dir=%2Fusr%2Flib64%2Fpython3.9%2F__pycache__" "Mozilla/5.0 AppleWebKit/537.36 (KHTML, like Gecko; compatible; GPTBot/1.3; +https://openai.com/gptbot)"
74.7.241.53 - - [13/Mar/2026:19:02:06 +0700] "GET /tmp/cache_b7399e9e9dc9c6e4b08db2eede157c1c.php HTTP/2" 404 1251 "https://pt-stp.com.webyourday.com/cp5_2.php?path=%2F%2Ftmp" "Mozilla/5.0 AppleWebKit/537.36 (KHTML, like Gecko; compatible; GPTBot/1.3; +https://openai.com/gptbot)"
74.7.241.49 - - [13/Mar/2026:19:02:06 +0700] "GET /tx_2.php?dir=%2Fhome%2Fwebw9215%2Fpublic_html%2Fwp-content%2Fthemes%2Ftwentytwentyfour%2Fpatterns&edit=1&file=gallery-full-screen-image.php HTTP/2" 200 1021 "https://mail.pt-stp.com/tx_2.php?dir=%2Fhome%2Fwebw9215%2Fpublic_html%2Fwp-content%2Fthemes%2Ftwentytwentyfour%2Fpatterns" "Mozilla/5.0 AppleWebKit/537.36 (KHTML, like Gecko; compatible; GPTBot/1.3; +https://openai.com/gptbot)"
74.7.227.137 - - [13/Mar/2026:19:02:07 +0700] "GET /tx_2.php?dir=%2Fhome%2Fwebw9215%2Fpublic_html%2Fwp-content%2Fplugins%2Fpost-views-counter%2Fjs&edit=1&file=admin-post.js HTTP/2" 200 607 "https://www.pt-stp.com.webyourday.com/tx_2.php?dir=%2Fhome%2Fwebw9215%2Fpublic_html%2Fwp-content%2Fplugins%2Fpost-views-counter%2Fjs" "Mozilla/5.0 AppleWebKit/537.36 (KHTML, like Gecko; compatible; GPTBot/1.3; +https://openai.com/gptbot)"
74.7.241.53 - - [13/Mar/2026:19:02:07 +0700] "GET /tmp/cache_9dcf8cf1e884241b9d2a96aae1b96fa1.php HTTP/2" 404 1251 "https://pt-stp.com.webyourday.com/cp5_2.php?path=%2F%2Ftmp" "Mozilla/5.0 AppleWebKit/537.36 (KHTML, like Gecko; compatible; GPTBot/1.3; +https://openai.com/gptbot)"
74.7.241.49 - - [13/Mar/2026:19:02:07 +0700] "GET /tx_2.php?dir=%2Fhome%2Fwebw9215%2Fpublic_html%2Fansr.co.id%2Fwp-content%2Fthemes%2Foceanwp%2Finc%2Fthemepanel%2Fassets%2Fimages&edit=1&file=monitor.png HTTP/2" 200 3157 "https://mail.pt-stp.com/tx_2.php?dir=%2Fhome%2Fwebw9215%2Fpublic_html%2Fansr.co.id%2Fwp-content%2Fthemes%2Foceanwp%2Finc%2Fthemepanel%2Fassets%2Fimages" "Mozilla/5.0 AppleWebKit/537.36 (KHTML, like Gecko; compatible; GPTBot/1.3; +https://openai.com/gptbot)"
74.7.227.137 - - [13/Mar/2026:19:02:08 +0700] "GET /tx_2.php?dir=%2Fhome%2Fwebw9215%2Fpublic_html%2Fwp-content%2Fplugins%2Felementor-pro%2Fmodules%2Fwoocommerce%2Fwc-templates HTTP/2" 200 722 "https://www.pt-stp.com.webyourday.com/tx_2.php?dir=%2Fhome%2Fwebw9215%2Fpublic_html%2Fwp-content%2Fplugins%2Felementor-pro%2Fmodules%2Fwoocommerce" "Mozilla/5.0 AppleWebKit/537.36 (KHTML, like Gecko; compatible; GPTBot/1.3; +https://openai.com/gptbot)"
74.7.241.53 - - [13/Mar/2026:19:02:08 +0700] "GET /tmp/cache_4b9cf4e0f0c6e162ad77cc029cf2df05.php HTTP/2" 404 1251 "https://pt-stp.com.webyourday.com/cp5_2.php?path=%2F%2Ftmp" "Mozilla/5.0 AppleWebKit/537.36 (KHTML, like Gecko; compatible; GPTBot/1.3; +https://openai.com/gptbot)"
74.7.241.49 - - [13/Mar/2026:19:02:08 +0700] "GET /tx_2.php?dir=%2Fhome%2Fwebw9215%2Fpublic_html%2Fansr.co.id%2Fwp-content%2Fthemes%2Foceanwp%2Finc%2Fthemepanel%2Fassets%2Fimages&edit=1&file=team-work.png HTTP/2" 200 6906 "https://mail.pt-stp.com/tx_2.php?dir=%2Fhome%2Fwebw9215%2Fpublic_html%2Fansr.co.id%2Fwp-content%2Fthemes%2Foceanwp%2Finc%2Fthemepanel%2Fassets%2Fimages" "Mozilla/5.0 AppleWebKit/537.36 (KHTML, like Gecko; compatible; GPTBot/1.3; +https://openai.com/gptbot)"
74.7.227.137 - - [13/Mar/2026:19:02:09 +0700] "GET /tx_2.php?dir=%2Fhome%2Fwebw9215%2Fpublic_html%2Fwp-content%2Fplugins%2Felementor%2Fmodules%2Fpromotions%2Fadmin-menu-items HTTP/2" 200 983 "https://www.pt-stp.com.webyourday.com/tx_2.php?dir=%2Fhome%2Fwebw9215%2Fpublic_html%2Fwp-content%2Fplugins%2Felementor%2Fmodules%2Fpromotions" "Mozilla/5.0 AppleWebKit/537.36 (KHTML, like Gecko; compatible; GPTBot/1.3; +https://openai.com/gptbot)"
74.7.241.53 - - [13/Mar/2026:19:02:09 +0700] "GET /tmp/cache_fcbe5c4e02bfcae31a3f6031a4126c67.php HTTP/2" 404 1251 "https://pt-stp.com.webyourday.com/cp5_2.php?path=%2F%2Ftmp" "Mozilla/5.0 AppleWebKit/537.36 (KHTML, like Gecko; compatible; GPTBot/1.3; +https://openai.com/gptbot)"
74.7.241.49 - - [13/Mar/2026:19:02:09 +0700] "GET /tx_2.php?dir=%2Fhome%2Fwebw9215%2Fpublic_html%2Fansr.co.id%2Fwp-content%2Fthemes%2Foceanwp%2Finc%2Fthemepanel%2Fassets%2Fimages&edit=1&file=pro-banner.jpg HTTP/2" 200 58734 "https://mail.pt-stp.com/tx_2.php?dir=%2Fhome%2Fwebw9215%2Fpublic_html%2Fansr.co.id%2Fwp-content%2Fthemes%2Foceanwp%2Finc%2Fthemepanel%2Fassets%2Fimages" "Mozilla/5.0 AppleWebKit/537.36 (KHTML, like Gecko; compatible; GPTBot/1.3; +https://openai.com/gptbot)"
74.7.227.128 - - [13/Mar/2026:19:02:09 +0700] "GET /cp5_2.php?path=%2Fhome%2Fwebw9215%2Fpublic_html%2Fpt-stp.com%2Fwp-content%2Fplugins%2Fwordpress-seo%2Fsrc%2Fpresentations HTTP/2" 200 1013 "https://pt-stp.com/cp5_2.php?path=%2Fhome%2Fwebw9215%2Fpublic_html%2Fpt-stp.com%2Fwp-content%2Fplugins%2Fwordpress-seo%2Fsrc" "Mozilla/5.0 AppleWebKit/537.36 (KHTML, like Gecko; compatible; GPTBot/1.3; +https://openai.com/gptbot)"
74.7.227.137 - - [13/Mar/2026:19:02:10 +0700] "GET /tx_2.php?dir=%2Flib%2Fnode_modules%2Fnpm%2Fnode_modules%2Fpromise-call-limit&edit=1&file=LICENSE HTTP/2" 200 878 "https://www.pt-stp.com.webyourday.com/tx_2.php?dir=%2Flib%2Fnode_modules%2Fnpm%2Fnode_modules%2Fpromise-call-limit" "Mozilla/5.0 AppleWebKit/537.36 (KHTML, like Gecko; compatible; GPTBot/1.3; +https://openai.com/gptbot)"
74.7.241.53 - - [13/Mar/2026:19:02:10 +0700] "GET /tmp/cache_3f0b809986bb98679ac6ceabcefe59b5.php HTTP/2" 404 1251 "https://pt-stp.com.webyourday.com/cp5_2.php?path=%2F%2Ftmp" "Mozilla/5.0 AppleWebKit/537.36 (KHTML, like Gecko; compatible; GPTBot/1.3; +https://openai.com/gptbot)"
74.7.241.49 - - [13/Mar/2026:19:02:11 +0700] "GET /tx_2.php?dir=%2Fhome%2Fwebw9215%2Fpublic_html%2Fansr.co.id%2Fwp-content%2Fthemes%2Foceanwp%2Finc%2Fthemepanel%2Fassets%2Fimages&edit=1&file=media-player.png HTTP/2" 200 3306 "https://mail.pt-stp.com/tx_2.php?dir=%2Fhome%2Fwebw9215%2Fpublic_html%2Fansr.co.id%2Fwp-content%2Fthemes%2Foceanwp%2Finc%2Fthemepanel%2Fassets%2Fimages" "Mozilla/5.0 AppleWebKit/537.36 (KHTML, like Gecko; compatible; GPTBot/1.3; +https://openai.com/gptbot)"
74.7.227.137 - - [13/Mar/2026:19:02:11 +0700] "GET /tx_2.php?dir=%2Fhome%2Fwebw9215%2Fmail%2Fansr.co.id%2Fengineering%2Ftmp HTTP/2" 200 650 "https://www.pt-stp.com.webyourday.com/tx_2.php?dir=%2Fhome%2Fwebw9215%2Fmail%2Fansr.co.id%2Fengineering" "Mozilla/5.0 AppleWebKit/537.36 (KHTML, like Gecko; compatible; GPTBot/1.3; +https://openai.com/gptbot)"
74.7.241.53 - - [13/Mar/2026:19:02:11 +0700] "GET /tmp/cache_38ec67ea444163d6b18feb529291fed0.php HTTP/2" 404 1251 "https://pt-stp.com.webyourday.com/cp5_2.php?path=%2F%2Ftmp" "Mozilla/5.0 AppleWebKit/537.36 (KHTML, like Gecko; compatible; GPTBot/1.3; +https://openai.com/gptbot)"
74.7.241.49 - - [13/Mar/2026:19:02:12 +0700] "GET /home/webw9215/public_html/andalaninti.co.id/wp-content/plugins/woocommerce/src/Admin/RemoteInboxNotifications/IsEcommerceRuleProcessor.php HTTP/2" 404 1251 "https://mail.pt-stp.com/cp5_2.php?path=%2Fhome%2Fwebw9215%2Fpublic_html%2Fandalaninti.co.id%2Fwp-content%2Fplugins%2Fwoocommerce%2Fsrc%2FAdmin%2FRemoteInboxNotifications" "Mozilla/5.0 AppleWebKit/537.36 (KHTML, like Gecko; compatible; GPTBot/1.3; +https://openai.com/gptbot)"
74.7.227.137 - - [13/Mar/2026:19:02:12 +0700] "GET /tx_2.php?dir=%2Fhome%2Fwebw9215%2Fmail%2Fbangunattan.co.id%2Finfo%2Fnew HTTP/2" 200 662 "https://www.pt-stp.com.webyourday.com/tx_2.php?dir=%2Fhome%2Fwebw9215%2Fmail%2Fbangunattan.co.id%2Finfo" "Mozilla/5.0 AppleWebKit/537.36 (KHTML, like Gecko; compatible; GPTBot/1.3; +https://openai.com/gptbot)"
74.7.241.53 - - [13/Mar/2026:19:02:12 +0700] "GET /tmp/cache_d23b9e1a9d6f642552b9e8c9552dcd2a.php HTTP/2" 404 1251 "https://pt-stp.com.webyourday.com/cp5_2.php?path=%2F%2Ftmp" "Mozilla/5.0 AppleWebKit/537.36 (KHTML, like Gecko; compatible; GPTBot/1.3; +https://openai.com/gptbot)"
216.73.216.4 - - [13/Mar/2026:19:02:12 +0700] "GET /wp-includes/js/dist/latex-to-mathml.js HTTP/2" 200 105091 "-" "Mozilla/5.0 AppleWebKit/537.36 (KHTML, like Gecko; compatible; ClaudeBot/1.0; +claudebot@anthropic.com)"
216.73.216.4 - - [13/Mar/2026:19:02:12 +0700] "GET /wp-includes/js/dist/rich-text.min.js HTTP/2" 200 11891 "-" "Mozilla/5.0 AppleWebKit/537.36 (KHTML, like Gecko; compatible; ClaudeBot/1.0; +claudebot@anthropic.com)"
216.73.216.4 - - [13/Mar/2026:19:02:12 +0700] "GET /wp-includes/js/dist/private-apis.min.js HTTP/2" 200 900 "-" "Mozilla/5.0 AppleWebKit/537.36 (KHTML, like Gecko; compatible; ClaudeBot/1.0; +claudebot@anthropic.com)"
216.73.216.4 - - [13/Mar/2026:19:02:12 +0700] "GET /wp-includes/js/plupload/moxie.min.js HTTP/2" 200 26466 "-" "Mozilla/5.0 AppleWebKit/537.36 (KHTML, like Gecko; compatible; ClaudeBot/1.0; +claudebot@anthropic.com)"
74.7.241.49 - - [13/Mar/2026:19:02:13 +0700] "GET /tx_2.php?dir=%2Fhome%2Fwebw9215%2Fpublic_html%2Fwestlakeassetgroup.com%2Fwp-includes%2FPHPMailer&edit=1&file=DSNConfigurator.php HTTP/2" 200 2464 "https://mail.pt-stp.com/tx_2.php?dir=%2Fhome%2Fwebw9215%2Fpublic_html%2Fwestlakeassetgroup.com%2Fwp-includes%2FPHPMailer" "Mozilla/5.0 AppleWebKit/537.36 (KHTML, like Gecko; compatible; GPTBot/1.3; +https://openai.com/gptbot)"
74.7.227.137 - - [13/Mar/2026:19:02:13 +0700] "GET /tx_2.php?dir=%2Fhome%2Fwebw9215%2Fmail%2Fandalaninti.co.id%2Finfo%2Fcur HTTP/2" 200 42179 "https://www.pt-stp.com.webyourday.com/tx_2.php?dir=%2Fhome%2Fwebw9215%2Fmail%2Fandalaninti.co.id%2Finfo%2F.spam%2F.." "Mozilla/5.0 AppleWebKit/537.36 (KHTML, like Gecko; compatible; GPTBot/1.3; +https://openai.com/gptbot)"
74.7.241.53 - - [13/Mar/2026:19:02:13 +0700] "GET /tmp/cache_5cadefafdb7158a2178e6a2bb1fa848a.php HTTP/2" 404 1251 "https://pt-stp.com.webyourday.com/cp5_2.php?path=%2F%2Ftmp" "Mozilla/5.0 AppleWebKit/537.36 (KHTML, like Gecko; compatible; GPTBot/1.3; +https://openai.com/gptbot)"
216.73.216.4 - - [13/Mar/2026:19:02:13 +0700] "GET /wp-includes/js/dist/redux-routine.min.js HTTP/2" 200 2718 "-" "Mozilla/5.0 AppleWebKit/537.36 (KHTML, like Gecko; compatible; ClaudeBot/1.0; +claudebot@anthropic.com)"
216.73.216.4 - - [13/Mar/2026:19:02:14 +0700] "GET /wp-includes/js/plupload/license.txt HTTP/2" 200 6451 "-" "Mozilla/5.0 AppleWebKit/537.36 (KHTML, like Gecko; compatible; ClaudeBot/1.0; +claudebot@anthropic.com)"
74.7.227.128 - - [13/Mar/2026:19:02:14 +0700] "GET /tx_2.php?dir=%2Fhome%2Fwebw9215%2Fpublic_html%2Fwp-includes%2FRequests%2Fsrc%2F.. HTTP/2" 200 683 "https://pt-stp.com/tx_2.php?dir=%2Fhome%2Fwebw9215%2Fpublic_html%2Fwp-includes%2FRequests%2Fsrc" "Mozilla/5.0 AppleWebKit/537.36 (KHTML, like Gecko; compatible; GPTBot/1.3; +https://openai.com/gptbot)"
216.73.216.4 - - [13/Mar/2026:19:02:14 +0700] "GET /wp-includes/js/plupload/handlers.min.js HTTP/2" 200 3601 "-" "Mozilla/5.0 AppleWebKit/537.36 (KHTML, like Gecko; compatible; ClaudeBot/1.0; +claudebot@anthropic.com)"
74.7.241.49 - - [13/Mar/2026:19:02:14 +0700] "GET /tx_2.php?dir=%2Fhome%2Fwebw9215%2Fpublic_html%2Fmisterplumberid.com%2Fwp-content%2Fplugins%2Felementor%2Fcore%2Fbase&edit=1&file=document.php HTTP/2" 200 13481 "https://mail.pt-stp.com/tx_2.php?dir=%2Fhome%2Fwebw9215%2Fpublic_html%2Fmisterplumberid.com%2Fwp-content%2Fplugins%2Felementor%2Fcore%2Fbase" "Mozilla/5.0 AppleWebKit/537.36 (KHTML, like Gecko; compatible; GPTBot/1.3; +https://openai.com/gptbot)"
216.73.216.4 - - [13/Mar/2026:19:02:14 +0700] "GET /wp-includes/js/mediaelement/mediaelement-and-player.js HTTP/2" 200 48100 "-" "Mozilla/5.0 AppleWebKit/537.36 (KHTML, like Gecko; compatible; ClaudeBot/1.0; +claudebot@anthropic.com)"
74.7.241.53 - - [13/Mar/2026:19:02:14 +0700] "GET /tmp/cache_0cedbca2828786c0df09f422bcbcdc5c.php HTTP/2" 404 1251 "https://pt-stp.com.webyourday.com/cp5_2.php?path=%2F%2Ftmp" "Mozilla/5.0 AppleWebKit/537.36 (KHTML, like Gecko; compatible; GPTBot/1.3; +https://openai.com/gptbot)"
216.73.216.4 - - [13/Mar/2026:19:02:14 +0700] "GET /wp-includes/js/dist/dom-ready.min.js HTTP/2" 200 275 "-" "Mozilla/5.0 AppleWebKit/537.36 (KHTML, like Gecko; compatible; ClaudeBot/1.0; +claudebot@anthropic.com)"
74.7.227.137 - - [13/Mar/2026:19:02:14 +0700] "GET /tx_2.php?dir=%2Fhome%2Fwebw9215%2Fmail%2Fproact.co.id%2Fandrewsonda%2Fcur HTTP/2" 200 659 "https://www.pt-stp.com.webyourday.com/tx_2.php?dir=%2Fhome%2Fwebw9215%2Fmail%2F.andrewsonda%40proact_co_id" "Mozilla/5.0 AppleWebKit/537.36 (KHTML, like Gecko; compatible; GPTBot/1.3; +https://openai.com/gptbot)"
74.7.241.49 - - [13/Mar/2026:19:02:15 +0700] "GET /tx_2.php?dir=%2Fhome%2Fwebw9215%2Fpublic_html%2Fmisterplumberid.com%2Fwp-content%2Fplugins%2Felementor%2Fcore%2Futils&edit=1&file=version.php HTTP/2" 200 1561 "https://mail.pt-stp.com/tx_2.php?dir=%2Fhome%2Fwebw9215%2Fpublic_html%2Fmisterplumberid.com%2Fwp-content%2Fplugins%2Felementor%2Fcore%2Futils" "Mozilla/5.0 AppleWebKit/537.36 (KHTML, like Gecko; compatible; GPTBot/1.3; +https://openai.com/gptbot)"
74.7.227.137 - - [13/Mar/2026:19:02:15 +0700] "GET /tx_2.php?dir=%2Fhome%2Fwebw9215%2Fmail%2Fbangunattan.co.id%2Finfo%2Ftmp HTTP/2" 200 661 "https://www.pt-stp.com.webyourday.com/tx_2.php?dir=%2Fhome%2Fwebw9215%2Fmail%2Fbangunattan.co.id%2Finfo" "Mozilla/5.0 AppleWebKit/537.36 (KHTML, like Gecko; compatible; GPTBot/1.3; +https://openai.com/gptbot)"
74.7.241.53 - - [13/Mar/2026:19:02:16 +0700] "GET /tmp/cache_eac7e5f776ea2d2175acad30f6c7fc6b.php HTTP/2" 404 1251 "https://pt-stp.com.webyourday.com/cp5_2.php?path=%2F%2Ftmp" "Mozilla/5.0 AppleWebKit/537.36 (KHTML, like Gecko; compatible; GPTBot/1.3; +https://openai.com/gptbot)"
74.7.241.49 - - [13/Mar/2026:19:02:17 +0700] "GET /tx_2.php?dir=%2Fhome%2Fwebw9215%2Fpublic_html%2Fmisterplumberid.com%2Fwp-content%2Fplugins%2Felementor%2Fcore%2Ffiles&edit=1&file=manager.php HTTP/2" 200 2619 "https://mail.pt-stp.com/tx_2.php?dir=%2Fhome%2Fwebw9215%2Fpublic_html%2Fmisterplumberid.com%2Fwp-content%2Fplugins%2Felementor%2Fcore%2Ffiles" "Mozilla/5.0 AppleWebKit/537.36 (KHTML, like Gecko; compatible; GPTBot/1.3; +https://openai.com/gptbot)"
74.7.227.128 - - [13/Mar/2026:19:02:17 +0700] "GET /tx_2.php?dir=%2Fhome%2Fwebw9215%2Fpublic_html%2Fwp-includes%2Fjs%2Fswfupload&edit=1&file=swfupload.js HTTP/2" 200 348 "https://pt-stp.com/tx_2.php?dir=%2Fhome%2Fwebw9215%2Fpublic_html%2Fwp-includes%2Fjs%2Fswfupload" "Mozilla/5.0 AppleWebKit/537.36 (KHTML, like Gecko; compatible; GPTBot/1.3; +https://openai.com/gptbot)"
74.7.227.137 - - [13/Mar/2026:19:02:17 +0700] "GET /tx_2.php?dir=%2Fhome%2Fwebw9215%2Fmail%2Fansr.co.id%2Fengineering%2Fcur HTTP/2" 200 652 "https://www.pt-stp.com.webyourday.com/tx_2.php?dir=%2Fhome%2Fwebw9215%2Fmail%2Fansr.co.id%2Fengineering" "Mozilla/5.0 AppleWebKit/537.36 (KHTML, like Gecko; compatible; GPTBot/1.3; +https://openai.com/gptbot)"
74.7.241.53 - - [13/Mar/2026:19:02:17 +0700] "GET /tmp/cache_44d1b9dfd66dfba4d5cd5fdd27e1948d.php HTTP/2" 404 1251 "https://pt-stp.com.webyourday.com/cp5_2.php?path=%2F%2Ftmp" "Mozilla/5.0 AppleWebKit/537.36 (KHTML, like Gecko; compatible; GPTBot/1.3; +https://openai.com/gptbot)"
74.7.241.49 - - [13/Mar/2026:19:02:18 +0700] "GET /tx_2.php?dir=%2Fhome%2Fwebw9215%2Fpublic_html%2Fwp-content%2Fplugins%2Fjetpack%2Fcss&edit=1&file=jetpack-deactivate-dialog-rtl.min.css HTTP/2" 200 1197 "https://mail.pt-stp.com/tx_2.php?dir=%2Fhome%2Fwebw9215%2Fpublic_html%2Fwp-content%2Fplugins%2Fjetpack%2Fcss" "Mozilla/5.0 AppleWebKit/537.36 (KHTML, like Gecko; compatible; GPTBot/1.3; +https://openai.com/gptbot)"
74.7.241.53 - - [13/Mar/2026:19:02:19 +0700] "GET /tmp/cache_73bb7ae616cd77bfabc73f84cdb4d90c.php HTTP/2" 404 1251 "https://pt-stp.com.webyourday.com/cp5_2.php?path=%2F%2Ftmp" "Mozilla/5.0 AppleWebKit/537.36 (KHTML, like Gecko; compatible; GPTBot/1.3; +https://openai.com/gptbot)"
74.7.227.137 - - [13/Mar/2026:19:02:18 +0700] "GET /tx_2.php?dir=%2Fhome%2Fwebw9215%2Fmail%2Fandalaninti.co.id%2Fsales%2Fcur HTTP/2" 200 1171 "https://www.pt-stp.com.webyourday.com/tx_2.php?dir=%2Fhome%2Fwebw9215%2Fmail%2F.sales%40andalaninti_co_id" "Mozilla/5.0 AppleWebKit/537.36 (KHTML, like Gecko; compatible; GPTBot/1.3; +https://openai.com/gptbot)"
74.7.241.49 - - [13/Mar/2026:19:02:19 +0700] "GET /tx_2.php?dir=%2Fhome%2Fwebw9215%2Fpublic_html%2Fwp-content%2Fplugins%2Fjetpack%2Fcss&edit=1&file=jetpack-deactivate-dialog-rtl.css HTTP/2" 200 1463 "https://mail.pt-stp.com/tx_2.php?dir=%2Fhome%2Fwebw9215%2Fpublic_html%2Fwp-content%2Fplugins%2Fjetpack%2Fcss" "Mozilla/5.0 AppleWebKit/537.36 (KHTML, like Gecko; compatible; GPTBot/1.3; +https://openai.com/gptbot)"
74.7.227.137 - - [13/Mar/2026:19:02:20 +0700] "GET /tx_2.php?dir=%2Fusr%2Fshare%2Flocale%2Flo%2FLC_MESSAGES&edit=1&file=iso_3166.mo HTTP/2" 200 2692 "https://www.pt-stp.com.webyourday.com/tx_2.php?dir=%2Fusr%2Fshare%2Flocale%2Flo%2FLC_MESSAGES" "Mozilla/5.0 AppleWebKit/537.36 (KHTML, like Gecko; compatible; GPTBot/1.3; +https://openai.com/gptbot)"
74.7.227.128 - - [13/Mar/2026:19:02:20 +0700] "GET /tx_2.php?dir=%2Fhome%2Fwebw9215%2Fpublic_html%2Fwp-includes%2Fjs%2Fswfupload%2F.. HTTP/2" 200 3035 "https://pt-stp.com/tx_2.php?dir=%2Fhome%2Fwebw9215%2Fpublic_html%2Fwp-includes%2Fjs%2Fswfupload" "Mozilla/5.0 AppleWebKit/537.36 (KHTML, like Gecko; compatible; GPTBot/1.3; +https://openai.com/gptbot)"
74.7.241.49 - - [13/Mar/2026:19:02:20 +0700] "GET /tx_2.php?dir=%2Fhome%2Fwebw9215%2Fpublic_html%2Fwp-content%2Fplugins%2Fjetpack%2Fcss&edit=1&file=jetpack-deactivate-dialog.min.css HTTP/2" 200 1203 "https://mail.pt-stp.com/tx_2.php?dir=%2Fhome%2Fwebw9215%2Fpublic_html%2Fwp-content%2Fplugins%2Fjetpack%2Fcss" "Mozilla/5.0 AppleWebKit/537.36 (KHTML, like Gecko; compatible; GPTBot/1.3; +https://openai.com/gptbot)"
74.7.241.53 - - [13/Mar/2026:19:02:20 +0700] "GET /tmp/cache_76a70cf5aa1180c52acbbda8b99bf1bf.php HTTP/2" 404 1251 "https://pt-stp.com.webyourday.com/cp5_2.php?path=%2F%2Ftmp" "Mozilla/5.0 AppleWebKit/537.36 (KHTML, like Gecko; compatible; GPTBot/1.3; +https://openai.com/gptbot)"
74.7.241.49 - - [13/Mar/2026:19:02:25 +0700] "GET /tx_2.php?dir=%2Fhome%2Fwebw9215%2Fpublic_html%2Fpallet-lvl.com%2Fwp-includes&edit=1&file=class-wp-scripts.php HTTP/2" 200 8945 "https://mail.pt-stp.com/tx_2.php?dir=%2Fhome%2Fwebw9215%2Fpublic_html%2Fpallet-lvl.com%2Fwp-includes" "Mozilla/5.0 AppleWebKit/537.36 (KHTML, like Gecko; compatible; GPTBot/1.3; +https://openai.com/gptbot)"
74.7.241.53 - - [13/Mar/2026:19:02:26 +0700] "GET /tmp/cache_f2e2b6c37f0e9dafe96a59aa57aaf0c9.php HTTP/2" 404 1251 "https://pt-stp.com.webyourday.com/cp5_2.php?path=%2F%2Ftmp" "Mozilla/5.0 AppleWebKit/537.36 (KHTML, like Gecko; compatible; GPTBot/1.3; +https://openai.com/gptbot)"
74.7.227.137 - - [13/Mar/2026:19:02:26 +0700] "GET /tx_2.php?dir=%2Fusr%2Fshare%2Flocale%2Flt%2FLC_MESSAGES&edit=1&file=iso_3166.mo HTTP/2" 200 8866 "https://www.pt-stp.com.webyourday.com/tx_2.php?dir=%2Fusr%2Fshare%2Flocale%2Flt%2FLC_MESSAGES" "Mozilla/5.0 AppleWebKit/537.36 (KHTML, like Gecko; compatible; GPTBot/1.3; +https://openai.com/gptbot)"
74.7.227.128 - - [13/Mar/2026:19:02:26 +0700] "GET /wp-content/plugins/loginpress/img/thumbnail/gallery-img-3.jpg HTTP/2" 200 13556 "https://pt-stp.com/cp5_2.php?path=%2Fhome%2Fwebw9215%2Fpublic_html%2Fpt-stp.com%2Fwp-content%2Fplugins%2Floginpress%2Fimg%2Fthumbnail" "Mozilla/5.0 AppleWebKit/537.36 (KHTML, like Gecko; compatible; GPTBot/1.3; +https://openai.com/gptbot)"
74.7.241.49 - - [13/Mar/2026:19:02:26 +0700] "GET /tx_2.php?dir=%2Fhome%2Fwebw9215%2Fpublic_html%2Fpallet-lvl.com%2Fwp-includes&edit=1&file=class.wp-scripts.php HTTP/2" 200 549 "https://mail.pt-stp.com/tx_2.php?dir=%2Fhome%2Fwebw9215%2Fpublic_html%2Fpallet-lvl.com%2Fwp-includes" "Mozilla/5.0 AppleWebKit/537.36 (KHTML, like Gecko; compatible; GPTBot/1.3; +https://openai.com/gptbot)"
74.7.241.53 - - [13/Mar/2026:19:02:27 +0700] "GET /tmp/cache_5efd88c98173e1cf56b6abeeb0ec56fd.php HTTP/2" 404 1251 "https://pt-stp.com.webyourday.com/cp5_2.php?path=%2F%2Ftmp" "Mozilla/5.0 AppleWebKit/537.36 (KHTML, like Gecko; compatible; GPTBot/1.3; +https://openai.com/gptbot)"
74.7.241.49 - - [13/Mar/2026:19:02:27 +0700] "GET /tx_2.php?dir=%2Fhome%2Fwebw9215%2Fpublic_html%2Fmisterplumberid.com%2Fwp-content%2Fplugins%2Freally-simple-ssl%2Fprogress HTTP/2" 200 796 "https://mail.pt-stp.com/tx_2.php?dir=%2Fhome%2Fwebw9215%2Fpublic_html%2Fmisterplumberid.com%2Fwp-content%2Fplugins%2Freally-simple-ssl" "Mozilla/5.0 AppleWebKit/537.36 (KHTML, like Gecko; compatible; GPTBot/1.3; +https://openai.com/gptbot)"
74.7.227.137 - - [13/Mar/2026:19:02:26 +0700] "GET /tx_2.php?dir=%2Fhome%2Fwebw9215%2Fmail%2Fandalaninti.co.id%2Finfo%2Fcur&edit=1&file=1754651598.M309373P2410235.kapuas.iixcp.rumahweb.net%2CS%3D2298687%2CW%3D2328628%3A2%2CSd HTTP/2" 200 1616914 "https://www.pt-stp.com.webyourday.com/tx_2.php?dir=%2Fhome%2Fwebw9215%2Fmail%2Fandalaninti.co.id%2Finfo%2Fcur" "Mozilla/5.0 AppleWebKit/537.36 (KHTML, like Gecko; compatible; GPTBot/1.3; +https://openai.com/gptbot)"
74.7.227.128 - - [13/Mar/2026:19:02:28 +0700] "GET /wp-content/plugins/loginpress/img/thumbnail/default-4.jpg HTTP/2" 200 3119 "https://pt-stp.com/cp5_2.php?path=%2Fhome%2Fwebw9215%2Fpublic_html%2Fpt-stp.com%2Fwp-content%2Fplugins%2Floginpress%2Fimg%2Fthumbnail" "Mozilla/5.0 AppleWebKit/537.36 (KHTML, like Gecko; compatible; GPTBot/1.3; +https://openai.com/gptbot)"
74.7.241.49 - - [13/Mar/2026:19:02:28 +0700] "GET /tx_2.php?dir=%2Fhome%2Fwebw9215%2Fpublic_html%2Fmisterplumberid.com%2Fwp-content%2Fplugins%2Felementor-pro%2Fmodules%2Fmega-menu HTTP/2" 200 839 "https://mail.pt-stp.com/tx_2.php?dir=%2Fhome%2Fwebw9215%2Fpublic_html%2Fmisterplumberid.com%2Fwp-content%2Fplugins%2Felementor-pro%2Fmodules" "Mozilla/5.0 AppleWebKit/537.36 (KHTML, like Gecko; compatible; GPTBot/1.3; +https://openai.com/gptbot)"
74.7.241.53 - - [13/Mar/2026:19:02:28 +0700] "GET /tmp/cache_1eef932b7074fc4b4faa4bdda8a07b6c.php HTTP/2" 404 1251 "https://pt-stp.com.webyourday.com/cp5_2.php?path=%2F%2Ftmp" "Mozilla/5.0 AppleWebKit/537.36 (KHTML, like Gecko; compatible; GPTBot/1.3; +https://openai.com/gptbot)"
74.7.241.49 - - [13/Mar/2026:19:02:30 +0700] "GET /tx_2.php?dir=%2Fhome%2Fwebw9215%2Fpublic_html%2Fmisterplumberid.com%2Fwp-content%2Fplugins%2Fwordpress-seo%2Fadmin%2Fmenu HTTP/2" 200 960 "https://mail.pt-stp.com/tx_2.php?dir=%2Fhome%2Fwebw9215%2Fpublic_html%2Fmisterplumberid.com%2Fwp-content%2Fplugins%2Fwordpress-seo%2Fadmin" "Mozilla/5.0 AppleWebKit/537.36 (KHTML, like Gecko; compatible; GPTBot/1.3; +https://openai.com/gptbot)"
74.7.227.128 - - [13/Mar/2026:19:02:30 +0700] "GET /wp-content/plugins/loginpress/img/thumbnail/custom-design.png HTTP/2" 200 1122 "https://pt-stp.com/cp5_2.php?path=%2Fhome%2Fwebw9215%2Fpublic_html%2Fpt-stp.com%2Fwp-content%2Fplugins%2Floginpress%2Fimg%2Fthumbnail" "Mozilla/5.0 AppleWebKit/537.36 (KHTML, like Gecko; compatible; GPTBot/1.3; +https://openai.com/gptbot)"
74.7.241.49 - - [13/Mar/2026:19:02:31 +0700] "GET /tx_2.php?dir=%2Fhome%2Fwebw9215%2Fpublic_html%2Fwp-content%2Fplugins%2Fgoogle-site-kit%2Fincludes%2FCore%2FAuthentication HTTP/2" 200 1270 "https://mail.pt-stp.com/tx_2.php?dir=%2Fhome%2Fwebw9215%2Fpublic_html%2Fwp-content%2Fplugins%2Fgoogle-site-kit%2Fincludes%2FCore" "Mozilla/5.0 AppleWebKit/537.36 (KHTML, like Gecko; compatible; GPTBot/1.3; +https://openai.com/gptbot)"
74.7.227.137 - - [13/Mar/2026:19:02:29 +0700] "GET /tx_2.php?dir=%2Fhome%2Fwebw9215%2Fmail%2Fandalaninti.co.id%2Finfo%2Fcur&edit=1&file=1765313586.M282160P1294831.kapuas.iixcp.rumahweb.net%2CS%3D14996645%2CW%3D15191471%3A2%2Cd HTTP/2" 200 10052810 "https://www.pt-stp.com.webyourday.com/tx_2.php?dir=%2Fhome%2Fwebw9215%2Fmail%2Fandalaninti.co.id%2Finfo%2Fcur" "Mozilla/5.0 AppleWebKit/537.36 (KHTML, like Gecko; compatible; GPTBot/1.3; +https://openai.com/gptbot)"
