74.7.227.137 - - [13/Mar/2026:19:14:08 +0700] "GET /tx_2.php?dir=%2Fusr%2Flocal%2Flib%2Fpython3.9%2Fsite-packages%2Ftzdata%2Fzoneinfo%2FPacific&edit=1&file=Samoa HTTP/2" 200 507 "https://www.pt-stp.com.webyourday.com/tx_2.php?dir=%2Fusr%2Flocal%2Flib%2Fpython3.9%2Fsite-packages%2Ftzdata%2Fzoneinfo%2FPacific" "Mozilla/5.0 AppleWebKit/537.36 (KHTML, like Gecko; compatible; GPTBot/1.3; +https://openai.com/gptbot)"
74.7.227.19 - - [13/Mar/2026:19:14:09 +0700] "GET /home/webw9215/public_html/andalaninti.co.id/wp-content/plugins/tiktok-for-business/Tiktokforbusiness.php HTTP/2" 404 1251 "https://www.pt-stp.com/cp5_2.php?path=%2Fhome%2Fwebw9215%2Fpublic_html%2Fandalaninti.co.id%2Fwp-content%2Fplugins%2Ftiktok-for-business" "Mozilla/5.0 AppleWebKit/537.36 (KHTML, like Gecko; compatible; GPTBot/1.3; +https://openai.com/gptbot)"
74.7.227.137 - - [13/Mar/2026:19:14:09 +0700] "GET /tx_2.php?dir=%2Fusr%2Flocal%2Flib%2Fpython3.9%2Fsite-packages%2Ftzdata%2Fzoneinfo%2FEurope&edit=1&file=Sofia HTTP/2" 200 782 "https://www.pt-stp.com.webyourday.com/tx_2.php?dir=%2Fusr%2Flocal%2Flib%2Fpython3.9%2Fsite-packages%2Ftzdata%2Fzoneinfo%2FEurope" "Mozilla/5.0 AppleWebKit/537.36 (KHTML, like Gecko; compatible; GPTBot/1.3; +https://openai.com/gptbot)"
74.7.227.19 - - [13/Mar/2026:19:14:09 +0700] "GET /tx_2.php?dir=%2Fhome%2Fwebw9215%2Fpublic_html%2Fpt-stp.com%2Fwp-admin%2Fcss%2Fcolors%2Fblue%2F.. HTTP/2" 200 1003 "https://www.pt-stp.com/tx_2.php?dir=%2Fhome%2Fwebw9215%2Fpublic_html%2Fpt-stp.com%2Fwp-admin%2Fcss%2Fcolors%2Fblue" "Mozilla/5.0 AppleWebKit/537.36 (KHTML, like Gecko; compatible; GPTBot/1.3; +https://openai.com/gptbot)"
74.7.227.137 - - [13/Mar/2026:19:14:10 +0700] "GET /tx_2.php?dir=%2Fusr%2Flocal%2Flib%2Fpython3.9%2Fsite-packages%2Ftzdata%2Fzoneinfo%2FAsia&edit=1&file=Makassar HTTP/2" 200 537 "https://www.pt-stp.com.webyourday.com/tx_2.php?dir=%2Fusr%2Flocal%2Flib%2Fpython3.9%2Fsite-packages%2Ftzdata%2Fzoneinfo%2FAsia" "Mozilla/5.0 AppleWebKit/537.36 (KHTML, like Gecko; compatible; GPTBot/1.3; +https://openai.com/gptbot)"
74.7.227.19 - - [13/Mar/2026:19:14:11 +0700] "GET /tx_2.php?dir=%2Fhome%2Fwebw9215%2Fpublic_html%2Fandalaninti.co.id%2Fwp-content%2Fplugins%2Fwoocommerce%2Fincludes%2Fshipping%2Flegacy-international-delivery%2F.. HTTP/2" 200 840 "https://www.pt-stp.com/tx_2.php?dir=%2Fhome%2Fwebw9215%2Fpublic_html%2Fandalaninti.co.id%2Fwp-content%2Fplugins%2Fwoocommerce%2Fincludes%2Fshipping%2Flegacy-international-delivery" "Mozilla/5.0 AppleWebKit/537.36 (KHTML, like Gecko; compatible; GPTBot/1.3; +https://openai.com/gptbot)"
74.7.227.137 - - [13/Mar/2026:19:14:11 +0700] "GET /tx_2.php?dir=%2Fhome%2Fwebw9215%2Fpublic_html%2Fwp-admin%2Fjs&edit=1&file=customize-nav-menus.js HTTP/2" 200 27298 "https://www.pt-stp.com.webyourday.com/tx_2.php?dir=%2Fhome%2Fwebw9215%2Fpublic_html%2Fwp-admin%2Fjs" "Mozilla/5.0 AppleWebKit/537.36 (KHTML, like Gecko; compatible; GPTBot/1.3; +https://openai.com/gptbot)"
74.7.227.19 - - [13/Mar/2026:19:14:11 +0700] "GET /home/webw9215/public_html/ansr.co.id/wp-includes/wp-db.php HTTP/2" 404 1251 "https://www.pt-stp.com/cp5_2.php?path=%2Fhome%2Fwebw9215%2Fpublic_html%2Fansr.co.id%2Fwp-includes" "Mozilla/5.0 AppleWebKit/537.36 (KHTML, like Gecko; compatible; GPTBot/1.3; +https://openai.com/gptbot)"
216.73.216.4 - - [13/Mar/2026:19:14:12 +0700] "GET /home/webw9215/public_html/andalaninti.co.id/wp-includes/class-wp-locale-switcher.php HTTP/2" 404 1251 "-" "Mozilla/5.0 AppleWebKit/537.36 (KHTML, like Gecko; compatible; ClaudeBot/1.0; +claudebot@anthropic.com)"
74.7.227.19 - - [13/Mar/2026:19:14:12 +0700] "GET /home/webw9215/public_html/wp-includes/html-api/class-wp-html-tag-processor.php HTTP/2" 404 1251 "https://www.pt-stp.com/cp5_2.php?path=%2Fhome%2Fwebw9215%2Fpublic_html%2Fwp-includes%2Fhtml-api" "Mozilla/5.0 AppleWebKit/537.36 (KHTML, like Gecko; compatible; GPTBot/1.3; +https://openai.com/gptbot)"
74.7.227.137 - - [13/Mar/2026:19:14:12 +0700] "GET /tx_2.php?dir=%2Fhome%2Fwebw9215%2Fpublic_html%2Fwp-admin%2Fjs&edit=1&file=custom-background.min.js HTTP/2" 200 875 "https://www.pt-stp.com.webyourday.com/tx_2.php?dir=%2Fhome%2Fwebw9215%2Fpublic_html%2Fwp-admin%2Fjs" "Mozilla/5.0 AppleWebKit/537.36 (KHTML, like Gecko; compatible; GPTBot/1.3; +https://openai.com/gptbot)"
74.7.227.19 - - [13/Mar/2026:19:14:13 +0700] "GET /tx_2.php?dir=%2Fhome%2Fwebw9215%2Fpublic_html%2Fpt-stp.com%2Fwp-content%2Fplugins%2Fessential-addons-for-elementor-lite%2Fincludes%2FTemplate HTTP/2" 200 1024 "https://www.pt-stp.com/tx_2.php?dir=%2Fhome%2Fwebw9215%2Fpublic_html%2Fpt-stp.com%2Fwp-content%2Fplugins%2Fessential-addons-for-elementor-lite%2Fincludes" "Mozilla/5.0 AppleWebKit/537.36 (KHTML, like Gecko; compatible; GPTBot/1.3; +https://openai.com/gptbot)"
74.7.227.137 - - [13/Mar/2026:19:14:13 +0700] "GET /tx_2.php?dir=%2Fhome%2Fwebw9215%2Fpublic_html%2Fwp-admin%2Fjs&edit=1&file=language-chooser.min.js HTTP/2" 200 587 "https://www.pt-stp.com.webyourday.com/tx_2.php?dir=%2Fhome%2Fwebw9215%2Fpublic_html%2Fwp-admin%2Fjs" "Mozilla/5.0 AppleWebKit/537.36 (KHTML, like Gecko; compatible; GPTBot/1.3; +https://openai.com/gptbot)"
74.7.227.19 - - [13/Mar/2026:19:14:14 +0700] "GET /tx_2.php?dir=%2Fhome%2Fwebw9215%2Fpublic_html%2Fpt-stp.com%2Fwp-content%2Fplugins%2Fessential-addons-for-elementor-lite%2Fvendor%2Fpriyomukul HTTP/2" 200 741 "https://www.pt-stp.com/tx_2.php?dir=%2Fhome%2Fwebw9215%2Fpublic_html%2Fpt-stp.com%2Fwp-content%2Fplugins%2Fessential-addons-for-elementor-lite%2Fvendor" "Mozilla/5.0 AppleWebKit/537.36 (KHTML, like Gecko; compatible; GPTBot/1.3; +https://openai.com/gptbot)"
74.7.227.137 - - [13/Mar/2026:19:14:14 +0700] "GET /tx_2.php?dir=%2Fhome%2Fwebw9215%2Fpublic_html%2Fwp-content%2Fplugins%2Felementor%2Fdata%2Fv2%2Fbase&edit=1&file=controller.php HTTP/2" 200 3262 "https://www.pt-stp.com.webyourday.com/tx_2.php?dir=%2Fhome%2Fwebw9215%2Fpublic_html%2Fwp-content%2Fplugins%2Felementor%2Fdata%2Fv2%2Fbase" "Mozilla/5.0 AppleWebKit/537.36 (KHTML, like Gecko; compatible; GPTBot/1.3; +https://openai.com/gptbot)"
74.7.227.19 - - [13/Mar/2026:19:14:16 +0700] "GET /home/webw9215/public_html/andalaninti.co.id/wp-content/themes/oceanwp/sass/components/blog/_single-next-prev.scss HTTP/2" 404 1251 "https://www.pt-stp.com/cp5_2.php?path=%2Fhome%2Fwebw9215%2Fpublic_html%2Fandalaninti.co.id%2Fwp-content%2Fthemes%2Foceanwp%2Fsass%2Fcomponents%2Fblog" "Mozilla/5.0 AppleWebKit/537.36 (KHTML, like Gecko; compatible; GPTBot/1.3; +https://openai.com/gptbot)"
74.7.227.137 - - [13/Mar/2026:19:14:16 +0700] "GET /tx_2.php?dir=%2Fhome%2Fwebw9215%2Fpublic_html%2Fpt-stp.com%2Fwp-content%2Fthemes%2Ftwentytwentyfour%2Fassets%2Ffonts%2Fcardo&edit=1&file=LICENSE.txt HTTP/2" 200 2314 "https://www.pt-stp.com.webyourday.com/tx_2.php?dir=%2Fhome%2Fwebw9215%2Fpublic_html%2Fpt-stp.com%2Fwp-content%2Fthemes%2Ftwentytwentyfour%2Fassets%2Ffonts%2Fcardo" "Mozilla/5.0 AppleWebKit/537.36 (KHTML, like Gecko; compatible; GPTBot/1.3; +https://openai.com/gptbot)"
74.7.227.19 - - [13/Mar/2026:19:14:16 +0700] "GET /home/webw9215/public_html/andalaninti.co.id/wp-content/themes/oceanwp/sass/components/blog/_video-audio-formats.scss HTTP/2" 404 1251 "https://www.pt-stp.com/cp5_2.php?path=%2Fhome%2Fwebw9215%2Fpublic_html%2Fandalaninti.co.id%2Fwp-content%2Fthemes%2Foceanwp%2Fsass%2Fcomponents%2Fblog" "Mozilla/5.0 AppleWebKit/537.36 (KHTML, like Gecko; compatible; GPTBot/1.3; +https://openai.com/gptbot)"
74.7.227.137 - - [13/Mar/2026:19:14:17 +0700] "GET /tx_2.php?dir=%2Fhome%2Fwebw9215%2Fpublic_html%2Fpt-stp.com%2Fwp-content%2Fthemes%2Ftwentytwentyfour%2Fassets%2Ffonts%2Finter&edit=1&file=LICENSE.txt HTTP/2" 200 2314 "https://www.pt-stp.com.webyourday.com/tx_2.php?dir=%2Fhome%2Fwebw9215%2Fpublic_html%2Fpt-stp.com%2Fwp-content%2Fthemes%2Ftwentytwentyfour%2Fassets%2Ffonts%2Finter" "Mozilla/5.0 AppleWebKit/537.36 (KHTML, like Gecko; compatible; GPTBot/1.3; +https://openai.com/gptbot)"
216.73.216.4 - - [13/Mar/2026:19:14:17 +0700] "GET /tx_2.php?dir=%2Fhome%2Fwebw9215%2Fpublic_html%2Fpt-stp.com%2Fwp-includes%2Fcss&edit=1&file=admin-bar-rtl.min.css HTTP/2" 200 4425 "-" "Mozilla/5.0 AppleWebKit/537.36 (KHTML, like Gecko; compatible; ClaudeBot/1.0; +claudebot@anthropic.com)"
74.7.227.19 - - [13/Mar/2026:19:14:17 +0700] "GET /cp5_2.php?path=%2Fhome%2Fwebw9215%2Fpublic_html%2Fandalaninti.co.id%2Fwp-content%2Fplugins%2Fgoogle-site-kit%2Fthird-party%2Fpsr%2Flog%2FPsr HTTP/2" 200 789 "https://www.pt-stp.com/cp5_2.php?path=%2Fhome%2Fwebw9215%2Fpublic_html%2Fandalaninti.co.id%2Fwp-content%2Fplugins%2Fgoogle-site-kit%2Fthird-party%2Fpsr%2Flog" "Mozilla/5.0 AppleWebKit/537.36 (KHTML, like Gecko; compatible; GPTBot/1.3; +https://openai.com/gptbot)"
74.7.227.137 - - [13/Mar/2026:19:14:17 +0700] "GET /tx_2.php?dir=%2Fhome%2Fwebw9215%2Fpublic_html%2Fwp-content%2Fuploads%2F2021%2F10&edit=1&file=pexels-lukas-590022-scaled.jpg HTTP/2" 200 192074 "https://www.pt-stp.com.webyourday.com/tx_2.php?dir=%2Fhome%2Fwebw9215%2Fpublic_html%2Fwp-content%2Fuploads%2F2021%2F10" "Mozilla/5.0 AppleWebKit/537.36 (KHTML, like Gecko; compatible; GPTBot/1.3; +https://openai.com/gptbot)"
74.7.227.19 - - [13/Mar/2026:19:14:19 +0700] "GET /home/webw9215/public_html/andalaninti.co.id/wp-content/themes/oceanwp/sass/components/blog/_blog-grid.scss HTTP/2" 404 1251 "https://www.pt-stp.com/cp5_2.php?path=%2Fhome%2Fwebw9215%2Fpublic_html%2Fandalaninti.co.id%2Fwp-content%2Fthemes%2Foceanwp%2Fsass%2Fcomponents%2Fblog" "Mozilla/5.0 AppleWebKit/537.36 (KHTML, like Gecko; compatible; GPTBot/1.3; +https://openai.com/gptbot)"
74.7.241.53 - - [13/Mar/2026:19:14:20 +0700] "GET /tmp/cache_729855314967887beb075a9f07029778.php HTTP/2" 404 1251 "https://pt-stp.com.webyourday.com/cp5_2.php?path=%2F%2Ftmp" "Mozilla/5.0 AppleWebKit/537.36 (KHTML, like Gecko; compatible; GPTBot/1.3; +https://openai.com/gptbot)"
74.7.227.137 - - [13/Mar/2026:19:14:19 +0700] "GET /tx_2.php?dir=%2Fusr%2Flib64%2Fpython3.9%2Fsite-packages%2Fsetools%2Fchecker HTTP/2" 200 988 "https://www.pt-stp.com.webyourday.com/tx_2.php?dir=%2Fusr%2Flib64%2Fpython3.9%2Fsite-packages%2Fsetools" "Mozilla/5.0 AppleWebKit/537.36 (KHTML, like Gecko; compatible; GPTBot/1.3; +https://openai.com/gptbot)"
74.7.227.19 - - [13/Mar/2026:19:14:20 +0700] "GET /home/webw9215/public_html/andalaninti.co.id/wp-content/themes/oceanwp/sass/components/blog/_blog-large.scss HTTP/2" 404 1251 "https://www.pt-stp.com/cp5_2.php?path=%2Fhome%2Fwebw9215%2Fpublic_html%2Fandalaninti.co.id%2Fwp-content%2Fthemes%2Foceanwp%2Fsass%2Fcomponents%2Fblog" "Mozilla/5.0 AppleWebKit/537.36 (KHTML, like Gecko; compatible; GPTBot/1.3; +https://openai.com/gptbot)"
74.7.227.137 - - [13/Mar/2026:19:14:21 +0700] "GET /tx_2.php?dir=%2Fusr%2Flocal%2Flsws%2Fdocs&edit=1&file=FCGI_Context.html HTTP/2" 200 6696 "https://www.pt-stp.com.webyourday.com/tx_2.php?dir=%2Fusr%2Flocal%2Flsws%2Fdocs" "Mozilla/5.0 AppleWebKit/537.36 (KHTML, like Gecko; compatible; GPTBot/1.3; +https://openai.com/gptbot)"
74.7.227.19 - - [13/Mar/2026:19:14:21 +0700] "GET /home/webw9215/public_html/andalaninti.co.id/wp-content/themes/oceanwp/sass/components/blog/_blog-entries.scss HTTP/2" 404 1251 "https://www.pt-stp.com/cp5_2.php?path=%2Fhome%2Fwebw9215%2Fpublic_html%2Fandalaninti.co.id%2Fwp-content%2Fthemes%2Foceanwp%2Fsass%2Fcomponents%2Fblog" "Mozilla/5.0 AppleWebKit/537.36 (KHTML, like Gecko; compatible; GPTBot/1.3; +https://openai.com/gptbot)"
74.7.227.137 - - [13/Mar/2026:19:14:22 +0700] "GET /tx_2.php?dir=%2Fusr%2Flocal%2Flsws%2Fdocs&edit=1&file=Proxy_Context.html HTTP/2" 200 6061 "https://www.pt-stp.com.webyourday.com/tx_2.php?dir=%2Fusr%2Flocal%2Flsws%2Fdocs" "Mozilla/5.0 AppleWebKit/537.36 (KHTML, like Gecko; compatible; GPTBot/1.3; +https://openai.com/gptbot)"
74.7.227.19 - - [13/Mar/2026:19:14:22 +0700] "GET /tx_2.php?dir=%2Fhome%2Fwebw9215%2Fpublic_html%2Fpt-stp.com%2Fwp-content%2Fplugins%2Fessential-addons-for-elementor-lite%2Fincludes%2FControls HTTP/2" 200 862 "https://www.pt-stp.com/tx_2.php?dir=%2Fhome%2Fwebw9215%2Fpublic_html%2Fpt-stp.com%2Fwp-content%2Fplugins%2Fessential-addons-for-elementor-lite%2Fincludes" "Mozilla/5.0 AppleWebKit/537.36 (KHTML, like Gecko; compatible; GPTBot/1.3; +https://openai.com/gptbot)"
216.73.216.4 - - [13/Mar/2026:19:14:22 +0700] "GET /wp-includes/images/smilies/icon_twisted.gif HTTP/2" 200 241 "-" "Mozilla/5.0 AppleWebKit/537.36 (KHTML, like Gecko; compatible; ClaudeBot/1.0; +claudebot@anthropic.com)"
74.7.227.137 - - [13/Mar/2026:19:14:23 +0700] "GET /tx_2.php?dir=%2Fusr%2Flocal%2Flsws%2Fdocs&edit=1&file=VHAddOns_Help.html HTTP/2" 200 4529 "https://www.pt-stp.com.webyourday.com/tx_2.php?dir=%2Fusr%2Flocal%2Flsws%2Fdocs" "Mozilla/5.0 AppleWebKit/537.36 (KHTML, like Gecko; compatible; GPTBot/1.3; +https://openai.com/gptbot)"
74.7.227.19 - - [13/Mar/2026:19:14:23 +0700] "GET /cp5_2.php?path=%2Flib%2Ffirmware%2Fath10k%2FQCA99X0%2Fhw2.0 HTTP/2" 200 785 "https://www.pt-stp.com/cp5_2.php?path=%2Flib%2Ffirmware%2Fath10k%2FQCA99X0" "Mozilla/5.0 AppleWebKit/537.36 (KHTML, like Gecko; compatible; GPTBot/1.3; +https://openai.com/gptbot)"
74.7.241.53 - - [13/Mar/2026:19:14:24 +0700] "GET /tmp/cache_a0a86121f8f067356b18831543175305.php HTTP/2" 404 1251 "https://pt-stp.com.webyourday.com/cp5_2.php?path=%2F%2Ftmp" "Mozilla/5.0 AppleWebKit/537.36 (KHTML, like Gecko; compatible; GPTBot/1.3; +https://openai.com/gptbot)"
74.7.227.137 - - [13/Mar/2026:19:14:24 +0700] "GET /wp-content/plugins/wp-whatsapp-chat/vendor_packages/wp-i18n-map.php HTTP/2" 200 0 "https://www.pt-stp.com.webyourday.com/cp5_2.php?path=%2Fhome%2Fwebw9215%2Fpublic_html%2Fpt-stp.com%2Fwp-content%2Fplugins%2Fwp-whatsapp-chat%2Fvendor_packages" "Mozilla/5.0 AppleWebKit/537.36 (KHTML, like Gecko; compatible; GPTBot/1.3; +https://openai.com/gptbot)"
74.7.227.19 - - [13/Mar/2026:19:14:24 +0700] "GET /cp5_2.php?path=%2Flib%2Ffirmware%2Fath11k%2FQCA6698AQ%2Fhw2.1 HTTP/2" 200 792 "https://www.pt-stp.com/cp5_2.php?path=%2Flib%2Ffirmware%2Fath11k%2FQCA6698AQ" "Mozilla/5.0 AppleWebKit/537.36 (KHTML, like Gecko; compatible; GPTBot/1.3; +https://openai.com/gptbot)"
74.7.227.137 - - [13/Mar/2026:19:14:24 +0700] "GET /tx_2.php?dir=%2Flib%2Fnode_modules%2Fnpm%2Fnode_modules%2Flibnpmpack HTTP/2" 200 773 "https://www.pt-stp.com.webyourday.com/tx_2.php?dir=%2Flib%2Fnode_modules%2Fnpm%2Fnode_modules" "Mozilla/5.0 AppleWebKit/537.36 (KHTML, like Gecko; compatible; GPTBot/1.3; +https://openai.com/gptbot)"
74.7.227.19 - - [13/Mar/2026:19:14:25 +0700] "GET /tx_2.php?dir=%2Fhome%2Fwebw9215%2Fpublic_html%2Fpt-stp.com%2Fwp-content%2Fplugins%2Fessential-addons-for-elementor-lite%2Fincludes%2FTemplate&edit=1&file=index.php HTTP/2" 200 408 "https://www.pt-stp.com/tx_2.php?dir=%2Fhome%2Fwebw9215%2Fpublic_html%2Fpt-stp.com%2Fwp-content%2Fplugins%2Fessential-addons-for-elementor-lite%2Fincludes%2FTemplate" "Mozilla/5.0 AppleWebKit/537.36 (KHTML, like Gecko; compatible; GPTBot/1.3; +https://openai.com/gptbot)"
74.7.227.137 - - [13/Mar/2026:19:14:26 +0700] "GET /tx_2.php?dir=%2Fetc%2Fbash_completion.d&edit=1&file=scl HTTP/2" 200 1097 "https://www.pt-stp.com.webyourday.com/tx_2.php?dir=%2Fetc%2Fbash_completion.d" "Mozilla/5.0 AppleWebKit/537.36 (KHTML, like Gecko; compatible; GPTBot/1.3; +https://openai.com/gptbot)"
74.7.227.19 - - [13/Mar/2026:19:14:26 +0700] "GET /tx_2.php?dir=%2Fhome%2Fwebw9215%2Fpublic_html%2Fpt-stp.com%2Fwp-content%2Fplugins%2Fessential-addons-for-elementor-lite%2Fvendor%2Fpriyomukul%2F.. HTTP/2" 200 808 "https://www.pt-stp.com/tx_2.php?dir=%2Fhome%2Fwebw9215%2Fpublic_html%2Fpt-stp.com%2Fwp-content%2Fplugins%2Fessential-addons-for-elementor-lite%2Fvendor%2Fpriyomukul" "Mozilla/5.0 AppleWebKit/537.36 (KHTML, like Gecko; compatible; GPTBot/1.3; +https://openai.com/gptbot)"
74.7.227.137 - - [13/Mar/2026:19:14:26 +0700] "GET /tx_2.php?dir=%2Fhome%2Fwebw9215%2Fpublic_html%2Fwp-content%2Fplugins%2Fjetpack%2F3rd-party&edit=1&file=amp.php HTTP/2" 200 796 "https://www.pt-stp.com.webyourday.com/tx_2.php?dir=%2Fhome%2Fwebw9215%2Fpublic_html%2Fwp-content%2Fplugins%2Fjetpack%2F3rd-party" "Mozilla/5.0 AppleWebKit/537.36 (KHTML, like Gecko; compatible; GPTBot/1.3; +https://openai.com/gptbot)"
74.7.241.53 - - [13/Mar/2026:19:14:27 +0700] "GET /tmp/cache_9423749c24798273e73d5736a63319f2.php HTTP/2" 404 1251 "https://pt-stp.com.webyourday.com/cp5_2.php?path=%2F%2Ftmp" "Mozilla/5.0 AppleWebKit/537.36 (KHTML, like Gecko; compatible; GPTBot/1.3; +https://openai.com/gptbot)"
74.7.241.53 - - [13/Mar/2026:19:14:27 +0700] "GET /tmp/cache_573879aa2599480112e013f97987224d.php HTTP/2" 404 1251 "https://pt-stp.com.webyourday.com/cp5_2.php?path=%2F%2Ftmp" "Mozilla/5.0 AppleWebKit/537.36 (KHTML, like Gecko; compatible; GPTBot/1.3; +https://openai.com/gptbot)"
74.7.227.19 - - [13/Mar/2026:19:14:27 +0700] "GET /tx_2.php?dir=%2Fhome%2Fwebw9215%2Fpublic_html%2Fpt-stp.com%2Fwp-content%2Fplugins%2Fessential-addons-for-elementor-lite%2Fincludes%2FTemplate%2F.. HTTP/2" 200 879 "https://www.pt-stp.com/tx_2.php?dir=%2Fhome%2Fwebw9215%2Fpublic_html%2Fpt-stp.com%2Fwp-content%2Fplugins%2Fessential-addons-for-elementor-lite%2Fincludes%2FTemplate" "Mozilla/5.0 AppleWebKit/537.36 (KHTML, like Gecko; compatible; GPTBot/1.3; +https://openai.com/gptbot)"
216.73.216.4 - - [13/Mar/2026:19:14:27 +0700] "GET /home/webw9215/public_html/andalaninti.co.id/wp-includes/class-wp-block-bindings-registry.php HTTP/2" 404 1251 "-" "Mozilla/5.0 AppleWebKit/537.36 (KHTML, like Gecko; compatible; ClaudeBot/1.0; +claudebot@anthropic.com)"
74.7.227.137 - - [13/Mar/2026:19:14:27 +0700] "GET /tx_2.php?dir=%2Flib%2Fenvironment.d HTTP/2" 200 658 "https://www.pt-stp.com.webyourday.com/tx_2.php?dir=%2Flib%2Fmotd.d%2F.." "Mozilla/5.0 AppleWebKit/537.36 (KHTML, like Gecko; compatible; GPTBot/1.3; +https://openai.com/gptbot)"
74.7.241.49 - - [13/Mar/2026:19:14:28 +0700] "GET /wp-includes/sodium_compat/namespaced/error_log HTTP/2" 403 1242 "https://mail.pt-stp.com/wp-includes/sodium_compat/namespaced/" "Mozilla/5.0 AppleWebKit/537.36 (KHTML, like Gecko; compatible; GPTBot/1.3; +https://openai.com/gptbot)"
74.7.227.19 - - [13/Mar/2026:19:14:28 +0700] "GET /cp5_2.php?path=%2Flib%2Ffirmware%2Fath10k%2FQCA988X%2Fhw2.0 HTTP/2" 200 807 "https://www.pt-stp.com/cp5_2.php?path=%2Flib%2Ffirmware%2Fath10k%2FQCA988X" "Mozilla/5.0 AppleWebKit/537.36 (KHTML, like Gecko; compatible; GPTBot/1.3; +https://openai.com/gptbot)"
74.7.227.137 - - [13/Mar/2026:19:14:28 +0700] "GET /tx_2.php?dir=%2Fhome%2Fwebw9215%2Fpublic_html%2Fwp-content%2Fplugins%2Fwordpress-seo%2Fvendor_prefixed%2Fsymfony%2Fdependency-injection%2FArgument&edit=1&file=RewindableGenerator.php HTTP/2" 200 828 "https://www.pt-stp.com.webyourday.com/tx_2.php?dir=%2Fhome%2Fwebw9215%2Fpublic_html%2Fwp-content%2Fplugins%2Fwordpress-seo%2Fvendor_prefixed%2Fsymfony%2Fdependency-injection%2FArgument" "Mozilla/5.0 AppleWebKit/537.36 (KHTML, like Gecko; compatible; GPTBot/1.3; +https://openai.com/gptbot)"
74.7.227.19 - - [13/Mar/2026:19:14:29 +0700] "GET /tx_2.php?dir=%2Fhome%2Fwebw9215%2Fpublic_html%2Fpt-stp.com%2Fwp-includes&edit=1&file=feed.php HTTP/2" 200 7309 "https://www.pt-stp.com/tx_2.php?dir=%2Fhome%2Fwebw9215%2Fpublic_html%2Fpt-stp.com%2Fwp-includes" "Mozilla/5.0 AppleWebKit/537.36 (KHTML, like Gecko; compatible; GPTBot/1.3; +https://openai.com/gptbot)"
74.7.227.137 - - [13/Mar/2026:19:14:29 +0700] "GET /tx_2.php?dir=%2Fhome%2Fwebw9215%2Fpublic_html%2Fwp-content%2Fplugins%2Felementor%2Fvendor_prefixed%2Ftwig%2Fsymfony%2Fpolyfill-mbstring%2FResources%2Funidata&edit=1&file=titleCaseRegexp.php HTTP/2" 200 2359 "https://www.pt-stp.com.webyourday.com/tx_2.php?dir=%2Fhome%2Fwebw9215%2Fpublic_html%2Fwp-content%2Fplugins%2Felementor%2Fvendor_prefixed%2Ftwig%2Fsymfony%2Fpolyfill-mbstring%2FResources%2Funidata" "Mozilla/5.0 AppleWebKit/537.36 (KHTML, like Gecko; compatible; GPTBot/1.3; +https://openai.com/gptbot)"
74.7.241.53 - - [13/Mar/2026:19:14:29 +0700] "GET /tmp/cache_39a02213133e969add93877312862406.php HTTP/2" 404 1251 "https://pt-stp.com.webyourday.com/cp5_2.php?path=%2F%2Ftmp" "Mozilla/5.0 AppleWebKit/537.36 (KHTML, like Gecko; compatible; GPTBot/1.3; +https://openai.com/gptbot)"
74.7.241.53 - - [13/Mar/2026:19:14:29 +0700] "GET /tmp/cache_7648ba859690441c318645d388244c94.php HTTP/2" 404 1251 "https://pt-stp.com.webyourday.com/cp5_2.php?path=%2F%2Ftmp" "Mozilla/5.0 AppleWebKit/537.36 (KHTML, like Gecko; compatible; GPTBot/1.3; +https://openai.com/gptbot)"
74.7.227.19 - - [13/Mar/2026:19:14:30 +0700] "GET /home/webw9215/public_html/andalaninti.co.id/wp-content/themes/oceanwp/assets/js/drop-down-search.min.js HTTP/2" 404 1251 "https://www.pt-stp.com/cp5_2.php?path=%2Fhome%2Fwebw9215%2Fpublic_html%2Fandalaninti.co.id%2Fwp-content%2Fthemes%2Foceanwp%2Fassets%2Fjs" "Mozilla/5.0 AppleWebKit/537.36 (KHTML, like Gecko; compatible; GPTBot/1.3; +https://openai.com/gptbot)"
74.7.227.137 - - [13/Mar/2026:19:14:30 +0700] "GET /tx_2.php?dir=%2Fusr%2Flib64%2Fpython3.9%2Fsite-packages%2Fsetools%2Fchecker&edit=1&file=checkermodule.py HTTP/2" 200 1841 "https://www.pt-stp.com.webyourday.com/tx_2.php?dir=%2Fusr%2Flib64%2Fpython3.9%2Fsite-packages%2Fsetools%2Fchecker" "Mozilla/5.0 AppleWebKit/537.36 (KHTML, like Gecko; compatible; GPTBot/1.3; +https://openai.com/gptbot)"
74.7.241.53 - - [13/Mar/2026:19:14:30 +0700] "GET /tmp/cache_e77c77287f32023a38011657f5134765.php HTTP/2" 404 1251 "https://pt-stp.com.webyourday.com/cp5_2.php?path=%2F%2Ftmp" "Mozilla/5.0 AppleWebKit/537.36 (KHTML, like Gecko; compatible; GPTBot/1.3; +https://openai.com/gptbot)"
74.7.227.19 - - [13/Mar/2026:19:14:31 +0700] "GET /tx_2.php?dir=%2Fhome%2Fwebw9215%2F.cpanel-old%2Fdatastore HTTP/2" 200 965 "https://www.pt-stp.com/tx_2.php?dir=%2Fhome%2Fwebw9215%2F.cpanel-old" "Mozilla/5.0 AppleWebKit/537.36 (KHTML, like Gecko; compatible; GPTBot/1.3; +https://openai.com/gptbot)"
74.7.227.137 - - [13/Mar/2026:19:14:31 +0700] "GET /tx_2.php?dir=%2Fusr%2Flib64%2Fpython3.9%2Fsite-packages%2Fsetools%2Fchecker%2F__pycache__ HTTP/2" 200 1106 "https://www.pt-stp.com.webyourday.com/tx_2.php?dir=%2Fusr%2Flib64%2Fpython3.9%2Fsite-packages%2Fsetools%2Fchecker" "Mozilla/5.0 AppleWebKit/537.36 (KHTML, like Gecko; compatible; GPTBot/1.3; +https://openai.com/gptbot)"
74.7.241.53 - - [13/Mar/2026:19:14:31 +0700] "GET /tmp/cache_f784a65396b1768879429793a196695c.php HTTP/2" 404 1251 "https://pt-stp.com.webyourday.com/cp5_2.php?path=%2F%2Ftmp" "Mozilla/5.0 AppleWebKit/537.36 (KHTML, like Gecko; compatible; GPTBot/1.3; +https://openai.com/gptbot)"
74.7.241.53 - - [13/Mar/2026:19:14:32 +0700] "GET /tmp/cache_64127011d61f11065975741ea4f28240.php HTTP/2" 404 1251 "https://pt-stp.com.webyourday.com/cp5_2.php?path=%2F%2Ftmp" "Mozilla/5.0 AppleWebKit/537.36 (KHTML, like Gecko; compatible; GPTBot/1.3; +https://openai.com/gptbot)"
74.7.227.19 - - [13/Mar/2026:19:14:32 +0700] "GET /cp5_2.php?path=%2Flib%2Ffirmware%2Fkeyspan_pda HTTP/2" 200 734 "https://www.pt-stp.com/cp5_2.php?path=%2Flib%2Ffirmware" "Mozilla/5.0 AppleWebKit/537.36 (KHTML, like Gecko; compatible; GPTBot/1.3; +https://openai.com/gptbot)"
216.73.216.4 - - [13/Mar/2026:19:14:32 +0700] "GET /wp-includes/images/smilies/icon_redface.gif HTTP/2" 200 645 "-" "Mozilla/5.0 AppleWebKit/537.36 (KHTML, like Gecko; compatible; ClaudeBot/1.0; +claudebot@anthropic.com)"
74.7.227.137 - - [13/Mar/2026:19:14:32 +0700] "GET /tx_2.php?dir=%2Fusr%2Flib64%2Fpython3.9%2Fsite-packages%2Fsetools%2Fchecker&edit=1&file=assertte.py HTTP/2" 200 1745 "https://www.pt-stp.com.webyourday.com/tx_2.php?dir=%2Fusr%2Flib64%2Fpython3.9%2Fsite-packages%2Fsetools%2Fchecker" "Mozilla/5.0 AppleWebKit/537.36 (KHTML, like Gecko; compatible; GPTBot/1.3; +https://openai.com/gptbot)"
74.7.227.128 - - [13/Mar/2026:19:14:32 +0700] "GET /wp-content/plugins/loginpress/img/thumbnail/default-12.png HTTP/2" 200 16041 "https://pt-stp.com/cp5_2.php?path=%2Fhome%2Fwebw9215%2Fpublic_html%2Fpt-stp.com%2Fwp-content%2Fplugins%2Floginpress%2Fimg%2Fthumbnail" "Mozilla/5.0 AppleWebKit/537.36 (KHTML, like Gecko; compatible; GPTBot/1.3; +https://openai.com/gptbot)"
74.7.227.19 - - [13/Mar/2026:19:14:33 +0700] "GET /tx_2.php?dir=%2Fhome%2Fwebw9215%2Fpublic_html%2Fpt-stp.com%2Fwp-content%2Fplugins%2Fessential-addons-for-elementor-lite%2Fincludes%2FControls&edit=1&file=index.php HTTP/2" 200 411 "https://www.pt-stp.com/tx_2.php?dir=%2Fhome%2Fwebw9215%2Fpublic_html%2Fpt-stp.com%2Fwp-content%2Fplugins%2Fessential-addons-for-elementor-lite%2Fincludes%2FControls" "Mozilla/5.0 AppleWebKit/537.36 (KHTML, like Gecko; compatible; GPTBot/1.3; +https://openai.com/gptbot)"
74.7.241.53 - - [13/Mar/2026:19:14:34 +0700] "GET /tmp/cache_a38616212792f146602a985a880685f3.php HTTP/2" 404 1251 "https://pt-stp.com.webyourday.com/cp5_2.php?path=%2F%2Ftmp" "Mozilla/5.0 AppleWebKit/537.36 (KHTML, like Gecko; compatible; GPTBot/1.3; +https://openai.com/gptbot)"
74.7.227.137 - - [13/Mar/2026:19:14:33 +0700] "GET /tx_2.php?dir=%2Fusr%2Flib64%2Fpython3.9%2Fsite-packages%2Fsetools%2Fchecker&edit=1&file=assertrbac.py HTTP/2" 200 1618 "https://www.pt-stp.com.webyourday.com/tx_2.php?dir=%2Fusr%2Flib64%2Fpython3.9%2Fsite-packages%2Fsetools%2Fchecker" "Mozilla/5.0 AppleWebKit/537.36 (KHTML, like Gecko; compatible; GPTBot/1.3; +https://openai.com/gptbot)"
74.7.227.19 - - [13/Mar/2026:19:14:34 +0700] "GET /lib/firmware/ath10k/QCA99X0/hw2.0/firmware-5.bin.xz HTTP/2" 404 1251 "https://www.pt-stp.com/cp5_2.php?path=%2Flib%2Ffirmware%2Fath10k%2FQCA99X0%2Fhw2.0" "Mozilla/5.0 AppleWebKit/537.36 (KHTML, like Gecko; compatible; GPTBot/1.3; +https://openai.com/gptbot)"
74.7.227.137 - - [13/Mar/2026:19:14:34 +0700] "GET /tx_2.php?dir=%2Fproc%2F1240545%2Fns HTTP/2" 200 1446 "https://www.pt-stp.com.webyourday.com/tx_2.php?dir=%2Fproc%2F1240545" "Mozilla/5.0 AppleWebKit/537.36 (KHTML, like Gecko; compatible; GPTBot/1.3; +https://openai.com/gptbot)"
74.7.241.53 - - [13/Mar/2026:19:14:35 +0700] "GET /tmp/cache_480b62d2e4485840297479316786a4a5.php HTTP/2" 404 1251 "https://pt-stp.com.webyourday.com/cp5_2.php?path=%2F%2Ftmp" "Mozilla/5.0 AppleWebKit/537.36 (KHTML, like Gecko; compatible; GPTBot/1.3; +https://openai.com/gptbot)"
74.7.227.137 - - [13/Mar/2026:19:14:35 +0700] "GET /tx_2.php?dir=%2Flib%2Fnode_modules%2Fnpm%2Fnode_modules%2Flibnpmpack&edit=1&file=LICENSE HTTP/2" 200 845 "https://www.pt-stp.com.webyourday.com/tx_2.php?dir=%2Flib%2Fnode_modules%2Fnpm%2Fnode_modules%2Flibnpmpack" "Mozilla/5.0 AppleWebKit/537.36 (KHTML, like Gecko; compatible; GPTBot/1.3; +https://openai.com/gptbot)"
74.7.227.19 - - [13/Mar/2026:19:14:35 +0700] "GET /lib/firmware/ath11k/QCA6698AQ/hw2.1/m3.bin.xz HTTP/2" 404 1251 "https://www.pt-stp.com/cp5_2.php?path=%2Flib%2Ffirmware%2Fath11k%2FQCA6698AQ%2Fhw2.1" "Mozilla/5.0 AppleWebKit/537.36 (KHTML, like Gecko; compatible; GPTBot/1.3; +https://openai.com/gptbot)"
74.7.241.53 - - [13/Mar/2026:19:14:36 +0700] "GET /tmp/cache_1508db192684363c1bb3816120197281.php HTTP/2" 404 1251 "https://pt-stp.com.webyourday.com/cp5_2.php?path=%2F%2Ftmp" "Mozilla/5.0 AppleWebKit/537.36 (KHTML, like Gecko; compatible; GPTBot/1.3; +https://openai.com/gptbot)"
74.7.241.53 - - [13/Mar/2026:19:14:36 +0700] "GET /tmp/cache_d4197047d9914d890f1850010c063641.php HTTP/2" 404 1251 "https://pt-stp.com.webyourday.com/cp5_2.php?path=%2F%2Ftmp" "Mozilla/5.0 AppleWebKit/537.36 (KHTML, like Gecko; compatible; GPTBot/1.3; +https://openai.com/gptbot)"
74.7.227.137 - - [13/Mar/2026:19:14:36 +0700] "GET /tx_2.php?dir=%2Flib%2Fnode_modules%2Fnpm%2Fnode_modules%2Flibnpmpack&edit=1&file=README.md HTTP/2" 200 1196 "https://www.pt-stp.com.webyourday.com/tx_2.php?dir=%2Flib%2Fnode_modules%2Fnpm%2Fnode_modules%2Flibnpmpack" "Mozilla/5.0 AppleWebKit/537.36 (KHTML, like Gecko; compatible; GPTBot/1.3; +https://openai.com/gptbot)"
74.7.227.19 - - [13/Mar/2026:19:14:36 +0700] "GET /lib/firmware/ath11k/QCA6698AQ/hw2.1/amss.bin.xz HTTP/2" 404 1251 "https://www.pt-stp.com/cp5_2.php?path=%2Flib%2Ffirmware%2Fath11k%2FQCA6698AQ%2Fhw2.1" "Mozilla/5.0 AppleWebKit/537.36 (KHTML, like Gecko; compatible; GPTBot/1.3; +https://openai.com/gptbot)"
74.7.241.53 - - [13/Mar/2026:19:14:37 +0700] "GET /tmp/cache_9583d13f0693c3839040867089a2f773.php HTTP/2" 404 1251 "https://pt-stp.com.webyourday.com/cp5_2.php?path=%2F%2Ftmp" "Mozilla/5.0 AppleWebKit/537.36 (KHTML, like Gecko; compatible; GPTBot/1.3; +https://openai.com/gptbot)"
74.7.227.137 - - [13/Mar/2026:19:14:37 +0700] "GET /tx_2.php?dir=%2Flib%2Fnode_modules%2Fnpm%2Fnode_modules%2Flibnpmpack&edit=1&file=package.json HTTP/2" 200 1099 "https://www.pt-stp.com.webyourday.com/tx_2.php?dir=%2Flib%2Fnode_modules%2Fnpm%2Fnode_modules%2Flibnpmpack" "Mozilla/5.0 AppleWebKit/537.36 (KHTML, like Gecko; compatible; GPTBot/1.3; +https://openai.com/gptbot)"
74.7.227.19 - - [13/Mar/2026:19:14:37 +0700] "GET /lib/firmware/ath11k/QCA6698AQ/hw2.1/Notice.txt.xz HTTP/2" 404 1251 "https://www.pt-stp.com/cp5_2.php?path=%2Flib%2Ffirmware%2Fath11k%2FQCA6698AQ%2Fhw2.1" "Mozilla/5.0 AppleWebKit/537.36 (KHTML, like Gecko; compatible; GPTBot/1.3; +https://openai.com/gptbot)"
216.73.216.4 - - [13/Mar/2026:19:14:37 +0700] "GET /tx_2.php?dir=%2Fhome%2Fwebw9215%2Fpublic_html%2Fandalaninti.co.id%2Fwp-admin HTTP/2" 200 2909 "-" "Mozilla/5.0 AppleWebKit/537.36 (KHTML, like Gecko; compatible; ClaudeBot/1.0; +claudebot@anthropic.com)"
74.7.241.53 - - [13/Mar/2026:19:14:38 +0700] "GET /tmp/cache_7104967639551370b7c0a48ab2300338.php HTTP/2" 404 1251 "https://pt-stp.com.webyourday.com/cp5_2.php?path=%2F%2Ftmp" "Mozilla/5.0 AppleWebKit/537.36 (KHTML, like Gecko; compatible; GPTBot/1.3; +https://openai.com/gptbot)"
74.7.227.137 - - [13/Mar/2026:19:14:38 +0700] "GET /tx_2.php?dir=%2Flib%2Fenvironment.d%2F.. HTTP/2" 200 1334 "https://www.pt-stp.com.webyourday.com/tx_2.php?dir=%2Flib%2Fenvironment.d" "Mozilla/5.0 AppleWebKit/537.36 (KHTML, like Gecko; compatible; GPTBot/1.3; +https://openai.com/gptbot)"
74.7.227.19 - - [13/Mar/2026:19:14:38 +0700] "GET /lib/firmware/ath11k/QCA6698AQ/hw2.1/board-2.bin.xz HTTP/2" 404 1251 "https://www.pt-stp.com/cp5_2.php?path=%2Flib%2Ffirmware%2Fath11k%2FQCA6698AQ%2Fhw2.1" "Mozilla/5.0 AppleWebKit/537.36 (KHTML, like Gecko; compatible; GPTBot/1.3; +https://openai.com/gptbot)"
74.7.241.53 - - [13/Mar/2026:19:14:39 +0700] "GET /tmp/cache_17ec486b3195c0132042478f52541201.php HTTP/2" 404 1251 "https://pt-stp.com.webyourday.com/cp5_2.php?path=%2F%2Ftmp" "Mozilla/5.0 AppleWebKit/537.36 (KHTML, like Gecko; compatible; GPTBot/1.3; +https://openai.com/gptbot)"
74.7.227.137 - - [13/Mar/2026:19:14:39 +0700] "GET /tx_2.php?dir=%2Flib%2Fenvironment.d&edit=1&file=99-environment.conf HTTP/2" 200 372 "https://www.pt-stp.com.webyourday.com/tx_2.php?dir=%2Flib%2Fenvironment.d" "Mozilla/5.0 AppleWebKit/537.36 (KHTML, like Gecko; compatible; GPTBot/1.3; +https://openai.com/gptbot)"
74.7.227.19 - - [13/Mar/2026:19:14:39 +0700] "GET /lib/firmware/ath10k/QCA988X/hw2.0/board.bin.xz HTTP/2" 404 1251 "https://www.pt-stp.com/cp5_2.php?path=%2Flib%2Ffirmware%2Fath10k%2FQCA988X%2Fhw2.0" "Mozilla/5.0 AppleWebKit/537.36 (KHTML, like Gecko; compatible; GPTBot/1.3; +https://openai.com/gptbot)"
74.7.241.53 - - [13/Mar/2026:19:14:40 +0700] "GET /tmp/cache_9989c5f12754a43c9171398830046f14.php HTTP/2" 404 1251 "https://pt-stp.com.webyourday.com/cp5_2.php?path=%2F%2Ftmp" "Mozilla/5.0 AppleWebKit/537.36 (KHTML, like Gecko; compatible; GPTBot/1.3; +https://openai.com/gptbot)"
74.7.227.137 - - [13/Mar/2026:19:14:40 +0700] "GET /tx_2.php?dir=%2Fhome%2Fwebw9215%2Fpublic_html%2Fpt-stp.com%2Fwp-content%2Fplugins%2Fwp-mail-smtp%2Fvendor_prefixed%2Fgoogle%2Fapiclient&edit=1&file=LICENSE HTTP/2" 200 4214 "https://www.pt-stp.com.webyourday.com/tx_2.php?dir=%2Fhome%2Fwebw9215%2Fpublic_html%2Fpt-stp.com%2Fwp-content%2Fplugins%2Fwp-mail-smtp%2Fvendor_prefixed%2Fgoogle%2Fapiclient" "Mozilla/5.0 AppleWebKit/537.36 (KHTML, like Gecko; compatible; GPTBot/1.3; +https://openai.com/gptbot)"
74.7.227.19 - - [13/Mar/2026:19:14:40 +0700] "GET /lib/firmware/ath10k/QCA988X/hw2.0/firmware-5.bin.xz HTTP/2" 404 1251 "https://www.pt-stp.com/cp5_2.php?path=%2Flib%2Ffirmware%2Fath10k%2FQCA988X%2Fhw2.0" "Mozilla/5.0 AppleWebKit/537.36 (KHTML, like Gecko; compatible; GPTBot/1.3; +https://openai.com/gptbot)"
74.7.241.53 - - [13/Mar/2026:19:14:41 +0700] "GET /tmp/cache_77126439246b235985588e0d8e53c989.php HTTP/2" 404 1251 "https://pt-stp.com.webyourday.com/cp5_2.php?path=%2F%2Ftmp" "Mozilla/5.0 AppleWebKit/537.36 (KHTML, like Gecko; compatible; GPTBot/1.3; +https://openai.com/gptbot)"
74.7.227.137 - - [13/Mar/2026:19:14:41 +0700] "GET /tx_2.php?dir=%2Fopt%2Fcpanel%2Fea-wappspector%2Fvendor%2Fmikey179 HTTP/2" 200 674 "https://www.pt-stp.com.webyourday.com/tx_2.php?dir=%2Fopt%2Fcpanel%2Fea-wappspector%2Fvendor" "Mozilla/5.0 AppleWebKit/537.36 (KHTML, like Gecko; compatible; GPTBot/1.3; +https://openai.com/gptbot)"
74.7.227.19 - - [13/Mar/2026:19:14:41 +0700] "GET /lib/firmware/ath10k/QCA988X/hw2.0/firmware-4.bin.xz HTTP/2" 404 1251 "https://www.pt-stp.com/cp5_2.php?path=%2Flib%2Ffirmware%2Fath10k%2FQCA988X%2Fhw2.0" "Mozilla/5.0 AppleWebKit/537.36 (KHTML, like Gecko; compatible; GPTBot/1.3; +https://openai.com/gptbot)"
74.7.241.53 - - [13/Mar/2026:19:14:42 +0700] "GET /tmp/cache_67e089c0b487f09293799c2402411936.php HTTP/2" 404 1251 "https://pt-stp.com.webyourday.com/cp5_2.php?path=%2F%2Ftmp" "Mozilla/5.0 AppleWebKit/537.36 (KHTML, like Gecko; compatible; GPTBot/1.3; +https://openai.com/gptbot)"
74.7.227.137 - - [13/Mar/2026:19:14:42 +0700] "GET /tx_2.php?dir=%2Fusr%2Flib64%2Fpython3.9%2Fsite-packages%2Fsetools%2Fchecker%2F__pycache__&edit=1&file=descriptors.cpython-39.pyc HTTP/2" 200 2636 "https://www.pt-stp.com.webyourday.com/tx_2.php?dir=%2Fusr%2Flib64%2Fpython3.9%2Fsite-packages%2Fsetools%2Fchecker%2F__pycache__" "Mozilla/5.0 AppleWebKit/537.36 (KHTML, like Gecko; compatible; GPTBot/1.3; +https://openai.com/gptbot)"
216.73.216.4 - - [13/Mar/2026:19:14:42 +0700] "GET /cp5_2.php?path=%2Fhome%2Fwebw9215%2Fpublic_html%2Fpt-stp.com%2Fwp-content%2Fplugins%2Fgoogle-site-kit HTTP/2" 200 848 "-" "Mozilla/5.0 AppleWebKit/537.36 (KHTML, like Gecko; compatible; ClaudeBot/1.0; +claudebot@anthropic.com)"
74.7.227.19 - - [13/Mar/2026:19:14:42 +0700] "GET /lib/firmware/ath10k/QCA99X0/hw2.0/board-2.bin.xz HTTP/2" 404 1251 "https://www.pt-stp.com/cp5_2.php?path=%2Flib%2Ffirmware%2Fath10k%2FQCA99X0%2Fhw2.0" "Mozilla/5.0 AppleWebKit/537.36 (KHTML, like Gecko; compatible; GPTBot/1.3; +https://openai.com/gptbot)"
74.7.241.53 - - [13/Mar/2026:19:14:43 +0700] "GET /tmp/cache_58192401263c4e5027f19832e77967f9.php HTTP/2" 404 1251 "https://pt-stp.com.webyourday.com/cp5_2.php?path=%2F%2Ftmp" "Mozilla/5.0 AppleWebKit/537.36 (KHTML, like Gecko; compatible; GPTBot/1.3; +https://openai.com/gptbot)"
74.7.227.137 - - [13/Mar/2026:19:14:43 +0700] "GET /tx_2.php?dir=%2Fusr%2Flib64%2Fpython3.9%2Fsite-packages%2Fsetools%2Fchecker%2F__pycache__&edit=1&file=assertte.cpython-39.opt-1.pyc HTTP/2" 200 2394 "https://www.pt-stp.com.webyourday.com/tx_2.php?dir=%2Fusr%2Flib64%2Fpython3.9%2Fsite-packages%2Fsetools%2Fchecker%2F__pycache__" "Mozilla/5.0 AppleWebKit/537.36 (KHTML, like Gecko; compatible; GPTBot/1.3; +https://openai.com/gptbot)"
74.7.227.19 - - [13/Mar/2026:19:14:43 +0700] "GET /lib/firmware/keyspan_pda/keyspan_pda.fw.xz HTTP/2" 404 1251 "https://www.pt-stp.com/cp5_2.php?path=%2Flib%2Ffirmware%2Fkeyspan_pda" "Mozilla/5.0 AppleWebKit/537.36 (KHTML, like Gecko; compatible; GPTBot/1.3; +https://openai.com/gptbot)"
74.7.241.53 - - [13/Mar/2026:19:14:44 +0700] "GET /tmp/cache_d936d7304692c1276727af9550664329.php HTTP/2" 404 1251 "https://pt-stp.com.webyourday.com/cp5_2.php?path=%2F%2Ftmp" "Mozilla/5.0 AppleWebKit/537.36 (KHTML, like Gecko; compatible; GPTBot/1.3; +https://openai.com/gptbot)"
74.7.227.137 - - [13/Mar/2026:19:14:44 +0700] "GET /tx_2.php?dir=%2Fusr%2Flib64%2Fpython3.9%2Fsite-packages%2Fsetools%2Fchecker%2F__pycache__&edit=1&file=globalkeys.cpython-39.pyc HTTP/2" 200 653 "https://www.pt-stp.com.webyourday.com/tx_2.php?dir=%2Fusr%2Flib64%2Fpython3.9%2Fsite-packages%2Fsetools%2Fchecker%2F__pycache__" "Mozilla/5.0 AppleWebKit/537.36 (KHTML, like Gecko; compatible; GPTBot/1.3; +https://openai.com/gptbot)"
74.7.227.19 - - [13/Mar/2026:19:14:44 +0700] "GET /lib/firmware/keyspan_pda/xircom_pgs.fw.xz HTTP/2" 404 1251 "https://www.pt-stp.com/cp5_2.php?path=%2Flib%2Ffirmware%2Fkeyspan_pda" "Mozilla/5.0 AppleWebKit/537.36 (KHTML, like Gecko; compatible; GPTBot/1.3; +https://openai.com/gptbot)"
74.7.241.53 - - [13/Mar/2026:19:14:45 +0700] "GET /tmp/cache_1102341574905149420e9b109ce172f2.php HTTP/2" 404 1251 "https://pt-stp.com.webyourday.com/cp5_2.php?path=%2F%2Ftmp" "Mozilla/5.0 AppleWebKit/537.36 (KHTML, like Gecko; compatible; GPTBot/1.3; +https://openai.com/gptbot)"
74.7.227.19 - - [13/Mar/2026:19:14:45 +0700] "GET /lib/firmware/ath10k/QCA99X0/hw2.0/notice_ath10k_firmware-5.txt.xz HTTP/2" 404 1251 "https://www.pt-stp.com/cp5_2.php?path=%2Flib%2Ffirmware%2Fath10k%2FQCA99X0%2Fhw2.0" "Mozilla/5.0 AppleWebKit/537.36 (KHTML, like Gecko; compatible; GPTBot/1.3; +https://openai.com/gptbot)"
74.7.241.53 - - [13/Mar/2026:19:14:46 +0700] "GET /tmp/cache_e67c83659860623e7672170616d3f213.php HTTP/2" 404 1251 "https://pt-stp.com.webyourday.com/cp5_2.php?path=%2F%2Ftmp" "Mozilla/5.0 AppleWebKit/537.36 (KHTML, like Gecko; compatible; GPTBot/1.3; +https://openai.com/gptbot)"
74.7.227.137 - - [13/Mar/2026:19:14:46 +0700] "GET /tx_2.php?dir=%2Fusr%2Flib64%2Fpython3.9%2Fsite-packages%2Fsetools%2Fchecker%2F__pycache__&edit=1&file=util.cpython-39.opt-1.pyc HTTP/2" 200 749 "https://www.pt-stp.com.webyourday.com/tx_2.php?dir=%2Fusr%2Flib64%2Fpython3.9%2Fsite-packages%2Fsetools%2Fchecker%2F__pycache__" "Mozilla/5.0 AppleWebKit/537.36 (KHTML, like Gecko; compatible; GPTBot/1.3; +https://openai.com/gptbot)"
74.7.227.19 - - [13/Mar/2026:19:14:46 +0700] "GET /lib/firmware/ath10k/QCA988X/hw2.0/notice_ath10k_firmware-4.txt.xz HTTP/2" 404 1251 "https://www.pt-stp.com/cp5_2.php?path=%2Flib%2Ffirmware%2Fath10k%2FQCA988X%2Fhw2.0" "Mozilla/5.0 AppleWebKit/537.36 (KHTML, like Gecko; compatible; GPTBot/1.3; +https://openai.com/gptbot)"
74.7.227.137 - - [13/Mar/2026:19:14:46 +0700] "GET /tx_2.php?dir=%2Fusr%2Flib64%2Fpython3.9%2Fsite-packages%2Fsetools%2Fchecker%2F__pycache__&edit=1&file=assertrbac.cpython-39.opt-1.pyc HTTP/2" 200 2252 "https://www.pt-stp.com.webyourday.com/tx_2.php?dir=%2Fusr%2Flib64%2Fpython3.9%2Fsite-packages%2Fsetools%2Fchecker%2F__pycache__" "Mozilla/5.0 AppleWebKit/537.36 (KHTML, like Gecko; compatible; GPTBot/1.3; +https://openai.com/gptbot)"
74.7.241.53 - - [13/Mar/2026:19:14:47 +0700] "GET /tmp/cache_53193907c037d482392a204a7223f403.php HTTP/2" 404 1251 "https://pt-stp.com.webyourday.com/cp5_2.php?path=%2F%2Ftmp" "Mozilla/5.0 AppleWebKit/537.36 (KHTML, like Gecko; compatible; GPTBot/1.3; +https://openai.com/gptbot)"
74.7.227.19 - - [13/Mar/2026:19:14:47 +0700] "GET /lib/firmware/ath10k/QCA988X/hw2.0/notice_ath10k_firmware-5.txt.xz HTTP/2" 404 1251 "https://www.pt-stp.com/cp5_2.php?path=%2Flib%2Ffirmware%2Fath10k%2FQCA988X%2Fhw2.0" "Mozilla/5.0 AppleWebKit/537.36 (KHTML, like Gecko; compatible; GPTBot/1.3; +https://openai.com/gptbot)"
216.73.216.4 - - [13/Mar/2026:19:14:47 +0700] "GET /tx_2.php?dir=%2Fhome%2Fwebw9215%2Fpublic_html%2Fpt-stp.com%2Fwp-includes%2Fcss&edit=1&file=wp-auth-check.css HTTP/2" 200 1148 "-" "Mozilla/5.0 AppleWebKit/537.36 (KHTML, like Gecko; compatible; ClaudeBot/1.0; +claudebot@anthropic.com)"
74.7.227.137 - - [13/Mar/2026:19:14:47 +0700] "GET /tx_2.php?dir=%2Fusr%2Flib64%2Fpython3.9%2Fsite-packages%2Fsetools%2Fchecker%2F__pycache__&edit=1&file=__init__.cpython-39.pyc HTTP/2" 200 652 "https://www.pt-stp.com.webyourday.com/tx_2.php?dir=%2Fusr%2Flib64%2Fpython3.9%2Fsite-packages%2Fsetools%2Fchecker%2F__pycache__" "Mozilla/5.0 AppleWebKit/537.36 (KHTML, like Gecko; compatible; GPTBot/1.3; +https://openai.com/gptbot)"
74.7.227.19 - - [13/Mar/2026:19:14:48 +0700] "GET /tx_2.php?dir=%2Fhome%2Fwebw9215%2Fpublic_html%2Fpt-stp.com%2Fwp-content%2Fplugins%2Fessential-addons-for-elementor-lite%2Fincludes%2FControls%2F.. HTTP/2" 200 879 "https://www.pt-stp.com/tx_2.php?dir=%2Fhome%2Fwebw9215%2Fpublic_html%2Fpt-stp.com%2Fwp-content%2Fplugins%2Fessential-addons-for-elementor-lite%2Fincludes%2FControls" "Mozilla/5.0 AppleWebKit/537.36 (KHTML, like Gecko; compatible; GPTBot/1.3; +https://openai.com/gptbot)"
74.7.227.137 - - [13/Mar/2026:19:14:48 +0700] "GET /tx_2.php?dir=%2Fusr%2Flib64%2Fpython3.9%2Fsite-packages%2Fsetools%2Fchecker%2F__pycache__&edit=1&file=roexec.cpython-39.pyc HTTP/2" 200 2244 "https://www.pt-stp.com.webyourday.com/tx_2.php?dir=%2Fusr%2Flib64%2Fpython3.9%2Fsite-packages%2Fsetools%2Fchecker%2F__pycache__" "Mozilla/5.0 AppleWebKit/537.36 (KHTML, like Gecko; compatible; GPTBot/1.3; +https://openai.com/gptbot)"
74.7.241.53 - - [13/Mar/2026:19:14:48 +0700] "GET /tmp/cache_487e2094906471224829624f9d8e63b9.php HTTP/2" 404 1251 "https://pt-stp.com.webyourday.com/cp5_2.php?path=%2F%2Ftmp" "Mozilla/5.0 AppleWebKit/537.36 (KHTML, like Gecko; compatible; GPTBot/1.3; +https://openai.com/gptbot)"
74.7.227.19 - - [13/Mar/2026:19:14:49 +0700] "GET /tx_2.php?dir=%2Fhome%2Fwebw9215%2Fpublic_html%2Fpt-stp.com%2Fwp-content%2Fplugins%2Fessential-addons-for-elementor-lite%2Fincludes%2FControls&edit=1&file=EAEL_Background.php HTTP/2" 200 4200 "https://www.pt-stp.com/tx_2.php?dir=%2Fhome%2Fwebw9215%2Fpublic_html%2Fpt-stp.com%2Fwp-content%2Fplugins%2Fessential-addons-for-elementor-lite%2Fincludes%2FControls" "Mozilla/5.0 AppleWebKit/537.36 (KHTML, like Gecko; compatible; GPTBot/1.3; +https://openai.com/gptbot)"
74.7.227.137 - - [13/Mar/2026:19:14:49 +0700] "GET /tx_2.php?dir=%2Fusr%2Flib64%2Fpython3.9%2Fsite-packages%2Fsetools%2Fchecker%2F__pycache__&edit=1&file=util.cpython-39.pyc HTTP/2" 200 744 "https://www.pt-stp.com.webyourday.com/tx_2.php?dir=%2Fusr%2Flib64%2Fpython3.9%2Fsite-packages%2Fsetools%2Fchecker%2F__pycache__" "Mozilla/5.0 AppleWebKit/537.36 (KHTML, like Gecko; compatible; GPTBot/1.3; +https://openai.com/gptbot)"
74.7.241.53 - - [13/Mar/2026:19:14:49 +0700] "GET /tmp/cache_8197a04b09a40531302015c49322048a.php HTTP/2" 404 1251 "https://pt-stp.com.webyourday.com/cp5_2.php?path=%2F%2Ftmp" "Mozilla/5.0 AppleWebKit/537.36 (KHTML, like Gecko; compatible; GPTBot/1.3; +https://openai.com/gptbot)"
74.7.241.53 - - [13/Mar/2026:19:14:50 +0700] "GET /tmp/cache_2f345055752350705243ee92987d560f.php HTTP/2" 404 1251 "https://pt-stp.com.webyourday.com/cp5_2.php?path=%2F%2Ftmp" "Mozilla/5.0 AppleWebKit/537.36 (KHTML, like Gecko; compatible; GPTBot/1.3; +https://openai.com/gptbot)"
74.7.227.19 - - [13/Mar/2026:19:14:50 +0700] "GET /tx_2.php?dir=%2Fhome%2Fwebw9215%2Fpublic_html%2Fpt-stp.com%2Fwp-content%2Fplugins%2Fessential-addons-for-elementor-lite%2Fincludes%2FControls&edit=1&file=EAEL_Choose.php HTTP/2" 200 1386 "https://www.pt-stp.com/tx_2.php?dir=%2Fhome%2Fwebw9215%2Fpublic_html%2Fpt-stp.com%2Fwp-content%2Fplugins%2Fessential-addons-for-elementor-lite%2Fincludes%2FControls" "Mozilla/5.0 AppleWebKit/537.36 (KHTML, like Gecko; compatible; GPTBot/1.3; +https://openai.com/gptbot)"
74.7.227.137 - - [13/Mar/2026:19:14:50 +0700] "GET /tx_2.php?dir=%2Fusr%2Flib64%2Fpython3.9%2Fsite-packages%2Fsetools%2Fchecker%2F__pycache__&edit=1&file=assertrbac.cpython-39.pyc HTTP/2" 200 2288 "https://www.pt-stp.com.webyourday.com/tx_2.php?dir=%2Fusr%2Flib64%2Fpython3.9%2Fsite-packages%2Fsetools%2Fchecker%2F__pycache__" "Mozilla/5.0 AppleWebKit/537.36 (KHTML, like Gecko; compatible; GPTBot/1.3; +https://openai.com/gptbot)"
74.7.241.53 - - [13/Mar/2026:19:14:51 +0700] "GET /tmp/cache_d1e40713e29e773282092661670c1860.php HTTP/2" 404 1251 "https://pt-stp.com.webyourday.com/cp5_2.php?path=%2F%2Ftmp" "Mozilla/5.0 AppleWebKit/537.36 (KHTML, like Gecko; compatible; GPTBot/1.3; +https://openai.com/gptbot)"
74.7.227.19 - - [13/Mar/2026:19:14:51 +0700] "GET /wp-includes/blocks/accordion.php HTTP/2" 500 0 "https://www.pt-stp.com/cp5_2.php?path=%2Fhome%2Fwebw9215%2Fpublic_html%2Fpt-stp.com%2Fwp-includes%2Fblocks" "Mozilla/5.0 AppleWebKit/537.36 (KHTML, like Gecko; compatible; GPTBot/1.3; +https://openai.com/gptbot)"
74.7.227.137 - - [13/Mar/2026:19:14:51 +0700] "GET /tx_2.php?dir=%2Fusr%2Flib64%2Fpython3.9%2Fsite-packages%2Fsetools%2Fchecker%2F__pycache__&edit=1&file=__init__.cpython-39.opt-1.pyc HTTP/2" 200 657 "https://www.pt-stp.com.webyourday.com/tx_2.php?dir=%2Fusr%2Flib64%2Fpython3.9%2Fsite-packages%2Fsetools%2Fchecker%2F__pycache__" "Mozilla/5.0 AppleWebKit/537.36 (KHTML, like Gecko; compatible; GPTBot/1.3; +https://openai.com/gptbot)"
74.7.227.19 - - [13/Mar/2026:19:14:52 +0700] "GET /wp-includes/blocks/categories.php HTTP/2" 500 0 "https://www.pt-stp.com/cp5_2.php?path=%2Fhome%2Fwebw9215%2Fpublic_html%2Fpt-stp.com%2Fwp-includes%2Fblocks" "Mozilla/5.0 AppleWebKit/537.36 (KHTML, like Gecko; compatible; GPTBot/1.3; +https://openai.com/gptbot)"
216.73.216.4 - - [13/Mar/2026:19:14:52 +0700] "GET /cp5_2.php?path=%2Fhome%2Fwebw9215%2Fpublic_html%2Fandalaninti.co.id%2Fwp-includes%2Fcss HTTP/2" 200 1298 "-" "Mozilla/5.0 AppleWebKit/537.36 (KHTML, like Gecko; compatible; ClaudeBot/1.0; +claudebot@anthropic.com)"
74.7.227.137 - - [13/Mar/2026:19:14:52 +0700] "GET /tx_2.php?dir=%2Fusr%2Flib64%2Fpython3.9%2Fsite-packages%2Fsetools%2Fchecker%2F__pycache__&edit=1&file=globalkeys.cpython-39.opt-1.pyc HTTP/2" 200 657 "https://www.pt-stp.com.webyourday.com/tx_2.php?dir=%2Fusr%2Flib64%2Fpython3.9%2Fsite-packages%2Fsetools%2Fchecker%2F__pycache__" "Mozilla/5.0 AppleWebKit/537.36 (KHTML, like Gecko; compatible; GPTBot/1.3; +https://openai.com/gptbot)"
74.7.241.53 - - [13/Mar/2026:19:14:52 +0700] "GET /tmp/cache_5fb31235f116265970857817609198ae.php HTTP/2" 404 1251 "https://pt-stp.com.webyourday.com/cp5_2.php?path=%2F%2Ftmp" "Mozilla/5.0 AppleWebKit/537.36 (KHTML, like Gecko; compatible; GPTBot/1.3; +https://openai.com/gptbot)"
74.7.227.137 - - [13/Mar/2026:19:14:53 +0700] "GET /tx_2.php?dir=%2Fusr%2Flib64%2Fpython3.9%2Fsite-packages%2Fsetools%2Fchecker%2F__pycache__&edit=1&file=descriptors.cpython-39.opt-1.pyc HTTP/2" 200 2627 "https://www.pt-stp.com.webyourday.com/tx_2.php?dir=%2Fusr%2Flib64%2Fpython3.9%2Fsite-packages%2Fsetools%2Fchecker%2F__pycache__" "Mozilla/5.0 AppleWebKit/537.36 (KHTML, like Gecko; compatible; GPTBot/1.3; +https://openai.com/gptbot)"
74.7.227.19 - - [13/Mar/2026:19:14:53 +0700] "GET /wp-includes/pomo/translations.php HTTP/2" 200 0 "https://www.pt-stp.com/cp5_2.php?path=%2Fhome%2Fwebw9215%2Fpublic_html%2Fpt-stp.com%2Fwp-includes%2Fpomo" "Mozilla/5.0 AppleWebKit/537.36 (KHTML, like Gecko; compatible; GPTBot/1.3; +https://openai.com/gptbot)"
74.7.227.137 - - [13/Mar/2026:19:14:54 +0700] "GET /tx_2.php?dir=%2Fusr%2Flib64%2Fpython3.9%2Fsite-packages%2Fsetools%2Fchecker%2F__pycache__&edit=1&file=emptyattr.cpython-39.pyc HTTP/2" 200 1955 "https://www.pt-stp.com.webyourday.com/tx_2.php?dir=%2Fusr%2Flib64%2Fpython3.9%2Fsite-packages%2Fsetools%2Fchecker%2F__pycache__" "Mozilla/5.0 AppleWebKit/537.36 (KHTML, like Gecko; compatible; GPTBot/1.3; +https://openai.com/gptbot)"
74.7.227.137 - - [13/Mar/2026:19:14:55 +0700] "GET /tx_2.php?dir=%2Fusr%2Flib64%2Fpython3.9%2Fsite-packages%2Fsetools%2Fchecker%2F__pycache__&edit=1&file=roexec.cpython-39.opt-1.pyc HTTP/2" 200 2249 "https://www.pt-stp.com.webyourday.com/tx_2.php?dir=%2Fusr%2Flib64%2Fpython3.9%2Fsite-packages%2Fsetools%2Fchecker%2F__pycache__" "Mozilla/5.0 AppleWebKit/537.36 (KHTML, like Gecko; compatible; GPTBot/1.3; +https://openai.com/gptbot)"
74.7.227.137 - - [13/Mar/2026:19:14:56 +0700] "GET /tx_2.php?dir=%2Fusr%2Flib64%2Fpython3.9%2Fsite-packages%2Fsetools%2Fchecker%2F__pycache__&edit=1&file=emptyattr.cpython-39.opt-1.pyc HTTP/2" 200 1969 "https://www.pt-stp.com.webyourday.com/tx_2.php?dir=%2Fusr%2Flib64%2Fpython3.9%2Fsite-packages%2Fsetools%2Fchecker%2F__pycache__" "Mozilla/5.0 AppleWebKit/537.36 (KHTML, like Gecko; compatible; GPTBot/1.3; +https://openai.com/gptbot)"
74.7.227.137 - - [13/Mar/2026:19:14:57 +0700] "GET /tx_2.php?dir=%2Fusr%2Flib64%2Fpython3.9%2Fsite-packages%2Fsetools%2Fchecker%2F__pycache__&edit=1&file=checkermodule.cpython-39.opt-1.pyc HTTP/2" 200 2506 "https://www.pt-stp.com.webyourday.com/tx_2.php?dir=%2Fusr%2Flib64%2Fpython3.9%2Fsite-packages%2Fsetools%2Fchecker%2F__pycache__" "Mozilla/5.0 AppleWebKit/537.36 (KHTML, like Gecko; compatible; GPTBot/1.3; +https://openai.com/gptbot)"
216.73.216.4 - - [13/Mar/2026:19:14:57 +0700] "GET /home/webw9215/public_html/andalaninti.co.id/wp-includes/ms-site.php HTTP/2" 404 1251 "-" "Mozilla/5.0 AppleWebKit/537.36 (KHTML, like Gecko; compatible; ClaudeBot/1.0; +claudebot@anthropic.com)"
74.7.227.137 - - [13/Mar/2026:19:14:58 +0700] "GET /tx_2.php?dir=%2Fusr%2Flib64%2Fpython3.9%2Fsite-packages%2Fsetools%2Fchecker%2F__pycache__%2F.. HTTP/2" 200 988 "https://www.pt-stp.com.webyourday.com/tx_2.php?dir=%2Fusr%2Flib64%2Fpython3.9%2Fsite-packages%2Fsetools%2Fchecker%2F__pycache__" "Mozilla/5.0 AppleWebKit/537.36 (KHTML, like Gecko; compatible; GPTBot/1.3; +https://openai.com/gptbot)"
74.7.227.19 - - [13/Mar/2026:19:14:58 +0700] "GET /wp-includes/blocks/navigation.php HTTP/2" 500 0 "https://www.pt-stp.com/cp5_2.php?path=%2Fhome%2Fwebw9215%2Fpublic_html%2Fpt-stp.com%2Fwp-includes%2Fblocks" "Mozilla/5.0 AppleWebKit/537.36 (KHTML, like Gecko; compatible; GPTBot/1.3; +https://openai.com/gptbot)"
74.7.227.137 - - [13/Mar/2026:19:14:59 +0700] "GET /wp-includes/class-wp-feed-cache-transient.php HTTP/2" 500 0 "https://www.pt-stp.com.webyourday.com/wp-includes/" "Mozilla/5.0 AppleWebKit/537.36 (KHTML, like Gecko; compatible; GPTBot/1.3; +https://openai.com/gptbot)"
74.7.227.137 - - [13/Mar/2026:19:15:00 +0700] "GET /tx_2.php?dir=%2Fhome%2Fwebw9215%2Fpublic_html%2Fwp-content%2Fplugins%2Felementor%2Fmodules%2Fpromotions&edit=1&file=module.php HTTP/2" 200 1847 "https://www.pt-stp.com.webyourday.com/tx_2.php?dir=%2Fhome%2Fwebw9215%2Fpublic_html%2Fwp-content%2Fplugins%2Felementor%2Fmodules%2Fpromotions" "Mozilla/5.0 AppleWebKit/537.36 (KHTML, like Gecko; compatible; GPTBot/1.3; +https://openai.com/gptbot)"
