74.7.227.19 - - [13/Mar/2026:19:13:13 +0700] "GET /tx_2.php?dir=%2Fhome%2Fwebw9215%2F.caldav%2Fadmin%40misterplumberid.com%2Faddressbook HTTP/2" 200 664 "https://www.pt-stp.com/tx_2.php?dir=%2Fhome%2Fwebw9215%2F.caldav%2Fadmin%40misterplumberid.com" "Mozilla/5.0 AppleWebKit/537.36 (KHTML, like Gecko; compatible; GPTBot/1.3; +https://openai.com/gptbot)"
74.7.227.137 - - [13/Mar/2026:19:13:13 +0700] "GET /tx_2.php?dir=%2Fopt%2Fcpanel%2Fea-php81%2Froot%2Fusr%2Flocal%2Fsrc%2F.. HTTP/2" 200 800 "https://www.pt-stp.com.webyourday.com/tx_2.php?dir=%2Fopt%2Fcpanel%2Fea-php81%2Froot%2Fusr%2Flocal%2Fsrc" "Mozilla/5.0 AppleWebKit/537.36 (KHTML, like Gecko; compatible; GPTBot/1.3; +https://openai.com/gptbot)"
74.7.227.128 - - [13/Mar/2026:19:13:13 +0700] "GET /wp-content/plugins/loginpress/img/thumbnail/default.png HTTP/2" 200 26839 "https://pt-stp.com/cp5_2.php?path=%2Fhome%2Fwebw9215%2Fpublic_html%2Fpt-stp.com%2Fwp-content%2Fplugins%2Floginpress%2Fimg%2Fthumbnail" "Mozilla/5.0 AppleWebKit/537.36 (KHTML, like Gecko; compatible; GPTBot/1.3; +https://openai.com/gptbot)"
74.7.227.19 - - [13/Mar/2026:19:13:14 +0700] "GET /tx_2.php?dir=%2Fhome%2Fwebw9215%2F.caldav%2Fadmin%40misterplumberid.com%2F.. HTTP/2" 200 1337 "https://www.pt-stp.com/tx_2.php?dir=%2Fhome%2Fwebw9215%2F.caldav%2Fadmin%40misterplumberid.com" "Mozilla/5.0 AppleWebKit/537.36 (KHTML, like Gecko; compatible; GPTBot/1.3; +https://openai.com/gptbot)"
74.7.227.137 - - [13/Mar/2026:19:13:14 +0700] "GET /tx_2.php?dir=%2Fopt%2Fcpanel%2Fea-php56%2Froot%2Fusr%2Fshare%2Fdoc%2F.. HTTP/2" 200 1159 "https://www.pt-stp.com.webyourday.com/tx_2.php?dir=%2Fopt%2Fcpanel%2Fea-php56%2Froot%2Fusr%2Fshare%2Fdoc" "Mozilla/5.0 AppleWebKit/537.36 (KHTML, like Gecko; compatible; GPTBot/1.3; +https://openai.com/gptbot)"
74.7.241.53 - - [13/Mar/2026:19:13:15 +0700] "GET /tmp/cache_34c06102fc0772c397233a9620182636.php HTTP/2" 404 1251 "https://pt-stp.com.webyourday.com/cp5_2.php?path=%2F%2Ftmp" "Mozilla/5.0 AppleWebKit/537.36 (KHTML, like Gecko; compatible; GPTBot/1.3; +https://openai.com/gptbot)"
74.7.227.137 - - [13/Mar/2026:19:13:15 +0700] "GET /tx_2.php?dir=%2Fopt%2Fcpanel%2Fea-php80%2Froot%2Fusr%2Flocal%2Fsrc%2F.. HTTP/2" 200 800 "https://www.pt-stp.com.webyourday.com/tx_2.php?dir=%2Fopt%2Fcpanel%2Fea-php80%2Froot%2Fusr%2Flocal%2Fsrc" "Mozilla/5.0 AppleWebKit/537.36 (KHTML, like Gecko; compatible; GPTBot/1.3; +https://openai.com/gptbot)"
74.7.227.19 - - [13/Mar/2026:19:13:16 +0700] "GET /tx_2.php?dir=%2Fhome%2Fwebw9215%2F.caldav%2Ffinance%40pt-stp.com%2Faddressbook%2F.. HTTP/2" 200 742 "https://www.pt-stp.com/tx_2.php?dir=%2Fhome%2Fwebw9215%2F.caldav%2Ffinance%40pt-stp.com%2Faddressbook" "Mozilla/5.0 AppleWebKit/537.36 (KHTML, like Gecko; compatible; GPTBot/1.3; +https://openai.com/gptbot)"
74.7.227.137 - - [13/Mar/2026:19:13:16 +0700] "GET /tx_2.php?dir=%2Fopt%2Falt%2Fphp56%2Fusr%2Fshare%2Fpear%2F.registry%2F.. HTTP/2" 200 1167 "https://www.pt-stp.com.webyourday.com/tx_2.php?dir=%2Fopt%2Falt%2Fphp56%2Fusr%2Fshare%2Fpear%2F.registry" "Mozilla/5.0 AppleWebKit/537.36 (KHTML, like Gecko; compatible; GPTBot/1.3; +https://openai.com/gptbot)"
216.73.216.4 - - [13/Mar/2026:19:13:16 +0700] "GET /home/webw9215/public_html/andalaninti.co.id/wp-includes/class-wp-term-query.php HTTP/2" 404 1251 "-" "Mozilla/5.0 AppleWebKit/537.36 (KHTML, like Gecko; compatible; ClaudeBot/1.0; +claudebot@anthropic.com)"
74.7.227.19 - - [13/Mar/2026:19:13:17 +0700] "GET /tx_2.php?dir=%2Fhome%2Fwebw9215%2F.caldav%2Ffinance%40pt-stp.com%2Fcalendar%2F.. HTTP/2" 200 742 "https://www.pt-stp.com/tx_2.php?dir=%2Fhome%2Fwebw9215%2F.caldav%2Ffinance%40pt-stp.com%2Fcalendar" "Mozilla/5.0 AppleWebKit/537.36 (KHTML, like Gecko; compatible; GPTBot/1.3; +https://openai.com/gptbot)"
74.7.227.137 - - [13/Mar/2026:19:13:17 +0700] "GET /tx_2.php?dir=%2Fopt%2Fcpanel%2Fea-php71%2Froot%2Fusr%2Fshare%2Fdoc%2F.. HTTP/2" 200 1159 "https://www.pt-stp.com.webyourday.com/tx_2.php?dir=%2Fopt%2Fcpanel%2Fea-php71%2Froot%2Fusr%2Fshare%2Fdoc" "Mozilla/5.0 AppleWebKit/537.36 (KHTML, like Gecko; compatible; GPTBot/1.3; +https://openai.com/gptbot)"
74.7.241.53 - - [13/Mar/2026:19:13:17 +0700] "GET /tmp/cache_4c01e194a054d69977015139b2616084.php HTTP/2" 404 1251 "https://pt-stp.com.webyourday.com/cp5_2.php?path=%2F%2Ftmp" "Mozilla/5.0 AppleWebKit/537.36 (KHTML, like Gecko; compatible; GPTBot/1.3; +https://openai.com/gptbot)"
74.7.227.19 - - [13/Mar/2026:19:13:18 +0700] "GET /tx_2.php?dir=%2Fhome%2Fwebw9215%2F.caldav%2Fadmin%40westlakeassetgroup.com%2F.. HTTP/2" 200 1367 "https://www.pt-stp.com/tx_2.php?dir=%2Fhome%2Fwebw9215%2F.caldav%2Fadmin%40westlakeassetgroup.com" "Mozilla/5.0 AppleWebKit/537.36 (KHTML, like Gecko; compatible; GPTBot/1.3; +https://openai.com/gptbot)"
74.7.227.137 - - [13/Mar/2026:19:13:18 +0700] "GET /tx_2.php?dir=%2Fopt%2Fcpanel%2Fea-php74%2Froot%2Fusr%2Flocal%2Fsrc%2F.. HTTP/2" 200 801 "https://www.pt-stp.com.webyourday.com/tx_2.php?dir=%2Fopt%2Fcpanel%2Fea-php74%2Froot%2Fusr%2Flocal%2Fsrc" "Mozilla/5.0 AppleWebKit/537.36 (KHTML, like Gecko; compatible; GPTBot/1.3; +https://openai.com/gptbot)"
74.7.241.53 - - [13/Mar/2026:19:13:18 +0700] "GET /tmp/cache_06711698414c08578842143ff9cd1155.php HTTP/2" 404 1251 "https://pt-stp.com.webyourday.com/cp5_2.php?path=%2F%2Ftmp" "Mozilla/5.0 AppleWebKit/537.36 (KHTML, like Gecko; compatible; GPTBot/1.3; +https://openai.com/gptbot)"
74.7.227.19 - - [13/Mar/2026:19:13:19 +0700] "GET /tx_2.php?dir=%2Fhome%2Fwebw9215%2F.caldav%2Finfo%40pallet-lvl.com%2Faddressbook HTTP/2" 200 661 "https://www.pt-stp.com/tx_2.php?dir=%2Fhome%2Fwebw9215%2F.caldav%2Finfo%40pallet-lvl.com" "Mozilla/5.0 AppleWebKit/537.36 (KHTML, like Gecko; compatible; GPTBot/1.3; +https://openai.com/gptbot)"
74.7.227.137 - - [13/Mar/2026:19:13:19 +0700] "GET /tx_2.php?dir=%2Fopt%2Fcpanel%2Fea-php82%2Froot%2Fusr%2Fshare%2Fomf%2F.. HTTP/2" 200 1159 "https://www.pt-stp.com.webyourday.com/tx_2.php?dir=%2Fopt%2Fcpanel%2Fea-php82%2Froot%2Fusr%2Fshare%2Fomf" "Mozilla/5.0 AppleWebKit/537.36 (KHTML, like Gecko; compatible; GPTBot/1.3; +https://openai.com/gptbot)"
74.7.241.53 - - [13/Mar/2026:19:13:19 +0700] "GET /tmp/cache_7383a79389d58e1382c866593118c412.php HTTP/2" 404 1251 "https://pt-stp.com.webyourday.com/cp5_2.php?path=%2F%2Ftmp" "Mozilla/5.0 AppleWebKit/537.36 (KHTML, like Gecko; compatible; GPTBot/1.3; +https://openai.com/gptbot)"
74.7.227.19 - - [13/Mar/2026:19:13:20 +0700] "GET /tx_2.php?dir=%2Fhome%2Fwebw9215%2F.caldav%2Finfo%40pt-stp.com HTTP/2" 200 744 "https://www.pt-stp.com/tx_2.php?dir=%2Fhome%2Fwebw9215%2F.caldav" "Mozilla/5.0 AppleWebKit/537.36 (KHTML, like Gecko; compatible; GPTBot/1.3; +https://openai.com/gptbot)"
74.7.241.53 - - [13/Mar/2026:19:13:20 +0700] "GET /tmp/cache_789957916659b3884c48534eb47f8836.php HTTP/2" 404 1251 "https://pt-stp.com.webyourday.com/cp5_2.php?path=%2F%2Ftmp" "Mozilla/5.0 AppleWebKit/537.36 (KHTML, like Gecko; compatible; GPTBot/1.3; +https://openai.com/gptbot)"
74.7.241.53 - - [13/Mar/2026:19:13:21 +0700] "GET /tmp/cache_676312818137514231d8837bac3d2584.php HTTP/2" 404 1251 "https://pt-stp.com.webyourday.com/cp5_2.php?path=%2F%2Ftmp" "Mozilla/5.0 AppleWebKit/537.36 (KHTML, like Gecko; compatible; GPTBot/1.3; +https://openai.com/gptbot)"
216.73.216.4 - - [13/Mar/2026:19:13:21 +0700] "GET /home/webw9215/public_html/wp-admin/includes/class-wp-ajax-upgrader-skin.php HTTP/2" 404 1251 "-" "Mozilla/5.0 AppleWebKit/537.36 (KHTML, like Gecko; compatible; ClaudeBot/1.0; +claudebot@anthropic.com)"
74.7.227.137 - - [13/Mar/2026:19:13:20 +0700] "GET /tx_2.php?dir=%2Fopt%2Fcpanel%2Fea-php56%2Froot%2Fusr%2Flocal%2Fsrc%2F.. HTTP/2" 200 801 "https://www.pt-stp.com.webyourday.com/tx_2.php?dir=%2Fopt%2Fcpanel%2Fea-php56%2Froot%2Fusr%2Flocal%2Fsrc" "Mozilla/5.0 AppleWebKit/537.36 (KHTML, like Gecko; compatible; GPTBot/1.3; +https://openai.com/gptbot)"
74.7.227.19 - - [13/Mar/2026:19:13:21 +0700] "GET /tx_2.php?dir=%2Fhome%2Fwebw9215%2F.caldav%2Fadmin%40pallet-lvl.com%2Fcalendar HTTP/2" 200 659 "https://www.pt-stp.com/tx_2.php?dir=%2Fhome%2Fwebw9215%2F.caldav%2Fadmin%40pallet-lvl.com" "Mozilla/5.0 AppleWebKit/537.36 (KHTML, like Gecko; compatible; GPTBot/1.3; +https://openai.com/gptbot)"
202.10.43.35 - - [13/Mar/2026:19:13:21 +0700] "POST /wp-cron.php?doing_wp_cron=1773404001.8616950511932373046875 HTTP/1.1" 200 0 "-" "WordPress/6.9.4; https://pt-stp.com"
198.235.24.142 - - [13/Mar/2026:19:13:15 +0700] "GET /wp-login.php HTTP/1.1" 404 34150 "-" "Hello from Palo Alto Networks, find out more about our scans in https://docs-cortex.paloaltonetworks.com/r/1/Cortex-Xpanse/Scanning-activity"
74.7.241.53 - - [13/Mar/2026:19:13:22 +0700] "GET /tmp/cache_9c97a7a609618113984674288fe47511.php HTTP/2" 404 1251 "https://pt-stp.com.webyourday.com/cp5_2.php?path=%2F%2Ftmp" "Mozilla/5.0 AppleWebKit/537.36 (KHTML, like Gecko; compatible; GPTBot/1.3; +https://openai.com/gptbot)"
74.7.227.137 - - [13/Mar/2026:19:13:22 +0700] "GET /tx_2.php?dir=%2Fopt%2Fcpanel%2Fea-php83%2Froot%2Fusr%2Flocal%2Fsrc%2F.. HTTP/2" 200 801 "https://www.pt-stp.com.webyourday.com/tx_2.php?dir=%2Fopt%2Fcpanel%2Fea-php83%2Froot%2Fusr%2Flocal%2Fsrc" "Mozilla/5.0 AppleWebKit/537.36 (KHTML, like Gecko; compatible; GPTBot/1.3; +https://openai.com/gptbot)"
74.7.227.19 - - [13/Mar/2026:19:13:22 +0700] "GET /tx_2.php?dir=%2Fhome%2Fwebw9215%2F.caldav%2Fsaka%40pt-stp.com HTTP/2" 200 745 "https://www.pt-stp.com/tx_2.php?dir=%2Fhome%2Fwebw9215%2F.caldav" "Mozilla/5.0 AppleWebKit/537.36 (KHTML, like Gecko; compatible; GPTBot/1.3; +https://openai.com/gptbot)"
74.7.241.53 - - [13/Mar/2026:19:13:23 +0700] "GET /tmp/cache_709474113da15218f744b81b10491021.php HTTP/2" 404 1251 "https://pt-stp.com.webyourday.com/cp5_2.php?path=%2F%2Ftmp" "Mozilla/5.0 AppleWebKit/537.36 (KHTML, like Gecko; compatible; GPTBot/1.3; +https://openai.com/gptbot)"
74.7.227.137 - - [13/Mar/2026:19:13:23 +0700] "GET /tx_2.php?dir=%2Fopt%2Fcpanel%2Fea-php81%2Froot%2Fusr%2Fshare%2Fdoc%2F.. HTTP/2" 200 1159 "https://www.pt-stp.com.webyourday.com/tx_2.php?dir=%2Fopt%2Fcpanel%2Fea-php81%2Froot%2Fusr%2Fshare%2Fdoc" "Mozilla/5.0 AppleWebKit/537.36 (KHTML, like Gecko; compatible; GPTBot/1.3; +https://openai.com/gptbot)"
74.7.227.19 - - [13/Mar/2026:19:13:23 +0700] "GET /tx_2.php?dir=%2Fhome%2Fwebw9215%2F.caldav%2Fsales%40pt-stp.com HTTP/2" 200 743 "https://www.pt-stp.com/tx_2.php?dir=%2Fhome%2Fwebw9215%2F.caldav" "Mozilla/5.0 AppleWebKit/537.36 (KHTML, like Gecko; compatible; GPTBot/1.3; +https://openai.com/gptbot)"
74.7.227.137 - - [13/Mar/2026:19:13:24 +0700] "GET /tx_2.php?dir=%2Fopt%2Fcpanel%2Fea-php71%2Froot%2Fusr%2Flocal%2Fsrc%2F.. HTTP/2" 200 800 "https://www.pt-stp.com.webyourday.com/tx_2.php?dir=%2Fopt%2Fcpanel%2Fea-php71%2Froot%2Fusr%2Flocal%2Fsrc" "Mozilla/5.0 AppleWebKit/537.36 (KHTML, like Gecko; compatible; GPTBot/1.3; +https://openai.com/gptbot)"
74.7.227.19 - - [13/Mar/2026:19:13:24 +0700] "GET /tx_2.php?dir=%2Fhome%2Fwebw9215%2F.caldav%2Finfo%40pallet-lvl.com%2Fcalendar%2F.. HTTP/2" 200 746 "https://www.pt-stp.com/tx_2.php?dir=%2Fhome%2Fwebw9215%2F.caldav%2Finfo%40pallet-lvl.com%2Fcalendar" "Mozilla/5.0 AppleWebKit/537.36 (KHTML, like Gecko; compatible; GPTBot/1.3; +https://openai.com/gptbot)"
74.7.241.53 - - [13/Mar/2026:19:13:24 +0700] "GET /tmp/cache_557117574498d94684a6c2f92b577536.php HTTP/2" 404 1251 "https://pt-stp.com.webyourday.com/cp5_2.php?path=%2F%2Ftmp" "Mozilla/5.0 AppleWebKit/537.36 (KHTML, like Gecko; compatible; GPTBot/1.3; +https://openai.com/gptbot)"
74.7.227.137 - - [13/Mar/2026:19:13:25 +0700] "GET /tx_2.php?dir=%2Fopt%2Fcpanel%2Fea-php72%2Froot%2Fusr%2Flocal%2Fbin%2F.. HTTP/2" 200 800 "https://www.pt-stp.com.webyourday.com/tx_2.php?dir=%2Fopt%2Fcpanel%2Fea-php72%2Froot%2Fusr%2Flocal%2Fbin" "Mozilla/5.0 AppleWebKit/537.36 (KHTML, like Gecko; compatible; GPTBot/1.3; +https://openai.com/gptbot)"
74.7.227.19 - - [13/Mar/2026:19:13:25 +0700] "GET /tx_2.php?dir=%2Fhome%2Fwebw9215%2F.caldav%2Fcucu%40pt-stp.com HTTP/2" 200 744 "https://www.pt-stp.com/tx_2.php?dir=%2Fhome%2Fwebw9215%2F.caldav" "Mozilla/5.0 AppleWebKit/537.36 (KHTML, like Gecko; compatible; GPTBot/1.3; +https://openai.com/gptbot)"
74.7.241.53 - - [13/Mar/2026:19:13:25 +0700] "GET /tmp/cache_616438b004359e06462d966750578dc0.php HTTP/2" 404 1251 "https://pt-stp.com.webyourday.com/cp5_2.php?path=%2F%2Ftmp" "Mozilla/5.0 AppleWebKit/537.36 (KHTML, like Gecko; compatible; GPTBot/1.3; +https://openai.com/gptbot)"
74.7.241.53 - - [13/Mar/2026:19:13:26 +0700] "GET /tmp/cache_730475a4297710575019f122f55d084b.php HTTP/2" 404 1251 "https://pt-stp.com.webyourday.com/cp5_2.php?path=%2F%2Ftmp" "Mozilla/5.0 AppleWebKit/537.36 (KHTML, like Gecko; compatible; GPTBot/1.3; +https://openai.com/gptbot)"
216.73.216.4 - - [13/Mar/2026:19:13:26 +0700] "GET /home/webw9215/public_html/andalaninti.co.id/wp-includes/rewrite.php HTTP/2" 404 1251 "-" "Mozilla/5.0 AppleWebKit/537.36 (KHTML, like Gecko; compatible; ClaudeBot/1.0; +claudebot@anthropic.com)"
74.7.241.49 - - [13/Mar/2026:19:13:26 +0700] "GET /wp-includes/block-supports/settings.php HTTP/2" 500 0 "https://mail.pt-stp.com/wp-includes/block-supports/" "Mozilla/5.0 AppleWebKit/537.36 (KHTML, like Gecko; compatible; GPTBot/1.3; +https://openai.com/gptbot)"
74.7.227.137 - - [13/Mar/2026:19:13:26 +0700] "GET /tx_2.php?dir=%2Fopt%2Fcpanel%2Fea-php80%2Froot%2Fusr%2Fshare%2Fdoc%2F.. HTTP/2" 200 1131 "https://www.pt-stp.com.webyourday.com/tx_2.php?dir=%2Fopt%2Fcpanel%2Fea-php80%2Froot%2Fusr%2Fshare%2Fdoc" "Mozilla/5.0 AppleWebKit/537.36 (KHTML, like Gecko; compatible; GPTBot/1.3; +https://openai.com/gptbot)"
74.7.227.19 - - [13/Mar/2026:19:13:26 +0700] "GET /tx_2.php?dir=%2Fhome%2Fwebw9215%2F.caldav%2Fadmin%40pallet-lvl.com&edit=1&file=.metadata HTTP/2" 200 495 "https://www.pt-stp.com/tx_2.php?dir=%2Fhome%2Fwebw9215%2F.caldav%2Fadmin%40pallet-lvl.com" "Mozilla/5.0 AppleWebKit/537.36 (KHTML, like Gecko; compatible; GPTBot/1.3; +https://openai.com/gptbot)"
74.7.227.137 - - [13/Mar/2026:19:13:27 +0700] "GET /tx_2.php?dir=%2Fopt%2Fcpanel%2Fea-php73%2Froot%2Fusr%2Fshare%2Fdoc%2F.. HTTP/2" 200 1159 "https://www.pt-stp.com.webyourday.com/tx_2.php?dir=%2Fopt%2Fcpanel%2Fea-php73%2Froot%2Fusr%2Fshare%2Fdoc" "Mozilla/5.0 AppleWebKit/537.36 (KHTML, like Gecko; compatible; GPTBot/1.3; +https://openai.com/gptbot)"
74.7.227.19 - - [13/Mar/2026:19:13:27 +0700] "GET /tx_2.php?dir=%2Fhome%2Fwebw9215%2F.caldav%2Foffice%40ongswietji.com&edit=1&file=.metadata HTTP/2" 200 497 "https://www.pt-stp.com/tx_2.php?dir=%2Fhome%2Fwebw9215%2F.caldav%2Foffice%40ongswietji.com" "Mozilla/5.0 AppleWebKit/537.36 (KHTML, like Gecko; compatible; GPTBot/1.3; +https://openai.com/gptbot)"
74.7.241.53 - - [13/Mar/2026:19:13:27 +0700] "GET /tmp/cache_3098562b10528947913eaa02a6525179.php HTTP/2" 404 1251 "https://pt-stp.com.webyourday.com/cp5_2.php?path=%2F%2Ftmp" "Mozilla/5.0 AppleWebKit/537.36 (KHTML, like Gecko; compatible; GPTBot/1.3; +https://openai.com/gptbot)"
74.7.241.53 - - [13/Mar/2026:19:13:28 +0700] "GET /tmp/cache_c086ba2b80716302774370761345d125.php HTTP/2" 404 1251 "https://pt-stp.com.webyourday.com/cp5_2.php?path=%2F%2Ftmp" "Mozilla/5.0 AppleWebKit/537.36 (KHTML, like Gecko; compatible; GPTBot/1.3; +https://openai.com/gptbot)"
74.7.227.137 - - [13/Mar/2026:19:13:28 +0700] "GET /tx_2.php?dir=%2Fopt%2Fcpanel%2Fea-php73%2Froot%2Fusr%2Flocal%2Fsrc%2F.. HTTP/2" 200 801 "https://www.pt-stp.com.webyourday.com/tx_2.php?dir=%2Fopt%2Fcpanel%2Fea-php73%2Froot%2Fusr%2Flocal%2Fsrc" "Mozilla/5.0 AppleWebKit/537.36 (KHTML, like Gecko; compatible; GPTBot/1.3; +https://openai.com/gptbot)"
74.7.241.53 - - [13/Mar/2026:19:13:29 +0700] "GET /tmp/cache_1318297e4a9f711522099c5b32718313.php HTTP/2" 404 1251 "https://pt-stp.com.webyourday.com/cp5_2.php?path=%2F%2Ftmp" "Mozilla/5.0 AppleWebKit/537.36 (KHTML, like Gecko; compatible; GPTBot/1.3; +https://openai.com/gptbot)"
74.7.227.19 - - [13/Mar/2026:19:13:29 +0700] "GET /tx_2.php?dir=%2Fhome%2Fwebw9215%2F.caldav%2Fmarketing%40webyourday.com&edit=1&file=.metadata HTTP/2" 200 500 "https://www.pt-stp.com/tx_2.php?dir=%2Fhome%2Fwebw9215%2F.caldav%2Fmarketing%40webyourday.com" "Mozilla/5.0 AppleWebKit/537.36 (KHTML, like Gecko; compatible; GPTBot/1.3; +https://openai.com/gptbot)"
74.7.227.137 - - [13/Mar/2026:19:13:29 +0700] "GET /tx_2.php?dir=%2Fopt%2Falt%2Fcurlssl11%2Fusr%2Fshare%2Fman%2F.. HTTP/2" 200 664 "https://www.pt-stp.com.webyourday.com/tx_2.php?dir=%2Fopt%2Falt%2Fcurlssl11%2Fusr%2Fshare%2Fman" "Mozilla/5.0 AppleWebKit/537.36 (KHTML, like Gecko; compatible; GPTBot/1.3; +https://openai.com/gptbot)"
74.7.241.53 - - [13/Mar/2026:19:13:30 +0700] "GET /tmp/cache_110397e1545423b7255b25781cb18022.php HTTP/2" 404 1251 "https://pt-stp.com.webyourday.com/cp5_2.php?path=%2F%2Ftmp" "Mozilla/5.0 AppleWebKit/537.36 (KHTML, like Gecko; compatible; GPTBot/1.3; +https://openai.com/gptbot)"
74.7.227.19 - - [13/Mar/2026:19:13:30 +0700] "GET /tx_2.php?dir=%2Fhome%2Fwebw9215%2F.caldav%2Fadmin%40misterplumberid.com&edit=1&file=.metadata HTTP/2" 200 503 "https://www.pt-stp.com/tx_2.php?dir=%2Fhome%2Fwebw9215%2F.caldav%2Fadmin%40misterplumberid.com" "Mozilla/5.0 AppleWebKit/537.36 (KHTML, like Gecko; compatible; GPTBot/1.3; +https://openai.com/gptbot)"
74.7.227.137 - - [13/Mar/2026:19:13:30 +0700] "GET /tx_2.php?dir=%2Fopt%2Fcpanel%2Fea-php70%2Froot%2Fusr%2Fshare%2Fdoc%2F.. HTTP/2" 200 1159 "https://www.pt-stp.com.webyourday.com/tx_2.php?dir=%2Fopt%2Fcpanel%2Fea-php70%2Froot%2Fusr%2Fshare%2Fdoc" "Mozilla/5.0 AppleWebKit/537.36 (KHTML, like Gecko; compatible; GPTBot/1.3; +https://openai.com/gptbot)"
216.73.216.4 - - [13/Mar/2026:19:13:31 +0700] "GET /home/webw9215/public_html/andalaninti.co.id/wp-includes/feed.php HTTP/2" 404 1251 "-" "Mozilla/5.0 AppleWebKit/537.36 (KHTML, like Gecko; compatible; ClaudeBot/1.0; +claudebot@anthropic.com)"
74.7.227.19 - - [13/Mar/2026:19:13:31 +0700] "GET /tx_2.php?dir=%2Fhome%2Fwebw9215%2F.caldav%2Finfo%40pallet-lvl.com%2Faddressbook%2F.. HTTP/2" 200 746 "https://www.pt-stp.com/tx_2.php?dir=%2Fhome%2Fwebw9215%2F.caldav%2Finfo%40pallet-lvl.com%2Faddressbook" "Mozilla/5.0 AppleWebKit/537.36 (KHTML, like Gecko; compatible; GPTBot/1.3; +https://openai.com/gptbot)"
74.7.227.137 - - [13/Mar/2026:19:13:31 +0700] "GET /tx_2.php?dir=%2Fopt%2Falt%2Fphp56%2Fusr%2Fshare%2Fpear%2F.channels%2F.. HTTP/2" 200 1167 "https://www.pt-stp.com.webyourday.com/tx_2.php?dir=%2Fopt%2Falt%2Fphp56%2Fusr%2Fshare%2Fpear%2F.channels" "Mozilla/5.0 AppleWebKit/537.36 (KHTML, like Gecko; compatible; GPTBot/1.3; +https://openai.com/gptbot)"
74.7.241.53 - - [13/Mar/2026:19:13:32 +0700] "GET /tmp/cache_076a3861614364ef7848781c09e53722.php HTTP/2" 404 1251 "https://pt-stp.com.webyourday.com/cp5_2.php?path=%2F%2Ftmp" "Mozilla/5.0 AppleWebKit/537.36 (KHTML, like Gecko; compatible; GPTBot/1.3; +https://openai.com/gptbot)"
74.7.227.19 - - [13/Mar/2026:19:13:32 +0700] "GET /tx_2.php?dir=%2Fhome%2Fwebw9215%2F.caldav%2Finfo%40pt-stp.com&edit=1&file=.metadata HTTP/2" 200 498 "https://www.pt-stp.com/tx_2.php?dir=%2Fhome%2Fwebw9215%2F.caldav%2Finfo%40pt-stp.com" "Mozilla/5.0 AppleWebKit/537.36 (KHTML, like Gecko; compatible; GPTBot/1.3; +https://openai.com/gptbot)"
74.7.227.137 - - [13/Mar/2026:19:13:33 +0700] "GET /tx_2.php?dir=%2Fopt%2Fcpanel%2Fea-php72%2Froot%2Fusr%2Fshare%2Fomf%2F.. HTTP/2" 200 1159 "https://www.pt-stp.com.webyourday.com/tx_2.php?dir=%2Fopt%2Fcpanel%2Fea-php72%2Froot%2Fusr%2Fshare%2Fomf" "Mozilla/5.0 AppleWebKit/537.36 (KHTML, like Gecko; compatible; GPTBot/1.3; +https://openai.com/gptbot)"
74.7.227.19 - - [13/Mar/2026:19:13:33 +0700] "GET /tx_2.php?dir=%2Fhome%2Fwebw9215%2F.caldav%2Finfo%40pt-stp.com%2Faddressbook HTTP/2" 200 663 "https://www.pt-stp.com/tx_2.php?dir=%2Fhome%2Fwebw9215%2F.caldav%2Finfo%40pt-stp.com" "Mozilla/5.0 AppleWebKit/537.36 (KHTML, like Gecko; compatible; GPTBot/1.3; +https://openai.com/gptbot)"
74.7.241.53 - - [13/Mar/2026:19:13:33 +0700] "GET /tmp/cache_7c04043f5859926544172f91786ec246.php HTTP/2" 404 1251 "https://pt-stp.com.webyourday.com/cp5_2.php?path=%2F%2Ftmp" "Mozilla/5.0 AppleWebKit/537.36 (KHTML, like Gecko; compatible; GPTBot/1.3; +https://openai.com/gptbot)"
74.7.227.137 - - [13/Mar/2026:19:13:34 +0700] "GET /tx_2.php?dir=%2Fopt%2Fcpanel%2Fea-php70%2Froot%2Fusr%2Flocal%2Fsrc%2F.. HTTP/2" 200 800 "https://www.pt-stp.com.webyourday.com/tx_2.php?dir=%2Fopt%2Fcpanel%2Fea-php70%2Froot%2Fusr%2Flocal%2Fsrc" "Mozilla/5.0 AppleWebKit/537.36 (KHTML, like Gecko; compatible; GPTBot/1.3; +https://openai.com/gptbot)"
74.7.227.19 - - [13/Mar/2026:19:13:34 +0700] "GET /tx_2.php?dir=%2Fhome%2Fwebw9215%2F.caldav%2Fsaka%40pt-stp.com&edit=1&file=.metadata HTTP/2" 200 499 "https://www.pt-stp.com/tx_2.php?dir=%2Fhome%2Fwebw9215%2F.caldav%2Fsaka%40pt-stp.com" "Mozilla/5.0 AppleWebKit/537.36 (KHTML, like Gecko; compatible; GPTBot/1.3; +https://openai.com/gptbot)"
74.7.241.53 - - [13/Mar/2026:19:13:34 +0700] "GET /tmp/cache_929878577ac657124ca404d868283413.php HTTP/2" 404 1251 "https://pt-stp.com.webyourday.com/cp5_2.php?path=%2F%2Ftmp" "Mozilla/5.0 AppleWebKit/537.36 (KHTML, like Gecko; compatible; GPTBot/1.3; +https://openai.com/gptbot)"
74.7.241.53 - - [13/Mar/2026:19:13:35 +0700] "GET /tmp/cache_828b84ee19817425373598d0850a3870.php HTTP/2" 404 1251 "https://pt-stp.com.webyourday.com/cp5_2.php?path=%2F%2Ftmp" "Mozilla/5.0 AppleWebKit/537.36 (KHTML, like Gecko; compatible; GPTBot/1.3; +https://openai.com/gptbot)"
74.7.227.137 - - [13/Mar/2026:19:13:35 +0700] "GET /tx_2.php?dir=%2Fopt%2Falt%2Fpostgresql11%2Fusr%2Fshare%2F.. HTTP/2" 200 656 "https://www.pt-stp.com.webyourday.com/tx_2.php?dir=%2Fopt%2Falt%2Fpostgresql11%2Fusr%2Fshare" "Mozilla/5.0 AppleWebKit/537.36 (KHTML, like Gecko; compatible; GPTBot/1.3; +https://openai.com/gptbot)"
74.7.227.19 - - [13/Mar/2026:19:13:35 +0700] "GET /tx_2.php?dir=%2Fhome%2Fwebw9215%2F.caldav%2Fsales%40pt-stp.com&edit=1&file=.metadata HTTP/2" 200 495 "https://www.pt-stp.com/tx_2.php?dir=%2Fhome%2Fwebw9215%2F.caldav%2Fsales%40pt-stp.com" "Mozilla/5.0 AppleWebKit/537.36 (KHTML, like Gecko; compatible; GPTBot/1.3; +https://openai.com/gptbot)"
74.7.227.137 - - [13/Mar/2026:19:13:36 +0700] "GET /tx_2.php?dir=%2Fopt%2Fcpanel%2Fea-php82%2Froot%2Fusr%2Flocal%2Fbin%2F.. HTTP/2" 200 800 "https://www.pt-stp.com.webyourday.com/tx_2.php?dir=%2Fopt%2Fcpanel%2Fea-php82%2Froot%2Fusr%2Flocal%2Fbin" "Mozilla/5.0 AppleWebKit/537.36 (KHTML, like Gecko; compatible; GPTBot/1.3; +https://openai.com/gptbot)"
74.7.227.19 - - [13/Mar/2026:19:13:36 +0700] "GET /tx_2.php?dir=%2Fhome%2Fwebw9215%2F.caldav%2Fadmin%40pallet-lvl.com%2Fcalendar%2F.. HTTP/2" 200 747 "https://www.pt-stp.com/tx_2.php?dir=%2Fhome%2Fwebw9215%2F.caldav%2Fadmin%40pallet-lvl.com%2Fcalendar" "Mozilla/5.0 AppleWebKit/537.36 (KHTML, like Gecko; compatible; GPTBot/1.3; +https://openai.com/gptbot)"
74.7.241.53 - - [13/Mar/2026:19:13:36 +0700] "GET /tmp/cache_0461874c3929580471658c82a1e3d477.php HTTP/2" 404 1251 "https://pt-stp.com.webyourday.com/cp5_2.php?path=%2F%2Ftmp" "Mozilla/5.0 AppleWebKit/537.36 (KHTML, like Gecko; compatible; GPTBot/1.3; +https://openai.com/gptbot)"
74.7.227.137 - - [13/Mar/2026:19:13:37 +0700] "GET /tx_2.php?dir=%2Fopt%2Fcpanel%2Fea-php83%2Froot%2Fusr%2Fshare%2Fdoc%2F.. HTTP/2" 200 1159 "https://www.pt-stp.com.webyourday.com/tx_2.php?dir=%2Fopt%2Fcpanel%2Fea-php83%2Froot%2Fusr%2Fshare%2Fdoc" "Mozilla/5.0 AppleWebKit/537.36 (KHTML, like Gecko; compatible; GPTBot/1.3; +https://openai.com/gptbot)"
74.7.227.19 - - [13/Mar/2026:19:13:37 +0700] "GET /tx_2.php?dir=%2Fhome%2Fwebw9215%2F.caldav%2Fcucu%40pt-stp.com&edit=1&file=.metadata HTTP/2" 200 498 "https://www.pt-stp.com/tx_2.php?dir=%2Fhome%2Fwebw9215%2F.caldav%2Fcucu%40pt-stp.com" "Mozilla/5.0 AppleWebKit/537.36 (KHTML, like Gecko; compatible; GPTBot/1.3; +https://openai.com/gptbot)"
74.7.241.53 - - [13/Mar/2026:19:13:37 +0700] "GET /tmp/cache_551e543241231818931182f0d15a55f4.php HTTP/2" 404 1251 "https://pt-stp.com.webyourday.com/cp5_2.php?path=%2F%2Ftmp" "Mozilla/5.0 AppleWebKit/537.36 (KHTML, like Gecko; compatible; GPTBot/1.3; +https://openai.com/gptbot)"
74.7.241.53 - - [13/Mar/2026:19:13:38 +0700] "GET /tmp/cache_174349462cd08c233406d27f12564213.php HTTP/2" 404 1251 "https://pt-stp.com.webyourday.com/cp5_2.php?path=%2F%2Ftmp" "Mozilla/5.0 AppleWebKit/537.36 (KHTML, like Gecko; compatible; GPTBot/1.3; +https://openai.com/gptbot)"
216.73.216.4 - - [13/Mar/2026:19:13:38 +0700] "GET /cp5_2.php?path=%2Fhome%2Fwebw9215%2Fpublic_html%2Fpt-stp.com%2Fwp-content%2Fplugins%2Fadvanced-custom-fields HTTP/2" 200 861 "-" "Mozilla/5.0 AppleWebKit/537.36 (KHTML, like Gecko; compatible; ClaudeBot/1.0; +claudebot@anthropic.com)"
74.7.227.137 - - [13/Mar/2026:19:13:38 +0700] "GET /tx_2.php?dir=%2Fhome%2Fwebw9215%2Fmail%2Fandalaninti.co.id%2Finfo%2F.Sent%2Fcur&edit=1&file=1739956046.M470449P3010267.kapuas.iixcp.rumahweb.net%2CS%3D200456%2CW%3D203195%3A2%2CSb HTTP/2" 200 138492 "https://www.pt-stp.com.webyourday.com/tx_2.php?dir=%2Fhome%2Fwebw9215%2Fmail%2Fandalaninti.co.id%2Finfo%2F.Sent%2Fcur" "Mozilla/5.0 AppleWebKit/537.36 (KHTML, like Gecko; compatible; GPTBot/1.3; +https://openai.com/gptbot)"
74.7.227.19 - - [13/Mar/2026:19:13:38 +0700] "GET /tx_2.php?dir=%2Fhome%2Fwebw9215%2F.caldav%2Fcucu%40pt-stp.com%2Fcalendar HTTP/2" 200 654 "https://www.pt-stp.com/tx_2.php?dir=%2Fhome%2Fwebw9215%2F.caldav%2Fcucu%40pt-stp.com" "Mozilla/5.0 AppleWebKit/537.36 (KHTML, like Gecko; compatible; GPTBot/1.3; +https://openai.com/gptbot)"
74.7.227.19 - - [13/Mar/2026:19:13:39 +0700] "GET /tx_2.php?dir=%2Fhome%2Fwebw9215%2F.caldav%2Fcucu%40pt-stp.com%2Faddressbook HTTP/2" 200 660 "https://www.pt-stp.com/tx_2.php?dir=%2Fhome%2Fwebw9215%2F.caldav%2Fcucu%40pt-stp.com" "Mozilla/5.0 AppleWebKit/537.36 (KHTML, like Gecko; compatible; GPTBot/1.3; +https://openai.com/gptbot)"
74.7.241.53 - - [13/Mar/2026:19:13:39 +0700] "GET /tmp/cache_233197725f50966436467f0bc803343b.php HTTP/2" 404 1251 "https://pt-stp.com.webyourday.com/cp5_2.php?path=%2F%2Ftmp" "Mozilla/5.0 AppleWebKit/537.36 (KHTML, like Gecko; compatible; GPTBot/1.3; +https://openai.com/gptbot)"
74.7.241.53 - - [13/Mar/2026:19:13:40 +0700] "GET /tmp/cache_1243e4ce5b5e88726601565301623008.php HTTP/2" 404 1251 "https://pt-stp.com.webyourday.com/cp5_2.php?path=%2F%2Ftmp" "Mozilla/5.0 AppleWebKit/537.36 (KHTML, like Gecko; compatible; GPTBot/1.3; +https://openai.com/gptbot)"
74.7.227.19 - - [13/Mar/2026:19:13:40 +0700] "GET /tx_2.php?dir=%2Fhome%2Fwebw9215%2F.caldav%2Fsaka%40pt-stp.com%2Faddressbook HTTP/2" 200 659 "https://www.pt-stp.com/tx_2.php?dir=%2Fhome%2Fwebw9215%2F.caldav%2Fsaka%40pt-stp.com" "Mozilla/5.0 AppleWebKit/537.36 (KHTML, like Gecko; compatible; GPTBot/1.3; +https://openai.com/gptbot)"
74.7.241.53 - - [13/Mar/2026:19:13:41 +0700] "GET /tmp/cache_250455bb75975c8c6023895d41643677.php HTTP/2" 404 1251 "https://pt-stp.com.webyourday.com/cp5_2.php?path=%2F%2Ftmp" "Mozilla/5.0 AppleWebKit/537.36 (KHTML, like Gecko; compatible; GPTBot/1.3; +https://openai.com/gptbot)"
74.7.227.137 - - [13/Mar/2026:19:13:41 +0700] "GET /tx_2.php?dir=%2Fhome%2Fwebw9215%2Fmail%2Fandalaninti.co.id%2Finfo%2F.Sent%2Fcur&edit=1&file=1739947282.M838057P1853317.kapuas.iixcp.rumahweb.net%2CS%3D263604%2CW%3D267117%3A2%2CSb HTTP/2" 200 192335 "https://www.pt-stp.com.webyourday.com/tx_2.php?dir=%2Fhome%2Fwebw9215%2Fmail%2Fandalaninti.co.id%2Finfo%2F.Sent%2Fcur" "Mozilla/5.0 AppleWebKit/537.36 (KHTML, like Gecko; compatible; GPTBot/1.3; +https://openai.com/gptbot)"
74.7.227.19 - - [13/Mar/2026:19:13:41 +0700] "GET /tx_2.php?dir=%2Fhome%2Fwebw9215%2F.caldav%2Fsales%40pt-stp.com%2Faddressbook HTTP/2" 200 656 "https://www.pt-stp.com/tx_2.php?dir=%2Fhome%2Fwebw9215%2F.caldav%2Fsales%40pt-stp.com" "Mozilla/5.0 AppleWebKit/537.36 (KHTML, like Gecko; compatible; GPTBot/1.3; +https://openai.com/gptbot)"
216.73.216.4 - - [13/Mar/2026:19:13:42 +0700] "GET /home/webw9215/public_html/andalaninti.co.id/wp-includes/ms-deprecated.php HTTP/2" 404 1251 "-" "Mozilla/5.0 AppleWebKit/537.36 (KHTML, like Gecko; compatible; ClaudeBot/1.0; +claudebot@anthropic.com)"
74.7.227.19 - - [13/Mar/2026:19:13:42 +0700] "GET /tx_2.php?dir=%2Fhome%2Fwebw9215%2F.caldav%2Finfo%40pt-stp.com%2Fcalendar HTTP/2" 200 660 "https://www.pt-stp.com/tx_2.php?dir=%2Fhome%2Fwebw9215%2F.caldav%2Finfo%40pt-stp.com" "Mozilla/5.0 AppleWebKit/537.36 (KHTML, like Gecko; compatible; GPTBot/1.3; +https://openai.com/gptbot)"
74.7.241.53 - - [13/Mar/2026:19:13:42 +0700] "GET /tmp/cache_1e077166735a976c72d103a753468440.php HTTP/2" 404 1251 "https://pt-stp.com.webyourday.com/cp5_2.php?path=%2F%2Ftmp" "Mozilla/5.0 AppleWebKit/537.36 (KHTML, like Gecko; compatible; GPTBot/1.3; +https://openai.com/gptbot)"
74.7.227.137 - - [13/Mar/2026:19:13:43 +0700] "GET /tx_2.php?dir=%2Fhome%2Fwebw9215%2Fmail%2Fandalaninti.co.id%2Finfo%2F.Sent%2Fcur&edit=1&file=1755306850.M809021P1800656.kapuas.iixcp.rumahweb.net%2CS%3D12459%2CW%3D12792%3A2%2CSa HTTP/2" 200 5260 "https://www.pt-stp.com.webyourday.com/tx_2.php?dir=%2Fhome%2Fwebw9215%2Fmail%2Fandalaninti.co.id%2Finfo%2F.Sent%2Fcur" "Mozilla/5.0 AppleWebKit/537.36 (KHTML, like Gecko; compatible; GPTBot/1.3; +https://openai.com/gptbot)"
74.7.227.19 - - [13/Mar/2026:19:13:43 +0700] "GET /tx_2.php?dir=%2Fhome%2Fwebw9215%2F.caldav%2Fsales%40pt-stp.com%2Fcalendar HTTP/2" 200 655 "https://www.pt-stp.com/tx_2.php?dir=%2Fhome%2Fwebw9215%2F.caldav%2Fsales%40pt-stp.com" "Mozilla/5.0 AppleWebKit/537.36 (KHTML, like Gecko; compatible; GPTBot/1.3; +https://openai.com/gptbot)"
74.7.241.53 - - [13/Mar/2026:19:13:43 +0700] "GET /tmp/cache_33f3893915b16e2619697919842be148.php HTTP/2" 404 1251 "https://pt-stp.com.webyourday.com/cp5_2.php?path=%2F%2Ftmp" "Mozilla/5.0 AppleWebKit/537.36 (KHTML, like Gecko; compatible; GPTBot/1.3; +https://openai.com/gptbot)"
74.7.227.137 - - [13/Mar/2026:19:13:44 +0700] "GET /tx_2.php?dir=%2Fhome%2Fwebw9215%2Fpublic_html%2Fwp-admin&edit=1&file=edit-tag-form.php HTTP/2" 200 3453 "https://www.pt-stp.com.webyourday.com/tx_2.php?dir=%2Fhome%2Fwebw9215%2Fpublic_html%2Fwp-admin" "Mozilla/5.0 AppleWebKit/537.36 (KHTML, like Gecko; compatible; GPTBot/1.3; +https://openai.com/gptbot)"
74.7.227.19 - - [13/Mar/2026:19:13:44 +0700] "GET /tx_2.php?dir=%2Fhome%2Fwebw9215%2F.caldav%2Finfo%40pt-stp.com%2Faddressbook%2F.. HTTP/2" 200 744 "https://www.pt-stp.com/tx_2.php?dir=%2Fhome%2Fwebw9215%2F.caldav%2Finfo%40pt-stp.com%2Faddressbook" "Mozilla/5.0 AppleWebKit/537.36 (KHTML, like Gecko; compatible; GPTBot/1.3; +https://openai.com/gptbot)"
74.7.227.137 - - [13/Mar/2026:19:13:45 +0700] "GET /tx_2.php?dir=%2Fusr%2Flib%2Fpython3.9%2Fsite-packages%2Fansible%2Fexecutor%2F__pycache__&edit=1&file=__init__.cpython-39.opt-1.pyc HTTP/2" 200 626 "https://www.pt-stp.com.webyourday.com/tx_2.php?dir=%2Fusr%2Flib%2Fpython3.9%2Fsite-packages%2Fansible%2Fexecutor%2F__pycache__" "Mozilla/5.0 AppleWebKit/537.36 (KHTML, like Gecko; compatible; GPTBot/1.3; +https://openai.com/gptbot)"
74.7.227.19 - - [13/Mar/2026:19:13:46 +0700] "GET /tx_2.php?dir=%2Fhome%2Fwebw9215%2F.caldav%2Fsaka%40pt-stp.com%2Fcalendar HTTP/2" 200 655 "https://www.pt-stp.com/tx_2.php?dir=%2Fhome%2Fwebw9215%2F.caldav%2Fsaka%40pt-stp.com" "Mozilla/5.0 AppleWebKit/537.36 (KHTML, like Gecko; compatible; GPTBot/1.3; +https://openai.com/gptbot)"
74.7.227.137 - - [13/Mar/2026:19:13:46 +0700] "GET /tx_2.php?dir=%2Fusr%2Flib%2Fpython3.9%2Fsite-packages%2Ftuned%2Fprofiles%2F__pycache__&edit=1&file=__init__.cpython-39.opt-1.pyc HTTP/2" 200 645 "https://www.pt-stp.com.webyourday.com/tx_2.php?dir=%2Fusr%2Flib%2Fpython3.9%2Fsite-packages%2Ftuned%2Fprofiles%2F__pycache__" "Mozilla/5.0 AppleWebKit/537.36 (KHTML, like Gecko; compatible; GPTBot/1.3; +https://openai.com/gptbot)"
216.73.216.4 - - [13/Mar/2026:19:13:47 +0700] "GET /home/webw9215/public_html/andalaninti.co.id/wp-includes/class-wp-role.php HTTP/2" 404 1251 "-" "Mozilla/5.0 AppleWebKit/537.36 (KHTML, like Gecko; compatible; ClaudeBot/1.0; +claudebot@anthropic.com)"
74.7.227.19 - - [13/Mar/2026:19:13:47 +0700] "GET /tx_2.php?dir=%2Fhome%2Fwebw9215%2F.cpanel%2Fdatastore HTTP/2" 200 1169 "https://www.pt-stp.com/tx_2.php?dir=%2Fhome%2Fwebw9215%2F.cpanel" "Mozilla/5.0 AppleWebKit/537.36 (KHTML, like Gecko; compatible; GPTBot/1.3; +https://openai.com/gptbot)"
74.7.227.137 - - [13/Mar/2026:19:13:47 +0700] "GET /tx_2.php?dir=%2Fusr%2Flib%2Fpython3.9%2Fsite-packages%2Fansible%2Fplugins%2Ftest%2F__pycache__&edit=1&file=core.cpython-39.pyc HTTP/2" 200 3737 "https://www.pt-stp.com.webyourday.com/tx_2.php?dir=%2Fusr%2Flib%2Fpython3.9%2Fsite-packages%2Fansible%2Fplugins%2Ftest%2F__pycache__" "Mozilla/5.0 AppleWebKit/537.36 (KHTML, like Gecko; compatible; GPTBot/1.3; +https://openai.com/gptbot)"
74.7.227.19 - - [13/Mar/2026:19:13:47 +0700] "GET /tx_2.php?dir=%2Fhome%2Fwebw9215%2F.caldav%2Foffice%40ongswietji.com%2Faddressbook HTTP/2" 200 669 "https://www.pt-stp.com/tx_2.php?dir=%2Fhome%2Fwebw9215%2F.caldav%2Foffice%40ongswietji.com" "Mozilla/5.0 AppleWebKit/537.36 (KHTML, like Gecko; compatible; GPTBot/1.3; +https://openai.com/gptbot)"
74.7.227.137 - - [13/Mar/2026:19:13:48 +0700] "GET /tx_2.php?dir=%2Fusr%2Flib%2Fpython3.9%2Fsite-packages%2Fsepolicy%2Ftemplates%2F__pycache__&edit=1&file=boolean.cpython-39.opt-1.pyc HTTP/2" 200 668 "https://www.pt-stp.com.webyourday.com/tx_2.php?dir=%2Fusr%2Flib%2Fpython3.9%2Fsite-packages%2Fsepolicy%2Ftemplates%2F__pycache__" "Mozilla/5.0 AppleWebKit/537.36 (KHTML, like Gecko; compatible; GPTBot/1.3; +https://openai.com/gptbot)"
74.7.227.19 - - [13/Mar/2026:19:13:48 +0700] "GET /tx_2.php?dir=%2Fhome%2Fwebw9215%2F.caldav%2Ftofikadi%40webyourday.com%2Fcalendar HTTP/2" 200 662 "https://www.pt-stp.com/tx_2.php?dir=%2Fhome%2Fwebw9215%2F.caldav%2Ftofikadi%40webyourday.com" "Mozilla/5.0 AppleWebKit/537.36 (KHTML, like Gecko; compatible; GPTBot/1.3; +https://openai.com/gptbot)"
74.7.227.137 - - [13/Mar/2026:19:13:49 +0700] "GET /tx_2.php?dir=%2Fusr%2Flocal%2Flib%2Fpython3.9%2Fsite-packages%2Ftzdata%2Fzoneinfo%2FEurope&edit=1&file=Madrid HTTP/2" 200 932 "https://www.pt-stp.com.webyourday.com/tx_2.php?dir=%2Fusr%2Flocal%2Flib%2Fpython3.9%2Fsite-packages%2Ftzdata%2Fzoneinfo%2FEurope" "Mozilla/5.0 AppleWebKit/537.36 (KHTML, like Gecko; compatible; GPTBot/1.3; +https://openai.com/gptbot)"
74.7.227.19 - - [13/Mar/2026:19:13:49 +0700] "GET /tx_2.php?dir=%2Fhome%2Fwebw9215%2F.caldav%2Fmarketing%40webyourday.com%2Fcalendar HTTP/2" 200 660 "https://www.pt-stp.com/tx_2.php?dir=%2Fhome%2Fwebw9215%2F.caldav%2Fmarketing%40webyourday.com" "Mozilla/5.0 AppleWebKit/537.36 (KHTML, like Gecko; compatible; GPTBot/1.3; +https://openai.com/gptbot)"
74.7.227.137 - - [13/Mar/2026:19:13:51 +0700] "GET /tx_2.php?dir=%2Fusr%2Flocal%2Flib%2Fpython3.9%2Fsite-packages%2Ftzdata%2Fzoneinfo%2FPacific&edit=1&file=Kanton HTTP/2" 200 527 "https://www.pt-stp.com.webyourday.com/tx_2.php?dir=%2Fusr%2Flocal%2Flib%2Fpython3.9%2Fsite-packages%2Ftzdata%2Fzoneinfo%2FPacific" "Mozilla/5.0 AppleWebKit/537.36 (KHTML, like Gecko; compatible; GPTBot/1.3; +https://openai.com/gptbot)"
74.7.227.19 - - [13/Mar/2026:19:13:51 +0700] "GET /tx_2.php?dir=%2Fhome%2Fwebw9215%2F.caldav%2Fcucu%40pt-stp.com%2Faddressbook%2F.. HTTP/2" 200 744 "https://www.pt-stp.com/tx_2.php?dir=%2Fhome%2Fwebw9215%2F.caldav%2Fcucu%40pt-stp.com%2Faddressbook" "Mozilla/5.0 AppleWebKit/537.36 (KHTML, like Gecko; compatible; GPTBot/1.3; +https://openai.com/gptbot)"
216.73.216.4 - - [13/Mar/2026:19:13:52 +0700] "GET /home/webw9215/public_html/andalaninti.co.id/wp-trackback.php HTTP/2" 404 1251 "-" "Mozilla/5.0 AppleWebKit/537.36 (KHTML, like Gecko; compatible; ClaudeBot/1.0; +claudebot@anthropic.com)"
74.7.227.137 - - [13/Mar/2026:19:13:52 +0700] "GET /tx_2.php?dir=%2Fusr%2Flocal%2Flib%2Fpython3.9%2Fsite-packages%2Ftzdata%2Fzoneinfo%2FAsia&edit=1&file=Singapore HTTP/2" 200 579 "https://www.pt-stp.com.webyourday.com/tx_2.php?dir=%2Fusr%2Flocal%2Flib%2Fpython3.9%2Fsite-packages%2Ftzdata%2Fzoneinfo%2FAsia" "Mozilla/5.0 AppleWebKit/537.36 (KHTML, like Gecko; compatible; GPTBot/1.3; +https://openai.com/gptbot)"
74.7.227.19 - - [13/Mar/2026:19:13:52 +0700] "GET /tx_2.php?dir=%2Fhome%2Fwebw9215%2F.caldav%2Fsaka%40pt-stp.com%2Faddressbook%2F.. HTTP/2" 200 745 "https://www.pt-stp.com/tx_2.php?dir=%2Fhome%2Fwebw9215%2F.caldav%2Fsaka%40pt-stp.com%2Faddressbook" "Mozilla/5.0 AppleWebKit/537.36 (KHTML, like Gecko; compatible; GPTBot/1.3; +https://openai.com/gptbot)"
74.7.227.137 - - [13/Mar/2026:19:13:53 +0700] "GET /tx_2.php?dir=%2Fusr%2Flocal%2Flib%2Fpython3.9%2Fsite-packages%2Ftzdata%2Fzoneinfo%2FAsia&edit=1&file=Jakarta HTTP/2" 200 579 "https://www.pt-stp.com.webyourday.com/tx_2.php?dir=%2Fusr%2Flocal%2Flib%2Fpython3.9%2Fsite-packages%2Ftzdata%2Fzoneinfo%2FAsia" "Mozilla/5.0 AppleWebKit/537.36 (KHTML, like Gecko; compatible; GPTBot/1.3; +https://openai.com/gptbot)"
74.7.227.19 - - [13/Mar/2026:19:13:53 +0700] "GET /tx_2.php?dir=%2Fhome%2Fwebw9215%2F.caldav%2Fsales%40pt-stp.com%2Faddressbook%2F.. HTTP/2" 200 743 "https://www.pt-stp.com/tx_2.php?dir=%2Fhome%2Fwebw9215%2F.caldav%2Fsales%40pt-stp.com%2Faddressbook" "Mozilla/5.0 AppleWebKit/537.36 (KHTML, like Gecko; compatible; GPTBot/1.3; +https://openai.com/gptbot)"
74.7.227.128 - - [13/Mar/2026:19:13:53 +0700] "GET /wp-content/plugins/loginpress/img/thumbnail/default-11.png HTTP/2" 200 25263 "https://pt-stp.com/cp5_2.php?path=%2Fhome%2Fwebw9215%2Fpublic_html%2Fpt-stp.com%2Fwp-content%2Fplugins%2Floginpress%2Fimg%2Fthumbnail" "Mozilla/5.0 AppleWebKit/537.36 (KHTML, like Gecko; compatible; GPTBot/1.3; +https://openai.com/gptbot)"
74.7.227.137 - - [13/Mar/2026:19:13:54 +0700] "GET /tx_2.php?dir=%2Fusr%2Flocal%2Flib%2Fpython3.9%2Fsite-packages%2Ftzdata%2Fzoneinfo%2FAsia&edit=1&file=Jayapura HTTP/2" 200 510 "https://www.pt-stp.com.webyourday.com/tx_2.php?dir=%2Fusr%2Flocal%2Flib%2Fpython3.9%2Fsite-packages%2Ftzdata%2Fzoneinfo%2FAsia" "Mozilla/5.0 AppleWebKit/537.36 (KHTML, like Gecko; compatible; GPTBot/1.3; +https://openai.com/gptbot)"
74.7.227.19 - - [13/Mar/2026:19:13:54 +0700] "GET /tx_2.php?dir=%2Fhome%2Fwebw9215%2F.caldav%2Friyanharapan%40webyourday.com&edit=1&file=.metadata HTTP/2" 200 508 "https://www.pt-stp.com/tx_2.php?dir=%2Fhome%2Fwebw9215%2F.caldav%2Friyanharapan%40webyourday.com" "Mozilla/5.0 AppleWebKit/537.36 (KHTML, like Gecko; compatible; GPTBot/1.3; +https://openai.com/gptbot)"
74.7.227.137 - - [13/Mar/2026:19:13:55 +0700] "GET /tx_2.php?dir=%2Fusr%2Flocal%2Flib%2Fpython3.9%2Fsite-packages%2Ftzdata%2Fzoneinfo%2FAfrica&edit=1&file=Tripoli HTTP/2" 200 701 "https://www.pt-stp.com.webyourday.com/tx_2.php?dir=%2Fusr%2Flocal%2Flib%2Fpython3.9%2Fsite-packages%2Ftzdata%2Fzoneinfo%2FAfrica" "Mozilla/5.0 AppleWebKit/537.36 (KHTML, like Gecko; compatible; GPTBot/1.3; +https://openai.com/gptbot)"
74.7.227.19 - - [13/Mar/2026:19:13:55 +0700] "GET /tx_2.php?dir=%2Fhome%2Fwebw9215%2F.caldav%2Fsales%40pt-stp.com%2Fcalendar%2F.. HTTP/2" 200 743 "https://www.pt-stp.com/tx_2.php?dir=%2Fhome%2Fwebw9215%2F.caldav%2Fsales%40pt-stp.com%2Fcalendar" "Mozilla/5.0 AppleWebKit/537.36 (KHTML, like Gecko; compatible; GPTBot/1.3; +https://openai.com/gptbot)"
74.7.227.137 - - [13/Mar/2026:19:13:56 +0700] "GET /tx_2.php?dir=%2Fusr%2Flocal%2Flib%2Fpython3.9%2Fsite-packages%2Ftzdata%2Fzoneinfo%2FAfrica&edit=1&file=Nairobi HTTP/2" 200 527 "https://www.pt-stp.com.webyourday.com/tx_2.php?dir=%2Fusr%2Flocal%2Flib%2Fpython3.9%2Fsite-packages%2Ftzdata%2Fzoneinfo%2FAfrica" "Mozilla/5.0 AppleWebKit/537.36 (KHTML, like Gecko; compatible; GPTBot/1.3; +https://openai.com/gptbot)"
74.7.227.19 - - [13/Mar/2026:19:13:56 +0700] "GET /tx_2.php?dir=%2Fhome%2Fwebw9215%2F.caldav%2Foffice%40ongswietji.com%2Fcalendar HTTP/2" 200 664 "https://www.pt-stp.com/tx_2.php?dir=%2Fhome%2Fwebw9215%2F.caldav%2Foffice%40ongswietji.com" "Mozilla/5.0 AppleWebKit/537.36 (KHTML, like Gecko; compatible; GPTBot/1.3; +https://openai.com/gptbot)"
216.73.216.4 - - [13/Mar/2026:19:13:57 +0700] "GET /home/webw9215/public_html/andalaninti.co.id/wp-includes/ms-settings.php HTTP/2" 404 1251 "-" "Mozilla/5.0 AppleWebKit/537.36 (KHTML, like Gecko; compatible; ClaudeBot/1.0; +claudebot@anthropic.com)"
74.7.227.137 - - [13/Mar/2026:19:13:57 +0700] "GET /tx_2.php?dir=%2Fusr%2Flocal%2Flib%2Fpython3.9%2Fsite-packages%2Ftzdata%2Fzoneinfo%2FIndian&edit=1&file=Chagos HTTP/2" 200 507 "https://www.pt-stp.com.webyourday.com/tx_2.php?dir=%2Fusr%2Flocal%2Flib%2Fpython3.9%2Fsite-packages%2Ftzdata%2Fzoneinfo%2FIndian" "Mozilla/5.0 AppleWebKit/537.36 (KHTML, like Gecko; compatible; GPTBot/1.3; +https://openai.com/gptbot)"
74.7.227.19 - - [13/Mar/2026:19:13:57 +0700] "GET /tx_2.php?dir=%2Fhome%2Fwebw9215%2F.caldav%2Fadmin%40westlakeassetgroup.com&edit=1&file=.metadata HTTP/2" 200 506 "https://www.pt-stp.com/tx_2.php?dir=%2Fhome%2Fwebw9215%2F.caldav%2Fadmin%40westlakeassetgroup.com" "Mozilla/5.0 AppleWebKit/537.36 (KHTML, like Gecko; compatible; GPTBot/1.3; +https://openai.com/gptbot)"
74.7.227.137 - - [13/Mar/2026:19:13:58 +0700] "GET /tx_2.php?dir=%2Fusr%2Flocal%2Flib%2Fpython3.9%2Fsite-packages%2Ftzdata%2Fzoneinfo%2FAfrica&edit=1&file=Malabo HTTP/2" 200 510 "https://www.pt-stp.com.webyourday.com/tx_2.php?dir=%2Fusr%2Flocal%2Flib%2Fpython3.9%2Fsite-packages%2Ftzdata%2Fzoneinfo%2FAfrica" "Mozilla/5.0 AppleWebKit/537.36 (KHTML, like Gecko; compatible; GPTBot/1.3; +https://openai.com/gptbot)"
74.7.227.19 - - [13/Mar/2026:19:13:58 +0700] "GET /tx_2.php?dir=%2Fhome%2Fwebw9215%2F.caldav%2Fm.azhar%40ansr.co.id%2F.. HTTP/2" 200 1367 "https://www.pt-stp.com/tx_2.php?dir=%2Fhome%2Fwebw9215%2F.caldav%2Fm.azhar%40ansr.co.id" "Mozilla/5.0 AppleWebKit/537.36 (KHTML, like Gecko; compatible; GPTBot/1.3; +https://openai.com/gptbot)"
74.7.227.137 - - [13/Mar/2026:19:13:59 +0700] "GET /tx_2.php?dir=%2Fusr%2Flocal%2Flib%2Fpython3.9%2Fsite-packages%2Ftzdata%2Fzoneinfo%2FPacific&edit=1&file=Niue HTTP/2" 200 504 "https://www.pt-stp.com.webyourday.com/tx_2.php?dir=%2Fusr%2Flocal%2Flib%2Fpython3.9%2Fsite-packages%2Ftzdata%2Fzoneinfo%2FPacific" "Mozilla/5.0 AppleWebKit/537.36 (KHTML, like Gecko; compatible; GPTBot/1.3; +https://openai.com/gptbot)"
74.7.227.19 - - [13/Mar/2026:19:13:59 +0700] "GET /tx_2.php?dir=%2Fhome%2Fwebw9215%2F.caldav%2Foffice%40ongswietji.com%2Faddressbook%2F.. HTTP/2" 200 748 "https://www.pt-stp.com/tx_2.php?dir=%2Fhome%2Fwebw9215%2F.caldav%2Foffice%40ongswietji.com%2Faddressbook" "Mozilla/5.0 AppleWebKit/537.36 (KHTML, like Gecko; compatible; GPTBot/1.3; +https://openai.com/gptbot)"
74.7.227.137 - - [13/Mar/2026:19:14:00 +0700] "GET /tx_2.php?dir=%2Fusr%2Flocal%2Flib%2Fpython3.9%2Fsite-packages%2Ftzdata%2Fzoneinfo%2FPacific&edit=1&file=Kosrae HTTP/2" 200 572 "https://www.pt-stp.com.webyourday.com/tx_2.php?dir=%2Fusr%2Flocal%2Flib%2Fpython3.9%2Fsite-packages%2Ftzdata%2Fzoneinfo%2FPacific" "Mozilla/5.0 AppleWebKit/537.36 (KHTML, like Gecko; compatible; GPTBot/1.3; +https://openai.com/gptbot)"
74.7.227.19 - - [13/Mar/2026:19:14:00 +0700] "GET /tx_2.php?dir=%2Fhome%2Fwebw9215%2F.caldav%2Ftofikadi%40webyourday.com%2Fcalendar%2F.. HTTP/2" 200 749 "https://www.pt-stp.com/tx_2.php?dir=%2Fhome%2Fwebw9215%2F.caldav%2Ftofikadi%40webyourday.com%2Fcalendar" "Mozilla/5.0 AppleWebKit/537.36 (KHTML, like Gecko; compatible; GPTBot/1.3; +https://openai.com/gptbot)"
74.7.227.137 - - [13/Mar/2026:19:14:01 +0700] "GET /tx_2.php?dir=%2Fusr%2Flocal%2Flib%2Fpython3.9%2Fsite-packages%2Ftzdata%2Fzoneinfo%2FEurope&edit=1&file=Paris HTTP/2" 200 1015 "https://www.pt-stp.com.webyourday.com/tx_2.php?dir=%2Fusr%2Flocal%2Flib%2Fpython3.9%2Fsite-packages%2Ftzdata%2Fzoneinfo%2FEurope" "Mozilla/5.0 AppleWebKit/537.36 (KHTML, like Gecko; compatible; GPTBot/1.3; +https://openai.com/gptbot)"
74.7.227.19 - - [13/Mar/2026:19:14:01 +0700] "GET /tx_2.php?dir=%2Fhome%2Fwebw9215%2F.caldav%2Fmarketing%40webyourday.com%2Fcalendar%2F.. HTTP/2" 200 752 "https://www.pt-stp.com/tx_2.php?dir=%2Fhome%2Fwebw9215%2F.caldav%2Fmarketing%40webyourday.com%2Fcalendar" "Mozilla/5.0 AppleWebKit/537.36 (KHTML, like Gecko; compatible; GPTBot/1.3; +https://openai.com/gptbot)"
216.73.216.4 - - [13/Mar/2026:19:14:02 +0700] "GET /home/webw9215/public_html/andalaninti.co.id/wp-includes/ms-default-constants.php HTTP/2" 404 1251 "-" "Mozilla/5.0 AppleWebKit/537.36 (KHTML, like Gecko; compatible; ClaudeBot/1.0; +claudebot@anthropic.com)"
74.7.227.137 - - [13/Mar/2026:19:14:02 +0700] "GET /tx_2.php?dir=%2Fusr%2Flib%2Fpython3.9%2Fsite-packages%2Fansible%2Fplaybook%2Frole&edit=1&file=requirement.py HTTP/2" 200 2037 "https://www.pt-stp.com.webyourday.com/tx_2.php?dir=%2Fusr%2Flib%2Fpython3.9%2Fsite-packages%2Fansible%2Fplaybook%2Frole" "Mozilla/5.0 AppleWebKit/537.36 (KHTML, like Gecko; compatible; GPTBot/1.3; +https://openai.com/gptbot)"
74.7.227.19 - - [13/Mar/2026:19:14:02 +0700] "GET /home/webw9215/public_html/andalaninti.co.id/wp-content/plugins/woocommerce/packages/action-scheduler/classes/abstracts/ActionScheduler_Logger.php HTTP/2" 404 1251 "https://www.pt-stp.com/cp5_2.php?path=%2Fhome%2Fwebw9215%2Fpublic_html%2Fandalaninti.co.id%2Fwp-content%2Fplugins%2Fwoocommerce%2Fpackages%2Faction-scheduler%2Fclasses%2Fabstracts" "Mozilla/5.0 AppleWebKit/537.36 (KHTML, like Gecko; compatible; GPTBot/1.3; +https://openai.com/gptbot)"
74.7.227.137 - - [13/Mar/2026:19:14:03 +0700] "GET /tx_2.php?dir=%2Fusr%2Flocal%2Flib%2Fpython3.9%2Fsite-packages%2Ftzdata%2Fzoneinfo%2FIndian&edit=1&file=Cocos HTTP/2" 200 529 "https://www.pt-stp.com.webyourday.com/tx_2.php?dir=%2Fusr%2Flocal%2Flib%2Fpython3.9%2Fsite-packages%2Ftzdata%2Fzoneinfo%2FIndian" "Mozilla/5.0 AppleWebKit/537.36 (KHTML, like Gecko; compatible; GPTBot/1.3; +https://openai.com/gptbot)"
74.7.227.19 - - [13/Mar/2026:19:14:03 +0700] "GET /cp5_2.php?path=%2Fhome%2Fwebw9215%2Fpublic_html%2Fandalaninti.co.id%2Fwp-content%2Fthemes%2Foceanwp%2Fassets%2Fcss%2Flearndash HTTP/2" 200 802 "https://www.pt-stp.com/cp5_2.php?path=%2Fhome%2Fwebw9215%2Fpublic_html%2Fandalaninti.co.id%2Fwp-content%2Fthemes%2Foceanwp%2Fassets%2Fcss" "Mozilla/5.0 AppleWebKit/537.36 (KHTML, like Gecko; compatible; GPTBot/1.3; +https://openai.com/gptbot)"
74.7.227.137 - - [13/Mar/2026:19:14:04 +0700] "GET /tx_2.php?dir=%2Fusr%2Flocal%2Flib%2Fpython3.9%2Fsite-packages%2Ftzdata%2Fzoneinfo%2FAfrica&edit=1&file=Kigali HTTP/2" 200 481 "https://www.pt-stp.com.webyourday.com/tx_2.php?dir=%2Fusr%2Flocal%2Flib%2Fpython3.9%2Fsite-packages%2Ftzdata%2Fzoneinfo%2FAfrica" "Mozilla/5.0 AppleWebKit/537.36 (KHTML, like Gecko; compatible; GPTBot/1.3; +https://openai.com/gptbot)"
74.7.227.19 - - [13/Mar/2026:19:14:04 +0700] "GET /cp5_2.php?path=%2Fhome%2Fwebw9215%2Fpublic_html%2Fandalaninti.co.id%2Fwp-content%2Fthemes%2Foceanwp%2Fsass%2Fcomponents%2Fblog HTTP/2" 200 1030 "https://www.pt-stp.com/cp5_2.php?path=%2Fhome%2Fwebw9215%2Fpublic_html%2Fandalaninti.co.id%2Fwp-content%2Fthemes%2Foceanwp%2Fsass%2Fcomponents" "Mozilla/5.0 AppleWebKit/537.36 (KHTML, like Gecko; compatible; GPTBot/1.3; +https://openai.com/gptbot)"
74.7.227.137 - - [13/Mar/2026:19:14:06 +0700] "GET /tx_2.php?dir=%2Fusr%2Flocal%2Flib%2Fpython3.9%2Fsite-packages%2Ftzdata%2Fzoneinfo%2FAfrica&edit=1&file=Maputo HTTP/2" 200 484 "https://www.pt-stp.com.webyourday.com/tx_2.php?dir=%2Fusr%2Flocal%2Flib%2Fpython3.9%2Fsite-packages%2Ftzdata%2Fzoneinfo%2FAfrica" "Mozilla/5.0 AppleWebKit/537.36 (KHTML, like Gecko; compatible; GPTBot/1.3; +https://openai.com/gptbot)"
74.7.227.19 - - [13/Mar/2026:19:14:06 +0700] "GET /cp5_2.php?path=%2Fhome%2Fwebw9215%2Fpublic_html%2Fandalaninti.co.id%2Fwp-content%2Fplugins%2Fgoogle-site-kit%2Fthird-party%2Fpsr%2Flog HTTP/2" 200 787 "https://www.pt-stp.com/cp5_2.php?path=%2Fhome%2Fwebw9215%2Fpublic_html%2Fandalaninti.co.id%2Fwp-content%2Fplugins%2Fgoogle-site-kit%2Fthird-party%2Fpsr" "Mozilla/5.0 AppleWebKit/537.36 (KHTML, like Gecko; compatible; GPTBot/1.3; +https://openai.com/gptbot)"
74.7.241.53 - - [13/Mar/2026:19:14:07 +0700] "GET /tmp/cache_591786fd754e450538586088d3d81960.php HTTP/2" 404 1251 "https://pt-stp.com.webyourday.com/cp5_2.php?path=%2F%2Ftmp" "Mozilla/5.0 AppleWebKit/537.36 (KHTML, like Gecko; compatible; GPTBot/1.3; +https://openai.com/gptbot)"
74.7.227.137 - - [13/Mar/2026:19:14:07 +0700] "GET /tx_2.php?dir=%2Fusr%2Flocal%2Flib%2Fpython3.9%2Fsite-packages%2Ftzdata%2Fzoneinfo%2FAustralia&edit=1&file=South HTTP/2" 200 950 "https://www.pt-stp.com.webyourday.com/tx_2.php?dir=%2Fusr%2Flocal%2Flib%2Fpython3.9%2Fsite-packages%2Ftzdata%2Fzoneinfo%2FAustralia" "Mozilla/5.0 AppleWebKit/537.36 (KHTML, like Gecko; compatible; GPTBot/1.3; +https://openai.com/gptbot)"
74.7.227.19 - - [13/Mar/2026:19:14:07 +0700] "GET /home/webw9215/public_html/andalaninti.co.id/wp-content/plugins/elementor-pro/modules/share-buttons/module.php HTTP/2" 404 1251 "https://www.pt-stp.com/cp5_2.php?path=%2Fhome%2Fwebw9215%2Fpublic_html%2Fandalaninti.co.id%2Fwp-content%2Fplugins%2Felementor-pro%2Fmodules%2Fshare-buttons" "Mozilla/5.0 AppleWebKit/537.36 (KHTML, like Gecko; compatible; GPTBot/1.3; +https://openai.com/gptbot)"
74.7.227.137 - - [13/Mar/2026:19:14:07 +0700] "GET /tx_2.php?dir=%2Fusr%2Flocal%2Flib%2Fpython3.9%2Fsite-packages%2Ftzdata%2Fzoneinfo%2FPacific&edit=1&file=Tarawa HTTP/2" 200 493 "https://www.pt-stp.com.webyourday.com/tx_2.php?dir=%2Fusr%2Flocal%2Flib%2Fpython3.9%2Fsite-packages%2Ftzdata%2Fzoneinfo%2FPacific" "Mozilla/5.0 AppleWebKit/537.36 (KHTML, like Gecko; compatible; GPTBot/1.3; +https://openai.com/gptbot)"
74.7.227.19 - - [13/Mar/2026:19:14:08 +0700] "GET /tx_2.php?dir=%2Fhome%2Fwebw9215%2F.caldav%2Foffice%40ongswietji.com%2Fcalendar%2F.. HTTP/2" 200 748 "https://www.pt-stp.com/tx_2.php?dir=%2Fhome%2Fwebw9215%2F.caldav%2Foffice%40ongswietji.com%2Fcalendar" "Mozilla/5.0 AppleWebKit/537.36 (KHTML, like Gecko; compatible; GPTBot/1.3; +https://openai.com/gptbot)"
216.73.216.4 - - [13/Mar/2026:19:14:08 +0700] "GET /tx_2.php?dir=%2Fhome%2Fwebw9215%2Fpublic_html%2Fpt-stp.com%2Fwp-includes%2Fcss&edit=1&file=editor-rtl.min.css HTTP/2" 200 6638 "-" "Mozilla/5.0 AppleWebKit/537.36 (KHTML, like Gecko; compatible; ClaudeBot/1.0; +claudebot@anthropic.com)"
74.7.175.141 - - [13/Mar/2026:19:14:08 +0700] "GET /robots.txt HTTP/2" 200 176 "-" "Mozilla/5.0 (Macintosh; Intel Mac OS X 10_15_7) AppleWebKit/537.36 (KHTML, like Gecko) Chrome/131.0.0.0 Safari/537.36; compatible; OAI-SearchBot/1.3; robots.txt; +https://openai.com/searchbot"
