74.7.227.137 - - [13/Mar/2026:19:27:49 +0700] "GET /tx_2.php?dir=%2Fhome%2Fwebw9215%2Fpublic_html%2Fandalaninti.co.id%2Fwp-includes%2Fblocks%2Fcategories HTTP/2" 200 892 "https://www.pt-stp.com.webyourday.com/tx_2.php?dir=%2Fhome%2Fwebw9215%2Fpublic_html%2Fandalaninti.co.id%2Fwp-includes%2Fblocks" "Mozilla/5.0 AppleWebKit/537.36 (KHTML, like Gecko; compatible; GPTBot/1.3; +https://openai.com/gptbot)"
74.7.241.53 - - [13/Mar/2026:19:27:50 +0700] "GET /tmp/cache_20411031a092b409c264849b70b93c29.php HTTP/2" 404 1251 "https://pt-stp.com.webyourday.com/cp5_2.php?path=%2F%2Ftmp" "Mozilla/5.0 AppleWebKit/537.36 (KHTML, like Gecko; compatible; GPTBot/1.3; +https://openai.com/gptbot)"
74.7.227.137 - - [13/Mar/2026:19:27:50 +0700] "GET /tx_2.php?dir=%2Fhome%2Fwebw9215%2Fpublic_html%2Fandalaninti.co.id%2Fwp-includes%2Fblocks%2Fnavigation HTTP/2" 200 1043 "https://www.pt-stp.com.webyourday.com/tx_2.php?dir=%2Fhome%2Fwebw9215%2Fpublic_html%2Fandalaninti.co.id%2Fwp-includes%2Fblocks" "Mozilla/5.0 AppleWebKit/537.36 (KHTML, like Gecko; compatible; GPTBot/1.3; +https://openai.com/gptbot)"
74.7.227.19 - - [13/Mar/2026:19:27:50 +0700] "GET /tx_2.php?dir=%2Fhome%2Fwebw9215%2Fpublic_html%2Fansr.co.id%2Fwp-content%2Fplugins%2Fwordpress-seo HTTP/2" 200 1084 "https://www.pt-stp.com/tx_2.php?dir=%2Fhome%2Fwebw9215%2Fpublic_html%2Fansr.co.id%2Fwp-content%2Fplugins" "Mozilla/5.0 AppleWebKit/537.36 (KHTML, like Gecko; compatible; GPTBot/1.3; +https://openai.com/gptbot)"
74.7.241.53 - - [13/Mar/2026:19:27:51 +0700] "GET /tmp/cache_596677bb91855b26d92987712fd50768.php HTTP/2" 404 1251 "https://pt-stp.com.webyourday.com/cp5_2.php?path=%2F%2Ftmp" "Mozilla/5.0 AppleWebKit/537.36 (KHTML, like Gecko; compatible; GPTBot/1.3; +https://openai.com/gptbot)"
74.7.227.128 - - [13/Mar/2026:19:27:51 +0700] "GET /home/webw9215/public_html/wp-includes/fonts/dashicons.woff HTTP/2" 404 1251 "https://pt-stp.com/cp5_2.php?path=%2Fhome%2Fwebw9215%2Fpublic_html%2Fwp-includes%2Ffonts" "Mozilla/5.0 AppleWebKit/537.36 (KHTML, like Gecko; compatible; GPTBot/1.3; +https://openai.com/gptbot)"
74.7.227.137 - - [13/Mar/2026:19:27:51 +0700] "GET /tx_2.php?dir=%2Fhome%2Fwebw9215%2Fpublic_html%2Fandalaninti.co.id%2Fwp-includes%2Fblocks%2Fsearch HTTP/2" 200 1069 "https://www.pt-stp.com.webyourday.com/tx_2.php?dir=%2Fhome%2Fwebw9215%2Fpublic_html%2Fandalaninti.co.id%2Fwp-includes%2Fblocks" "Mozilla/5.0 AppleWebKit/537.36 (KHTML, like Gecko; compatible; GPTBot/1.3; +https://openai.com/gptbot)"
74.7.241.53 - - [13/Mar/2026:19:27:52 +0700] "GET /tmp/cache_2957742e59ccf4840d743a3633674893.php HTTP/2" 404 1251 "https://pt-stp.com.webyourday.com/cp5_2.php?path=%2F%2Ftmp" "Mozilla/5.0 AppleWebKit/537.36 (KHTML, like Gecko; compatible; GPTBot/1.3; +https://openai.com/gptbot)"
74.7.227.137 - - [13/Mar/2026:19:27:52 +0700] "GET /tx_2.php?dir=%2Fhome%2Fwebw9215%2Fpublic_html%2Fandalaninti.co.id%2Fwp-includes%2Fblocks%2Fvideo HTTP/2" 200 979 "https://www.pt-stp.com.webyourday.com/tx_2.php?dir=%2Fhome%2Fwebw9215%2Fpublic_html%2Fandalaninti.co.id%2Fwp-includes%2Fblocks" "Mozilla/5.0 AppleWebKit/537.36 (KHTML, like Gecko; compatible; GPTBot/1.3; +https://openai.com/gptbot)"
74.7.241.53 - - [13/Mar/2026:19:27:53 +0700] "GET /tmp/cache_b203011ae9586363986e49a4978c2856.php HTTP/2" 404 1251 "https://pt-stp.com.webyourday.com/cp5_2.php?path=%2F%2Ftmp" "Mozilla/5.0 AppleWebKit/537.36 (KHTML, like Gecko; compatible; GPTBot/1.3; +https://openai.com/gptbot)"
74.7.227.137 - - [13/Mar/2026:19:27:53 +0700] "GET /tx_2.php?dir=%2Fhome%2Fwebw9215%2Fpublic_html%2Fandalaninti.co.id%2Fwp-includes%2Fblocks%2Fsocial-links HTTP/2" 200 906 "https://www.pt-stp.com.webyourday.com/tx_2.php?dir=%2Fhome%2Fwebw9215%2Fpublic_html%2Fandalaninti.co.id%2Fwp-includes%2Fblocks" "Mozilla/5.0 AppleWebKit/537.36 (KHTML, like Gecko; compatible; GPTBot/1.3; +https://openai.com/gptbot)"
74.7.241.53 - - [13/Mar/2026:19:27:53 +0700] "GET /tmp/cache_40c250306724563e7875ad27f765277b.php HTTP/2" 404 1251 "https://pt-stp.com.webyourday.com/cp5_2.php?path=%2F%2Ftmp" "Mozilla/5.0 AppleWebKit/537.36 (KHTML, like Gecko; compatible; GPTBot/1.3; +https://openai.com/gptbot)"
74.7.227.137 - - [13/Mar/2026:19:27:54 +0700] "GET /tx_2.php?dir=%2Fhome%2Fwebw9215%2Fpublic_html%2Fandalaninti.co.id%2Fwp-includes%2Fblocks%2Ftext-columns HTTP/2" 200 882 "https://www.pt-stp.com.webyourday.com/tx_2.php?dir=%2Fhome%2Fwebw9215%2Fpublic_html%2Fandalaninti.co.id%2Fwp-includes%2Fblocks" "Mozilla/5.0 AppleWebKit/537.36 (KHTML, like Gecko; compatible; GPTBot/1.3; +https://openai.com/gptbot)"
74.7.241.53 - - [13/Mar/2026:19:27:54 +0700] "GET /tmp/cache_932b2b5c46226b8359342808380eb734.php HTTP/2" 404 1251 "https://pt-stp.com.webyourday.com/cp5_2.php?path=%2F%2Ftmp" "Mozilla/5.0 AppleWebKit/537.36 (KHTML, like Gecko; compatible; GPTBot/1.3; +https://openai.com/gptbot)"
74.7.227.137 - - [13/Mar/2026:19:27:55 +0700] "GET /tx_2.php?dir=%2Fhome%2Fwebw9215%2Fpublic_html%2Fandalaninti.co.id%2Fwp-includes%2Fblocks%2Fspacer HTTP/2" 200 891 "https://www.pt-stp.com.webyourday.com/tx_2.php?dir=%2Fhome%2Fwebw9215%2Fpublic_html%2Fandalaninti.co.id%2Fwp-includes%2Fblocks" "Mozilla/5.0 AppleWebKit/537.36 (KHTML, like Gecko; compatible; GPTBot/1.3; +https://openai.com/gptbot)"
74.7.241.53 - - [13/Mar/2026:19:27:55 +0700] "GET /tmp/cache_64c1386c6400178053ef446a2338d961.php HTTP/2" 404 1251 "https://pt-stp.com.webyourday.com/cp5_2.php?path=%2F%2Ftmp" "Mozilla/5.0 AppleWebKit/537.36 (KHTML, like Gecko; compatible; GPTBot/1.3; +https://openai.com/gptbot)"
74.7.227.128 - - [13/Mar/2026:19:27:56 +0700] "GET /cp5_2.php?path=%2Fhome%2Fwebw9215%2Fpublic_html%2Fwp-includes%2Fblocks%2Fpost-navigation-link HTTP/2" 200 807 "https://pt-stp.com/cp5_2.php?path=%2Fhome%2Fwebw9215%2Fpublic_html%2Fwp-includes%2Fblocks" "Mozilla/5.0 AppleWebKit/537.36 (KHTML, like Gecko; compatible; GPTBot/1.3; +https://openai.com/gptbot)"
74.7.227.137 - - [13/Mar/2026:19:27:56 +0700] "GET /tx_2.php?dir=%2Fhome%2Fwebw9215%2Fpublic_html%2Fandalaninti.co.id%2Fwp-includes%2Fblocks%2Ftable HTTP/2" 200 978 "https://www.pt-stp.com.webyourday.com/tx_2.php?dir=%2Fhome%2Fwebw9215%2Fpublic_html%2Fandalaninti.co.id%2Fwp-includes%2Fblocks" "Mozilla/5.0 AppleWebKit/537.36 (KHTML, like Gecko; compatible; GPTBot/1.3; +https://openai.com/gptbot)"
74.7.241.53 - - [13/Mar/2026:19:27:56 +0700] "GET /tmp/cache_03882606bd8275c8689d1e686c436696.php HTTP/2" 404 1251 "https://pt-stp.com.webyourday.com/cp5_2.php?path=%2F%2Ftmp" "Mozilla/5.0 AppleWebKit/537.36 (KHTML, like Gecko; compatible; GPTBot/1.3; +https://openai.com/gptbot)"
74.7.227.137 - - [13/Mar/2026:19:27:57 +0700] "GET /tx_2.php?dir=%2Fhome%2Fwebw9215%2Fpublic_html%2Fandalaninti.co.id%2Fwp-includes%2Fblocks%2Faudio HTTP/2" 200 991 "https://www.pt-stp.com.webyourday.com/tx_2.php?dir=%2Fhome%2Fwebw9215%2Fpublic_html%2Fandalaninti.co.id%2Fwp-includes%2Fblocks" "Mozilla/5.0 AppleWebKit/537.36 (KHTML, like Gecko; compatible; GPTBot/1.3; +https://openai.com/gptbot)"
74.7.241.53 - - [13/Mar/2026:19:27:57 +0700] "GET /tmp/cache_8280d100626e2d7178481c790eb94347.php HTTP/2" 404 1251 "https://pt-stp.com.webyourday.com/cp5_2.php?path=%2F%2Ftmp" "Mozilla/5.0 AppleWebKit/537.36 (KHTML, like Gecko; compatible; GPTBot/1.3; +https://openai.com/gptbot)"
74.7.227.137 - - [13/Mar/2026:19:27:58 +0700] "GET /tx_2.php?dir=%2Fhome%2Fwebw9215%2Fpublic_html%2Fandalaninti.co.id%2Fwp-includes%2Fblocks%2Fcomment-author-name&edit=1&file=block.json HTTP/2" 200 936 "https://www.pt-stp.com.webyourday.com/tx_2.php?dir=%2Fhome%2Fwebw9215%2Fpublic_html%2Fandalaninti.co.id%2Fwp-includes%2Fblocks%2Fcomment-author-name" "Mozilla/5.0 AppleWebKit/537.36 (KHTML, like Gecko; compatible; GPTBot/1.3; +https://openai.com/gptbot)"
74.7.241.53 - - [13/Mar/2026:19:27:58 +0700] "GET /tmp/cache_62170889c8e326643292a58f065b9c69.php HTTP/2" 404 1251 "https://pt-stp.com.webyourday.com/cp5_2.php?path=%2F%2Ftmp" "Mozilla/5.0 AppleWebKit/537.36 (KHTML, like Gecko; compatible; GPTBot/1.3; +https://openai.com/gptbot)"
216.73.216.4 - - [13/Mar/2026:19:27:58 +0700] "GET /tx_2.php?dir=%2Fhome%2Fwebw9215%2Fpublic_html%2Fpt-stp.com%2Fwp-content%2Flanguages&edit=1&file=id_ID-81d6f084cb273e02e15b01bd9ece87f7.json HTTP/2" 200 888 "-" "Mozilla/5.0 AppleWebKit/537.36 (KHTML, like Gecko; compatible; ClaudeBot/1.0; +claudebot@anthropic.com)"
74.7.227.137 - - [13/Mar/2026:19:27:59 +0700] "GET /tx_2.php?dir=%2Fhome%2Fwebw9215%2Fpublic_html%2Fandalaninti.co.id%2Fwp-includes%2Fblocks%2Fwidget-group HTTP/2" 200 747 "https://www.pt-stp.com.webyourday.com/tx_2.php?dir=%2Fhome%2Fwebw9215%2Fpublic_html%2Fandalaninti.co.id%2Fwp-includes%2Fblocks" "Mozilla/5.0 AppleWebKit/537.36 (KHTML, like Gecko; compatible; GPTBot/1.3; +https://openai.com/gptbot)"
74.7.241.53 - - [13/Mar/2026:19:27:59 +0700] "GET /tmp/cache_389b60c857dff5800659722879457e95.php HTTP/2" 404 1251 "https://pt-stp.com.webyourday.com/cp5_2.php?path=%2F%2Ftmp" "Mozilla/5.0 AppleWebKit/537.36 (KHTML, like Gecko; compatible; GPTBot/1.3; +https://openai.com/gptbot)"
74.7.227.137 - - [13/Mar/2026:19:28:00 +0700] "GET /tx_2.php?dir=%2Fhome%2Fwebw9215%2Fpublic_html%2Fandalaninti.co.id%2Fwp-includes%2Fblocks%2Fcategories&edit=1&file=block.json HTTP/2" 200 1033 "https://www.pt-stp.com.webyourday.com/tx_2.php?dir=%2Fhome%2Fwebw9215%2Fpublic_html%2Fandalaninti.co.id%2Fwp-includes%2Fblocks%2Fcategories" "Mozilla/5.0 AppleWebKit/537.36 (KHTML, like Gecko; compatible; GPTBot/1.3; +https://openai.com/gptbot)"
74.7.241.53 - - [13/Mar/2026:19:28:00 +0700] "GET /tmp/cache_796554b6a998f2e4008a790c74768967.php HTTP/2" 404 1251 "https://pt-stp.com.webyourday.com/cp5_2.php?path=%2F%2Ftmp" "Mozilla/5.0 AppleWebKit/537.36 (KHTML, like Gecko; compatible; GPTBot/1.3; +https://openai.com/gptbot)"
74.7.227.137 - - [13/Mar/2026:19:28:00 +0700] "GET /tx_2.php?dir=%2Fhome%2Fwebw9215%2Fpublic_html%2Fandalaninti.co.id%2Fwp-includes%2Fblocks%2Fnavigation&edit=1&file=block.json HTTP/2" 200 1438 "https://www.pt-stp.com.webyourday.com/tx_2.php?dir=%2Fhome%2Fwebw9215%2Fpublic_html%2Fandalaninti.co.id%2Fwp-includes%2Fblocks%2Fnavigation" "Mozilla/5.0 AppleWebKit/537.36 (KHTML, like Gecko; compatible; GPTBot/1.3; +https://openai.com/gptbot)"
74.7.241.53 - - [13/Mar/2026:19:28:00 +0700] "GET /tmp/cache_56986f4c287c02662732b127065bc525.php HTTP/2" 404 1251 "https://pt-stp.com.webyourday.com/cp5_2.php?path=%2F%2Ftmp" "Mozilla/5.0 AppleWebKit/537.36 (KHTML, like Gecko; compatible; GPTBot/1.3; +https://openai.com/gptbot)"
74.7.227.128 - - [13/Mar/2026:19:28:01 +0700] "GET /home/webw9215/public_html/wp-includes/blocks/post-excerpt.php HTTP/2" 404 1251 "https://pt-stp.com/cp5_2.php?path=%2Fhome%2Fwebw9215%2Fpublic_html%2Fwp-includes%2Fblocks" "Mozilla/5.0 AppleWebKit/537.36 (KHTML, like Gecko; compatible; GPTBot/1.3; +https://openai.com/gptbot)"
74.7.227.137 - - [13/Mar/2026:19:28:01 +0700] "GET /tx_2.php?dir=%2Fhome%2Fwebw9215%2Fpublic_html%2Fandalaninti.co.id%2Fwp-includes%2Fblocks%2Fsearch&edit=1&file=style.css HTTP/2" 200 988 "https://www.pt-stp.com.webyourday.com/tx_2.php?dir=%2Fhome%2Fwebw9215%2Fpublic_html%2Fandalaninti.co.id%2Fwp-includes%2Fblocks%2Fsearch" "Mozilla/5.0 AppleWebKit/537.36 (KHTML, like Gecko; compatible; GPTBot/1.3; +https://openai.com/gptbot)"
74.7.241.53 - - [13/Mar/2026:19:28:01 +0700] "GET /tmp/cache_502068149ecc940f1851694674c0f557.php HTTP/2" 404 1251 "https://pt-stp.com.webyourday.com/cp5_2.php?path=%2F%2Ftmp" "Mozilla/5.0 AppleWebKit/537.36 (KHTML, like Gecko; compatible; GPTBot/1.3; +https://openai.com/gptbot)"
74.7.227.137 - - [13/Mar/2026:19:28:03 +0700] "GET /tx_2.php?dir=%2Fhome%2Fwebw9215%2Fpublic_html%2Fandalaninti.co.id%2Fwp-includes%2Fblocks%2Fsearch&edit=1&file=theme.css HTTP/2" 200 432 "https://www.pt-stp.com.webyourday.com/tx_2.php?dir=%2Fhome%2Fwebw9215%2Fpublic_html%2Fandalaninti.co.id%2Fwp-includes%2Fblocks%2Fsearch" "Mozilla/5.0 AppleWebKit/537.36 (KHTML, like Gecko; compatible; GPTBot/1.3; +https://openai.com/gptbot)"
74.7.241.53 - - [13/Mar/2026:19:28:03 +0700] "GET /tmp/cache_794368c9de18d87a1323c65732274257.php HTTP/2" 404 1251 "https://pt-stp.com.webyourday.com/cp5_2.php?path=%2F%2Ftmp" "Mozilla/5.0 AppleWebKit/537.36 (KHTML, like Gecko; compatible; GPTBot/1.3; +https://openai.com/gptbot)"
74.7.227.19 - - [13/Mar/2026:19:28:03 +0700] "GET /tx_2.php?dir=%2Fhome%2Fwebw9215%2Fpublic_html%2Fansr.co.id%2Fwp-content%2Fplugins%2Fadvanced-custom-fields HTTP/2" 200 881 "https://www.pt-stp.com/tx_2.php?dir=%2Fhome%2Fwebw9215%2Fpublic_html%2Fansr.co.id%2Fwp-content%2Fplugins" "Mozilla/5.0 AppleWebKit/537.36 (KHTML, like Gecko; compatible; GPTBot/1.3; +https://openai.com/gptbot)"
74.7.227.137 - - [13/Mar/2026:19:28:04 +0700] "GET /tx_2.php?dir=%2Fhome%2Fwebw9215%2Fpublic_html%2Fandalaninti.co.id%2Fwp-includes%2Fblocks%2Fvideo&edit=1&file=editor.css HTTP/2" 200 752 "https://www.pt-stp.com.webyourday.com/tx_2.php?dir=%2Fhome%2Fwebw9215%2Fpublic_html%2Fandalaninti.co.id%2Fwp-includes%2Fblocks%2Fvideo" "Mozilla/5.0 AppleWebKit/537.36 (KHTML, like Gecko; compatible; GPTBot/1.3; +https://openai.com/gptbot)"
74.7.241.53 - - [13/Mar/2026:19:28:04 +0700] "GET /tmp/cache_2d004c4a931b6617801615165d2a2456.php HTTP/2" 404 1251 "https://pt-stp.com.webyourday.com/cp5_2.php?path=%2F%2Ftmp" "Mozilla/5.0 AppleWebKit/537.36 (KHTML, like Gecko; compatible; GPTBot/1.3; +https://openai.com/gptbot)"
74.7.227.137 - - [13/Mar/2026:19:28:04 +0700] "GET /tx_2.php?dir=%2Fhome%2Fwebw9215%2Fpublic_html%2Fandalaninti.co.id%2Fwp-includes%2Fblocks%2Fvideo%2F.. HTTP/2" 200 4483 "https://www.pt-stp.com.webyourday.com/tx_2.php?dir=%2Fhome%2Fwebw9215%2Fpublic_html%2Fandalaninti.co.id%2Fwp-includes%2Fblocks%2Fvideo" "Mozilla/5.0 AppleWebKit/537.36 (KHTML, like Gecko; compatible; GPTBot/1.3; +https://openai.com/gptbot)"
74.7.241.53 - - [13/Mar/2026:19:28:04 +0700] "GET /tmp/cache_1813035e879704ee439615c968fd1614.php HTTP/2" 404 1251 "https://pt-stp.com.webyourday.com/cp5_2.php?path=%2F%2Ftmp" "Mozilla/5.0 AppleWebKit/537.36 (KHTML, like Gecko; compatible; GPTBot/1.3; +https://openai.com/gptbot)"
74.7.241.53 - - [13/Mar/2026:19:28:05 +0700] "GET /tmp/cache_0c27d5316653a174b76339f1312a1344.php HTTP/2" 404 1251 "https://pt-stp.com.webyourday.com/cp5_2.php?path=%2F%2Ftmp" "Mozilla/5.0 AppleWebKit/537.36 (KHTML, like Gecko; compatible; GPTBot/1.3; +https://openai.com/gptbot)"
74.7.227.128 - - [13/Mar/2026:19:28:05 +0700] "GET /cp5_2.php?path=%2Fhome%2Fwebw9215%2Fpublic_html%2Fwp-includes%2Fblocks%2Fhtml HTTP/2" 200 792 "https://pt-stp.com/cp5_2.php?path=%2Fhome%2Fwebw9215%2Fpublic_html%2Fwp-includes%2Fblocks" "Mozilla/5.0 AppleWebKit/537.36 (KHTML, like Gecko; compatible; GPTBot/1.3; +https://openai.com/gptbot)"
74.7.227.137 - - [13/Mar/2026:19:28:06 +0700] "GET /tx_2.php?dir=%2Fhome%2Fwebw9215%2Fpublic_html%2Fandalaninti.co.id%2Fwp-includes%2Fblocks%2Fspacer&edit=1&file=style.css HTTP/2" 200 389 "https://www.pt-stp.com.webyourday.com/tx_2.php?dir=%2Fhome%2Fwebw9215%2Fpublic_html%2Fandalaninti.co.id%2Fwp-includes%2Fblocks%2Fspacer" "Mozilla/5.0 AppleWebKit/537.36 (KHTML, like Gecko; compatible; GPTBot/1.3; +https://openai.com/gptbot)"
74.7.241.53 - - [13/Mar/2026:19:28:06 +0700] "GET /tmp/cache_261a43f68690624053b4ca15e2545209.php HTTP/2" 404 1251 "https://pt-stp.com.webyourday.com/cp5_2.php?path=%2F%2Ftmp" "Mozilla/5.0 AppleWebKit/537.36 (KHTML, like Gecko; compatible; GPTBot/1.3; +https://openai.com/gptbot)"
74.7.227.137 - - [13/Mar/2026:19:28:07 +0700] "GET /tx_2.php?dir=%2Fhome%2Fwebw9215%2Fpublic_html%2Fandalaninti.co.id%2Fwp-includes%2Fblocks%2Fsocial-links%2F.. HTTP/2" 200 4483 "https://www.pt-stp.com.webyourday.com/tx_2.php?dir=%2Fhome%2Fwebw9215%2Fpublic_html%2Fandalaninti.co.id%2Fwp-includes%2Fblocks%2Fsocial-links" "Mozilla/5.0 AppleWebKit/537.36 (KHTML, like Gecko; compatible; GPTBot/1.3; +https://openai.com/gptbot)"
74.7.241.53 - - [13/Mar/2026:19:28:07 +0700] "GET /tmp/cache_062376c5369aab55339252130a6489f1.php HTTP/2" 404 1251 "https://pt-stp.com.webyourday.com/cp5_2.php?path=%2F%2Ftmp" "Mozilla/5.0 AppleWebKit/537.36 (KHTML, like Gecko; compatible; GPTBot/1.3; +https://openai.com/gptbot)"
74.7.227.137 - - [13/Mar/2026:19:28:08 +0700] "GET /tx_2.php?dir=%2Fhome%2Fwebw9215%2Fpublic_html%2Fandalaninti.co.id%2Fwp-includes%2Fblocks%2Faudio&edit=1&file=editor.css HTTP/2" 200 476 "https://www.pt-stp.com.webyourday.com/tx_2.php?dir=%2Fhome%2Fwebw9215%2Fpublic_html%2Fandalaninti.co.id%2Fwp-includes%2Fblocks%2Faudio" "Mozilla/5.0 AppleWebKit/537.36 (KHTML, like Gecko; compatible; GPTBot/1.3; +https://openai.com/gptbot)"
74.7.241.53 - - [13/Mar/2026:19:28:08 +0700] "GET /tmp/cache_1249b5053e3a1123129944bb567f6134.php HTTP/2" 404 1251 "https://pt-stp.com.webyourday.com/cp5_2.php?path=%2F%2Ftmp" "Mozilla/5.0 AppleWebKit/537.36 (KHTML, like Gecko; compatible; GPTBot/1.3; +https://openai.com/gptbot)"
74.7.227.137 - - [13/Mar/2026:19:28:08 +0700] "GET /tx_2.php?dir=%2Fhome%2Fwebw9215%2Fpublic_html%2Fandalaninti.co.id%2Fwp-includes%2Fblocks%2Fcategories%2F.. HTTP/2" 200 4548 "https://www.pt-stp.com.webyourday.com/tx_2.php?dir=%2Fhome%2Fwebw9215%2Fpublic_html%2Fandalaninti.co.id%2Fwp-includes%2Fblocks%2Fcategories" "Mozilla/5.0 AppleWebKit/537.36 (KHTML, like Gecko; compatible; GPTBot/1.3; +https://openai.com/gptbot)"
74.7.241.53 - - [13/Mar/2026:19:28:09 +0700] "GET /tmp/cache_720025944dac468fb561166f13112122.php HTTP/2" 404 1251 "https://pt-stp.com.webyourday.com/cp5_2.php?path=%2F%2Ftmp" "Mozilla/5.0 AppleWebKit/537.36 (KHTML, like Gecko; compatible; GPTBot/1.3; +https://openai.com/gptbot)"
74.7.227.137 - - [13/Mar/2026:19:28:10 +0700] "GET /tx_2.php?dir=%2Fhome%2Fwebw9215%2Fpublic_html%2Fandalaninti.co.id%2Fwp-includes%2Fblocks%2Fsearch&edit=1&file=view.min.js HTTP/2" 200 971 "https://www.pt-stp.com.webyourday.com/tx_2.php?dir=%2Fhome%2Fwebw9215%2Fpublic_html%2Fandalaninti.co.id%2Fwp-includes%2Fblocks%2Fsearch" "Mozilla/5.0 AppleWebKit/537.36 (KHTML, like Gecko; compatible; GPTBot/1.3; +https://openai.com/gptbot)"
74.7.227.128 - - [13/Mar/2026:19:28:10 +0700] "GET /home/webw9215/public_html/wp-includes/blocks/post-terms.php HTTP/2" 404 1251 "https://pt-stp.com/cp5_2.php?path=%2Fhome%2Fwebw9215%2Fpublic_html%2Fwp-includes%2Fblocks" "Mozilla/5.0 AppleWebKit/537.36 (KHTML, like Gecko; compatible; GPTBot/1.3; +https://openai.com/gptbot)"
74.7.241.53 - - [13/Mar/2026:19:28:10 +0700] "GET /tmp/cache_9456d279f3e2d756083062d377d63031.php HTTP/2" 404 1251 "https://pt-stp.com.webyourday.com/cp5_2.php?path=%2F%2Ftmp" "Mozilla/5.0 AppleWebKit/537.36 (KHTML, like Gecko; compatible; GPTBot/1.3; +https://openai.com/gptbot)"
74.7.227.137 - - [13/Mar/2026:19:28:11 +0700] "GET /tx_2.php?dir=%2Fhome%2Fwebw9215%2Fpublic_html%2Fandalaninti.co.id%2Fwp-includes%2Fblocks%2Fcategories&edit=1&file=style.css HTTP/2" 200 477 "https://www.pt-stp.com.webyourday.com/tx_2.php?dir=%2Fhome%2Fwebw9215%2Fpublic_html%2Fandalaninti.co.id%2Fwp-includes%2Fblocks%2Fcategories" "Mozilla/5.0 AppleWebKit/537.36 (KHTML, like Gecko; compatible; GPTBot/1.3; +https://openai.com/gptbot)"
74.7.241.53 - - [13/Mar/2026:19:28:11 +0700] "GET /tmp/cache_02467539e194901830c2e492a41a642b.php HTTP/2" 404 1251 "https://pt-stp.com.webyourday.com/cp5_2.php?path=%2F%2Ftmp" "Mozilla/5.0 AppleWebKit/537.36 (KHTML, like Gecko; compatible; GPTBot/1.3; +https://openai.com/gptbot)"
74.7.227.137 - - [13/Mar/2026:19:28:11 +0700] "GET /tx_2.php?dir=%2Fhome%2Fwebw9215%2Fpublic_html%2Fandalaninti.co.id%2Fwp-includes%2Fblocks%2Fnavigation&edit=1&file=editor-rtl.min.css HTTP/2" 200 2617 "https://www.pt-stp.com.webyourday.com/tx_2.php?dir=%2Fhome%2Fwebw9215%2Fpublic_html%2Fandalaninti.co.id%2Fwp-includes%2Fblocks%2Fnavigation" "Mozilla/5.0 AppleWebKit/537.36 (KHTML, like Gecko; compatible; GPTBot/1.3; +https://openai.com/gptbot)"
74.7.241.53 - - [13/Mar/2026:19:28:12 +0700] "GET /tmp/cache_3308486a0564d2d45e59e5094718355c.php HTTP/2" 404 1251 "https://pt-stp.com.webyourday.com/cp5_2.php?path=%2F%2Ftmp" "Mozilla/5.0 AppleWebKit/537.36 (KHTML, like Gecko; compatible; GPTBot/1.3; +https://openai.com/gptbot)"
74.7.227.137 - - [13/Mar/2026:19:28:12 +0700] "GET /tx_2.php?dir=%2Fhome%2Fwebw9215%2Fpublic_html%2Fandalaninti.co.id%2Fwp-includes%2Fblocks%2Fnavigation&edit=1&file=editor.min.css HTTP/2" 200 2605 "https://www.pt-stp.com.webyourday.com/tx_2.php?dir=%2Fhome%2Fwebw9215%2Fpublic_html%2Fandalaninti.co.id%2Fwp-includes%2Fblocks%2Fnavigation" "Mozilla/5.0 AppleWebKit/537.36 (KHTML, like Gecko; compatible; GPTBot/1.3; +https://openai.com/gptbot)"
74.7.241.53 - - [13/Mar/2026:19:28:13 +0700] "GET /tmp/cache_37b217449b767a93b3182a48196f2163.php HTTP/2" 404 1251 "https://pt-stp.com.webyourday.com/cp5_2.php?path=%2F%2Ftmp" "Mozilla/5.0 AppleWebKit/537.36 (KHTML, like Gecko; compatible; GPTBot/1.3; +https://openai.com/gptbot)"
74.7.227.137 - - [13/Mar/2026:19:28:13 +0700] "GET /tx_2.php?dir=%2Fhome%2Fwebw9215%2Fpublic_html%2Fandalaninti.co.id%2Fwp-includes%2Fblocks%2Fnavigation&edit=1&file=style-rtl.css HTTP/2" 200 2879 "https://www.pt-stp.com.webyourday.com/tx_2.php?dir=%2Fhome%2Fwebw9215%2Fpublic_html%2Fandalaninti.co.id%2Fwp-includes%2Fblocks%2Fnavigation" "Mozilla/5.0 AppleWebKit/537.36 (KHTML, like Gecko; compatible; GPTBot/1.3; +https://openai.com/gptbot)"
74.7.241.53 - - [13/Mar/2026:19:28:13 +0700] "GET /tmp/cache_18bb116e83484b50307006499120e13e.php HTTP/2" 404 1251 "https://pt-stp.com.webyourday.com/cp5_2.php?path=%2F%2Ftmp" "Mozilla/5.0 AppleWebKit/537.36 (KHTML, like Gecko; compatible; GPTBot/1.3; +https://openai.com/gptbot)"
74.7.227.128 - - [13/Mar/2026:19:28:14 +0700] "GET /home/webw9215/public_html/wp-includes/blocks/post-author.php HTTP/2" 404 1251 "https://pt-stp.com/cp5_2.php?path=%2Fhome%2Fwebw9215%2Fpublic_html%2Fwp-includes%2Fblocks" "Mozilla/5.0 AppleWebKit/537.36 (KHTML, like Gecko; compatible; GPTBot/1.3; +https://openai.com/gptbot)"
74.7.227.137 - - [13/Mar/2026:19:28:14 +0700] "GET /tx_2.php?dir=%2Fhome%2Fwebw9215%2Fpublic_html%2Fandalaninti.co.id%2Fwp-includes%2Fblocks%2Fcategories&edit=1&file=style-rtl.css HTTP/2" 200 479 "https://www.pt-stp.com.webyourday.com/tx_2.php?dir=%2Fhome%2Fwebw9215%2Fpublic_html%2Fandalaninti.co.id%2Fwp-includes%2Fblocks%2Fcategories" "Mozilla/5.0 AppleWebKit/537.36 (KHTML, like Gecko; compatible; GPTBot/1.3; +https://openai.com/gptbot)"
74.7.227.19 - - [13/Mar/2026:19:28:15 +0700] "GET /tx_2.php?dir=%2Fhome%2Fwebw9215%2Fpublic_html%2Fansr.co.id%2Fwp-content%2Fplugins%2Fdownload-monitor HTTP/2" 200 890 "https://www.pt-stp.com/tx_2.php?dir=%2Fhome%2Fwebw9215%2Fpublic_html%2Fansr.co.id%2Fwp-content%2Fplugins" "Mozilla/5.0 AppleWebKit/537.36 (KHTML, like Gecko; compatible; GPTBot/1.3; +https://openai.com/gptbot)"
74.7.227.137 - - [13/Mar/2026:19:28:15 +0700] "GET /tx_2.php?dir=%2Fhome%2Fwebw9215%2Fpublic_html%2Fandalaninti.co.id%2Fwp-includes%2Fblocks%2Fnavigation&edit=1&file=style.css HTTP/2" 200 2862 "https://www.pt-stp.com.webyourday.com/tx_2.php?dir=%2Fhome%2Fwebw9215%2Fpublic_html%2Fandalaninti.co.id%2Fwp-includes%2Fblocks%2Fnavigation" "Mozilla/5.0 AppleWebKit/537.36 (KHTML, like Gecko; compatible; GPTBot/1.3; +https://openai.com/gptbot)"
74.7.227.137 - - [13/Mar/2026:19:28:16 +0700] "GET /tx_2.php?dir=%2Fhome%2Fwebw9215%2Fpublic_html%2Fandalaninti.co.id%2Fwp-includes%2Fblocks%2Fnavigation&edit=1&file=style-rtl.min.css HTTP/2" 200 2728 "https://www.pt-stp.com.webyourday.com/tx_2.php?dir=%2Fhome%2Fwebw9215%2Fpublic_html%2Fandalaninti.co.id%2Fwp-includes%2Fblocks%2Fnavigation" "Mozilla/5.0 AppleWebKit/537.36 (KHTML, like Gecko; compatible; GPTBot/1.3; +https://openai.com/gptbot)"
74.7.227.137 - - [13/Mar/2026:19:28:17 +0700] "GET /tx_2.php?dir=%2Fhome%2Fwebw9215%2Fpublic_html%2Fandalaninti.co.id%2Fwp-includes%2Fblocks%2Fnavigation&edit=1&file=editor-rtl.css HTTP/2" 200 2713 "https://www.pt-stp.com.webyourday.com/tx_2.php?dir=%2Fhome%2Fwebw9215%2Fpublic_html%2Fandalaninti.co.id%2Fwp-includes%2Fblocks%2Fnavigation" "Mozilla/5.0 AppleWebKit/537.36 (KHTML, like Gecko; compatible; GPTBot/1.3; +https://openai.com/gptbot)"
74.7.227.128 - - [13/Mar/2026:19:28:17 +0700] "GET /home/webw9215/public_html/wp-includes/blocks/post-comments-form.php HTTP/2" 404 1251 "https://pt-stp.com/cp5_2.php?path=%2Fhome%2Fwebw9215%2Fpublic_html%2Fwp-includes%2Fblocks" "Mozilla/5.0 AppleWebKit/537.36 (KHTML, like Gecko; compatible; GPTBot/1.3; +https://openai.com/gptbot)"
74.7.227.137 - - [13/Mar/2026:19:28:18 +0700] "GET /tx_2.php?dir=%2Fhome%2Fwebw9215%2Fpublic_html%2Fandalaninti.co.id%2Fwp-includes%2Fblocks%2Fnavigation&edit=1&file=style.min.css HTTP/2" 200 2686 "https://www.pt-stp.com.webyourday.com/tx_2.php?dir=%2Fhome%2Fwebw9215%2Fpublic_html%2Fandalaninti.co.id%2Fwp-includes%2Fblocks%2Fnavigation" "Mozilla/5.0 AppleWebKit/537.36 (KHTML, like Gecko; compatible; GPTBot/1.3; +https://openai.com/gptbot)"
74.7.227.137 - - [13/Mar/2026:19:28:18 +0700] "GET /tx_2.php?dir=%2Fhome%2Fwebw9215%2Fpublic_html%2Fandalaninti.co.id%2Fwp-includes%2Fblocks%2Ftext-columns&edit=1&file=style.css HTTP/2" 200 487 "https://www.pt-stp.com.webyourday.com/tx_2.php?dir=%2Fhome%2Fwebw9215%2Fpublic_html%2Fandalaninti.co.id%2Fwp-includes%2Fblocks%2Ftext-columns" "Mozilla/5.0 AppleWebKit/537.36 (KHTML, like Gecko; compatible; GPTBot/1.3; +https://openai.com/gptbot)"
74.7.227.137 - - [13/Mar/2026:19:28:19 +0700] "GET /tx_2.php?dir=%2Fhome%2Fwebw9215%2Fpublic_html%2Fandalaninti.co.id%2Fwp-includes%2Fblocks%2Fcategories&edit=1&file=style.min.css HTTP/2" 200 466 "https://www.pt-stp.com.webyourday.com/tx_2.php?dir=%2Fhome%2Fwebw9215%2Fpublic_html%2Fandalaninti.co.id%2Fwp-includes%2Fblocks%2Fcategories" "Mozilla/5.0 AppleWebKit/537.36 (KHTML, like Gecko; compatible; GPTBot/1.3; +https://openai.com/gptbot)"
74.7.227.137 - - [13/Mar/2026:19:28:20 +0700] "GET /tx_2.php?dir=%2Fhome%2Fwebw9215%2Fpublic_html%2Fandalaninti.co.id%2Fwp-includes%2Fblocks%2Fcategories&edit=1&file=style-rtl.min.css HTTP/2" 200 468 "https://www.pt-stp.com.webyourday.com/tx_2.php?dir=%2Fhome%2Fwebw9215%2Fpublic_html%2Fandalaninti.co.id%2Fwp-includes%2Fblocks%2Fcategories" "Mozilla/5.0 AppleWebKit/537.36 (KHTML, like Gecko; compatible; GPTBot/1.3; +https://openai.com/gptbot)"
216.73.216.4 - - [13/Mar/2026:19:28:20 +0700] "GET /home/webw9215/public_html/wp-includes/class-wp-scripts.php HTTP/2" 404 1251 "-" "Mozilla/5.0 AppleWebKit/537.36 (KHTML, like Gecko; compatible; ClaudeBot/1.0; +claudebot@anthropic.com)"
74.7.227.137 - - [13/Mar/2026:19:28:21 +0700] "GET /tx_2.php?dir=%2Fhome%2Fwebw9215%2Fpublic_html%2Fandalaninti.co.id%2Fwp-includes%2Fblocks%2Fnavigation&edit=1&file=editor.css HTTP/2" 200 2723 "https://www.pt-stp.com.webyourday.com/tx_2.php?dir=%2Fhome%2Fwebw9215%2Fpublic_html%2Fandalaninti.co.id%2Fwp-includes%2Fblocks%2Fnavigation" "Mozilla/5.0 AppleWebKit/537.36 (KHTML, like Gecko; compatible; GPTBot/1.3; +https://openai.com/gptbot)"
74.7.241.49 - - [13/Mar/2026:19:28:21 +0700] "GET /wp-includes/sodium_compat/namespaced/Core/?ND HTTP/2" 200 1325 "https://mail.pt-stp.com/wp-includes/sodium_compat/namespaced/Core/" "Mozilla/5.0 AppleWebKit/537.36 (KHTML, like Gecko; compatible; GPTBot/1.3; +https://openai.com/gptbot)"
74.7.241.182 - - [13/Mar/2026:19:28:22 +0700] "GET /robots.txt HTTP/2" 200 176 "-" "Mozilla/5.0 (Macintosh; Intel Mac OS X 10_15_7) AppleWebKit/537.36 (KHTML, like Gecko) Chrome/131.0.0.0 Safari/537.36; compatible; OAI-SearchBot/1.3; robots.txt; +https://openai.com/searchbot"
74.7.227.128 - - [13/Mar/2026:19:28:22 +0700] "GET /home/webw9215/public_html/wp-includes/blocks/post-comments-count.php HTTP/2" 404 1251 "https://pt-stp.com/cp5_2.php?path=%2Fhome%2Fwebw9215%2Fpublic_html%2Fwp-includes%2Fblocks" "Mozilla/5.0 AppleWebKit/537.36 (KHTML, like Gecko; compatible; GPTBot/1.3; +https://openai.com/gptbot)"
74.7.227.137 - - [13/Mar/2026:19:28:22 +0700] "GET /tx_2.php?dir=%2Fhome%2Fwebw9215%2Fpublic_html%2Fandalaninti.co.id%2Fwp-includes%2Fblocks%2Fnavigation&edit=1&file=view-modal.min.asset.php HTTP/2" 200 452 "https://www.pt-stp.com.webyourday.com/tx_2.php?dir=%2Fhome%2Fwebw9215%2Fpublic_html%2Fandalaninti.co.id%2Fwp-includes%2Fblocks%2Fnavigation" "Mozilla/5.0 AppleWebKit/537.36 (KHTML, like Gecko; compatible; GPTBot/1.3; +https://openai.com/gptbot)"
74.7.227.137 - - [13/Mar/2026:19:28:23 +0700] "GET /tx_2.php?dir=%2Fhome%2Fwebw9215%2Fpublic_html%2Fandalaninti.co.id%2Fwp-includes%2Fblocks%2Fsite-tagline HTTP/2" 200 881 "https://www.pt-stp.com.webyourday.com/tx_2.php?dir=%2Fhome%2Fwebw9215%2Fpublic_html%2Fandalaninti.co.id%2Fwp-includes%2Fblocks" "Mozilla/5.0 AppleWebKit/537.36 (KHTML, like Gecko; compatible; GPTBot/1.3; +https://openai.com/gptbot)"
74.7.227.137 - - [13/Mar/2026:19:28:24 +0700] "GET /tx_2.php?dir=%2Fhome%2Fwebw9215%2Fpublic_html%2Fandalaninti.co.id%2Fwp-includes%2Fblocks%2Fcomment-date HTTP/2" 200 824 "https://www.pt-stp.com.webyourday.com/tx_2.php?dir=%2Fhome%2Fwebw9215%2Fpublic_html%2Fandalaninti.co.id%2Fwp-includes%2Fblocks" "Mozilla/5.0 AppleWebKit/537.36 (KHTML, like Gecko; compatible; GPTBot/1.3; +https://openai.com/gptbot)"
216.73.216.4 - - [13/Mar/2026:19:28:25 +0700] "GET /wp-includes/sodium_compat/lib/sodium_compat.php HTTP/2" 200 0 "-" "Mozilla/5.0 AppleWebKit/537.36 (KHTML, like Gecko; compatible; ClaudeBot/1.0; +claudebot@anthropic.com)"
74.7.227.137 - - [13/Mar/2026:19:28:25 +0700] "GET /tx_2.php?dir=%2Fhome%2Fwebw9215%2Fpublic_html%2Fandalaninti.co.id%2Fwp-includes%2Fblocks%2Flatest-posts HTTP/2" 200 897 "https://www.pt-stp.com.webyourday.com/tx_2.php?dir=%2Fhome%2Fwebw9215%2Fpublic_html%2Fandalaninti.co.id%2Fwp-includes%2Fblocks" "Mozilla/5.0 AppleWebKit/537.36 (KHTML, like Gecko; compatible; GPTBot/1.3; +https://openai.com/gptbot)"
74.7.227.128 - - [13/Mar/2026:19:28:26 +0700] "GET /home/webw9215/public_html/wp-includes/blocks/post-comments-link.php HTTP/2" 404 1251 "https://pt-stp.com/cp5_2.php?path=%2Fhome%2Fwebw9215%2Fpublic_html%2Fwp-includes%2Fblocks" "Mozilla/5.0 AppleWebKit/537.36 (KHTML, like Gecko; compatible; GPTBot/1.3; +https://openai.com/gptbot)"
74.7.227.19 - - [13/Mar/2026:19:28:27 +0700] "GET /tx_2.php?dir=%2Fhome%2Fwebw9215%2Fpublic_html%2Fansr.co.id%2Fwp-content%2Fplugins%2Flogin-customizer HTTP/2" 200 1036 "https://www.pt-stp.com/tx_2.php?dir=%2Fhome%2Fwebw9215%2Fpublic_html%2Fansr.co.id%2Fwp-content%2Fplugins" "Mozilla/5.0 AppleWebKit/537.36 (KHTML, like Gecko; compatible; GPTBot/1.3; +https://openai.com/gptbot)"
74.7.227.137 - - [13/Mar/2026:19:28:27 +0700] "GET /tx_2.php?dir=%2Fhome%2Fwebw9215%2Fpublic_html%2Fandalaninti.co.id%2Fwp-includes%2Fblocks%2Fcolumn HTTP/2" 200 748 "https://www.pt-stp.com.webyourday.com/tx_2.php?dir=%2Fhome%2Fwebw9215%2Fpublic_html%2Fandalaninti.co.id%2Fwp-includes%2Fblocks" "Mozilla/5.0 AppleWebKit/537.36 (KHTML, like Gecko; compatible; GPTBot/1.3; +https://openai.com/gptbot)"
74.7.227.137 - - [13/Mar/2026:19:28:27 +0700] "GET /tx_2.php?dir=%2Fhome%2Fwebw9215%2Fpublic_html%2Fandalaninti.co.id%2Fwp-includes%2Fblocks&edit=1&file=page-list.php HTTP/2" 200 3958 "https://www.pt-stp.com.webyourday.com/tx_2.php?dir=%2Fhome%2Fwebw9215%2Fpublic_html%2Fandalaninti.co.id%2Fwp-includes%2Fblocks" "Mozilla/5.0 AppleWebKit/537.36 (KHTML, like Gecko; compatible; GPTBot/1.3; +https://openai.com/gptbot)"
74.7.227.137 - - [13/Mar/2026:19:28:29 +0700] "GET /tx_2.php?dir=%2Fhome%2Fwebw9215%2Fpublic_html%2Fandalaninti.co.id%2Fwp-includes%2Fblocks%2Fcomment-edit-link HTTP/2" 200 828 "https://www.pt-stp.com.webyourday.com/tx_2.php?dir=%2Fhome%2Fwebw9215%2Fpublic_html%2Fandalaninti.co.id%2Fwp-includes%2Fblocks" "Mozilla/5.0 AppleWebKit/537.36 (KHTML, like Gecko; compatible; GPTBot/1.3; +https://openai.com/gptbot)"
74.7.227.128 - - [13/Mar/2026:19:28:30 +0700] "GET /home/webw9215/public_html/wp-includes/blocks/post-author-name.php HTTP/2" 404 1251 "https://pt-stp.com/cp5_2.php?path=%2Fhome%2Fwebw9215%2Fpublic_html%2Fwp-includes%2Fblocks" "Mozilla/5.0 AppleWebKit/537.36 (KHTML, like Gecko; compatible; GPTBot/1.3; +https://openai.com/gptbot)"
216.73.216.4 - - [13/Mar/2026:19:28:30 +0700] "GET /wp-includes/sodium_compat/src/PHP52 HTTP/2" 301 795 "-" "Mozilla/5.0 AppleWebKit/537.36 (KHTML, like Gecko; compatible; ClaudeBot/1.0; +claudebot@anthropic.com)"
216.73.216.4 - - [13/Mar/2026:19:28:30 +0700] "GET /wp-includes/sodium_compat/src/PHP52/ HTTP/2" 200 652 "https://pt-stp.com/wp-includes/sodium_compat/src/PHP52" "Mozilla/5.0 AppleWebKit/537.36 (KHTML, like Gecko; compatible; ClaudeBot/1.0; +claudebot@anthropic.com)"
74.7.227.137 - - [13/Mar/2026:19:28:30 +0700] "GET /tx_2.php?dir=%2Fhome%2Fwebw9215%2Fpublic_html%2Fandalaninti.co.id%2Fwp-includes%2Fblocks&edit=1&file=site-logo.php HTTP/2" 200 2276 "https://www.pt-stp.com.webyourday.com/tx_2.php?dir=%2Fhome%2Fwebw9215%2Fpublic_html%2Fandalaninti.co.id%2Fwp-includes%2Fblocks" "Mozilla/5.0 AppleWebKit/537.36 (KHTML, like Gecko; compatible; GPTBot/1.3; +https://openai.com/gptbot)"
74.7.227.137 - - [13/Mar/2026:19:28:32 +0700] "GET /tx_2.php?dir=%2Fhome%2Fwebw9215%2Fpublic_html%2Fandalaninti.co.id%2Fwp-includes%2Fblocks&edit=1&file=cover.php HTTP/2" 200 1630 "https://www.pt-stp.com.webyourday.com/tx_2.php?dir=%2Fhome%2Fwebw9215%2Fpublic_html%2Fandalaninti.co.id%2Fwp-includes%2Fblocks" "Mozilla/5.0 AppleWebKit/537.36 (KHTML, like Gecko; compatible; GPTBot/1.3; +https://openai.com/gptbot)"
74.7.227.137 - - [13/Mar/2026:19:28:32 +0700] "GET /tx_2.php?dir=%2Fhome%2Fwebw9215%2Fpublic_html%2Fandalaninti.co.id%2Fwp-includes%2Fblocks&edit=1&file=query-total.php HTTP/2" 200 1378 "https://www.pt-stp.com.webyourday.com/tx_2.php?dir=%2Fhome%2Fwebw9215%2Fpublic_html%2Fandalaninti.co.id%2Fwp-includes%2Fblocks" "Mozilla/5.0 AppleWebKit/537.36 (KHTML, like Gecko; compatible; GPTBot/1.3; +https://openai.com/gptbot)"
74.7.227.137 - - [13/Mar/2026:19:28:33 +0700] "GET /tx_2.php?dir=%2Fhome%2Fwebw9215%2Fpublic_html%2Fandalaninti.co.id%2Fwp-includes%2Fblocks&edit=1&file=widget-group.php HTTP/2" 200 1144 "https://www.pt-stp.com.webyourday.com/tx_2.php?dir=%2Fhome%2Fwebw9215%2Fpublic_html%2Fandalaninti.co.id%2Fwp-includes%2Fblocks" "Mozilla/5.0 AppleWebKit/537.36 (KHTML, like Gecko; compatible; GPTBot/1.3; +https://openai.com/gptbot)"
74.7.227.128 - - [13/Mar/2026:19:28:34 +0700] "GET /home/webw9215/public_html/wp-includes/blocks/post-author-biography.php HTTP/2" 404 1251 "https://pt-stp.com/cp5_2.php?path=%2Fhome%2Fwebw9215%2Fpublic_html%2Fwp-includes%2Fblocks" "Mozilla/5.0 AppleWebKit/537.36 (KHTML, like Gecko; compatible; GPTBot/1.3; +https://openai.com/gptbot)"
216.73.216.4 - - [13/Mar/2026:19:28:34 +0700] "GET /home/webw9215/public_html/wp-includes/class-wp-http-encoding.php HTTP/2" 404 1251 "-" "Mozilla/5.0 AppleWebKit/537.36 (KHTML, like Gecko; compatible; ClaudeBot/1.0; +claudebot@anthropic.com)"
74.7.227.137 - - [13/Mar/2026:19:28:34 +0700] "GET /tx_2.php?dir=%2Fhome%2Fwebw9215%2Fpublic_html%2Fandalaninti.co.id%2Fwp-includes%2Fblocks&edit=1&file=query.php HTTP/2" 200 2214 "https://www.pt-stp.com.webyourday.com/tx_2.php?dir=%2Fhome%2Fwebw9215%2Fpublic_html%2Fandalaninti.co.id%2Fwp-includes%2Fblocks" "Mozilla/5.0 AppleWebKit/537.36 (KHTML, like Gecko; compatible; GPTBot/1.3; +https://openai.com/gptbot)"
74.7.241.53 - - [13/Mar/2026:19:28:35 +0700] "GET /tmp/cache_23ed10d3429aa2a17998130728493921.php HTTP/2" 404 1251 "https://pt-stp.com.webyourday.com/cp5_2.php?path=%2F%2Ftmp" "Mozilla/5.0 AppleWebKit/537.36 (KHTML, like Gecko; compatible; GPTBot/1.3; +https://openai.com/gptbot)"
74.7.227.137 - - [13/Mar/2026:19:28:36 +0700] "GET /tx_2.php?dir=%2Fhome%2Fwebw9215%2Fpublic_html%2Fandalaninti.co.id%2Fwp-includes%2Fblocks&edit=1&file=term-name.php HTTP/2" 200 1222 "https://www.pt-stp.com.webyourday.com/tx_2.php?dir=%2Fhome%2Fwebw9215%2Fpublic_html%2Fandalaninti.co.id%2Fwp-includes%2Fblocks" "Mozilla/5.0 AppleWebKit/537.36 (KHTML, like Gecko; compatible; GPTBot/1.3; +https://openai.com/gptbot)"
74.7.227.19 - - [13/Mar/2026:19:28:36 +0700] "GET /tx_2.php?dir=%2Fhome%2Fwebw9215%2Fpublic_html%2Fansr.co.id%2Fwp-content%2Fplugins%2Felementor HTTP/2" 200 1028 "https://www.pt-stp.com/tx_2.php?dir=%2Fhome%2Fwebw9215%2Fpublic_html%2Fansr.co.id%2Fwp-content%2Fplugins" "Mozilla/5.0 AppleWebKit/537.36 (KHTML, like Gecko; compatible; GPTBot/1.3; +https://openai.com/gptbot)"
74.7.227.137 - - [13/Mar/2026:19:28:37 +0700] "GET /tx_2.php?dir=%2Fhome%2Fwebw9215%2Fpublic_html%2Fandalaninti.co.id%2Fwp-includes%2Fblocks&edit=1&file=term-count.php HTTP/2" 200 1127 "https://www.pt-stp.com.webyourday.com/tx_2.php?dir=%2Fhome%2Fwebw9215%2Fpublic_html%2Fandalaninti.co.id%2Fwp-includes%2Fblocks" "Mozilla/5.0 AppleWebKit/537.36 (KHTML, like Gecko; compatible; GPTBot/1.3; +https://openai.com/gptbot)"
74.7.227.137 - - [13/Mar/2026:19:28:37 +0700] "GET /tx_2.php?dir=%2Fhome%2Fwebw9215%2Fpublic_html%2Fandalaninti.co.id%2Fwp-includes%2Fblocks&edit=1&file=legacy-widget.php HTTP/2" 200 1928 "https://www.pt-stp.com.webyourday.com/tx_2.php?dir=%2Fhome%2Fwebw9215%2Fpublic_html%2Fandalaninti.co.id%2Fwp-includes%2Fblocks" "Mozilla/5.0 AppleWebKit/537.36 (KHTML, like Gecko; compatible; GPTBot/1.3; +https://openai.com/gptbot)"
74.7.227.128 - - [13/Mar/2026:19:28:38 +0700] "GET /home/webw9215/public_html/wp-includes/blocks/post-date.php HTTP/2" 404 1251 "https://pt-stp.com/cp5_2.php?path=%2Fhome%2Fwebw9215%2Fpublic_html%2Fwp-includes%2Fblocks" "Mozilla/5.0 AppleWebKit/537.36 (KHTML, like Gecko; compatible; GPTBot/1.3; +https://openai.com/gptbot)"
74.7.227.137 - - [13/Mar/2026:19:28:38 +0700] "GET /tx_2.php?dir=%2Fhome%2Fwebw9215%2Fpublic_html%2Fandalaninti.co.id%2Fwp-includes%2Fblocks&edit=1&file=query-title.php HTTP/2" 200 1426 "https://www.pt-stp.com.webyourday.com/tx_2.php?dir=%2Fhome%2Fwebw9215%2Fpublic_html%2Fandalaninti.co.id%2Fwp-includes%2Fblocks" "Mozilla/5.0 AppleWebKit/537.36 (KHTML, like Gecko; compatible; GPTBot/1.3; +https://openai.com/gptbot)"
216.73.216.4 - - [13/Mar/2026:19:28:39 +0700] "GET /home/webw9215/public_html/wp-includes/http.php HTTP/2" 404 1251 "-" "Mozilla/5.0 AppleWebKit/537.36 (KHTML, like Gecko; compatible; ClaudeBot/1.0; +claudebot@anthropic.com)"
74.7.227.137 - - [13/Mar/2026:19:28:39 +0700] "GET /tx_2.php?dir=%2Fhome%2Fwebw9215%2Fpublic_html%2Fandalaninti.co.id%2Fwp-includes%2FText&edit=1&file=Exception.php HTTP/2" 200 485 "https://www.pt-stp.com.webyourday.com/tx_2.php?dir=%2Fhome%2Fwebw9215%2Fpublic_html%2Fandalaninti.co.id%2Fwp-includes%2FText" "Mozilla/5.0 AppleWebKit/537.36 (KHTML, like Gecko; compatible; GPTBot/1.3; +https://openai.com/gptbot)"
74.7.227.137 - - [13/Mar/2026:19:28:40 +0700] "GET /tx_2.php?dir=%2Fhome%2Fwebw9215%2Fpublic_html%2Fandalaninti.co.id%2Fwp-includes%2Fblocks&edit=1&file=post-title.php HTTP/2" 200 1308 "https://www.pt-stp.com.webyourday.com/tx_2.php?dir=%2Fhome%2Fwebw9215%2Fpublic_html%2Fandalaninti.co.id%2Fwp-includes%2Fblocks" "Mozilla/5.0 AppleWebKit/537.36 (KHTML, like Gecko; compatible; GPTBot/1.3; +https://openai.com/gptbot)"
74.7.227.137 - - [13/Mar/2026:19:28:41 +0700] "GET /tx_2.php?dir=%2Fhome%2Fwebw9215%2Fpublic_html%2Fandalaninti.co.id%2Fwp-includes%2Fblocks&edit=1&file=post-date.php HTTP/2" 200 1753 "https://www.pt-stp.com.webyourday.com/tx_2.php?dir=%2Fhome%2Fwebw9215%2Fpublic_html%2Fandalaninti.co.id%2Fwp-includes%2Fblocks" "Mozilla/5.0 AppleWebKit/537.36 (KHTML, like Gecko; compatible; GPTBot/1.3; +https://openai.com/gptbot)"
74.7.227.128 - - [13/Mar/2026:19:28:41 +0700] "GET /home/webw9215/public_html/wp-includes/blocks/post-title.php HTTP/2" 404 1251 "https://pt-stp.com/cp5_2.php?path=%2Fhome%2Fwebw9215%2Fpublic_html%2Fwp-includes%2Fblocks" "Mozilla/5.0 AppleWebKit/537.36 (KHTML, like Gecko; compatible; GPTBot/1.3; +https://openai.com/gptbot)"
74.7.227.137 - - [13/Mar/2026:19:28:42 +0700] "GET /tx_2.php?dir=%2Fhome%2Fwebw9215%2Fpublic_html%2Fandalaninti.co.id%2Fwp-includes%2Fblocks&edit=1&file=post-template.php HTTP/2" 200 2534 "https://www.pt-stp.com.webyourday.com/tx_2.php?dir=%2Fhome%2Fwebw9215%2Fpublic_html%2Fandalaninti.co.id%2Fwp-includes%2Fblocks" "Mozilla/5.0 AppleWebKit/537.36 (KHTML, like Gecko; compatible; GPTBot/1.3; +https://openai.com/gptbot)"
74.7.227.137 - - [13/Mar/2026:19:28:43 +0700] "GET /tx_2.php?dir=%2Fhome%2Fwebw9215%2Fpublic_html%2Fandalaninti.co.id%2Fwp-includes%2Fcss&edit=1&file=wp-auth-check.min.css HTTP/2" 200 1026 "https://www.pt-stp.com.webyourday.com/tx_2.php?dir=%2Fhome%2Fwebw9215%2Fpublic_html%2Fandalaninti.co.id%2Fwp-includes%2Fcss" "Mozilla/5.0 AppleWebKit/537.36 (KHTML, like Gecko; compatible; GPTBot/1.3; +https://openai.com/gptbot)"
74.7.227.137 - - [13/Mar/2026:19:28:43 +0700] "GET /tx_2.php?dir=%2Fhome%2Fwebw9215%2Fpublic_html%2Fandalaninti.co.id%2Fwp-includes%2Fcss&edit=1&file=wp-pointer.min.css HTTP/2" 200 1205 "https://www.pt-stp.com.webyourday.com/tx_2.php?dir=%2Fhome%2Fwebw9215%2Fpublic_html%2Fandalaninti.co.id%2Fwp-includes%2Fcss" "Mozilla/5.0 AppleWebKit/537.36 (KHTML, like Gecko; compatible; GPTBot/1.3; +https://openai.com/gptbot)"
74.7.227.19 - - [13/Mar/2026:19:28:43 +0700] "GET /tx_2.php?dir=%2Fhome%2Fwebw9215%2Fpublic_html%2Fansr.co.id%2Fwp-content%2Fuploads%2Felementor HTTP/2" 200 716 "https://www.pt-stp.com/tx_2.php?dir=%2Fhome%2Fwebw9215%2Fpublic_html%2Fansr.co.id%2Fwp-content%2Fuploads" "Mozilla/5.0 AppleWebKit/537.36 (KHTML, like Gecko; compatible; GPTBot/1.3; +https://openai.com/gptbot)"
216.73.216.4 - - [13/Mar/2026:19:28:44 +0700] "GET /home/webw9215/public_html/wp-includes/class.wp-scripts.php HTTP/2" 404 1251 "-" "Mozilla/5.0 AppleWebKit/537.36 (KHTML, like Gecko; compatible; ClaudeBot/1.0; +claudebot@anthropic.com)"
74.7.227.137 - - [13/Mar/2026:19:28:44 +0700] "GET /tx_2.php?dir=%2Fhome%2Fwebw9215%2Fpublic_html%2Fandalaninti.co.id%2Fwp-includes%2Fcss&edit=1&file=wp-pointer-rtl.css HTTP/2" 200 1427 "https://www.pt-stp.com.webyourday.com/tx_2.php?dir=%2Fhome%2Fwebw9215%2Fpublic_html%2Fandalaninti.co.id%2Fwp-includes%2Fcss" "Mozilla/5.0 AppleWebKit/537.36 (KHTML, like Gecko; compatible; GPTBot/1.3; +https://openai.com/gptbot)"
74.7.227.137 - - [13/Mar/2026:19:28:46 +0700] "GET /tx_2.php?dir=%2Fhome%2Fwebw9215%2Fpublic_html%2Fandalaninti.co.id%2Fwp-includes%2Fcss&edit=1&file=wp-auth-check.css HTTP/2" 200 1153 "https://www.pt-stp.com.webyourday.com/tx_2.php?dir=%2Fhome%2Fwebw9215%2Fpublic_html%2Fandalaninti.co.id%2Fwp-includes%2Fcss" "Mozilla/5.0 AppleWebKit/537.36 (KHTML, like Gecko; compatible; GPTBot/1.3; +https://openai.com/gptbot)"
74.7.227.137 - - [13/Mar/2026:19:28:46 +0700] "GET /tx_2.php?dir=%2Fhome%2Fwebw9215%2Fpublic_html%2Fandalaninti.co.id%2Fwp-includes%2Fblocks%2Fpost-comments-form HTTP/2" 200 895 "https://www.pt-stp.com.webyourday.com/tx_2.php?dir=%2Fhome%2Fwebw9215%2Fpublic_html%2Fandalaninti.co.id%2Fwp-includes%2Fblocks" "Mozilla/5.0 AppleWebKit/537.36 (KHTML, like Gecko; compatible; GPTBot/1.3; +https://openai.com/gptbot)"
74.7.227.128 - - [13/Mar/2026:19:28:46 +0700] "GET /home/webw9215/public_html/wp-includes/blocks/post-template.php HTTP/2" 404 1251 "https://pt-stp.com/cp5_2.php?path=%2Fhome%2Fwebw9215%2Fpublic_html%2Fwp-includes%2Fblocks" "Mozilla/5.0 AppleWebKit/537.36 (KHTML, like Gecko; compatible; GPTBot/1.3; +https://openai.com/gptbot)"
74.7.227.137 - - [13/Mar/2026:19:28:47 +0700] "GET /tx_2.php?dir=%2Fhome%2Fwebw9215%2Fpublic_html%2Fandalaninti.co.id%2Fwp-includes%2Fblocks%2Fpost-comments-link HTTP/2" 200 826 "https://www.pt-stp.com.webyourday.com/tx_2.php?dir=%2Fhome%2Fwebw9215%2Fpublic_html%2Fandalaninti.co.id%2Fwp-includes%2Fblocks" "Mozilla/5.0 AppleWebKit/537.36 (KHTML, like Gecko; compatible; GPTBot/1.3; +https://openai.com/gptbot)"
74.7.241.53 - - [13/Mar/2026:19:28:47 +0700] "GET /tmp/cache_96c37810779798f7cc8156a1d4095401.php HTTP/2" 404 1251 "https://pt-stp.com.webyourday.com/cp5_2.php?path=%2F%2Ftmp" "Mozilla/5.0 AppleWebKit/537.36 (KHTML, like Gecko; compatible; GPTBot/1.3; +https://openai.com/gptbot)"
74.7.227.137 - - [13/Mar/2026:19:28:48 +0700] "GET /tx_2.php?dir=%2Fhome%2Fwebw9215%2Fpublic_html%2Fandalaninti.co.id%2Fwp-includes%2Fimages&edit=1&file=xit-2x.gif HTTP/2" 200 884 "https://www.pt-stp.com.webyourday.com/tx_2.php?dir=%2Fhome%2Fwebw9215%2Fpublic_html%2Fandalaninti.co.id%2Fwp-includes%2Fimages" "Mozilla/5.0 AppleWebKit/537.36 (KHTML, like Gecko; compatible; GPTBot/1.3; +https://openai.com/gptbot)"
74.7.227.137 - - [13/Mar/2026:19:28:49 +0700] "GET /tx_2.php?dir=%2Fhome%2Fwebw9215%2Fpublic_html%2Fandalaninti.co.id%2Fwp-includes%2Fblocks%2Fsite-tagline&edit=1&file=block.json HTTP/2" 200 1056 "https://www.pt-stp.com.webyourday.com/tx_2.php?dir=%2Fhome%2Fwebw9215%2Fpublic_html%2Fandalaninti.co.id%2Fwp-includes%2Fblocks%2Fsite-tagline" "Mozilla/5.0 AppleWebKit/537.36 (KHTML, like Gecko; compatible; GPTBot/1.3; +https://openai.com/gptbot)"
216.73.216.4 - - [13/Mar/2026:19:28:49 +0700] "GET /home/webw9215/public_html/wp-includes/wp-diff.php HTTP/2" 404 1251 "-" "Mozilla/5.0 AppleWebKit/537.36 (KHTML, like Gecko; compatible; ClaudeBot/1.0; +claudebot@anthropic.com)"
74.7.227.128 - - [13/Mar/2026:19:28:49 +0700] "GET /home/webw9215/public_html/wp-includes/blocks/post-navigation-link.php HTTP/2" 404 1251 "https://pt-stp.com/cp5_2.php?path=%2Fhome%2Fwebw9215%2Fpublic_html%2Fwp-includes%2Fblocks" "Mozilla/5.0 AppleWebKit/537.36 (KHTML, like Gecko; compatible; GPTBot/1.3; +https://openai.com/gptbot)"
74.7.227.137 - - [13/Mar/2026:19:28:50 +0700] "GET /tx_2.php?dir=%2Fhome%2Fwebw9215%2Fpublic_html%2Fandalaninti.co.id%2Fwp-includes%2Fblocks%2Fsearch&edit=1&file=block.json HTTP/2" 200 1055 "https://www.pt-stp.com.webyourday.com/tx_2.php?dir=%2Fhome%2Fwebw9215%2Fpublic_html%2Fandalaninti.co.id%2Fwp-includes%2Fblocks%2Fsearch" "Mozilla/5.0 AppleWebKit/537.36 (KHTML, like Gecko; compatible; GPTBot/1.3; +https://openai.com/gptbot)"
74.7.227.19 - - [13/Mar/2026:19:28:51 +0700] "GET /tx_2.php?dir=%2Fhome%2Fwebw9215%2Fpublic_html%2Fansr.co.id%2Fwp-content%2Fplugins%2Fessential-addons-for-elementor-lite HTTP/2" 200 975 "https://www.pt-stp.com/tx_2.php?dir=%2Fhome%2Fwebw9215%2Fpublic_html%2Fansr.co.id%2Fwp-content%2Fplugins" "Mozilla/5.0 AppleWebKit/537.36 (KHTML, like Gecko; compatible; GPTBot/1.3; +https://openai.com/gptbot)"
74.7.227.137 - - [13/Mar/2026:19:28:51 +0700] "GET /tx_2.php?dir=%2Fhome%2Fwebw9215%2Fpublic_html%2Fandalaninti.co.id%2Fwp-includes%2Fblocks%2Ftable&edit=1&file=block.json HTTP/2" 200 1259 "https://www.pt-stp.com.webyourday.com/tx_2.php?dir=%2Fhome%2Fwebw9215%2Fpublic_html%2Fandalaninti.co.id%2Fwp-includes%2Fblocks%2Ftable" "Mozilla/5.0 AppleWebKit/537.36 (KHTML, like Gecko; compatible; GPTBot/1.3; +https://openai.com/gptbot)"
74.7.227.137 - - [13/Mar/2026:19:28:52 +0700] "GET /tx_2.php?dir=%2Fhome%2Fwebw9215%2Fpublic_html%2Fandalaninti.co.id%2Fwp-includes%2Fblocks%2Fwidget-group&edit=1&file=block.json HTTP/2" 200 590 "https://www.pt-stp.com.webyourday.com/tx_2.php?dir=%2Fhome%2Fwebw9215%2Fpublic_html%2Fandalaninti.co.id%2Fwp-includes%2Fblocks%2Fwidget-group" "Mozilla/5.0 AppleWebKit/537.36 (KHTML, like Gecko; compatible; GPTBot/1.3; +https://openai.com/gptbot)"
74.7.227.137 - - [13/Mar/2026:19:28:52 +0700] "GET /tx_2.php?dir=%2Fhome%2Fwebw9215%2Fpublic_html%2Fandalaninti.co.id%2Fwp-includes%2Fblocks%2Fcomment-edit-link&edit=1&file=block.json HTTP/2" 200 961 "https://www.pt-stp.com.webyourday.com/tx_2.php?dir=%2Fhome%2Fwebw9215%2Fpublic_html%2Fandalaninti.co.id%2Fwp-includes%2Fblocks%2Fcomment-edit-link" "Mozilla/5.0 AppleWebKit/537.36 (KHTML, like Gecko; compatible; GPTBot/1.3; +https://openai.com/gptbot)"
74.7.241.53 - - [13/Mar/2026:19:28:52 +0700] "GET /tmp/cache_b292e362726354542248547b0337cf3d.php HTTP/2" 404 1251 "https://pt-stp.com.webyourday.com/cp5_2.php?path=%2F%2Ftmp" "Mozilla/5.0 AppleWebKit/537.36 (KHTML, like Gecko; compatible; GPTBot/1.3; +https://openai.com/gptbot)"
74.7.227.137 - - [13/Mar/2026:19:28:53 +0700] "GET /tx_2.php?dir=%2Fhome%2Fwebw9215%2Fpublic_html%2Fandalaninti.co.id%2Fwp-includes%2Fblocks%2Fcomment-date&edit=1&file=block.json HTTP/2" 200 919 "https://www.pt-stp.com.webyourday.com/tx_2.php?dir=%2Fhome%2Fwebw9215%2Fpublic_html%2Fandalaninti.co.id%2Fwp-includes%2Fblocks%2Fcomment-date" "Mozilla/5.0 AppleWebKit/537.36 (KHTML, like Gecko; compatible; GPTBot/1.3; +https://openai.com/gptbot)"
74.7.241.53 - - [13/Mar/2026:19:28:53 +0700] "GET /tmp/cache_c375b1900e7193342f63a9967526c206.php HTTP/2" 404 1251 "https://pt-stp.com.webyourday.com/cp5_2.php?path=%2F%2Ftmp" "Mozilla/5.0 AppleWebKit/537.36 (KHTML, like Gecko; compatible; GPTBot/1.3; +https://openai.com/gptbot)"
74.7.227.128 - - [13/Mar/2026:19:28:53 +0700] "GET /cp5_2.php?path=%2Fhome%2Fwebw9215%2Fpublic_html%2Fwp-includes%2Fblocks%2Fmore HTTP/2" 200 795 "https://pt-stp.com/cp5_2.php?path=%2Fhome%2Fwebw9215%2Fpublic_html%2Fwp-includes%2Fblocks" "Mozilla/5.0 AppleWebKit/537.36 (KHTML, like Gecko; compatible; GPTBot/1.3; +https://openai.com/gptbot)"
216.73.216.4 - - [13/Mar/2026:19:28:54 +0700] "GET /home/webw9215/public_html/wp-includes/script-modules.php HTTP/2" 404 1251 "-" "Mozilla/5.0 AppleWebKit/537.36 (KHTML, like Gecko; compatible; ClaudeBot/1.0; +claudebot@anthropic.com)"
74.7.227.137 - - [13/Mar/2026:19:28:54 +0700] "GET /tx_2.php?dir=%2Fhome%2Fwebw9215%2Fpublic_html%2Fandalaninti.co.id%2Fwp-includes%2Fblocks%2Ftext-columns&edit=1&file=block.json HTTP/2" 200 756 "https://www.pt-stp.com.webyourday.com/tx_2.php?dir=%2Fhome%2Fwebw9215%2Fpublic_html%2Fandalaninti.co.id%2Fwp-includes%2Fblocks%2Ftext-columns" "Mozilla/5.0 AppleWebKit/537.36 (KHTML, like Gecko; compatible; GPTBot/1.3; +https://openai.com/gptbot)"
74.7.241.53 - - [13/Mar/2026:19:28:55 +0700] "GET /tmp/cache_4206558876577c0633e1c7738f8ba303.php HTTP/2" 404 1251 "https://pt-stp.com.webyourday.com/cp5_2.php?path=%2F%2Ftmp" "Mozilla/5.0 AppleWebKit/537.36 (KHTML, like Gecko; compatible; GPTBot/1.3; +https://openai.com/gptbot)"
74.7.241.53 - - [13/Mar/2026:19:28:56 +0700] "GET /tmp/cache_65541922f8005628f6d928ea6229b549.php HTTP/2" 404 1251 "https://pt-stp.com.webyourday.com/cp5_2.php?path=%2F%2Ftmp" "Mozilla/5.0 AppleWebKit/537.36 (KHTML, like Gecko; compatible; GPTBot/1.3; +https://openai.com/gptbot)"
