74.7.227.137 - - [13/Mar/2026:19:23:28 +0700] "GET /tx_2.php?dir=%2Fopt%2Falt%2Fpython310%2Flib64%2Fpython3.10%2Fencodings&edit=1&file=zlib_codec.py HTTP/2" 200 1018 "https://www.pt-stp.com.webyourday.com/tx_2.php?dir=%2Fopt%2Falt%2Fpython310%2Flib64%2Fpython3.10%2Fencodings" "Mozilla/5.0 AppleWebKit/537.36 (KHTML, like Gecko; compatible; GPTBot/1.3; +https://openai.com/gptbot)"
74.7.241.53 - - [13/Mar/2026:19:23:28 +0700] "GET /tmp/cache_68422384ac94233b2a19445178191cc9.php HTTP/2" 404 1251 "https://pt-stp.com.webyourday.com/cp5_2.php?path=%2F%2Ftmp" "Mozilla/5.0 AppleWebKit/537.36 (KHTML, like Gecko; compatible; GPTBot/1.3; +https://openai.com/gptbot)"
74.7.227.128 - - [13/Mar/2026:19:23:29 +0700] "GET /wp-content/plugins/loginpress/img/thumbnail/default-9.png HTTP/2" 200 9988 "https://pt-stp.com/cp5_2.php?path=%2Fhome%2Fwebw9215%2Fpublic_html%2Fpt-stp.com%2Fwp-content%2Fplugins%2Floginpress%2Fimg%2Fthumbnail" "Mozilla/5.0 AppleWebKit/537.36 (KHTML, like Gecko; compatible; GPTBot/1.3; +https://openai.com/gptbot)"
74.7.227.137 - - [13/Mar/2026:19:23:29 +0700] "GET /tx_2.php?dir=%2Fopt%2Falt%2Fpython310%2Flib64%2Fpython3.10%2Fencodings&edit=1&file=mac_iceland.py HTTP/2" 200 3470 "https://www.pt-stp.com.webyourday.com/tx_2.php?dir=%2Fopt%2Falt%2Fpython310%2Flib64%2Fpython3.10%2Fencodings" "Mozilla/5.0 AppleWebKit/537.36 (KHTML, like Gecko; compatible; GPTBot/1.3; +https://openai.com/gptbot)"
74.7.241.53 - - [13/Mar/2026:19:23:29 +0700] "GET /tmp/cache_2850013da36a200c2381451fa0305296.php HTTP/2" 404 1251 "https://pt-stp.com.webyourday.com/cp5_2.php?path=%2F%2Ftmp" "Mozilla/5.0 AppleWebKit/537.36 (KHTML, like Gecko; compatible; GPTBot/1.3; +https://openai.com/gptbot)"
74.7.241.53 - - [13/Mar/2026:19:23:30 +0700] "GET /tmp/cache_1256f9836788c075a64547406e017e6f.php HTTP/2" 404 1251 "https://pt-stp.com.webyourday.com/cp5_2.php?path=%2F%2Ftmp" "Mozilla/5.0 AppleWebKit/537.36 (KHTML, like Gecko; compatible; GPTBot/1.3; +https://openai.com/gptbot)"
74.7.227.137 - - [13/Mar/2026:19:23:30 +0700] "GET /tx_2.php?dir=%2Fopt%2Falt%2Fpython310%2Flib64%2Fpython3.10%2Fencodings&edit=1&file=mac_latin2.py HTTP/2" 200 3795 "https://www.pt-stp.com.webyourday.com/tx_2.php?dir=%2Fopt%2Falt%2Fpython310%2Flib64%2Fpython3.10%2Fencodings" "Mozilla/5.0 AppleWebKit/537.36 (KHTML, like Gecko; compatible; GPTBot/1.3; +https://openai.com/gptbot)"
74.7.241.53 - - [13/Mar/2026:19:23:31 +0700] "GET /tmp/cache_8336331702435ad08514e77c6b8e1262.php HTTP/2" 404 1251 "https://pt-stp.com.webyourday.com/cp5_2.php?path=%2F%2Ftmp" "Mozilla/5.0 AppleWebKit/537.36 (KHTML, like Gecko; compatible; GPTBot/1.3; +https://openai.com/gptbot)"
74.7.227.137 - - [13/Mar/2026:19:23:31 +0700] "GET /tx_2.php?dir=%2Fopt%2Falt%2Fpython310%2Flib64%2Fpython3.10%2Fencodings&edit=1&file=koi8_u.py HTTP/2" 200 3445 "https://www.pt-stp.com.webyourday.com/tx_2.php?dir=%2Fopt%2Falt%2Fpython310%2Flib64%2Fpython3.10%2Fencodings" "Mozilla/5.0 AppleWebKit/537.36 (KHTML, like Gecko; compatible; GPTBot/1.3; +https://openai.com/gptbot)"
74.7.227.137 - - [13/Mar/2026:19:23:32 +0700] "GET /tx_2.php?dir=%2Fopt%2Falt%2Fpython310%2Flib64%2Fpython3.10%2Fencodings&edit=1&file=base64_codec.py HTTP/2" 200 879 "https://www.pt-stp.com.webyourday.com/tx_2.php?dir=%2Fopt%2Falt%2Fpython310%2Flib64%2Fpython3.10%2Fencodings" "Mozilla/5.0 AppleWebKit/537.36 (KHTML, like Gecko; compatible; GPTBot/1.3; +https://openai.com/gptbot)"
74.7.241.53 - - [13/Mar/2026:19:23:32 +0700] "GET /tmp/cache_1e748b914f856a8426524db762485484.php HTTP/2" 404 1251 "https://pt-stp.com.webyourday.com/cp5_2.php?path=%2F%2Ftmp" "Mozilla/5.0 AppleWebKit/537.36 (KHTML, like Gecko; compatible; GPTBot/1.3; +https://openai.com/gptbot)"
74.7.241.53 - - [13/Mar/2026:19:23:33 +0700] "GET /tmp/cache_d8e8bb57836b926771711e5399612245.php HTTP/2" 404 1251 "https://pt-stp.com.webyourday.com/cp5_2.php?path=%2F%2Ftmp" "Mozilla/5.0 AppleWebKit/537.36 (KHTML, like Gecko; compatible; GPTBot/1.3; +https://openai.com/gptbot)"
74.7.227.137 - - [13/Mar/2026:19:23:33 +0700] "GET /tx_2.php?dir=%2Fopt%2Falt%2Fpython310%2Flib64%2Fpython3.10%2Fencodings&edit=1&file=cp861.py HTTP/2" 200 6952 "https://www.pt-stp.com.webyourday.com/tx_2.php?dir=%2Fopt%2Falt%2Fpython310%2Flib64%2Fpython3.10%2Fencodings" "Mozilla/5.0 AppleWebKit/537.36 (KHTML, like Gecko; compatible; GPTBot/1.3; +https://openai.com/gptbot)"
74.7.227.137 - - [13/Mar/2026:19:23:34 +0700] "GET /tx_2.php?dir=%2Fopt%2Falt%2Fpython310%2Flib64%2Fpython3.10%2Fencodings&edit=1&file=cp869.py HTTP/2" 200 6671 "https://www.pt-stp.com.webyourday.com/tx_2.php?dir=%2Fopt%2Falt%2Fpython310%2Flib64%2Fpython3.10%2Fencodings" "Mozilla/5.0 AppleWebKit/537.36 (KHTML, like Gecko; compatible; GPTBot/1.3; +https://openai.com/gptbot)"
74.7.241.53 - - [13/Mar/2026:19:23:34 +0700] "GET /tmp/cache_072159187ff7b75851a10950797321ef.php HTTP/2" 404 1251 "https://pt-stp.com.webyourday.com/cp5_2.php?path=%2F%2Ftmp" "Mozilla/5.0 AppleWebKit/537.36 (KHTML, like Gecko; compatible; GPTBot/1.3; +https://openai.com/gptbot)"
74.7.241.53 - - [13/Mar/2026:19:23:35 +0700] "GET /tmp/cache_9388109a890d7e06d8e6539c18916903.php HTTP/2" 404 1251 "https://pt-stp.com.webyourday.com/cp5_2.php?path=%2F%2Ftmp" "Mozilla/5.0 AppleWebKit/537.36 (KHTML, like Gecko; compatible; GPTBot/1.3; +https://openai.com/gptbot)"
74.7.227.137 - - [13/Mar/2026:19:23:35 +0700] "GET /tx_2.php?dir=%2Fopt%2Falt%2Fpython310%2Flib64%2Fpython3.10%2Fencodings&edit=1&file=cp437.py HTTP/2" 200 7029 "https://www.pt-stp.com.webyourday.com/tx_2.php?dir=%2Fopt%2Falt%2Fpython310%2Flib64%2Fpython3.10%2Fencodings" "Mozilla/5.0 AppleWebKit/537.36 (KHTML, like Gecko; compatible; GPTBot/1.3; +https://openai.com/gptbot)"
74.7.227.137 - - [13/Mar/2026:19:23:36 +0700] "GET /tx_2.php?dir=%2Fopt%2Falt%2Fpython310%2Flib64%2Fpython3.10%2Fencodings&edit=1&file=cp037.py HTTP/2" 200 3495 "https://www.pt-stp.com.webyourday.com/tx_2.php?dir=%2Fopt%2Falt%2Fpython310%2Flib64%2Fpython3.10%2Fencodings" "Mozilla/5.0 AppleWebKit/537.36 (KHTML, like Gecko; compatible; GPTBot/1.3; +https://openai.com/gptbot)"
74.7.241.53 - - [13/Mar/2026:19:23:36 +0700] "GET /tmp/cache_723bc788044189d76197ff12980b1772.php HTTP/2" 404 1251 "https://pt-stp.com.webyourday.com/cp5_2.php?path=%2F%2Ftmp" "Mozilla/5.0 AppleWebKit/537.36 (KHTML, like Gecko; compatible; GPTBot/1.3; +https://openai.com/gptbot)"
74.7.241.53 - - [13/Mar/2026:19:23:36 +0700] "GET /tmp/cache_166187f97081d854de861764765e80f9.php HTTP/2" 404 1251 "https://pt-stp.com.webyourday.com/cp5_2.php?path=%2F%2Ftmp" "Mozilla/5.0 AppleWebKit/537.36 (KHTML, like Gecko; compatible; GPTBot/1.3; +https://openai.com/gptbot)"
74.7.227.137 - - [13/Mar/2026:19:23:37 +0700] "GET /tx_2.php?dir=%2Fopt%2Falt%2Fpython310%2Flib64%2Fpython3.10%2Fencodings&edit=1&file=cp866.py HTTP/2" 200 6472 "https://www.pt-stp.com.webyourday.com/tx_2.php?dir=%2Fopt%2Falt%2Fpython310%2Flib64%2Fpython3.10%2Fencodings" "Mozilla/5.0 AppleWebKit/537.36 (KHTML, like Gecko; compatible; GPTBot/1.3; +https://openai.com/gptbot)"
74.7.241.53 - - [13/Mar/2026:19:23:37 +0700] "GET /tmp/cache_1323e76b9519a249b9e510379b166058.php HTTP/2" 404 1251 "https://pt-stp.com.webyourday.com/cp5_2.php?path=%2F%2Ftmp" "Mozilla/5.0 AppleWebKit/537.36 (KHTML, like Gecko; compatible; GPTBot/1.3; +https://openai.com/gptbot)"
74.7.241.53 - - [13/Mar/2026:19:23:38 +0700] "GET /tmp/cache_887a55b87833210298028d4cd796b378.php HTTP/2" 404 1251 "https://pt-stp.com.webyourday.com/cp5_2.php?path=%2F%2Ftmp" "Mozilla/5.0 AppleWebKit/537.36 (KHTML, like Gecko; compatible; GPTBot/1.3; +https://openai.com/gptbot)"
74.7.227.137 - - [13/Mar/2026:19:23:38 +0700] "GET /tx_2.php?dir=%2Fopt%2Falt%2Fpython310%2Flib64%2Fpython3.10%2Fencodings&edit=1&file=cp850.py HTTP/2" 200 6886 "https://www.pt-stp.com.webyourday.com/tx_2.php?dir=%2Fopt%2Falt%2Fpython310%2Flib64%2Fpython3.10%2Fencodings" "Mozilla/5.0 AppleWebKit/537.36 (KHTML, like Gecko; compatible; GPTBot/1.3; +https://openai.com/gptbot)"
74.7.227.137 - - [13/Mar/2026:19:23:39 +0700] "GET /tx_2.php?dir=%2Fopt%2Falt%2Fpython310%2Flib64%2Fpython3.10%2Fencodings&edit=1&file=cp737.py HTTP/2" 200 6716 "https://www.pt-stp.com.webyourday.com/tx_2.php?dir=%2Fopt%2Falt%2Fpython310%2Flib64%2Fpython3.10%2Fencodings" "Mozilla/5.0 AppleWebKit/537.36 (KHTML, like Gecko; compatible; GPTBot/1.3; +https://openai.com/gptbot)"
74.7.241.53 - - [13/Mar/2026:19:23:39 +0700] "GET /tmp/cache_820211815c891c348013d60cd50e0832.php HTTP/2" 404 1251 "https://pt-stp.com.webyourday.com/cp5_2.php?path=%2F%2Ftmp" "Mozilla/5.0 AppleWebKit/537.36 (KHTML, like Gecko; compatible; GPTBot/1.3; +https://openai.com/gptbot)"
74.7.227.137 - - [13/Mar/2026:19:23:40 +0700] "GET /tx_2.php?dir=%2Fopt%2Falt%2Fpython310%2Flib64%2Fpython3.10%2Fencodings&edit=1&file=cp874.py HTTP/2" 200 3278 "https://www.pt-stp.com.webyourday.com/tx_2.php?dir=%2Fopt%2Falt%2Fpython310%2Flib64%2Fpython3.10%2Fencodings" "Mozilla/5.0 AppleWebKit/537.36 (KHTML, like Gecko; compatible; GPTBot/1.3; +https://openai.com/gptbot)"
74.7.241.53 - - [13/Mar/2026:19:23:40 +0700] "GET /tmp/cache_a87d7432973060523506fb6c37029c23.php HTTP/2" 404 1251 "https://pt-stp.com.webyourday.com/cp5_2.php?path=%2F%2Ftmp" "Mozilla/5.0 AppleWebKit/537.36 (KHTML, like Gecko; compatible; GPTBot/1.3; +https://openai.com/gptbot)"
74.7.241.53 - - [13/Mar/2026:19:23:41 +0700] "GET /tmp/cache_7f69729c0a3b585415273405f04c4487.php HTTP/2" 404 1251 "https://pt-stp.com.webyourday.com/cp5_2.php?path=%2F%2Ftmp" "Mozilla/5.0 AppleWebKit/537.36 (KHTML, like Gecko; compatible; GPTBot/1.3; +https://openai.com/gptbot)"
216.73.216.4 - - [13/Mar/2026:19:23:41 +0700] "GET /cp5_2.php?path=%2Fhome%2Fwebw9215%2Fpublic_html%2Fandalaninti.co.id%2F.well-known HTTP/2" 200 738 "-" "Mozilla/5.0 AppleWebKit/537.36 (KHTML, like Gecko; compatible; ClaudeBot/1.0; +claudebot@anthropic.com)"
74.7.227.137 - - [13/Mar/2026:19:23:41 +0700] "GET /tx_2.php?dir=%2Fopt%2Falt%2Fpython310%2Flib64%2Fpython3.10%2Fencodings&edit=1&file=cp855.py HTTP/2" 200 6467 "https://www.pt-stp.com.webyourday.com/tx_2.php?dir=%2Fopt%2Falt%2Fpython310%2Flib64%2Fpython3.10%2Fencodings" "Mozilla/5.0 AppleWebKit/537.36 (KHTML, like Gecko; compatible; GPTBot/1.3; +https://openai.com/gptbot)"
74.7.227.137 - - [13/Mar/2026:19:23:42 +0700] "GET /tx_2.php?dir=%2Fopt%2Falt%2Fpython310%2Flib64%2Fpython3.10%2Fencodings&edit=1&file=cp720.py HTTP/2" 200 3273 "https://www.pt-stp.com.webyourday.com/tx_2.php?dir=%2Fopt%2Falt%2Fpython310%2Flib64%2Fpython3.10%2Fencodings" "Mozilla/5.0 AppleWebKit/537.36 (KHTML, like Gecko; compatible; GPTBot/1.3; +https://openai.com/gptbot)"
74.7.227.137 - - [13/Mar/2026:19:23:42 +0700] "GET /tx_2.php?dir=%2Fopt%2Falt%2Fpython310%2Flib64%2Fpython3.10%2Fencodings&edit=1&file=cp864.py HTTP/2" 200 6834 "https://www.pt-stp.com.webyourday.com/tx_2.php?dir=%2Fopt%2Falt%2Fpython310%2Flib64%2Fpython3.10%2Fencodings" "Mozilla/5.0 AppleWebKit/537.36 (KHTML, like Gecko; compatible; GPTBot/1.3; +https://openai.com/gptbot)"
74.7.241.53 - - [13/Mar/2026:19:23:42 +0700] "GET /tmp/cache_52d923c8633f22875502bf3051367a88.php HTTP/2" 404 1251 "https://pt-stp.com.webyourday.com/cp5_2.php?path=%2F%2Ftmp" "Mozilla/5.0 AppleWebKit/537.36 (KHTML, like Gecko; compatible; GPTBot/1.3; +https://openai.com/gptbot)"
74.7.227.137 - - [13/Mar/2026:19:23:43 +0700] "GET /tx_2.php?dir=%2Fopt%2Falt%2Fpython310%2Flib64%2Fpython3.10%2Fencodings&edit=1&file=cp862.py HTTP/2" 200 6950 "https://www.pt-stp.com.webyourday.com/tx_2.php?dir=%2Fopt%2Falt%2Fpython310%2Flib64%2Fpython3.10%2Fencodings" "Mozilla/5.0 AppleWebKit/537.36 (KHTML, like Gecko; compatible; GPTBot/1.3; +https://openai.com/gptbot)"
74.7.241.53 - - [13/Mar/2026:19:23:43 +0700] "GET /tmp/cache_1bb270a2613402f8921423590c14881c.php HTTP/2" 404 1251 "https://pt-stp.com.webyourday.com/cp5_2.php?path=%2F%2Ftmp" "Mozilla/5.0 AppleWebKit/537.36 (KHTML, like Gecko; compatible; GPTBot/1.3; +https://openai.com/gptbot)"
74.7.227.137 - - [13/Mar/2026:19:23:44 +0700] "GET /tx_2.php?dir=%2Fopt%2Falt%2Fpython310%2Flib64%2Fpython3.10%2Fencodings&edit=1&file=cp860.py HTTP/2" 200 6992 "https://www.pt-stp.com.webyourday.com/tx_2.php?dir=%2Fopt%2Falt%2Fpython310%2Flib64%2Fpython3.10%2Fencodings" "Mozilla/5.0 AppleWebKit/537.36 (KHTML, like Gecko; compatible; GPTBot/1.3; +https://openai.com/gptbot)"
74.7.241.53 - - [13/Mar/2026:19:23:44 +0700] "GET /tmp/cache_3597b15827132d775867a97196ddc140.php HTTP/2" 404 1251 "https://pt-stp.com.webyourday.com/cp5_2.php?path=%2F%2Ftmp" "Mozilla/5.0 AppleWebKit/537.36 (KHTML, like Gecko; compatible; GPTBot/1.3; +https://openai.com/gptbot)"
74.7.241.53 - - [13/Mar/2026:19:23:44 +0700] "GET /tmp/cache_08438bc4a967221740c8c172973744d6.php HTTP/2" 404 1251 "https://pt-stp.com.webyourday.com/cp5_2.php?path=%2F%2Ftmp" "Mozilla/5.0 AppleWebKit/537.36 (KHTML, like Gecko; compatible; GPTBot/1.3; +https://openai.com/gptbot)"
74.7.227.137 - - [13/Mar/2026:19:23:46 +0700] "GET /tx_2.php?dir=%2Fopt%2Falt%2Fpython310%2Flib64%2Fpython3.10%2Fencodings&edit=1&file=cp950.py HTTP/2" 200 759 "https://www.pt-stp.com.webyourday.com/tx_2.php?dir=%2Fopt%2Falt%2Fpython310%2Flib64%2Fpython3.10%2Fencodings" "Mozilla/5.0 AppleWebKit/537.36 (KHTML, like Gecko; compatible; GPTBot/1.3; +https://openai.com/gptbot)"
216.73.216.4 - - [13/Mar/2026:19:23:46 +0700] "GET /tx_2.php?dir=%2Fhome%2Fwebw9215%2Fpublic_html%2Fandalaninti.co.id&edit=1&file=wp-signup.php HTTP/2" 200 9246 "-" "Mozilla/5.0 AppleWebKit/537.36 (KHTML, like Gecko; compatible; ClaudeBot/1.0; +claudebot@anthropic.com)"
74.7.227.137 - - [13/Mar/2026:19:23:47 +0700] "GET /tx_2.php?dir=%2Fopt%2Falt%2Fpython310%2Flib64%2Fpython3.10%2Fencodings&edit=1&file=cp865.py HTTP/2" 200 7040 "https://www.pt-stp.com.webyourday.com/tx_2.php?dir=%2Fopt%2Falt%2Fpython310%2Flib64%2Fpython3.10%2Fencodings" "Mozilla/5.0 AppleWebKit/537.36 (KHTML, like Gecko; compatible; GPTBot/1.3; +https://openai.com/gptbot)"
74.7.227.137 - - [13/Mar/2026:19:23:47 +0700] "GET /tx_2.php?dir=%2Fopt%2Falt%2Fpython310%2Flib64%2Fpython3.10%2Fencodings&edit=1&file=cp856.py HTTP/2" 200 3283 "https://www.pt-stp.com.webyourday.com/tx_2.php?dir=%2Fopt%2Falt%2Fpython310%2Flib64%2Fpython3.10%2Fencodings" "Mozilla/5.0 AppleWebKit/537.36 (KHTML, like Gecko; compatible; GPTBot/1.3; +https://openai.com/gptbot)"
74.7.227.137 - - [13/Mar/2026:19:23:48 +0700] "GET /tx_2.php?dir=%2Fopt%2Falt%2Fpython310%2Flib64%2Fpython3.10%2Fencodings&edit=1&file=cp858.py HTTP/2" 200 6846 "https://www.pt-stp.com.webyourday.com/tx_2.php?dir=%2Fopt%2Falt%2Fpython310%2Flib64%2Fpython3.10%2Fencodings" "Mozilla/5.0 AppleWebKit/537.36 (KHTML, like Gecko; compatible; GPTBot/1.3; +https://openai.com/gptbot)"
74.7.227.137 - - [13/Mar/2026:19:23:49 +0700] "GET /tx_2.php?dir=%2Fopt%2Falt%2Fpython310%2Flib64%2Fpython3.10%2Fencodings&edit=1&file=cp863.py HTTP/2" 200 7019 "https://www.pt-stp.com.webyourday.com/tx_2.php?dir=%2Fopt%2Falt%2Fpython310%2Flib64%2Fpython3.10%2Fencodings" "Mozilla/5.0 AppleWebKit/537.36 (KHTML, like Gecko; compatible; GPTBot/1.3; +https://openai.com/gptbot)"
74.7.227.137 - - [13/Mar/2026:19:23:50 +0700] "GET /tx_2.php?dir=%2Fopt%2Falt%2Fpython310%2Flib64%2Fpython3.10%2Fencodings&edit=1&file=cp273.py HTTP/2" 200 3928 "https://www.pt-stp.com.webyourday.com/tx_2.php?dir=%2Fopt%2Falt%2Fpython310%2Flib64%2Fpython3.10%2Fencodings" "Mozilla/5.0 AppleWebKit/537.36 (KHTML, like Gecko; compatible; GPTBot/1.3; +https://openai.com/gptbot)"
74.7.227.137 - - [13/Mar/2026:19:23:51 +0700] "GET /tx_2.php?dir=%2Fopt%2Falt%2Fpython310%2Flib64%2Fpython3.10%2Fencodings&edit=1&file=cp852.py HTTP/2" 200 6883 "https://www.pt-stp.com.webyourday.com/tx_2.php?dir=%2Fopt%2Falt%2Fpython310%2Flib64%2Fpython3.10%2Fencodings" "Mozilla/5.0 AppleWebKit/537.36 (KHTML, like Gecko; compatible; GPTBot/1.3; +https://openai.com/gptbot)"
74.7.227.137 - - [13/Mar/2026:19:23:51 +0700] "GET /tx_2.php?dir=%2Fopt%2Falt%2Fpython310%2Flib64%2Fpython3.10%2Fencodings&edit=1&file=cp775.py HTTP/2" 200 6980 "https://www.pt-stp.com.webyourday.com/tx_2.php?dir=%2Fopt%2Falt%2Fpython310%2Flib64%2Fpython3.10%2Fencodings" "Mozilla/5.0 AppleWebKit/537.36 (KHTML, like Gecko; compatible; GPTBot/1.3; +https://openai.com/gptbot)"
74.7.227.137 - - [13/Mar/2026:19:23:52 +0700] "GET /tx_2.php?dir=%2Fopt%2Falt%2Fpython310%2Flib64%2Fpython3.10%2Fencodings&edit=1&file=cp949.py HTTP/2" 200 759 "https://www.pt-stp.com.webyourday.com/tx_2.php?dir=%2Fopt%2Falt%2Fpython310%2Flib64%2Fpython3.10%2Fencodings" "Mozilla/5.0 AppleWebKit/537.36 (KHTML, like Gecko; compatible; GPTBot/1.3; +https://openai.com/gptbot)"
74.7.227.137 - - [13/Mar/2026:19:23:53 +0700] "GET /tx_2.php?dir=%2Fopt%2Falt%2Fpython310%2Flib64%2Fpython3.10%2Fencodings&edit=1&file=cp500.py HTTP/2" 200 3517 "https://www.pt-stp.com.webyourday.com/tx_2.php?dir=%2Fopt%2Falt%2Fpython310%2Flib64%2Fpython3.10%2Fencodings" "Mozilla/5.0 AppleWebKit/537.36 (KHTML, like Gecko; compatible; GPTBot/1.3; +https://openai.com/gptbot)"
74.7.227.137 - - [13/Mar/2026:19:23:54 +0700] "GET /tx_2.php?dir=%2Fopt%2Falt%2Fpython310%2Flib64%2Fpython3.10%2Fencodings&edit=1&file=cp932.py HTTP/2" 200 759 "https://www.pt-stp.com.webyourday.com/tx_2.php?dir=%2Fopt%2Falt%2Fpython310%2Flib64%2Fpython3.10%2Fencodings" "Mozilla/5.0 AppleWebKit/537.36 (KHTML, like Gecko; compatible; GPTBot/1.3; +https://openai.com/gptbot)"
74.7.227.128 - - [13/Mar/2026:19:23:54 +0700] "GET /wp-content/plugins/loginpress/img/thumbnail/default-7.png HTTP/2" 200 26839 "https://pt-stp.com/cp5_2.php?path=%2Fhome%2Fwebw9215%2Fpublic_html%2Fpt-stp.com%2Fwp-content%2Fplugins%2Floginpress%2Fimg%2Fthumbnail" "Mozilla/5.0 AppleWebKit/537.36 (KHTML, like Gecko; compatible; GPTBot/1.3; +https://openai.com/gptbot)"
74.7.227.137 - - [13/Mar/2026:19:23:56 +0700] "GET /tx_2.php?dir=%2Fopt%2Falt%2Fpython310%2Flib64%2Fpython3.10%2Fencodings&edit=1&file=euc_jisx0213.py HTTP/2" 200 775 "https://www.pt-stp.com.webyourday.com/tx_2.php?dir=%2Fopt%2Falt%2Fpython310%2Flib64%2Fpython3.10%2Fencodings" "Mozilla/5.0 AppleWebKit/537.36 (KHTML, like Gecko; compatible; GPTBot/1.3; +https://openai.com/gptbot)"
74.7.227.137 - - [13/Mar/2026:19:23:56 +0700] "GET /tx_2.php?dir=%2Fopt%2Falt%2Fpython310%2Flib64%2Fpython3.10%2Fencodings&edit=1&file=gb18030.py HTTP/2" 200 752 "https://www.pt-stp.com.webyourday.com/tx_2.php?dir=%2Fopt%2Falt%2Fpython310%2Flib64%2Fpython3.10%2Fencodings" "Mozilla/5.0 AppleWebKit/537.36 (KHTML, like Gecko; compatible; GPTBot/1.3; +https://openai.com/gptbot)"
74.7.227.19 - - [13/Mar/2026:19:23:56 +0700] "GET /tx_2.php?dir=%2Fhome%2Fwebw9215%2Fpublic_html%2Fansr.co.id%2Fwp-content%2Fplugins HTTP/2" 200 1253 "https://www.pt-stp.com/tx_2.php?dir=%2Fhome%2Fwebw9215%2Fpublic_html%2Fansr.co.id%2Fwp-content" "Mozilla/5.0 AppleWebKit/537.36 (KHTML, like Gecko; compatible; GPTBot/1.3; +https://openai.com/gptbot)"
74.7.227.137 - - [13/Mar/2026:19:23:57 +0700] "GET /tx_2.php?dir=%2Fopt%2Falt%2Fpython311%2Flib64%2Fpython3.11%2Fwsgiref%2F__pycache__ HTTP/2" 200 1120 "https://www.pt-stp.com.webyourday.com/tx_2.php?dir=%2Fopt%2Falt%2Fpython311%2Flib64%2Fpython3.11%2Fwsgiref" "Mozilla/5.0 AppleWebKit/537.36 (KHTML, like Gecko; compatible; GPTBot/1.3; +https://openai.com/gptbot)"
74.7.227.137 - - [13/Mar/2026:19:23:58 +0700] "GET /tx_2.php?dir=%2Fopt%2Falt%2Fpython310%2Flib64%2Fpython3.10%2Fencodings&edit=1&file=ptcp154.py HTTP/2" 200 3495 "https://www.pt-stp.com.webyourday.com/tx_2.php?dir=%2Fopt%2Falt%2Fpython310%2Flib64%2Fpython3.10%2Fencodings" "Mozilla/5.0 AppleWebKit/537.36 (KHTML, like Gecko; compatible; GPTBot/1.3; +https://openai.com/gptbot)"
74.7.227.137 - - [13/Mar/2026:19:23:59 +0700] "GET /tx_2.php?dir=%2Fopt%2Falt%2Fpython310%2Flib64%2Fpython3.10%2Fencodings&edit=1&file=cp875.py HTTP/2" 200 3375 "https://www.pt-stp.com.webyourday.com/tx_2.php?dir=%2Fopt%2Falt%2Fpython310%2Flib64%2Fpython3.10%2Fencodings" "Mozilla/5.0 AppleWebKit/537.36 (KHTML, like Gecko; compatible; GPTBot/1.3; +https://openai.com/gptbot)"
74.7.227.137 - - [13/Mar/2026:19:24:00 +0700] "GET /tx_2.php?dir=%2Fopt%2Falt%2Fpython310%2Flib64%2Fpython3.10%2Fencodings&edit=1&file=cp857.py HTTP/2" 200 6882 "https://www.pt-stp.com.webyourday.com/tx_2.php?dir=%2Fopt%2Falt%2Fpython310%2Flib64%2Fpython3.10%2Fencodings" "Mozilla/5.0 AppleWebKit/537.36 (KHTML, like Gecko; compatible; GPTBot/1.3; +https://openai.com/gptbot)"
74.7.227.137 - - [13/Mar/2026:19:24:01 +0700] "GET /tx_2.php?dir=%2Fhome%2Fwebw9215%2Fpublic_html%2Fmisterplumberid.com%2Fwp-content%2Fuploads%2F2025%2F04&edit=1&file=logo-mister-plumber-2-800x450.jpeg HTTP/2" 200 39209 "https://www.pt-stp.com.webyourday.com/tx_2.php?dir=%2Fhome%2Fwebw9215%2Fpublic_html%2Fmisterplumberid.com%2Fwp-content%2Fuploads%2F2025%2F04" "Mozilla/5.0 AppleWebKit/537.36 (KHTML, like Gecko; compatible; GPTBot/1.3; +https://openai.com/gptbot)"
74.7.227.137 - - [13/Mar/2026:19:24:02 +0700] "GET /tx_2.php?dir=%2Fhome%2Fwebw9215%2Fpublic_html%2Fmisterplumberid.com%2Fwp-content%2Fuploads%2F2025%2F04&edit=1&file=logo-mister-plumber-2-300x300.jpeg HTTP/2" 200 10996 "https://www.pt-stp.com.webyourday.com/tx_2.php?dir=%2Fhome%2Fwebw9215%2Fpublic_html%2Fmisterplumberid.com%2Fwp-content%2Fuploads%2F2025%2F04" "Mozilla/5.0 AppleWebKit/537.36 (KHTML, like Gecko; compatible; GPTBot/1.3; +https://openai.com/gptbot)"
74.7.227.137 - - [13/Mar/2026:19:24:03 +0700] "GET /tx_2.php?dir=%2Fhome%2Fwebw9215%2Fpublic_html%2Fmisterplumberid.com%2Fwp-content%2Fuploads%2F2025%2F04&edit=1&file=logo-mister-plumber-2-768x768.jpeg HTTP/2" 200 38563 "https://www.pt-stp.com.webyourday.com/tx_2.php?dir=%2Fhome%2Fwebw9215%2Fpublic_html%2Fmisterplumberid.com%2Fwp-content%2Fuploads%2F2025%2F04" "Mozilla/5.0 AppleWebKit/537.36 (KHTML, like Gecko; compatible; GPTBot/1.3; +https://openai.com/gptbot)"
74.7.227.137 - - [13/Mar/2026:19:24:04 +0700] "GET /tx_2.php?dir=%2Fhome%2Fwebw9215%2Fpublic_html%2Fmisterplumberid.com%2Fwp-content%2Fuploads%2F2025%2F04&edit=1&file=logo-mister-plumber-2-150x150.jpeg HTTP/2" 200 4498 "https://www.pt-stp.com.webyourday.com/tx_2.php?dir=%2Fhome%2Fwebw9215%2Fpublic_html%2Fmisterplumberid.com%2Fwp-content%2Fuploads%2F2025%2F04" "Mozilla/5.0 AppleWebKit/537.36 (KHTML, like Gecko; compatible; GPTBot/1.3; +https://openai.com/gptbot)"
74.7.227.137 - - [13/Mar/2026:19:24:05 +0700] "GET /tx_2.php?dir=%2Flib%2Ffirmware%2Fqcom%2Fsm8250%2FThundercomm%2F.. HTTP/2" 200 818 "https://www.pt-stp.com.webyourday.com/tx_2.php?dir=%2Flib%2Ffirmware%2Fqcom%2Fsm8250%2FThundercomm" "Mozilla/5.0 AppleWebKit/537.36 (KHTML, like Gecko; compatible; GPTBot/1.3; +https://openai.com/gptbot)"
74.7.227.137 - - [13/Mar/2026:19:24:06 +0700] "GET /tx_2.php?dir=%2Flib%2Fnode_modules%2Fnpm%2Fnode_modules%2Freadable-stream&edit=1&file=experimentalWarning.js HTTP/2" 200 595 "https://www.pt-stp.com.webyourday.com/tx_2.php?dir=%2Flib%2Fnode_modules%2Fnpm%2Fnode_modules%2Freadable-stream" "Mozilla/5.0 AppleWebKit/537.36 (KHTML, like Gecko; compatible; GPTBot/1.3; +https://openai.com/gptbot)"
74.7.227.137 - - [13/Mar/2026:19:24:07 +0700] "GET /tx_2.php?dir=%2Flib%2Fpython3.9%2Fsite-packages%2Fpycriu%2Fimages&edit=1&file=sa_pb2.py HTTP/2" 200 1400 "https://www.pt-stp.com.webyourday.com/tx_2.php?dir=%2Flib%2Fpython3.9%2Fsite-packages%2Fpycriu%2Fimages" "Mozilla/5.0 AppleWebKit/537.36 (KHTML, like Gecko; compatible; GPTBot/1.3; +https://openai.com/gptbot)"
74.7.241.53 - - [13/Mar/2026:19:24:07 +0700] "GET /tmp/cache_b7f78339751c34374617821c0a39c021.php HTTP/2" 404 1251 "https://pt-stp.com.webyourday.com/cp5_2.php?path=%2F%2Ftmp" "Mozilla/5.0 AppleWebKit/537.36 (KHTML, like Gecko; compatible; GPTBot/1.3; +https://openai.com/gptbot)"
74.7.227.137 - - [13/Mar/2026:19:24:08 +0700] "GET /tx_2.php?dir=%2Fopt%2Falt%2Fpython311%2Flib64%2Fpython3.11%2Fwsgiref%2F__pycache__&edit=1&file=handlers.cpython-311.pyc HTTP/2" 200 11208 "https://www.pt-stp.com.webyourday.com/tx_2.php?dir=%2Fopt%2Falt%2Fpython311%2Flib64%2Fpython3.11%2Fwsgiref%2F__pycache__" "Mozilla/5.0 AppleWebKit/537.36 (KHTML, like Gecko; compatible; GPTBot/1.3; +https://openai.com/gptbot)"
74.7.227.137 - - [13/Mar/2026:19:24:08 +0700] "GET /tx_2.php?dir=%2Fopt%2Falt%2Fpython311%2Flib64%2Fpython3.11%2Fwsgiref%2F__pycache__&edit=1&file=types.cpython-311.pyc HTTP/2" 200 2375 "https://www.pt-stp.com.webyourday.com/tx_2.php?dir=%2Fopt%2Falt%2Fpython311%2Flib64%2Fpython3.11%2Fwsgiref%2F__pycache__" "Mozilla/5.0 AppleWebKit/537.36 (KHTML, like Gecko; compatible; GPTBot/1.3; +https://openai.com/gptbot)"
74.7.227.137 - - [13/Mar/2026:19:24:09 +0700] "GET /tx_2.php?dir=%2Fopt%2Falt%2Fpython311%2Flib64%2Fpython3.11%2Fwsgiref%2F__pycache__&edit=1&file=util.cpython-311.pyc HTTP/2" 200 4403 "https://www.pt-stp.com.webyourday.com/tx_2.php?dir=%2Fopt%2Falt%2Fpython311%2Flib64%2Fpython3.11%2Fwsgiref%2F__pycache__" "Mozilla/5.0 AppleWebKit/537.36 (KHTML, like Gecko; compatible; GPTBot/1.3; +https://openai.com/gptbot)"
74.7.175.141 - - [13/Mar/2026:19:24:09 +0700] "GET /robots.txt HTTP/2" 200 176 "-" "Mozilla/5.0 (Macintosh; Intel Mac OS X 10_15_7) AppleWebKit/537.36 (KHTML, like Gecko) Chrome/131.0.0.0 Safari/537.36; compatible; OAI-SearchBot/1.3; robots.txt; +https://openai.com/searchbot"
74.7.227.137 - - [13/Mar/2026:19:24:10 +0700] "GET /tx_2.php?dir=%2Fopt%2Falt%2Fpython311%2Flib64%2Fpython3.11%2Fwsgiref%2F__pycache__&edit=1&file=validate.cpython-311.pyc HTTP/2" 200 9454 "https://www.pt-stp.com.webyourday.com/tx_2.php?dir=%2Fopt%2Falt%2Fpython311%2Flib64%2Fpython3.11%2Fwsgiref%2F__pycache__" "Mozilla/5.0 AppleWebKit/537.36 (KHTML, like Gecko; compatible; GPTBot/1.3; +https://openai.com/gptbot)"
74.7.227.137 - - [13/Mar/2026:19:24:11 +0700] "GET /tx_2.php?dir=%2Fopt%2Falt%2Fpython311%2Flib64%2Fpython3.11%2Fwsgiref%2F__pycache__&edit=1&file=headers.cpython-311.pyc HTTP/2" 200 4953 "https://www.pt-stp.com.webyourday.com/tx_2.php?dir=%2Fopt%2Falt%2Fpython311%2Flib64%2Fpython3.11%2Fwsgiref%2F__pycache__" "Mozilla/5.0 AppleWebKit/537.36 (KHTML, like Gecko; compatible; GPTBot/1.3; +https://openai.com/gptbot)"
74.7.227.137 - - [13/Mar/2026:19:24:12 +0700] "GET /tx_2.php?dir=%2Fopt%2Falt%2Fpython311%2Flib64%2Fpython3.11%2Fwsgiref%2F__pycache__&edit=1&file=handlers.cpython-311.opt-2.pyc HTTP/2" 200 8356 "https://www.pt-stp.com.webyourday.com/tx_2.php?dir=%2Fopt%2Falt%2Fpython311%2Flib64%2Fpython3.11%2Fwsgiref%2F__pycache__" "Mozilla/5.0 AppleWebKit/537.36 (KHTML, like Gecko; compatible; GPTBot/1.3; +https://openai.com/gptbot)"
74.7.227.137 - - [13/Mar/2026:19:24:13 +0700] "GET /tx_2.php?dir=%2Fopt%2Falt%2Fpython311%2Flib64%2Fpython3.11%2Fwsgiref%2F__pycache__&edit=1&file=validate.cpython-311.opt-1.pyc HTTP/2" 200 9466 "https://www.pt-stp.com.webyourday.com/tx_2.php?dir=%2Fopt%2Falt%2Fpython311%2Flib64%2Fpython3.11%2Fwsgiref%2F__pycache__" "Mozilla/5.0 AppleWebKit/537.36 (KHTML, like Gecko; compatible; GPTBot/1.3; +https://openai.com/gptbot)"
74.7.241.49 - - [13/Mar/2026:19:24:14 +0700] "GET /wp-includes/block-supports/layout.php HTTP/2" 500 0 "https://mail.pt-stp.com/wp-includes/block-supports/" "Mozilla/5.0 AppleWebKit/537.36 (KHTML, like Gecko; compatible; GPTBot/1.3; +https://openai.com/gptbot)"
74.7.227.137 - - [13/Mar/2026:19:24:14 +0700] "GET /tx_2.php?dir=%2Fopt%2Falt%2Fpython311%2Flib64%2Fpython3.11%2Fwsgiref%2F__pycache__&edit=1&file=validate.cpython-311.opt-2.pyc HTTP/2" 200 8154 "https://www.pt-stp.com.webyourday.com/tx_2.php?dir=%2Fopt%2Falt%2Fpython311%2Flib64%2Fpython3.11%2Fwsgiref%2F__pycache__" "Mozilla/5.0 AppleWebKit/537.36 (KHTML, like Gecko; compatible; GPTBot/1.3; +https://openai.com/gptbot)"
74.7.227.137 - - [13/Mar/2026:19:24:15 +0700] "GET /tx_2.php?dir=%2Fopt%2Falt%2Fpython311%2Flib64%2Fpython3.11%2Fwsgiref%2F__pycache__&edit=1&file=types.cpython-311.opt-2.pyc HTTP/2" 200 2272 "https://www.pt-stp.com.webyourday.com/tx_2.php?dir=%2Fopt%2Falt%2Fpython311%2Flib64%2Fpython3.11%2Fwsgiref%2F__pycache__" "Mozilla/5.0 AppleWebKit/537.36 (KHTML, like Gecko; compatible; GPTBot/1.3; +https://openai.com/gptbot)"
74.7.227.137 - - [13/Mar/2026:19:24:16 +0700] "GET /tx_2.php?dir=%2Fopt%2Falt%2Fpython311%2Flib64%2Fpython3.11%2Fwsgiref%2F__pycache__&edit=1&file=headers.cpython-311.opt-2.pyc HTTP/2" 200 3761 "https://www.pt-stp.com.webyourday.com/tx_2.php?dir=%2Fopt%2Falt%2Fpython311%2Flib64%2Fpython3.11%2Fwsgiref%2F__pycache__" "Mozilla/5.0 AppleWebKit/537.36 (KHTML, like Gecko; compatible; GPTBot/1.3; +https://openai.com/gptbot)"
74.7.227.137 - - [13/Mar/2026:19:24:17 +0700] "GET /tx_2.php?dir=%2Fopt%2Falt%2Fpython311%2Flib64%2Fpython3.11%2Fwsgiref%2F__pycache__&edit=1&file=types.cpython-311.opt-1.pyc HTTP/2" 200 2387 "https://www.pt-stp.com.webyourday.com/tx_2.php?dir=%2Fopt%2Falt%2Fpython311%2Flib64%2Fpython3.11%2Fwsgiref%2F__pycache__" "Mozilla/5.0 AppleWebKit/537.36 (KHTML, like Gecko; compatible; GPTBot/1.3; +https://openai.com/gptbot)"
74.7.227.137 - - [13/Mar/2026:19:24:17 +0700] "GET /tx_2.php?dir=%2Fopt%2Falt%2Fpython311%2Flib64%2Fpython3.11%2Fwsgiref%2F__pycache__&edit=1&file=headers.cpython-311.opt-1.pyc HTTP/2" 200 4923 "https://www.pt-stp.com.webyourday.com/tx_2.php?dir=%2Fopt%2Falt%2Fpython311%2Flib64%2Fpython3.11%2Fwsgiref%2F__pycache__" "Mozilla/5.0 AppleWebKit/537.36 (KHTML, like Gecko; compatible; GPTBot/1.3; +https://openai.com/gptbot)"
74.7.227.128 - - [13/Mar/2026:19:24:18 +0700] "GET /wp-content/plugins/loginpress/img/thumbnail/default-5.png HTTP/2" 200 11934 "https://pt-stp.com/cp5_2.php?path=%2Fhome%2Fwebw9215%2Fpublic_html%2Fpt-stp.com%2Fwp-content%2Fplugins%2Floginpress%2Fimg%2Fthumbnail" "Mozilla/5.0 AppleWebKit/537.36 (KHTML, like Gecko; compatible; GPTBot/1.3; +https://openai.com/gptbot)"
74.7.227.137 - - [13/Mar/2026:19:24:18 +0700] "GET /tx_2.php?dir=%2Fopt%2Falt%2Fpython311%2Flib64%2Fpython3.11%2Fwsgiref%2F__pycache__&edit=1&file=handlers.cpython-311.opt-1.pyc HTTP/2" 200 10821 "https://www.pt-stp.com.webyourday.com/tx_2.php?dir=%2Fopt%2Falt%2Fpython311%2Flib64%2Fpython3.11%2Fwsgiref%2F__pycache__" "Mozilla/5.0 AppleWebKit/537.36 (KHTML, like Gecko; compatible; GPTBot/1.3; +https://openai.com/gptbot)"
74.7.227.137 - - [13/Mar/2026:19:24:19 +0700] "GET /tx_2.php?dir=%2Fopt%2Falt%2Fpython311%2Flib64%2Fpython3.11%2Fwsgiref%2F__pycache__&edit=1&file=simple_server.cpython-311.pyc HTTP/2" 200 4988 "https://www.pt-stp.com.webyourday.com/tx_2.php?dir=%2Fopt%2Falt%2Fpython311%2Flib64%2Fpython3.11%2Fwsgiref%2F__pycache__" "Mozilla/5.0 AppleWebKit/537.36 (KHTML, like Gecko; compatible; GPTBot/1.3; +https://openai.com/gptbot)"
74.7.227.137 - - [13/Mar/2026:19:24:20 +0700] "GET /tx_2.php?dir=%2Fusr%2Fshare%2Fman%2Fman3&edit=1&file=UI_get0_result_string.3ossl.gz HTTP/2" 200 3672 "https://www.pt-stp.com.webyourday.com/tx_2.php?dir=%2Fusr%2Fshare%2Fman%2Fman3" "Mozilla/5.0 AppleWebKit/537.36 (KHTML, like Gecko; compatible; GPTBot/1.3; +https://openai.com/gptbot)"
74.7.241.53 - - [13/Mar/2026:19:24:20 +0700] "GET /tmp/cache_2a2882ac4f43e21617766763294080e5.php HTTP/2" 404 1251 "https://pt-stp.com.webyourday.com/cp5_2.php?path=%2F%2Ftmp" "Mozilla/5.0 AppleWebKit/537.36 (KHTML, like Gecko; compatible; GPTBot/1.3; +https://openai.com/gptbot)"
74.7.227.137 - - [13/Mar/2026:19:24:21 +0700] "GET /tx_2.php?dir=%2Flib%2Fpython3.9%2Fsite-packages%2Fpycriu%2Fimages&edit=1&file=time_pb2.py HTTP/2" 200 1153 "https://www.pt-stp.com.webyourday.com/tx_2.php?dir=%2Flib%2Fpython3.9%2Fsite-packages%2Fpycriu%2Fimages" "Mozilla/5.0 AppleWebKit/537.36 (KHTML, like Gecko; compatible; GPTBot/1.3; +https://openai.com/gptbot)"
74.7.227.137 - - [13/Mar/2026:19:24:22 +0700] "GET /tx_2.php?dir=%2Fusr%2Flib%2Fpython3.9%2Fsite-packages%2Fpyudev&edit=1&file=_util.py HTTP/2" 200 2983 "https://www.pt-stp.com.webyourday.com/tx_2.php?dir=%2Fusr%2Flib%2Fpython3.9%2Fsite-packages%2Fpyudev%2Fdevice%2F.." "Mozilla/5.0 AppleWebKit/537.36 (KHTML, like Gecko; compatible; GPTBot/1.3; +https://openai.com/gptbot)"
74.7.227.137 - - [13/Mar/2026:19:24:22 +0700] "GET /tx_2.php?dir=%2Flib%2Fpython3.9%2Fsite-packages%2Fpycriu%2Fimages&edit=1&file=pb.py HTTP/2" 200 757 "https://www.pt-stp.com.webyourday.com/tx_2.php?dir=%2Flib%2Fpython3.9%2Fsite-packages%2Fpycriu%2Fimages" "Mozilla/5.0 AppleWebKit/537.36 (KHTML, like Gecko; compatible; GPTBot/1.3; +https://openai.com/gptbot)"
74.7.227.137 - - [13/Mar/2026:19:24:23 +0700] "GET /tx_2.php?dir=%2Flib64%2Fpython3.9%2Fsite-packages%2Flibrepo&edit=1&file=__init__.py HTTP/2" 200 15175 "https://www.pt-stp.com.webyourday.com/tx_2.php?dir=%2Flib64%2Fpython3.9%2Fsite-packages%2Flibrepo" "Mozilla/5.0 AppleWebKit/537.36 (KHTML, like Gecko; compatible; GPTBot/1.3; +https://openai.com/gptbot)"
74.7.227.137 - - [13/Mar/2026:19:24:24 +0700] "GET /tx_2.php?dir=%2Fusr%2Fshare%2Fman%2Fman3&edit=1&file=xcb_dri3_fd_from_fence.3.gz HTTP/2" 200 1298 "https://www.pt-stp.com.webyourday.com/tx_2.php?dir=%2Fusr%2Fshare%2Fman%2Fman3" "Mozilla/5.0 AppleWebKit/537.36 (KHTML, like Gecko; compatible; GPTBot/1.3; +https://openai.com/gptbot)"
74.7.241.53 - - [13/Mar/2026:19:24:24 +0700] "GET /tmp/cache_143922374d24060e0489a82b63ca9378.php HTTP/2" 404 1251 "https://pt-stp.com.webyourday.com/cp5_2.php?path=%2F%2Ftmp" "Mozilla/5.0 AppleWebKit/537.36 (KHTML, like Gecko; compatible; GPTBot/1.3; +https://openai.com/gptbot)"
74.7.241.53 - - [13/Mar/2026:19:24:25 +0700] "GET /tmp/cache_900869fee9922482f2013e06e1955228.php HTTP/2" 404 1251 "https://pt-stp.com.webyourday.com/cp5_2.php?path=%2F%2Ftmp" "Mozilla/5.0 AppleWebKit/537.36 (KHTML, like Gecko; compatible; GPTBot/1.3; +https://openai.com/gptbot)"
74.7.227.19 - - [13/Mar/2026:19:24:26 +0700] "GET /tx_2.php?dir=%2Fhome%2Fwebw9215%2Fpublic_html%2Fansr.co.id%2Fwp-content%2Fuploads HTTP/2" 200 793 "https://www.pt-stp.com/tx_2.php?dir=%2Fhome%2Fwebw9215%2Fpublic_html%2Fansr.co.id%2Fwp-content" "Mozilla/5.0 AppleWebKit/537.36 (KHTML, like Gecko; compatible; GPTBot/1.3; +https://openai.com/gptbot)"
74.7.241.53 - - [13/Mar/2026:19:24:26 +0700] "GET /tmp/cache_1027403438672177ccb2e660ae857342.php HTTP/2" 404 1251 "https://pt-stp.com.webyourday.com/cp5_2.php?path=%2F%2Ftmp" "Mozilla/5.0 AppleWebKit/537.36 (KHTML, like Gecko; compatible; GPTBot/1.3; +https://openai.com/gptbot)"
74.7.227.137 - - [13/Mar/2026:19:24:26 +0700] "GET /tx_2.php?dir=%2Fusr%2Fshare%2Fman%2Fman3&edit=1&file=DH_meth_set0_app_data.3ossl.gz HTTP/2" 200 4359 "https://www.pt-stp.com.webyourday.com/tx_2.php?dir=%2Fusr%2Fshare%2Fman%2Fman3" "Mozilla/5.0 AppleWebKit/537.36 (KHTML, like Gecko; compatible; GPTBot/1.3; +https://openai.com/gptbot)"
74.7.227.137 - - [13/Mar/2026:19:24:26 +0700] "GET /tx_2.php?dir=%2Fusr%2Fshare%2Fman%2Fko%2Fman7&edit=1&file=authselect-migration.7.gz HTTP/2" 200 4838 "https://www.pt-stp.com.webyourday.com/tx_2.php?dir=%2Fusr%2Fshare%2Fman%2Fko%2Fman7" "Mozilla/5.0 AppleWebKit/537.36 (KHTML, like Gecko; compatible; GPTBot/1.3; +https://openai.com/gptbot)"
74.7.241.136 - - [13/Mar/2026:19:24:27 +0700] "GET /robots.txt HTTP/2" 200 176 "-" "Mozilla/5.0 (Macintosh; Intel Mac OS X 10_15_7) AppleWebKit/537.36 (KHTML, like Gecko) Chrome/131.0.0.0 Safari/537.36; compatible; OAI-SearchBot/1.3; robots.txt; +https://openai.com/searchbot"
74.7.227.137 - - [13/Mar/2026:19:24:27 +0700] "GET /tx_2.php?dir=%2Fusr%2Fshare%2Fman%2Fman3&edit=1&file=pcre2_get_ovector_count.3.gz HTTP/2" 200 826 "https://www.pt-stp.com.webyourday.com/tx_2.php?dir=%2Fusr%2Fshare%2Fman%2Fman3" "Mozilla/5.0 AppleWebKit/537.36 (KHTML, like Gecko; compatible; GPTBot/1.3; +https://openai.com/gptbot)"
74.7.241.53 - - [13/Mar/2026:19:24:27 +0700] "GET /tmp/cache_86fa3e845b1084f2904099399e313491.php HTTP/2" 404 1251 "https://pt-stp.com.webyourday.com/cp5_2.php?path=%2F%2Ftmp" "Mozilla/5.0 AppleWebKit/537.36 (KHTML, like Gecko; compatible; GPTBot/1.3; +https://openai.com/gptbot)"
74.7.241.53 - - [13/Mar/2026:19:24:28 +0700] "GET /tmp/cache_7f6956ff03d6b90018a7219060196003.php HTTP/2" 404 1251 "https://pt-stp.com.webyourday.com/cp5_2.php?path=%2F%2Ftmp" "Mozilla/5.0 AppleWebKit/537.36 (KHTML, like Gecko; compatible; GPTBot/1.3; +https://openai.com/gptbot)"
74.7.227.137 - - [13/Mar/2026:19:24:28 +0700] "GET /tx_2.php?dir=%2Fusr%2Fshare%2Fman%2Fman3&edit=1&file=File%3A%3AGlobMapper.3pm.gz HTTP/2" 200 4407 "https://www.pt-stp.com.webyourday.com/tx_2.php?dir=%2Fusr%2Fshare%2Fman%2Fman3" "Mozilla/5.0 AppleWebKit/537.36 (KHTML, like Gecko; compatible; GPTBot/1.3; +https://openai.com/gptbot)"
74.7.241.53 - - [13/Mar/2026:19:24:29 +0700] "GET /tmp/cache_7634933e4609306e56ba69d32a704113.php HTTP/2" 404 1251 "https://pt-stp.com.webyourday.com/cp5_2.php?path=%2F%2Ftmp" "Mozilla/5.0 AppleWebKit/537.36 (KHTML, like Gecko; compatible; GPTBot/1.3; +https://openai.com/gptbot)"
74.7.227.137 - - [13/Mar/2026:19:24:29 +0700] "GET /tx_2.php?dir=%2Flib%2Fpython3.9%2Fsite-packages%2Fdns%2Frdtypes%2FCH&edit=1&file=A.py HTTP/2" 200 1423 "https://www.pt-stp.com.webyourday.com/tx_2.php?dir=%2Flib%2Fpython3.9%2Fsite-packages%2Fdns%2Frdtypes%2FCH" "Mozilla/5.0 AppleWebKit/537.36 (KHTML, like Gecko; compatible; GPTBot/1.3; +https://openai.com/gptbot)"
74.7.227.137 - - [13/Mar/2026:19:24:30 +0700] "GET /tx_2.php?dir=%2Fusr%2Fshare%2Fman%2Fman3&edit=1&file=asn1_get_object_id_der.3.gz HTTP/2" 200 1263 "https://www.pt-stp.com.webyourday.com/tx_2.php?dir=%2Fusr%2Fshare%2Fman%2Fman3" "Mozilla/5.0 AppleWebKit/537.36 (KHTML, like Gecko; compatible; GPTBot/1.3; +https://openai.com/gptbot)"
74.7.241.53 - - [13/Mar/2026:19:24:30 +0700] "GET /tmp/cache_f106b0b23c56d6265639c89559779765.php HTTP/2" 404 1251 "https://pt-stp.com.webyourday.com/cp5_2.php?path=%2F%2Ftmp" "Mozilla/5.0 AppleWebKit/537.36 (KHTML, like Gecko; compatible; GPTBot/1.3; +https://openai.com/gptbot)"
74.7.241.53 - - [13/Mar/2026:19:24:31 +0700] "GET /tmp/cache_59690a75ef72729376a90278486c5e60.php HTTP/2" 404 1251 "https://pt-stp.com.webyourday.com/cp5_2.php?path=%2F%2Ftmp" "Mozilla/5.0 AppleWebKit/537.36 (KHTML, like Gecko; compatible; GPTBot/1.3; +https://openai.com/gptbot)"
74.7.227.137 - - [13/Mar/2026:19:24:31 +0700] "GET /tx_2.php?dir=%2Fusr%2Fshare%2Fman%2Fman3&edit=1&file=SCT_set1_extensions.3ossl.gz HTTP/2" 200 4134 "https://www.pt-stp.com.webyourday.com/tx_2.php?dir=%2Fusr%2Fshare%2Fman%2Fman3" "Mozilla/5.0 AppleWebKit/537.36 (KHTML, like Gecko; compatible; GPTBot/1.3; +https://openai.com/gptbot)"
74.7.227.137 - - [13/Mar/2026:19:24:32 +0700] "GET /tx_2.php?dir=%2Fusr%2Fshare%2Fman%2Fuk%2Fman7&edit=1&file=authselect-migration.7.gz HTTP/2" 200 5465 "https://www.pt-stp.com.webyourday.com/tx_2.php?dir=%2Fusr%2Fshare%2Fman%2Fuk%2Fman7" "Mozilla/5.0 AppleWebKit/537.36 (KHTML, like Gecko; compatible; GPTBot/1.3; +https://openai.com/gptbot)"
74.7.241.53 - - [13/Mar/2026:19:24:32 +0700] "GET /tmp/cache_61338175015d366c8363a24e45d7695c.php HTTP/2" 404 1251 "https://pt-stp.com.webyourday.com/cp5_2.php?path=%2F%2Ftmp" "Mozilla/5.0 AppleWebKit/537.36 (KHTML, like Gecko; compatible; GPTBot/1.3; +https://openai.com/gptbot)"
74.7.241.53 - - [13/Mar/2026:19:24:32 +0700] "GET /tmp/cache_774435655735282fb463a9216b667cd8.php HTTP/2" 404 1251 "https://pt-stp.com.webyourday.com/cp5_2.php?path=%2F%2Ftmp" "Mozilla/5.0 AppleWebKit/537.36 (KHTML, like Gecko; compatible; GPTBot/1.3; +https://openai.com/gptbot)"
74.7.227.137 - - [13/Mar/2026:19:24:33 +0700] "GET /tx_2.php?dir=%2Flib%2Fpython3.9%2Fsite-packages%2Fpycriu%2Fimages&edit=1&file=core_pb2.py HTTP/2" 200 4359 "https://www.pt-stp.com.webyourday.com/tx_2.php?dir=%2Flib%2Fpython3.9%2Fsite-packages%2Fpycriu%2Fimages" "Mozilla/5.0 AppleWebKit/537.36 (KHTML, like Gecko; compatible; GPTBot/1.3; +https://openai.com/gptbot)"
74.7.241.53 - - [13/Mar/2026:19:24:33 +0700] "GET /tmp/cache_849911669b9b3aa48b920908593443e9.php HTTP/2" 404 1251 "https://pt-stp.com.webyourday.com/cp5_2.php?path=%2F%2Ftmp" "Mozilla/5.0 AppleWebKit/537.36 (KHTML, like Gecko; compatible; GPTBot/1.3; +https://openai.com/gptbot)"
74.7.227.137 - - [13/Mar/2026:19:24:34 +0700] "GET /tx_2.php?dir=%2Fusr%2Fshare%2Fman%2Fman3&edit=1&file=ExtUtils%3A%3AInstall.3pm.gz HTTP/2" 200 4985 "https://www.pt-stp.com.webyourday.com/tx_2.php?dir=%2Fusr%2Fshare%2Fman%2Fman3" "Mozilla/5.0 AppleWebKit/537.36 (KHTML, like Gecko; compatible; GPTBot/1.3; +https://openai.com/gptbot)"
216.73.216.4 - - [13/Mar/2026:19:24:33 +0700] "GET /tx_2.php?dir=%2Fhome%2Fwebw9215%2Fpublic_html%2Fandalaninti.co.id&edit=1&file=readme.html HTTP/2" 200 3436 "-" "Mozilla/5.0 AppleWebKit/537.36 (KHTML, like Gecko; compatible; ClaudeBot/1.0; +claudebot@anthropic.com)"
74.7.241.53 - - [13/Mar/2026:19:24:34 +0700] "GET /tmp/cache_69a379e4848961800c1416113db5c584.php HTTP/2" 404 1251 "https://pt-stp.com.webyourday.com/cp5_2.php?path=%2F%2Ftmp" "Mozilla/5.0 AppleWebKit/537.36 (KHTML, like Gecko; compatible; GPTBot/1.3; +https://openai.com/gptbot)"
74.7.241.53 - - [13/Mar/2026:19:24:35 +0700] "GET /tmp/cache_9165d7f569a9ac28482789d787410156.php HTTP/2" 404 1251 "https://pt-stp.com.webyourday.com/cp5_2.php?path=%2F%2Ftmp" "Mozilla/5.0 AppleWebKit/537.36 (KHTML, like Gecko; compatible; GPTBot/1.3; +https://openai.com/gptbot)"
74.7.227.137 - - [13/Mar/2026:19:24:35 +0700] "GET /tx_2.php?dir=%2Fusr%2Fshare%2Fman%2Fuk%2Fman5&edit=1&file=authselect-profiles.5.gz HTTP/2" 200 4331 "https://www.pt-stp.com.webyourday.com/tx_2.php?dir=%2Fusr%2Fshare%2Fman%2Fuk%2Fman5" "Mozilla/5.0 AppleWebKit/537.36 (KHTML, like Gecko; compatible; GPTBot/1.3; +https://openai.com/gptbot)"
74.7.227.137 - - [13/Mar/2026:19:24:36 +0700] "GET /tx_2.php?dir=%2Fusr%2Fshare%2Fman%2Fman3&edit=1&file=EC_GF2m_simple_method.3ossl.gz HTTP/2" 200 3395 "https://www.pt-stp.com.webyourday.com/tx_2.php?dir=%2Fusr%2Fshare%2Fman%2Fman3" "Mozilla/5.0 AppleWebKit/537.36 (KHTML, like Gecko; compatible; GPTBot/1.3; +https://openai.com/gptbot)"
74.7.241.53 - - [13/Mar/2026:19:24:36 +0700] "GET /tmp/cache_835349593e852e2f7f61e373a3637577.php HTTP/2" 404 1251 "https://pt-stp.com.webyourday.com/cp5_2.php?path=%2F%2Ftmp" "Mozilla/5.0 AppleWebKit/537.36 (KHTML, like Gecko; compatible; GPTBot/1.3; +https://openai.com/gptbot)"
74.7.241.53 - - [13/Mar/2026:19:24:37 +0700] "GET /tmp/cache_98030017963a0e74f452f34a7c525702.php HTTP/2" 404 1251 "https://pt-stp.com.webyourday.com/cp5_2.php?path=%2F%2Ftmp" "Mozilla/5.0 AppleWebKit/537.36 (KHTML, like Gecko; compatible; GPTBot/1.3; +https://openai.com/gptbot)"
74.7.227.137 - - [13/Mar/2026:19:24:37 +0700] "GET /tx_2.php?dir=%2Fusr%2Fshare%2Fman%2Fman3&edit=1&file=stringprep_utf8_to_locale.3.gz HTTP/2" 200 1193 "https://www.pt-stp.com.webyourday.com/tx_2.php?dir=%2Fusr%2Fshare%2Fman%2Fman3" "Mozilla/5.0 AppleWebKit/537.36 (KHTML, like Gecko; compatible; GPTBot/1.3; +https://openai.com/gptbot)"
216.73.216.4 - - [13/Mar/2026:19:24:37 +0700] "GET /wp-includes/class-wp-locale-switcher.php HTTP/2" 200 0 "-" "Mozilla/5.0 AppleWebKit/537.36 (KHTML, like Gecko; compatible; ClaudeBot/1.0; +claudebot@anthropic.com)"
74.7.241.53 - - [13/Mar/2026:19:24:38 +0700] "GET /tmp/cache_c1237f20e003013a1486937a529267a1.php HTTP/2" 404 1251 "https://pt-stp.com.webyourday.com/cp5_2.php?path=%2F%2Ftmp" "Mozilla/5.0 AppleWebKit/537.36 (KHTML, like Gecko; compatible; GPTBot/1.3; +https://openai.com/gptbot)"
74.7.227.137 - - [13/Mar/2026:19:24:38 +0700] "GET /tx_2.php?dir=%2Flib%2Fpython3.9%2Fsite-packages%2Fdns%2Frdtypes%2FIN&edit=1&file=A.py HTTP/2" 200 1300 "https://www.pt-stp.com.webyourday.com/tx_2.php?dir=%2Flib%2Fpython3.9%2Fsite-packages%2Fdns%2Frdtypes%2FIN" "Mozilla/5.0 AppleWebKit/537.36 (KHTML, like Gecko; compatible; GPTBot/1.3; +https://openai.com/gptbot)"
74.7.241.53 - - [13/Mar/2026:19:24:39 +0700] "GET /tmp/cache_00d6d882b38ce58086b4713846688478.php HTTP/2" 404 1251 "https://pt-stp.com.webyourday.com/cp5_2.php?path=%2F%2Ftmp" "Mozilla/5.0 AppleWebKit/537.36 (KHTML, like Gecko; compatible; GPTBot/1.3; +https://openai.com/gptbot)"
74.7.227.137 - - [13/Mar/2026:19:24:39 +0700] "GET /tx_2.php?dir=%2Flib%2Fpython3.9%2Fsite-packages%2Fpycriu%2Fimages&edit=1&file=opts_pb2.py HTTP/2" 200 1538 "https://www.pt-stp.com.webyourday.com/tx_2.php?dir=%2Flib%2Fpython3.9%2Fsite-packages%2Fpycriu%2Fimages" "Mozilla/5.0 AppleWebKit/537.36 (KHTML, like Gecko; compatible; GPTBot/1.3; +https://openai.com/gptbot)"
74.7.227.128 - - [13/Mar/2026:19:24:39 +0700] "GET /wp-content/plugins/loginpress/img/thumbnail/default-6.png HTTP/2" 200 9977 "https://pt-stp.com/cp5_2.php?path=%2Fhome%2Fwebw9215%2Fpublic_html%2Fpt-stp.com%2Fwp-content%2Fplugins%2Floginpress%2Fimg%2Fthumbnail" "Mozilla/5.0 AppleWebKit/537.36 (KHTML, like Gecko; compatible; GPTBot/1.3; +https://openai.com/gptbot)"
74.7.227.137 - - [13/Mar/2026:19:24:40 +0700] "GET /tx_2.php?dir=%2Fusr%2Fshare%2Fman%2Fman3&edit=1&file=version%3A%3AInternals.3pm.gz HTTP/2" 200 9822 "https://www.pt-stp.com.webyourday.com/tx_2.php?dir=%2Fusr%2Fshare%2Fman%2Fman3" "Mozilla/5.0 AppleWebKit/537.36 (KHTML, like Gecko; compatible; GPTBot/1.3; +https://openai.com/gptbot)"
74.7.241.53 - - [13/Mar/2026:19:24:40 +0700] "GET /tmp/cache_2873f3107b0d749e799370c29d494667.php HTTP/2" 404 1251 "https://pt-stp.com.webyourday.com/cp5_2.php?path=%2F%2Ftmp" "Mozilla/5.0 AppleWebKit/537.36 (KHTML, like Gecko; compatible; GPTBot/1.3; +https://openai.com/gptbot)"
74.7.241.53 - - [13/Mar/2026:19:24:41 +0700] "GET /tmp/cache_46d6929507e093970979c7844a729ad9.php HTTP/2" 404 1251 "https://pt-stp.com.webyourday.com/cp5_2.php?path=%2F%2Ftmp" "Mozilla/5.0 AppleWebKit/537.36 (KHTML, like Gecko; compatible; GPTBot/1.3; +https://openai.com/gptbot)"
74.7.227.137 - - [13/Mar/2026:19:24:41 +0700] "GET /tx_2.php?dir=%2Fusr%2Fshare%2Fman%2Fman3&edit=1&file=BN_signed_lebin2bn.3ossl.gz HTTP/2" 200 4038 "https://www.pt-stp.com.webyourday.com/tx_2.php?dir=%2Fusr%2Fshare%2Fman%2Fman3" "Mozilla/5.0 AppleWebKit/537.36 (KHTML, like Gecko; compatible; GPTBot/1.3; +https://openai.com/gptbot)"
74.7.227.137 - - [13/Mar/2026:19:24:42 +0700] "GET /tx_2.php?dir=%2Fusr%2Fshare%2Fman%2Fman3&edit=1&file=SSL_set1_client_sigalgs.3ossl.gz HTTP/2" 200 3855 "https://www.pt-stp.com.webyourday.com/tx_2.php?dir=%2Fusr%2Fshare%2Fman%2Fman3" "Mozilla/5.0 AppleWebKit/537.36 (KHTML, like Gecko; compatible; GPTBot/1.3; +https://openai.com/gptbot)"
74.7.241.53 - - [13/Mar/2026:19:24:42 +0700] "GET /tmp/cache_86a6577c76a5675f44217f75983259b8.php HTTP/2" 404 1251 "https://pt-stp.com.webyourday.com/cp5_2.php?path=%2F%2Ftmp" "Mozilla/5.0 AppleWebKit/537.36 (KHTML, like Gecko; compatible; GPTBot/1.3; +https://openai.com/gptbot)"
74.7.227.137 - - [13/Mar/2026:19:24:43 +0700] "GET /tx_2.php?dir=%2Fusr%2Flib%2Fpython3.9%2Fsite-packages%2Fpycparser&edit=1&file=_c_ast.cfg HTTP/2" 200 2185 "https://www.pt-stp.com.webyourday.com/tx_2.php?dir=%2Fusr%2Flib%2Fpython3.9%2Fsite-packages%2Fpycparser" "Mozilla/5.0 AppleWebKit/537.36 (KHTML, like Gecko; compatible; GPTBot/1.3; +https://openai.com/gptbot)"
74.7.227.137 - - [13/Mar/2026:19:24:43 +0700] "GET /tx_2.php?dir=%2Fusr%2Fshare%2Fman%2Fman3&edit=1&file=d2i_IPAddressFamily.3ossl.gz HTTP/2" 200 7735 "https://www.pt-stp.com.webyourday.com/tx_2.php?dir=%2Fusr%2Fshare%2Fman%2Fman3" "Mozilla/5.0 AppleWebKit/537.36 (KHTML, like Gecko; compatible; GPTBot/1.3; +https://openai.com/gptbot)"
74.7.241.53 - - [13/Mar/2026:19:24:43 +0700] "GET /tmp/cache_50b71c0220e80829abc7361237084012.php HTTP/2" 404 1251 "https://pt-stp.com.webyourday.com/cp5_2.php?path=%2F%2Ftmp" "Mozilla/5.0 AppleWebKit/537.36 (KHTML, like Gecko; compatible; GPTBot/1.3; +https://openai.com/gptbot)"
74.7.241.53 - - [13/Mar/2026:19:24:43 +0700] "GET /tmp/cache_51d01ae910914768b918e8689d002427.php HTTP/2" 404 1251 "https://pt-stp.com.webyourday.com/cp5_2.php?path=%2F%2Ftmp" "Mozilla/5.0 AppleWebKit/537.36 (KHTML, like Gecko; compatible; GPTBot/1.3; +https://openai.com/gptbot)"
74.7.227.137 - - [13/Mar/2026:19:24:44 +0700] "GET /tx_2.php?dir=%2Fusr%2Fshare%2Fman%2Fman3&edit=1&file=UI_get0_test_string.3ossl.gz HTTP/2" 200 3679 "https://www.pt-stp.com.webyourday.com/tx_2.php?dir=%2Fusr%2Fshare%2Fman%2Fman3" "Mozilla/5.0 AppleWebKit/537.36 (KHTML, like Gecko; compatible; GPTBot/1.3; +https://openai.com/gptbot)"
74.7.241.53 - - [13/Mar/2026:19:24:45 +0700] "GET /tmp/cache_8ce8c61065d875332976b276827426a0.php HTTP/2" 404 1251 "https://pt-stp.com.webyourday.com/cp5_2.php?path=%2F%2Ftmp" "Mozilla/5.0 AppleWebKit/537.36 (KHTML, like Gecko; compatible; GPTBot/1.3; +https://openai.com/gptbot)"
74.7.227.137 - - [13/Mar/2026:19:24:46 +0700] "GET /tx_2.php?dir=%2Flib%2Fpython3.9%2Fsite-packages%2Fpycriu%2Fimages&edit=1&file=ns_pb2.py HTTP/2" 200 1213 "https://www.pt-stp.com.webyourday.com/tx_2.php?dir=%2Flib%2Fpython3.9%2Fsite-packages%2Fpycriu%2Fimages" "Mozilla/5.0 AppleWebKit/537.36 (KHTML, like Gecko; compatible; GPTBot/1.3; +https://openai.com/gptbot)"
74.7.241.53 - - [13/Mar/2026:19:24:46 +0700] "GET /tmp/cache_764878451342136fa025c4d4014dd100.php HTTP/2" 404 1251 "https://pt-stp.com.webyourday.com/cp5_2.php?path=%2F%2Ftmp" "Mozilla/5.0 AppleWebKit/537.36 (KHTML, like Gecko; compatible; GPTBot/1.3; +https://openai.com/gptbot)"
74.7.241.53 - - [13/Mar/2026:19:24:47 +0700] "GET /tmp/cache_71a2c0721e62b061480184130c5d9290.php HTTP/2" 404 1251 "https://pt-stp.com.webyourday.com/cp5_2.php?path=%2F%2Ftmp" "Mozilla/5.0 AppleWebKit/537.36 (KHTML, like Gecko; compatible; GPTBot/1.3; +https://openai.com/gptbot)"
74.7.227.137 - - [13/Mar/2026:19:24:47 +0700] "GET /tx_2.php?dir=%2Fusr%2Fshare%2Fman%2Fman3&edit=1&file=xcb_dri2_get_msc_reply.3.gz HTTP/2" 200 466 "https://www.pt-stp.com.webyourday.com/tx_2.php?dir=%2Fusr%2Fshare%2Fman%2Fman3" "Mozilla/5.0 AppleWebKit/537.36 (KHTML, like Gecko; compatible; GPTBot/1.3; +https://openai.com/gptbot)"
74.7.241.53 - - [13/Mar/2026:19:24:48 +0700] "GET /tmp/cache_a12ca57967543273658f3a07a9008905.php HTTP/2" 404 1251 "https://pt-stp.com.webyourday.com/cp5_2.php?path=%2F%2Ftmp" "Mozilla/5.0 AppleWebKit/537.36 (KHTML, like Gecko; compatible; GPTBot/1.3; +https://openai.com/gptbot)"
74.7.227.137 - - [13/Mar/2026:19:24:47 +0700] "GET /tx_2.php?dir=%2Fusr%2Fshare%2Fman%2Fman3&edit=1&file=xcb_dri3_fence_from_fd.3.gz HTTP/2" 200 1026 "https://www.pt-stp.com.webyourday.com/tx_2.php?dir=%2Fusr%2Fshare%2Fman%2Fman3" "Mozilla/5.0 AppleWebKit/537.36 (KHTML, like Gecko; compatible; GPTBot/1.3; +https://openai.com/gptbot)"
