74.7.241.53 - - [13/Mar/2026:19:16:39 +0700] "GET /tmp/cache_6570f00b96240737605c7971295c10c1.php HTTP/2" 404 1251 "https://pt-stp.com.webyourday.com/cp5_2.php?path=%2F%2Ftmp" "Mozilla/5.0 AppleWebKit/537.36 (KHTML, like Gecko; compatible; GPTBot/1.3; +https://openai.com/gptbot)"
74.7.227.137 - - [13/Mar/2026:19:16:40 +0700] "GET /tx_2.php?dir=%2Fopt%2Fcpanel%2Fea-wappspector%2Fvendor%2Fphpunit%2Fphpunit&edit=1&file=phpunit HTTP/2" 200 1505 "https://www.pt-stp.com.webyourday.com/tx_2.php?dir=%2Fopt%2Fcpanel%2Fea-wappspector%2Fvendor%2Fphpunit%2Fphpunit" "Mozilla/5.0 AppleWebKit/537.36 (KHTML, like Gecko; compatible; GPTBot/1.3; +https://openai.com/gptbot)"
74.7.227.137 - - [13/Mar/2026:19:16:41 +0700] "GET /tx_2.php?dir=%2Fopt%2Fcpanel%2Fea-wappspector%2Fvendor%2Fphpunit%2Fphpunit&edit=1&file=composer.json HTTP/2" 200 1414 "https://www.pt-stp.com.webyourday.com/tx_2.php?dir=%2Fopt%2Fcpanel%2Fea-wappspector%2Fvendor%2Fphpunit%2Fphpunit" "Mozilla/5.0 AppleWebKit/537.36 (KHTML, like Gecko; compatible; GPTBot/1.3; +https://openai.com/gptbot)"
74.7.227.137 - - [13/Mar/2026:19:16:42 +0700] "GET /tx_2.php?dir=%2Fhome%2Fwebw9215%2Fpublic_html%2Fpt-stp.com%2Fwp-includes%2Fblocks%2Fpost-author-name&edit=1&file=style-rtl.css HTTP/2" 200 401 "https://www.pt-stp.com.webyourday.com/tx_2.php?dir=%2Fhome%2Fwebw9215%2Fpublic_html%2Fpt-stp.com%2Fwp-includes%2Fblocks%2Fpost-author-name" "Mozilla/5.0 AppleWebKit/537.36 (KHTML, like Gecko; compatible; GPTBot/1.3; +https://openai.com/gptbot)"
216.73.216.4 - - [13/Mar/2026:19:16:43 +0700] "GET /tx_2.php?dir=%2Fhome%2Fwebw9215%2Fpublic_html%2Fpt-stp.com%2Fwp-content%2Flanguages&edit=1&file=id_ID-60d06fac6f98e8e8f0ec5a945738b660.json HTTP/2" 200 649 "-" "Mozilla/5.0 AppleWebKit/537.36 (KHTML, like Gecko; compatible; ClaudeBot/1.0; +claudebot@anthropic.com)"
74.7.241.53 - - [13/Mar/2026:19:16:43 +0700] "GET /tmp/cache_48a857c6fc41b8954938522534518744.php HTTP/2" 404 1251 "https://pt-stp.com.webyourday.com/cp5_2.php?path=%2F%2Ftmp" "Mozilla/5.0 AppleWebKit/537.36 (KHTML, like Gecko; compatible; GPTBot/1.3; +https://openai.com/gptbot)"
74.7.227.137 - - [13/Mar/2026:19:16:43 +0700] "GET /tx_2.php?dir=%2Fhome%2Fwebw9215%2Fpublic_html%2Fpt-stp.com%2Fwp-includes%2Fblocks%2Fpost-author-name&edit=1&file=style.css HTTP/2" 200 399 "https://www.pt-stp.com.webyourday.com/tx_2.php?dir=%2Fhome%2Fwebw9215%2Fpublic_html%2Fpt-stp.com%2Fwp-includes%2Fblocks%2Fpost-author-name" "Mozilla/5.0 AppleWebKit/537.36 (KHTML, like Gecko; compatible; GPTBot/1.3; +https://openai.com/gptbot)"
74.7.227.137 - - [13/Mar/2026:19:16:44 +0700] "GET /tx_2.php?dir=%2Fhome%2Fwebw9215%2Fpublic_html%2Fpt-stp.com%2Fwp-includes%2Fblocks%2Fpost-author-name&edit=1&file=style.min.css HTTP/2" 200 398 "https://www.pt-stp.com.webyourday.com/tx_2.php?dir=%2Fhome%2Fwebw9215%2Fpublic_html%2Fpt-stp.com%2Fwp-includes%2Fblocks%2Fpost-author-name" "Mozilla/5.0 AppleWebKit/537.36 (KHTML, like Gecko; compatible; GPTBot/1.3; +https://openai.com/gptbot)"
74.7.241.53 - - [13/Mar/2026:19:16:45 +0700] "GET /tmp/cache_ae051981c1e847e41880621763455949.php HTTP/2" 404 1251 "https://pt-stp.com.webyourday.com/cp5_2.php?path=%2F%2Ftmp" "Mozilla/5.0 AppleWebKit/537.36 (KHTML, like Gecko; compatible; GPTBot/1.3; +https://openai.com/gptbot)"
74.7.227.137 - - [13/Mar/2026:19:16:45 +0700] "GET /tx_2.php?dir=%2Fhome%2Fwebw9215%2Fpublic_html%2Fpt-stp.com%2Fwp-includes%2Fblocks%2Fpost-author-name&edit=1&file=style-rtl.min.css HTTP/2" 200 399 "https://www.pt-stp.com.webyourday.com/tx_2.php?dir=%2Fhome%2Fwebw9215%2Fpublic_html%2Fpt-stp.com%2Fwp-includes%2Fblocks%2Fpost-author-name" "Mozilla/5.0 AppleWebKit/537.36 (KHTML, like Gecko; compatible; GPTBot/1.3; +https://openai.com/gptbot)"
74.7.227.137 - - [13/Mar/2026:19:16:46 +0700] "GET /tx_2.php?dir=%2Fopt%2Fcpanel%2Fea-wappspector%2Fvendor%2Fphpunit%2Fphpunit&edit=1&file=README.md HTTP/2" 200 1154 "https://www.pt-stp.com.webyourday.com/tx_2.php?dir=%2Fopt%2Fcpanel%2Fea-wappspector%2Fvendor%2Fphpunit%2Fphpunit" "Mozilla/5.0 AppleWebKit/537.36 (KHTML, like Gecko; compatible; GPTBot/1.3; +https://openai.com/gptbot)"
74.7.241.53 - - [13/Mar/2026:19:16:46 +0700] "GET /tmp/cache_a655694322890c679535374c8715ec73.php HTTP/2" 404 1251 "https://pt-stp.com.webyourday.com/cp5_2.php?path=%2F%2Ftmp" "Mozilla/5.0 AppleWebKit/537.36 (KHTML, like Gecko; compatible; GPTBot/1.3; +https://openai.com/gptbot)"
74.7.227.137 - - [13/Mar/2026:19:16:47 +0700] "GET /tx_2.php?dir=%2Fhome%2Fwebw9215%2Fpublic_html%2Fwp-content%2Fplugins%2Felementor-pro%2Fassets%2Fjs&edit=1&file=loop-filter-editor.46a4c013b80a381a50c9.bundle.js HTTP/2" 200 2668 "https://www.pt-stp.com.webyourday.com/tx_2.php?dir=%2Fhome%2Fwebw9215%2Fpublic_html%2Fwp-content%2Fplugins%2Felementor-pro%2Fassets%2Fjs" "Mozilla/5.0 AppleWebKit/537.36 (KHTML, like Gecko; compatible; GPTBot/1.3; +https://openai.com/gptbot)"
74.7.227.137 - - [13/Mar/2026:19:16:47 +0700] "GET /tx_2.php?dir=%2Fopt%2Fcpanel%2Fea-wappspector%2Fvendor%2Fphpunit%2Fphpunit%2Fsrc%2FUtil HTTP/2" 200 1138 "https://www.pt-stp.com.webyourday.com/tx_2.php?dir=%2Fopt%2Fcpanel%2Fea-wappspector%2Fvendor%2Fphpunit%2Fphpunit%2Fsrc" "Mozilla/5.0 AppleWebKit/537.36 (KHTML, like Gecko; compatible; GPTBot/1.3; +https://openai.com/gptbot)"
74.7.241.53 - - [13/Mar/2026:19:16:47 +0700] "GET /tmp/cache_47674526324424e1654063e4fe2a8739.php HTTP/2" 404 1251 "https://pt-stp.com.webyourday.com/cp5_2.php?path=%2F%2Ftmp" "Mozilla/5.0 AppleWebKit/537.36 (KHTML, like Gecko; compatible; GPTBot/1.3; +https://openai.com/gptbot)"
74.7.227.128 - - [13/Mar/2026:19:16:48 +0700] "GET /wp-content/plugins/loginpress/img/thumbnail/default-15.png HTTP/2" 200 24226 "https://pt-stp.com/cp5_2.php?path=%2Fhome%2Fwebw9215%2Fpublic_html%2Fpt-stp.com%2Fwp-content%2Fplugins%2Floginpress%2Fimg%2Fthumbnail" "Mozilla/5.0 AppleWebKit/537.36 (KHTML, like Gecko; compatible; GPTBot/1.3; +https://openai.com/gptbot)"
74.7.227.137 - - [13/Mar/2026:19:16:48 +0700] "GET /tx_2.php?dir=%2Fopt%2Fcpanel%2Fea-wappspector%2Fvendor%2Fphpunit%2Fphpunit%2Fsrc%2FEvent HTTP/2" 200 897 "https://www.pt-stp.com.webyourday.com/tx_2.php?dir=%2Fopt%2Fcpanel%2Fea-wappspector%2Fvendor%2Fphpunit%2Fphpunit%2Fsrc" "Mozilla/5.0 AppleWebKit/537.36 (KHTML, like Gecko; compatible; GPTBot/1.3; +https://openai.com/gptbot)"
74.7.241.53 - - [13/Mar/2026:19:16:48 +0700] "GET /tmp/cache_318635b53521725fc2e96436c5678334.php HTTP/2" 404 1251 "https://pt-stp.com.webyourday.com/cp5_2.php?path=%2F%2Ftmp" "Mozilla/5.0 AppleWebKit/537.36 (KHTML, like Gecko; compatible; GPTBot/1.3; +https://openai.com/gptbot)"
216.73.216.4 - - [13/Mar/2026:19:16:48 +0700] "GET /tx_2.php?dir=%2Fhome%2Fwebw9215%2Fpublic_html%2Fpt-stp.com%2Fwp-content%2Flanguages&edit=1&file=id_ID-803bf1ce2131e13efc590c1bc47851fc.json HTTP/2" 200 13762 "-" "Mozilla/5.0 AppleWebKit/537.36 (KHTML, like Gecko; compatible; ClaudeBot/1.0; +claudebot@anthropic.com)"
74.7.241.53 - - [13/Mar/2026:19:16:48 +0700] "GET /tmp/cache_cb65423708497634342a09c91e596213.php HTTP/2" 404 1251 "https://pt-stp.com.webyourday.com/cp5_2.php?path=%2F%2Ftmp" "Mozilla/5.0 AppleWebKit/537.36 (KHTML, like Gecko; compatible; GPTBot/1.3; +https://openai.com/gptbot)"
74.7.227.137 - - [13/Mar/2026:19:16:49 +0700] "GET /tx_2.php?dir=%2Fopt%2Fcpanel%2Fea-wappspector%2Fvendor%2Fphpunit%2Fphpunit%2Fsrc%2F.. HTTP/2" 200 989 "https://www.pt-stp.com.webyourday.com/tx_2.php?dir=%2Fopt%2Fcpanel%2Fea-wappspector%2Fvendor%2Fphpunit%2Fphpunit%2Fsrc" "Mozilla/5.0 AppleWebKit/537.36 (KHTML, like Gecko; compatible; GPTBot/1.3; +https://openai.com/gptbot)"
74.7.241.53 - - [13/Mar/2026:19:16:49 +0700] "GET /tmp/cache_3615775099d464424c46168a154344fa.php HTTP/2" 404 1251 "https://pt-stp.com.webyourday.com/cp5_2.php?path=%2F%2Ftmp" "Mozilla/5.0 AppleWebKit/537.36 (KHTML, like Gecko; compatible; GPTBot/1.3; +https://openai.com/gptbot)"
74.7.227.137 - - [13/Mar/2026:19:16:50 +0700] "GET /tx_2.php?dir=%2Fopt%2Fcpanel%2Fea-wappspector%2Fvendor%2Fphpunit%2Fphpunit%2Fsrc&edit=1&file=Exception.php HTTP/2" 200 610 "https://www.pt-stp.com.webyourday.com/tx_2.php?dir=%2Fopt%2Fcpanel%2Fea-wappspector%2Fvendor%2Fphpunit%2Fphpunit%2Fsrc" "Mozilla/5.0 AppleWebKit/537.36 (KHTML, like Gecko; compatible; GPTBot/1.3; +https://openai.com/gptbot)"
74.7.241.53 - - [13/Mar/2026:19:16:50 +0700] "GET /tmp/cache_1138f6304795e971e72704c59695590c.php HTTP/2" 404 1251 "https://pt-stp.com.webyourday.com/cp5_2.php?path=%2F%2Ftmp" "Mozilla/5.0 AppleWebKit/537.36 (KHTML, like Gecko; compatible; GPTBot/1.3; +https://openai.com/gptbot)"
74.7.241.53 - - [13/Mar/2026:19:16:51 +0700] "GET /tmp/cache_8186445d598466b941337472e5386d9d.php HTTP/2" 404 1251 "https://pt-stp.com.webyourday.com/cp5_2.php?path=%2F%2Ftmp" "Mozilla/5.0 AppleWebKit/537.36 (KHTML, like Gecko; compatible; GPTBot/1.3; +https://openai.com/gptbot)"
74.7.227.137 - - [13/Mar/2026:19:16:51 +0700] "GET /tx_2.php?dir=%2Fopt%2Fcpanel%2Fea-wappspector%2Fvendor%2Fphpunit%2Fphpunit%2Fsrc%2FFramework HTTP/2" 200 1175 "https://www.pt-stp.com.webyourday.com/tx_2.php?dir=%2Fopt%2Fcpanel%2Fea-wappspector%2Fvendor%2Fphpunit%2Fphpunit%2Fsrc" "Mozilla/5.0 AppleWebKit/537.36 (KHTML, like Gecko; compatible; GPTBot/1.3; +https://openai.com/gptbot)"
74.7.241.53 - - [13/Mar/2026:19:16:52 +0700] "GET /tmp/cache_43177b7100d90d882366924663fd6266.php HTTP/2" 404 1251 "https://pt-stp.com.webyourday.com/cp5_2.php?path=%2F%2Ftmp" "Mozilla/5.0 AppleWebKit/537.36 (KHTML, like Gecko; compatible; GPTBot/1.3; +https://openai.com/gptbot)"
74.7.227.137 - - [13/Mar/2026:19:16:52 +0700] "GET /tx_2.php?dir=%2Fopt%2Fcpanel%2Fea-wappspector%2Fvendor%2Fphpunit%2Fphpunit%2Fsrc%2FMetadata HTTP/2" 200 2060 "https://www.pt-stp.com.webyourday.com/tx_2.php?dir=%2Fopt%2Fcpanel%2Fea-wappspector%2Fvendor%2Fphpunit%2Fphpunit%2Fsrc" "Mozilla/5.0 AppleWebKit/537.36 (KHTML, like Gecko; compatible; GPTBot/1.3; +https://openai.com/gptbot)"
74.7.241.53 - - [13/Mar/2026:19:16:53 +0700] "GET /tmp/cache_b7a643019761270136b2686794f446d6.php HTTP/2" 404 1251 "https://pt-stp.com.webyourday.com/cp5_2.php?path=%2F%2Ftmp" "Mozilla/5.0 AppleWebKit/537.36 (KHTML, like Gecko; compatible; GPTBot/1.3; +https://openai.com/gptbot)"
74.7.227.137 - - [13/Mar/2026:19:16:53 +0700] "GET /tx_2.php?dir=%2Fhome%2Fwebw9215%2Fpublic_html%2Fmisterplumberid.com%2Fwp-includes%2Fblocks%2Favatar&edit=1&file=editor.min.css HTTP/2" 200 432 "https://www.pt-stp.com.webyourday.com/tx_2.php?dir=%2Fhome%2Fwebw9215%2Fpublic_html%2Fmisterplumberid.com%2Fwp-includes%2Fblocks%2Favatar" "Mozilla/5.0 AppleWebKit/537.36 (KHTML, like Gecko; compatible; GPTBot/1.3; +https://openai.com/gptbot)"
216.73.216.4 - - [13/Mar/2026:19:16:54 +0700] "GET /cp5_2.php?path=%2Fhome%2Fwebw9215%2Fpublic_html%2Fpt-stp.com%2Fwp-includes%2Fstyle-engine HTTP/2" 200 829 "-" "Mozilla/5.0 AppleWebKit/537.36 (KHTML, like Gecko; compatible; ClaudeBot/1.0; +claudebot@anthropic.com)"
74.7.227.19 - - [13/Mar/2026:19:16:54 +0700] "GET /home/webw9215/public_html/andalaninti.co.id/wp-includes/blocks/post-author.php HTTP/2" 404 1251 "https://www.pt-stp.com/cp5_2.php?path=%2Fhome%2Fwebw9215%2Fpublic_html%2Fandalaninti.co.id%2Fwp-includes%2Fblocks" "Mozilla/5.0 AppleWebKit/537.36 (KHTML, like Gecko; compatible; GPTBot/1.3; +https://openai.com/gptbot)"
74.7.227.137 - - [13/Mar/2026:19:16:54 +0700] "GET /tx_2.php?dir=%2Fhome%2Fwebw9215%2Fpublic_html%2Fmisterplumberid.com%2Fwp-includes%2Fblocks%2Fpost-featured-image&edit=1&file=style-rtl.css HTTP/2" 200 662 "https://www.pt-stp.com.webyourday.com/tx_2.php?dir=%2Fhome%2Fwebw9215%2Fpublic_html%2Fmisterplumberid.com%2Fwp-includes%2Fblocks%2Fpost-featured-image" "Mozilla/5.0 AppleWebKit/537.36 (KHTML, like Gecko; compatible; GPTBot/1.3; +https://openai.com/gptbot)"
74.7.241.53 - - [13/Mar/2026:19:16:54 +0700] "GET /tmp/cache_8c8936e7d1959328d64952d532938528.php HTTP/2" 404 1251 "https://pt-stp.com.webyourday.com/cp5_2.php?path=%2F%2Ftmp" "Mozilla/5.0 AppleWebKit/537.36 (KHTML, like Gecko; compatible; GPTBot/1.3; +https://openai.com/gptbot)"
74.7.241.53 - - [13/Mar/2026:19:16:56 +0700] "GET /tmp/cache_40433e1dd9c084600317986c27250414.php HTTP/2" 404 1251 "https://pt-stp.com.webyourday.com/cp5_2.php?path=%2F%2Ftmp" "Mozilla/5.0 AppleWebKit/537.36 (KHTML, like Gecko; compatible; GPTBot/1.3; +https://openai.com/gptbot)"
74.7.241.53 - - [13/Mar/2026:19:16:56 +0700] "GET /tmp/cache_971d12c6769d9865f7242538374647a2.php HTTP/2" 404 1251 "https://pt-stp.com.webyourday.com/cp5_2.php?path=%2F%2Ftmp" "Mozilla/5.0 AppleWebKit/537.36 (KHTML, like Gecko; compatible; GPTBot/1.3; +https://openai.com/gptbot)"
74.7.227.137 - - [13/Mar/2026:19:16:56 +0700] "GET /tx_2.php?dir=%2Fhome%2Fwebw9215%2Fpublic_html%2Fmisterplumberid.com%2Fwp-includes%2Fblocks%2Fquery-total&edit=1&file=style.css HTTP/2" 200 402 "https://www.pt-stp.com.webyourday.com/tx_2.php?dir=%2Fhome%2Fwebw9215%2Fpublic_html%2Fmisterplumberid.com%2Fwp-includes%2Fblocks%2Fquery-total" "Mozilla/5.0 AppleWebKit/537.36 (KHTML, like Gecko; compatible; GPTBot/1.3; +https://openai.com/gptbot)"
74.7.227.137 - - [13/Mar/2026:19:16:56 +0700] "GET /tx_2.php?dir=%2Fhome%2Fwebw9215%2Fpublic_html%2Fmisterplumberid.com%2Fwp-includes%2Fblocks%2Fpost-featured-image&edit=1&file=style.min.css HTTP/2" 200 640 "https://www.pt-stp.com.webyourday.com/tx_2.php?dir=%2Fhome%2Fwebw9215%2Fpublic_html%2Fmisterplumberid.com%2Fwp-includes%2Fblocks%2Fpost-featured-image" "Mozilla/5.0 AppleWebKit/537.36 (KHTML, like Gecko; compatible; GPTBot/1.3; +https://openai.com/gptbot)"
74.7.227.137 - - [13/Mar/2026:19:16:57 +0700] "GET /tx_2.php?dir=%2Fhome%2Fwebw9215%2Fpublic_html%2Fmisterplumberid.com%2Fwp-includes%2Fblocks%2Favatar&edit=1&file=editor-rtl.css HTTP/2" 200 439 "https://www.pt-stp.com.webyourday.com/tx_2.php?dir=%2Fhome%2Fwebw9215%2Fpublic_html%2Fmisterplumberid.com%2Fwp-includes%2Fblocks%2Favatar" "Mozilla/5.0 AppleWebKit/537.36 (KHTML, like Gecko; compatible; GPTBot/1.3; +https://openai.com/gptbot)"
74.7.241.53 - - [13/Mar/2026:19:16:57 +0700] "GET /tmp/cache_13449f7a3203846029b0903002250ae3.php HTTP/2" 404 1251 "https://pt-stp.com.webyourday.com/cp5_2.php?path=%2F%2Ftmp" "Mozilla/5.0 AppleWebKit/537.36 (KHTML, like Gecko; compatible; GPTBot/1.3; +https://openai.com/gptbot)"
74.7.227.137 - - [13/Mar/2026:19:16:58 +0700] "GET /tx_2.php?dir=%2Fopt%2Fcpanel%2Fea-wappspector%2Fvendor%2Fphpunit%2Fphpunit%2Fsrc%2FUtil&edit=1&file=Filter.php HTTP/2" 200 1664 "https://www.pt-stp.com.webyourday.com/tx_2.php?dir=%2Fopt%2Fcpanel%2Fea-wappspector%2Fvendor%2Fphpunit%2Fphpunit%2Fsrc%2FUtil" "Mozilla/5.0 AppleWebKit/537.36 (KHTML, like Gecko; compatible; GPTBot/1.3; +https://openai.com/gptbot)"
216.73.216.4 - - [13/Mar/2026:19:16:58 +0700] "GET /tx_2.php?dir=%2Fhome%2Fwebw9215&edit=1&file=.imunify_patch_id HTTP/2" 200 405 "-" "Mozilla/5.0 AppleWebKit/537.36 (KHTML, like Gecko; compatible; ClaudeBot/1.0; +claudebot@anthropic.com)"
74.7.241.53 - - [13/Mar/2026:19:16:58 +0700] "GET /tmp/cache_672d966ab5671392807673253df22675.php HTTP/2" 404 1251 "https://pt-stp.com.webyourday.com/cp5_2.php?path=%2F%2Ftmp" "Mozilla/5.0 AppleWebKit/537.36 (KHTML, like Gecko; compatible; GPTBot/1.3; +https://openai.com/gptbot)"
74.7.227.137 - - [13/Mar/2026:19:16:59 +0700] "GET /tx_2.php?dir=%2Fopt%2Fcpanel%2Fea-wappspector%2Fvendor%2Fphpunit%2Fphpunit%2Fsrc%2FEvent%2FEvents HTTP/2" 200 875 "https://www.pt-stp.com.webyourday.com/tx_2.php?dir=%2Fopt%2Fcpanel%2Fea-wappspector%2Fvendor%2Fphpunit%2Fphpunit%2Fsrc%2FEvent" "Mozilla/5.0 AppleWebKit/537.36 (KHTML, like Gecko; compatible; GPTBot/1.3; +https://openai.com/gptbot)"
74.7.241.53 - - [13/Mar/2026:19:16:59 +0700] "GET /tmp/cache_442603f7c13b1192464a1c0930875704.php HTTP/2" 404 1251 "https://pt-stp.com.webyourday.com/cp5_2.php?path=%2F%2Ftmp" "Mozilla/5.0 AppleWebKit/537.36 (KHTML, like Gecko; compatible; GPTBot/1.3; +https://openai.com/gptbot)"
74.7.241.53 - - [13/Mar/2026:19:17:00 +0700] "GET /tmp/cache_38788041335c27126daa2807787d4889.php HTTP/2" 404 1251 "https://pt-stp.com.webyourday.com/cp5_2.php?path=%2F%2Ftmp" "Mozilla/5.0 AppleWebKit/537.36 (KHTML, like Gecko; compatible; GPTBot/1.3; +https://openai.com/gptbot)"
74.7.227.137 - - [13/Mar/2026:19:17:00 +0700] "GET /tx_2.php?dir=%2Fopt%2Fcpanel%2Fea-wappspector%2Fvendor%2Fphpunit%2Fphpunit%2Fsrc%2FEvent%2FValue HTTP/2" 200 935 "https://www.pt-stp.com.webyourday.com/tx_2.php?dir=%2Fopt%2Fcpanel%2Fea-wappspector%2Fvendor%2Fphpunit%2Fphpunit%2Fsrc%2FEvent" "Mozilla/5.0 AppleWebKit/537.36 (KHTML, like Gecko; compatible; GPTBot/1.3; +https://openai.com/gptbot)"
74.7.241.53 - - [13/Mar/2026:19:17:01 +0700] "GET /tmp/cache_266026186904933e568d22637ac386a6.php HTTP/2" 404 1251 "https://pt-stp.com.webyourday.com/cp5_2.php?path=%2F%2Ftmp" "Mozilla/5.0 AppleWebKit/537.36 (KHTML, like Gecko; compatible; GPTBot/1.3; +https://openai.com/gptbot)"
74.7.227.137 - - [13/Mar/2026:19:17:01 +0700] "GET /tx_2.php?dir=%2Fopt%2Fcpanel%2Fea-wappspector%2Fvendor%2Fphpunit%2Fphpunit%2Fsrc%2FEvent&edit=1&file=Facade.php HTTP/2" 200 2256 "https://www.pt-stp.com.webyourday.com/tx_2.php?dir=%2Fopt%2Fcpanel%2Fea-wappspector%2Fvendor%2Fphpunit%2Fphpunit%2Fsrc%2FEvent" "Mozilla/5.0 AppleWebKit/537.36 (KHTML, like Gecko; compatible; GPTBot/1.3; +https://openai.com/gptbot)"
74.7.227.137 - - [13/Mar/2026:19:17:02 +0700] "GET /tx_2.php?dir=%2Fopt%2Fcpanel%2Fea-wappspector%2Fvendor%2Fphpunit%2Fphpunit%2Fsrc%2FFramework%2FTestSize HTTP/2" 200 874 "https://www.pt-stp.com.webyourday.com/tx_2.php?dir=%2Fopt%2Fcpanel%2Fea-wappspector%2Fvendor%2Fphpunit%2Fphpunit%2Fsrc%2FFramework" "Mozilla/5.0 AppleWebKit/537.36 (KHTML, like Gecko; compatible; GPTBot/1.3; +https://openai.com/gptbot)"
74.7.241.53 - - [13/Mar/2026:19:17:02 +0700] "GET /tmp/cache_31005117d450923404236b3f42bb5383.php HTTP/2" 404 1251 "https://pt-stp.com.webyourday.com/cp5_2.php?path=%2F%2Ftmp" "Mozilla/5.0 AppleWebKit/537.36 (KHTML, like Gecko; compatible; GPTBot/1.3; +https://openai.com/gptbot)"
74.7.241.53 - - [13/Mar/2026:19:17:03 +0700] "GET /tmp/cache_67f4fd0cf005056d2fcacf13f000a02d.php HTTP/2" 404 1251 "https://pt-stp.com.webyourday.com/cp5_2.php?path=%2F%2Ftmp" "Mozilla/5.0 AppleWebKit/537.36 (KHTML, like Gecko; compatible; GPTBot/1.3; +https://openai.com/gptbot)"
74.7.227.137 - - [13/Mar/2026:19:17:03 +0700] "GET /tx_2.php?dir=%2Fopt%2Fcpanel%2Fea-wappspector%2Fvendor%2Fphpunit%2Fphpunit%2Fsrc%2FMetadata&edit=1&file=RequiresOperatingSystemFamily.php HTTP/2" 200 904 "https://www.pt-stp.com.webyourday.com/tx_2.php?dir=%2Fopt%2Fcpanel%2Fea-wappspector%2Fvendor%2Fphpunit%2Fphpunit%2Fsrc%2FMetadata" "Mozilla/5.0 AppleWebKit/537.36 (KHTML, like Gecko; compatible; GPTBot/1.3; +https://openai.com/gptbot)"
216.73.216.4 - - [13/Mar/2026:19:17:03 +0700] "GET /tx_2.php?dir=%2Fhome%2Fwebw9215%2Fpublic_html%2Fpt-stp.com%2Fwp-includes%2Fsitemaps HTTP/2" 200 863 "-" "Mozilla/5.0 AppleWebKit/537.36 (KHTML, like Gecko; compatible; ClaudeBot/1.0; +claudebot@anthropic.com)"
74.7.241.53 - - [13/Mar/2026:19:17:04 +0700] "GET /tmp/cache_4e368765b46376437cd40416473c6418.php HTTP/2" 404 1251 "https://pt-stp.com.webyourday.com/cp5_2.php?path=%2F%2Ftmp" "Mozilla/5.0 AppleWebKit/537.36 (KHTML, like Gecko; compatible; GPTBot/1.3; +https://openai.com/gptbot)"
74.7.227.137 - - [13/Mar/2026:19:17:04 +0700] "GET /tx_2.php?dir=%2Fopt%2Fcpanel%2Fea-wappspector%2Fvendor%2Fphpunit%2Fphpunit%2Fsrc%2FMetadata&edit=1&file=IgnoreFunctionForCodeCoverage.php HTTP/2" 200 951 "https://www.pt-stp.com.webyourday.com/tx_2.php?dir=%2Fopt%2Fcpanel%2Fea-wappspector%2Fvendor%2Fphpunit%2Fphpunit%2Fsrc%2FMetadata" "Mozilla/5.0 AppleWebKit/537.36 (KHTML, like Gecko; compatible; GPTBot/1.3; +https://openai.com/gptbot)"
74.7.227.137 - - [13/Mar/2026:19:17:04 +0700] "GET /tx_2.php?dir=%2Fopt%2Fcpanel%2Fea-wappspector%2Fvendor%2Fphpunit%2Fphpunit%2Fsrc%2FMetadata&edit=1&file=MetadataCollection.php HTTP/2" 200 1782 "https://www.pt-stp.com.webyourday.com/tx_2.php?dir=%2Fopt%2Fcpanel%2Fea-wappspector%2Fvendor%2Fphpunit%2Fphpunit%2Fsrc%2FMetadata" "Mozilla/5.0 AppleWebKit/537.36 (KHTML, like Gecko; compatible; GPTBot/1.3; +https://openai.com/gptbot)"
74.7.241.53 - - [13/Mar/2026:19:17:05 +0700] "GET /tmp/cache_4397097d9b70475907784277f7c785d7.php HTTP/2" 404 1251 "https://pt-stp.com.webyourday.com/cp5_2.php?path=%2F%2Ftmp" "Mozilla/5.0 AppleWebKit/537.36 (KHTML, like Gecko; compatible; GPTBot/1.3; +https://openai.com/gptbot)"
74.7.241.53 - - [13/Mar/2026:19:17:05 +0700] "GET /tmp/cache_e251103518ef05f4131830205580f315.php HTTP/2" 404 1251 "https://pt-stp.com.webyourday.com/cp5_2.php?path=%2F%2Ftmp" "Mozilla/5.0 AppleWebKit/537.36 (KHTML, like Gecko; compatible; GPTBot/1.3; +https://openai.com/gptbot)"
74.7.241.53 - - [13/Mar/2026:19:17:06 +0700] "GET /tmp/cache_1104613403c42043038cc2ed90716300.php HTTP/2" 404 1251 "https://pt-stp.com.webyourday.com/cp5_2.php?path=%2F%2Ftmp" "Mozilla/5.0 AppleWebKit/537.36 (KHTML, like Gecko; compatible; GPTBot/1.3; +https://openai.com/gptbot)"
74.7.227.137 - - [13/Mar/2026:19:17:06 +0700] "GET /tx_2.php?dir=%2Fopt%2Fcpanel%2Fea-wappspector%2Fvendor%2Fphpunit%2Fphpunit%2Fsrc%2FFramework&edit=1&file=Assert.php HTTP/2" 200 7006 "https://www.pt-stp.com.webyourday.com/tx_2.php?dir=%2Fopt%2Fcpanel%2Fea-wappspector%2Fvendor%2Fphpunit%2Fphpunit%2Fsrc%2FFramework" "Mozilla/5.0 AppleWebKit/537.36 (KHTML, like Gecko; compatible; GPTBot/1.3; +https://openai.com/gptbot)"
74.7.227.137 - - [13/Mar/2026:19:17:07 +0700] "GET /tx_2.php?dir=%2Fopt%2Fcpanel%2Fea-wappspector%2Fvendor%2Fphpunit%2Fphpunit%2Fsrc%2FMetadata&edit=1&file=TestDox.php HTTP/2" 200 883 "https://www.pt-stp.com.webyourday.com/tx_2.php?dir=%2Fopt%2Fcpanel%2Fea-wappspector%2Fvendor%2Fphpunit%2Fphpunit%2Fsrc%2FMetadata" "Mozilla/5.0 AppleWebKit/537.36 (KHTML, like Gecko; compatible; GPTBot/1.3; +https://openai.com/gptbot)"
74.7.241.53 - - [13/Mar/2026:19:17:07 +0700] "GET /tmp/cache_00813028a50980c6377082a0c0c39293.php HTTP/2" 404 1251 "https://pt-stp.com.webyourday.com/cp5_2.php?path=%2F%2Ftmp" "Mozilla/5.0 AppleWebKit/537.36 (KHTML, like Gecko; compatible; GPTBot/1.3; +https://openai.com/gptbot)"
74.7.241.53 - - [13/Mar/2026:19:17:08 +0700] "GET /tmp/cache_00e4591883534109a0a03a08300342e4.php HTTP/2" 404 1251 "https://pt-stp.com.webyourday.com/cp5_2.php?path=%2F%2Ftmp" "Mozilla/5.0 AppleWebKit/537.36 (KHTML, like Gecko; compatible; GPTBot/1.3; +https://openai.com/gptbot)"
74.7.227.128 - - [13/Mar/2026:19:17:08 +0700] "GET /wp-content/plugins/loginpress/img/thumbnail/default-16.png HTTP/2" 200 16406 "https://pt-stp.com/cp5_2.php?path=%2Fhome%2Fwebw9215%2Fpublic_html%2Fpt-stp.com%2Fwp-content%2Fplugins%2Floginpress%2Fimg%2Fthumbnail" "Mozilla/5.0 AppleWebKit/537.36 (KHTML, like Gecko; compatible; GPTBot/1.3; +https://openai.com/gptbot)"
74.7.227.137 - - [13/Mar/2026:19:17:08 +0700] "GET /tx_2.php?dir=%2Fopt%2Fcpanel%2Fea-wappspector%2Fvendor%2Fphpunit%2Fphpunit%2Fsrc%2FFramework%2FAssert HTTP/2" 200 752 "https://www.pt-stp.com.webyourday.com/tx_2.php?dir=%2Fopt%2Fcpanel%2Fea-wappspector%2Fvendor%2Fphpunit%2Fphpunit%2Fsrc%2FFramework" "Mozilla/5.0 AppleWebKit/537.36 (KHTML, like Gecko; compatible; GPTBot/1.3; +https://openai.com/gptbot)"
216.73.216.4 - - [13/Mar/2026:19:17:08 +0700] "GET /tx_2.php?dir=%2Fhome%2Fwebw9215%2Fpublic_html%2Fpt-stp.com%2Fwp-admin&edit=1&file=options-permalink.php HTTP/2" 200 6474 "-" "Mozilla/5.0 AppleWebKit/537.36 (KHTML, like Gecko; compatible; ClaudeBot/1.0; +claudebot@anthropic.com)"
74.7.241.53 - - [13/Mar/2026:19:17:09 +0700] "GET /tmp/cache_0ec25994459a42905485295911246c6b.php HTTP/2" 404 1251 "https://pt-stp.com.webyourday.com/cp5_2.php?path=%2F%2Ftmp" "Mozilla/5.0 AppleWebKit/537.36 (KHTML, like Gecko; compatible; GPTBot/1.3; +https://openai.com/gptbot)"
74.7.227.137 - - [13/Mar/2026:19:17:09 +0700] "GET /tx_2.php?dir=%2Fopt%2Fcpanel%2Fea-wappspector%2Fvendor%2Fphpunit%2Fphpunit%2Fsrc%2FMetadata%2FApi HTTP/2" 200 886 "https://www.pt-stp.com.webyourday.com/tx_2.php?dir=%2Fopt%2Fcpanel%2Fea-wappspector%2Fvendor%2Fphpunit%2Fphpunit%2Fsrc%2FMetadata" "Mozilla/5.0 AppleWebKit/537.36 (KHTML, like Gecko; compatible; GPTBot/1.3; +https://openai.com/gptbot)"
74.7.227.137 - - [13/Mar/2026:19:17:10 +0700] "GET /tx_2.php?dir=%2Fopt%2Fcpanel%2Fea-wappspector%2Fvendor%2Fphpunit%2Fphpunit%2Fsrc%2FUtil&edit=1&file=Test.php HTTP/2" 200 900 "https://www.pt-stp.com.webyourday.com/tx_2.php?dir=%2Fopt%2Fcpanel%2Fea-wappspector%2Fvendor%2Fphpunit%2Fphpunit%2Fsrc%2FUtil" "Mozilla/5.0 AppleWebKit/537.36 (KHTML, like Gecko; compatible; GPTBot/1.3; +https://openai.com/gptbot)"
74.7.227.137 - - [13/Mar/2026:19:17:10 +0700] "GET /tx_2.php?dir=%2Fopt%2Fcpanel%2Fea-wappspector%2Fvendor%2Fphpunit%2Fphpunit%2Fsrc%2FMetadata&edit=1&file=TestWith.php HTTP/2" 200 855 "https://www.pt-stp.com.webyourday.com/tx_2.php?dir=%2Fopt%2Fcpanel%2Fea-wappspector%2Fvendor%2Fphpunit%2Fphpunit%2Fsrc%2FMetadata" "Mozilla/5.0 AppleWebKit/537.36 (KHTML, like Gecko; compatible; GPTBot/1.3; +https://openai.com/gptbot)"
74.7.241.53 - - [13/Mar/2026:19:17:10 +0700] "GET /tmp/cache_67f0b5436182046388895f6f84913217.php HTTP/2" 404 1251 "https://pt-stp.com.webyourday.com/cp5_2.php?path=%2F%2Ftmp" "Mozilla/5.0 AppleWebKit/537.36 (KHTML, like Gecko; compatible; GPTBot/1.3; +https://openai.com/gptbot)"
74.7.241.53 - - [13/Mar/2026:19:17:11 +0700] "GET /tmp/cache_546130172740a693a613868411b343ee.php HTTP/2" 404 1251 "https://pt-stp.com.webyourday.com/cp5_2.php?path=%2F%2Ftmp" "Mozilla/5.0 AppleWebKit/537.36 (KHTML, like Gecko; compatible; GPTBot/1.3; +https://openai.com/gptbot)"
74.7.227.137 - - [13/Mar/2026:19:17:11 +0700] "GET /tx_2.php?dir=%2Fopt%2Fcpanel%2Fea-wappspector%2Fvendor%2Fphpunit%2Fphpunit%2Fsrc%2FMetadata%2FException HTTP/2" 200 939 "https://www.pt-stp.com.webyourday.com/tx_2.php?dir=%2Fopt%2Fcpanel%2Fea-wappspector%2Fvendor%2Fphpunit%2Fphpunit%2Fsrc%2FMetadata" "Mozilla/5.0 AppleWebKit/537.36 (KHTML, like Gecko; compatible; GPTBot/1.3; +https://openai.com/gptbot)"
74.7.227.137 - - [13/Mar/2026:19:17:12 +0700] "GET /tx_2.php?dir=%2Fopt%2Fcpanel%2Fea-wappspector%2Fvendor%2Fphpunit%2Fphpunit%2Fsrc%2FUtil%2FException HTTP/2" 200 892 "https://www.pt-stp.com.webyourday.com/tx_2.php?dir=%2Fopt%2Fcpanel%2Fea-wappspector%2Fvendor%2Fphpunit%2Fphpunit%2Fsrc%2FUtil" "Mozilla/5.0 AppleWebKit/537.36 (KHTML, like Gecko; compatible; GPTBot/1.3; +https://openai.com/gptbot)"
74.7.227.137 - - [13/Mar/2026:19:17:13 +0700] "GET /tx_2.php?dir=%2Fopt%2Fcpanel%2Fea-wappspector%2Fvendor%2Fphpunit%2Fphpunit%2Fsrc%2FEvent%2FValue%2FTest HTTP/2" 200 936 "https://www.pt-stp.com.webyourday.com/tx_2.php?dir=%2Fopt%2Fcpanel%2Fea-wappspector%2Fvendor%2Fphpunit%2Fphpunit%2Fsrc%2FEvent%2FValue" "Mozilla/5.0 AppleWebKit/537.36 (KHTML, like Gecko; compatible; GPTBot/1.3; +https://openai.com/gptbot)"
216.73.216.4 - - [13/Mar/2026:19:17:13 +0700] "GET /tx_2.php?dir=%2Fhome%2Fwebw9215%2Fpublic_html&edit=1&file=wp-trackback.php HTTP/2" 200 2318 "-" "Mozilla/5.0 AppleWebKit/537.36 (KHTML, like Gecko; compatible; ClaudeBot/1.0; +claudebot@anthropic.com)"
74.7.227.137 - - [13/Mar/2026:19:17:14 +0700] "GET /tx_2.php?dir=%2Fopt%2Fcpanel%2Fea-wappspector%2Fvendor%2Fphpunit%2Fphpunit%2Fsrc%2FUtil%2F.. HTTP/2" 200 847 "https://www.pt-stp.com.webyourday.com/tx_2.php?dir=%2Fopt%2Fcpanel%2Fea-wappspector%2Fvendor%2Fphpunit%2Fphpunit%2Fsrc%2FUtil" "Mozilla/5.0 AppleWebKit/537.36 (KHTML, like Gecko; compatible; GPTBot/1.3; +https://openai.com/gptbot)"
74.7.227.137 - - [13/Mar/2026:19:17:15 +0700] "GET /tx_2.php?dir=%2Fopt%2Fcpanel%2Fea-wappspector%2Fvendor%2Fphpunit%2Fphpunit%2Fsrc%2FEvent%2F.. HTTP/2" 200 847 "https://www.pt-stp.com.webyourday.com/tx_2.php?dir=%2Fopt%2Fcpanel%2Fea-wappspector%2Fvendor%2Fphpunit%2Fphpunit%2Fsrc%2FEvent" "Mozilla/5.0 AppleWebKit/537.36 (KHTML, like Gecko; compatible; GPTBot/1.3; +https://openai.com/gptbot)"
74.7.227.137 - - [13/Mar/2026:19:17:16 +0700] "GET /tx_2.php?dir=%2Fopt%2Fcpanel%2Fea-wappspector%2Fvendor%2Fphpunit%2Fphpunit%2Fsrc%2FMetadata%2F.. HTTP/2" 200 847 "https://www.pt-stp.com.webyourday.com/tx_2.php?dir=%2Fopt%2Fcpanel%2Fea-wappspector%2Fvendor%2Fphpunit%2Fphpunit%2Fsrc%2FMetadata" "Mozilla/5.0 AppleWebKit/537.36 (KHTML, like Gecko; compatible; GPTBot/1.3; +https://openai.com/gptbot)"
74.7.227.137 - - [13/Mar/2026:19:17:17 +0700] "GET /tx_2.php?dir=%2Fopt%2Fcpanel%2Fea-wappspector%2Fvendor%2Fphpunit%2Fphpunit%2Fsrc%2FFramework%2F.. HTTP/2" 200 847 "https://www.pt-stp.com.webyourday.com/tx_2.php?dir=%2Fopt%2Fcpanel%2Fea-wappspector%2Fvendor%2Fphpunit%2Fphpunit%2Fsrc%2FFramework" "Mozilla/5.0 AppleWebKit/537.36 (KHTML, like Gecko; compatible; GPTBot/1.3; +https://openai.com/gptbot)"
74.7.227.137 - - [13/Mar/2026:19:17:18 +0700] "GET /tx_2.php?dir=%2Fopt%2Fcpanel%2Fea-wappspector%2Fvendor%2Fphpunit%2Fphpunit%2Fsrc%2FUtil&edit=1&file=ExcludeList.php HTTP/2" 200 2201 "https://www.pt-stp.com.webyourday.com/tx_2.php?dir=%2Fopt%2Fcpanel%2Fea-wappspector%2Fvendor%2Fphpunit%2Fphpunit%2Fsrc%2FUtil" "Mozilla/5.0 AppleWebKit/537.36 (KHTML, like Gecko; compatible; GPTBot/1.3; +https://openai.com/gptbot)"
216.73.216.4 - - [13/Mar/2026:19:17:18 +0700] "GET /tx_2.php?dir=%2Fhome%2Fwebw9215%2Fpublic_html%2Fpt-stp.com%2Fwp-includes&edit=1&file=class-wp-editor.php HTTP/2" 200 18830 "-" "Mozilla/5.0 AppleWebKit/537.36 (KHTML, like Gecko; compatible; ClaudeBot/1.0; +claudebot@anthropic.com)"
74.7.227.137 - - [13/Mar/2026:19:17:19 +0700] "GET /tx_2.php?dir=%2Fopt%2Fcpanel%2Fea-wappspector%2Fvendor%2Fphpunit%2Fphpunit%2Fsrc%2FUtil&edit=1&file=GlobalState.php HTTP/2" 200 2559 "https://www.pt-stp.com.webyourday.com/tx_2.php?dir=%2Fopt%2Fcpanel%2Fea-wappspector%2Fvendor%2Fphpunit%2Fphpunit%2Fsrc%2FUtil" "Mozilla/5.0 AppleWebKit/537.36 (KHTML, like Gecko; compatible; GPTBot/1.3; +https://openai.com/gptbot)"
74.7.227.137 - - [13/Mar/2026:19:17:20 +0700] "GET /tx_2.php?dir=%2Fopt%2Fcpanel%2Fea-wappspector%2Fvendor%2Fphpunit%2Fphpunit%2Fsrc%2FEvent&edit=1&file=Subscriber.php HTTP/2" 200 667 "https://www.pt-stp.com.webyourday.com/tx_2.php?dir=%2Fopt%2Fcpanel%2Fea-wappspector%2Fvendor%2Fphpunit%2Fphpunit%2Fsrc%2FEvent" "Mozilla/5.0 AppleWebKit/537.36 (KHTML, like Gecko; compatible; GPTBot/1.3; +https://openai.com/gptbot)"
74.7.227.137 - - [13/Mar/2026:19:17:21 +0700] "GET /tx_2.php?dir=%2Fopt%2Fcpanel%2Fea-wappspector%2Fvendor%2Fphpunit%2Fphpunit%2Fsrc%2FMetadata&edit=1&file=MetadataCollectionIterator.php HTTP/2" 200 918 "https://www.pt-stp.com.webyourday.com/tx_2.php?dir=%2Fopt%2Fcpanel%2Fea-wappspector%2Fvendor%2Fphpunit%2Fphpunit%2Fsrc%2FMetadata" "Mozilla/5.0 AppleWebKit/537.36 (KHTML, like Gecko; compatible; GPTBot/1.3; +https://openai.com/gptbot)"
74.7.227.137 - - [13/Mar/2026:19:17:21 +0700] "GET /tx_2.php?dir=%2Fopt%2Fcpanel%2Fea-wappspector%2Fvendor%2Fphpunit%2Fphpunit%2Fsrc%2FMetadata%2FException&edit=1&file=AnnotationsAreNotSupportedForInternalClassesException.php HTTP/2" 200 906 "https://www.pt-stp.com.webyourday.com/tx_2.php?dir=%2Fopt%2Fcpanel%2Fea-wappspector%2Fvendor%2Fphpunit%2Fphpunit%2Fsrc%2FMetadata%2FException" "Mozilla/5.0 AppleWebKit/537.36 (KHTML, like Gecko; compatible; GPTBot/1.3; +https://openai.com/gptbot)"
74.7.227.137 - - [13/Mar/2026:19:17:22 +0700] "GET /tx_2.php?dir=%2Fopt%2Fcpanel%2Fea-wappspector%2Fvendor%2Fphpunit%2Fphpunit%2Fsrc%2FUtil%2FException&edit=1&file=InvalidDirectoryException.php HTTP/2" 200 816 "https://www.pt-stp.com.webyourday.com/tx_2.php?dir=%2Fopt%2Fcpanel%2Fea-wappspector%2Fvendor%2Fphpunit%2Fphpunit%2Fsrc%2FUtil%2FException" "Mozilla/5.0 AppleWebKit/537.36 (KHTML, like Gecko; compatible; GPTBot/1.3; +https://openai.com/gptbot)"
74.7.227.137 - - [13/Mar/2026:19:17:23 +0700] "GET /tx_2.php?dir=%2Fopt%2Fcpanel%2Fea-wappspector%2Fvendor%2Fphpunit%2Fphpunit%2Fsrc%2FEvent%2FValue%2FTest&edit=1&file=TestMethodBuilder.php HTTP/2" 200 1493 "https://www.pt-stp.com.webyourday.com/tx_2.php?dir=%2Fopt%2Fcpanel%2Fea-wappspector%2Fvendor%2Fphpunit%2Fphpunit%2Fsrc%2FEvent%2FValue%2FTest" "Mozilla/5.0 AppleWebKit/537.36 (KHTML, like Gecko; compatible; GPTBot/1.3; +https://openai.com/gptbot)"
216.73.216.4 - - [13/Mar/2026:19:17:23 +0700] "GET /cp5_2.php?path=%2Fhome%2Fwebw9215%2Fpublic_html%2Fpt-stp.com%2Fwp-admin%2Fjs HTTP/2" 200 2061 "-" "Mozilla/5.0 AppleWebKit/537.36 (KHTML, like Gecko; compatible; ClaudeBot/1.0; +claudebot@anthropic.com)"
74.7.227.137 - - [13/Mar/2026:19:17:24 +0700] "GET /tx_2.php?dir=%2Fopt%2Fcpanel%2Fea-wappspector%2Fvendor%2Fphpunit%2Fphpunit%2Fsrc%2FMetadata%2FApi&edit=1&file=Dependencies.php HTTP/2" 200 1037 "https://www.pt-stp.com.webyourday.com/tx_2.php?dir=%2Fopt%2Fcpanel%2Fea-wappspector%2Fvendor%2Fphpunit%2Fphpunit%2Fsrc%2FMetadata%2FApi" "Mozilla/5.0 AppleWebKit/537.36 (KHTML, like Gecko; compatible; GPTBot/1.3; +https://openai.com/gptbot)"
74.7.227.137 - - [13/Mar/2026:19:17:25 +0700] "GET /tx_2.php?dir=%2Fopt%2Fcpanel%2Fea-wappspector%2Fvendor%2Fphpunit%2Fphpunit%2Fsrc%2FUtil%2FException&edit=1&file=Exception.php HTTP/2" 200 702 "https://www.pt-stp.com.webyourday.com/tx_2.php?dir=%2Fopt%2Fcpanel%2Fea-wappspector%2Fvendor%2Fphpunit%2Fphpunit%2Fsrc%2FUtil%2FException" "Mozilla/5.0 AppleWebKit/537.36 (KHTML, like Gecko; compatible; GPTBot/1.3; +https://openai.com/gptbot)"
74.7.227.128 - - [13/Mar/2026:19:17:26 +0700] "GET /wp-content/plugins/loginpress/img/thumbnail/default-19.png HTTP/2" 200 25263 "https://pt-stp.com/cp5_2.php?path=%2Fhome%2Fwebw9215%2Fpublic_html%2Fpt-stp.com%2Fwp-content%2Fplugins%2Floginpress%2Fimg%2Fthumbnail" "Mozilla/5.0 AppleWebKit/537.36 (KHTML, like Gecko; compatible; GPTBot/1.3; +https://openai.com/gptbot)"
74.7.227.137 - - [13/Mar/2026:19:17:26 +0700] "GET /tx_2.php?dir=%2Fopt%2Fcpanel%2Fea-wappspector%2Fvendor%2Fphpunit%2Fphpunit%2Fsrc%2FMetadata&edit=1&file=Metadata.php HTTP/2" 200 2866 "https://www.pt-stp.com.webyourday.com/tx_2.php?dir=%2Fopt%2Fcpanel%2Fea-wappspector%2Fvendor%2Fphpunit%2Fphpunit%2Fsrc%2FMetadata" "Mozilla/5.0 AppleWebKit/537.36 (KHTML, like Gecko; compatible; GPTBot/1.3; +https://openai.com/gptbot)"
74.7.227.137 - - [13/Mar/2026:19:17:27 +0700] "GET /tx_2.php?dir=%2Fopt%2Fcpanel%2Fea-wappspector%2Fvendor%2Fphpunit%2Fphpunit%2Fsrc%2FMetadata&edit=1&file=RequiresSetting.php HTTP/2" 200 923 "https://www.pt-stp.com.webyourday.com/tx_2.php?dir=%2Fopt%2Fcpanel%2Fea-wappspector%2Fvendor%2Fphpunit%2Fphpunit%2Fsrc%2FMetadata" "Mozilla/5.0 AppleWebKit/537.36 (KHTML, like Gecko; compatible; GPTBot/1.3; +https://openai.com/gptbot)"
74.7.227.137 - - [13/Mar/2026:19:17:28 +0700] "GET /tx_2.php?dir=%2Fopt%2Fcpanel%2Fea-wappspector%2Fvendor%2Fphpunit%2Fphpunit%2Fsrc%2FFramework&edit=1&file=SelfDescribing.php HTTP/2" 200 743 "https://www.pt-stp.com.webyourday.com/tx_2.php?dir=%2Fopt%2Fcpanel%2Fea-wappspector%2Fvendor%2Fphpunit%2Fphpunit%2Fsrc%2FFramework" "Mozilla/5.0 AppleWebKit/537.36 (KHTML, like Gecko; compatible; GPTBot/1.3; +https://openai.com/gptbot)"
216.73.216.4 - - [13/Mar/2026:19:17:28 +0700] "GET /tx_2.php?dir=%2Fhome%2Fwebw9215%2Fpublic_html%2Fansr.co.id HTTP/2" 200 1349 "-" "Mozilla/5.0 AppleWebKit/537.36 (KHTML, like Gecko; compatible; ClaudeBot/1.0; +claudebot@anthropic.com)"
74.7.227.137 - - [13/Mar/2026:19:17:29 +0700] "GET /tx_2.php?dir=%2Fopt%2Fcpanel%2Fea-wappspector%2Fvendor%2Fphpunit%2Fphpunit%2Fsrc%2FEvent%2FEvents&edit=1&file=Event.php HTTP/2" 200 707 "https://www.pt-stp.com.webyourday.com/tx_2.php?dir=%2Fopt%2Fcpanel%2Fea-wappspector%2Fvendor%2Fphpunit%2Fphpunit%2Fsrc%2FEvent%2FEvents" "Mozilla/5.0 AppleWebKit/537.36 (KHTML, like Gecko; compatible; GPTBot/1.3; +https://openai.com/gptbot)"
74.7.227.137 - - [13/Mar/2026:19:17:30 +0700] "GET /tx_2.php?dir=%2Fopt%2Fcpanel%2Fea-wappspector%2Fvendor%2Fphpunit%2Fphpunit%2Fsrc%2FEvent%2FEvents%2F.. HTTP/2" 200 897 "https://www.pt-stp.com.webyourday.com/tx_2.php?dir=%2Fopt%2Fcpanel%2Fea-wappspector%2Fvendor%2Fphpunit%2Fphpunit%2Fsrc%2FEvent%2FEvents" "Mozilla/5.0 AppleWebKit/537.36 (KHTML, like Gecko; compatible; GPTBot/1.3; +https://openai.com/gptbot)"
74.7.241.49 - - [13/Mar/2026:19:17:30 +0700] "GET /wp-includes/sodium_compat/namespaced/?MA HTTP/2" 200 793 "https://mail.pt-stp.com/wp-includes/sodium_compat/namespaced/" "Mozilla/5.0 AppleWebKit/537.36 (KHTML, like Gecko; compatible; GPTBot/1.3; +https://openai.com/gptbot)"
74.7.241.53 - - [13/Mar/2026:19:17:30 +0700] "GET /tmp/cache_7354f025b81018287943e8799e890a41.php HTTP/2" 404 1251 "https://pt-stp.com.webyourday.com/cp5_2.php?path=%2F%2Ftmp" "Mozilla/5.0 AppleWebKit/537.36 (KHTML, like Gecko; compatible; GPTBot/1.3; +https://openai.com/gptbot)"
74.7.241.182 - - [13/Mar/2026:19:17:31 +0700] "GET /robots.txt HTTP/2" 200 176 "-" "Mozilla/5.0 (Macintosh; Intel Mac OS X 10_15_7) AppleWebKit/537.36 (KHTML, like Gecko) Chrome/131.0.0.0 Safari/537.36; compatible; OAI-SearchBot/1.3; robots.txt; +https://openai.com/searchbot"
74.7.227.137 - - [13/Mar/2026:19:17:31 +0700] "GET /tx_2.php?dir=%2Fopt%2Fcpanel%2Fea-wappspector%2Fvendor%2Fphpunit%2Fphpunit%2Fsrc%2FMetadata%2FApi%2F.. HTTP/2" 200 1949 "https://www.pt-stp.com.webyourday.com/tx_2.php?dir=%2Fopt%2Fcpanel%2Fea-wappspector%2Fvendor%2Fphpunit%2Fphpunit%2Fsrc%2FMetadata%2FApi" "Mozilla/5.0 AppleWebKit/537.36 (KHTML, like Gecko; compatible; GPTBot/1.3; +https://openai.com/gptbot)"
74.7.227.137 - - [13/Mar/2026:19:17:31 +0700] "GET /tx_2.php?dir=%2Fopt%2Fcpanel%2Fea-wappspector%2Fvendor%2Fphpunit%2Fphpunit%2Fsrc%2FUtil%2FException%2F.. HTTP/2" 200 1138 "https://www.pt-stp.com.webyourday.com/tx_2.php?dir=%2Fopt%2Fcpanel%2Fea-wappspector%2Fvendor%2Fphpunit%2Fphpunit%2Fsrc%2FUtil%2FException" "Mozilla/5.0 AppleWebKit/537.36 (KHTML, like Gecko; compatible; GPTBot/1.3; +https://openai.com/gptbot)"
74.7.227.137 - - [13/Mar/2026:19:17:32 +0700] "GET /tx_2.php?dir=%2Fopt%2Fcpanel%2Fea-wappspector%2Fvendor%2Fphpunit%2Fphpunit%2Fsrc%2FMetadata%2FParser HTTP/2" 200 881 "https://www.pt-stp.com.webyourday.com/tx_2.php?dir=%2Fopt%2Fcpanel%2Fea-wappspector%2Fvendor%2Fphpunit%2Fphpunit%2Fsrc%2FMetadata" "Mozilla/5.0 AppleWebKit/537.36 (KHTML, like Gecko; compatible; GPTBot/1.3; +https://openai.com/gptbot)"
74.7.227.137 - - [13/Mar/2026:19:17:33 +0700] "GET /tx_2.php?dir=%2Fopt%2Fcpanel%2Fea-wappspector%2Fvendor%2Fphpunit%2Fphpunit%2Fsrc%2FEvent%2FException HTTP/2" 200 1258 "https://www.pt-stp.com.webyourday.com/tx_2.php?dir=%2Fopt%2Fcpanel%2Fea-wappspector%2Fvendor%2Fphpunit%2Fphpunit%2Fsrc%2FEvent" "Mozilla/5.0 AppleWebKit/537.36 (KHTML, like Gecko; compatible; GPTBot/1.3; +https://openai.com/gptbot)"
216.73.216.4 - - [13/Mar/2026:19:17:33 +0700] "GET /tx_2.php?dir=%2Fhome%2Fwebw9215%2Fpublic_html%2Fpt-stp.com%2Fwp-includes&edit=1&file=block-patterns.php HTTP/2" 200 3608 "-" "Mozilla/5.0 AppleWebKit/537.36 (KHTML, like Gecko; compatible; ClaudeBot/1.0; +claudebot@anthropic.com)"
74.7.227.137 - - [13/Mar/2026:19:17:34 +0700] "GET /tx_2.php?dir=%2Fopt%2Fcpanel%2Fea-wappspector%2Fvendor%2Fphpunit%2Fphpunit%2Fsrc%2FUtil%2FException&edit=1&file=InvalidJsonException.php HTTP/2" 200 716 "https://www.pt-stp.com.webyourday.com/tx_2.php?dir=%2Fopt%2Fcpanel%2Fea-wappspector%2Fvendor%2Fphpunit%2Fphpunit%2Fsrc%2FUtil%2FException" "Mozilla/5.0 AppleWebKit/537.36 (KHTML, like Gecko; compatible; GPTBot/1.3; +https://openai.com/gptbot)"
74.7.227.137 - - [13/Mar/2026:19:17:35 +0700] "GET /tx_2.php?dir=%2Fopt%2Fcpanel%2Fea-wappspector%2Fvendor%2Fphpunit%2Fphpunit%2Fsrc%2FMetadata%2FVersion HTTP/2" 200 803 "https://www.pt-stp.com.webyourday.com/tx_2.php?dir=%2Fopt%2Fcpanel%2Fea-wappspector%2Fvendor%2Fphpunit%2Fphpunit%2Fsrc%2FMetadata" "Mozilla/5.0 AppleWebKit/537.36 (KHTML, like Gecko; compatible; GPTBot/1.3; +https://openai.com/gptbot)"
74.7.227.137 - - [13/Mar/2026:19:17:36 +0700] "GET /tx_2.php?dir=%2Fopt%2Fcpanel%2Fea-wappspector%2Fvendor%2Fphpunit%2Fphpunit%2Fsrc%2FEvent%2FDispatcher HTTP/2" 200 861 "https://www.pt-stp.com.webyourday.com/tx_2.php?dir=%2Fopt%2Fcpanel%2Fea-wappspector%2Fvendor%2Fphpunit%2Fphpunit%2Fsrc%2FEvent" "Mozilla/5.0 AppleWebKit/537.36 (KHTML, like Gecko; compatible; GPTBot/1.3; +https://openai.com/gptbot)"
74.7.227.137 - - [13/Mar/2026:19:17:37 +0700] "GET /tx_2.php?dir=%2Fopt%2Fcpanel%2Fea-wappspector%2Fvendor%2Fphpunit%2Fphpunit%2Fsrc%2FMetadata&edit=1&file=DependsOnClass.php HTTP/2" 200 948 "https://www.pt-stp.com.webyourday.com/tx_2.php?dir=%2Fopt%2Fcpanel%2Fea-wappspector%2Fvendor%2Fphpunit%2Fphpunit%2Fsrc%2FMetadata" "Mozilla/5.0 AppleWebKit/537.36 (KHTML, like Gecko; compatible; GPTBot/1.3; +https://openai.com/gptbot)"
74.7.227.137 - - [13/Mar/2026:19:17:38 +0700] "GET /tx_2.php?dir=%2Fopt%2Fcpanel%2Fea-wappspector%2Fvendor%2Fphpunit%2Fphpunit%2Fsrc%2FMetadata&edit=1&file=RequiresMethod.php HTTP/2" 200 931 "https://www.pt-stp.com.webyourday.com/tx_2.php?dir=%2Fopt%2Fcpanel%2Fea-wappspector%2Fvendor%2Fphpunit%2Fphpunit%2Fsrc%2FMetadata" "Mozilla/5.0 AppleWebKit/537.36 (KHTML, like Gecko; compatible; GPTBot/1.3; +https://openai.com/gptbot)"
74.7.227.137 - - [13/Mar/2026:19:17:39 +0700] "GET /tx_2.php?dir=%2Fopt%2Fcpanel%2Fea-wappspector%2Fvendor%2Fphpunit%2Fphpunit%2Fsrc%2FMetadata&edit=1&file=DependsOnMethod.php HTTP/2" 200 1004 "https://www.pt-stp.com.webyourday.com/tx_2.php?dir=%2Fopt%2Fcpanel%2Fea-wappspector%2Fvendor%2Fphpunit%2Fphpunit%2Fsrc%2FMetadata" "Mozilla/5.0 AppleWebKit/537.36 (KHTML, like Gecko; compatible; GPTBot/1.3; +https://openai.com/gptbot)"
74.7.227.137 - - [13/Mar/2026:19:17:40 +0700] "GET /tx_2.php?dir=%2Fopt%2Fcpanel%2Fea-wappspector%2Fvendor%2Fphpunit%2Fphpunit%2Fsrc%2FMetadata&edit=1&file=CoversFunction.php HTTP/2" 200 941 "https://www.pt-stp.com.webyourday.com/tx_2.php?dir=%2Fopt%2Fcpanel%2Fea-wappspector%2Fvendor%2Fphpunit%2Fphpunit%2Fsrc%2FMetadata" "Mozilla/5.0 AppleWebKit/537.36 (KHTML, like Gecko; compatible; GPTBot/1.3; +https://openai.com/gptbot)"
74.7.227.137 - - [13/Mar/2026:19:17:40 +0700] "GET /tx_2.php?dir=%2Fopt%2Fcpanel%2Fea-wappspector%2Fvendor%2Fphpunit%2Fphpunit%2Fsrc%2FMetadata%2FApi&edit=1&file=Groups.php HTTP/2" 200 1512 "https://www.pt-stp.com.webyourday.com/tx_2.php?dir=%2Fopt%2Fcpanel%2Fea-wappspector%2Fvendor%2Fphpunit%2Fphpunit%2Fsrc%2FMetadata%2FApi" "Mozilla/5.0 AppleWebKit/537.36 (KHTML, like Gecko; compatible; GPTBot/1.3; +https://openai.com/gptbot)"
74.7.227.137 - - [13/Mar/2026:19:17:41 +0700] "GET /tx_2.php?dir=%2Fopt%2Fcpanel%2Fea-wappspector%2Fvendor%2Fphpunit%2Fphpunit%2Fsrc%2FEvent%2FValue%2F.. HTTP/2" 200 897 "https://www.pt-stp.com.webyourday.com/tx_2.php?dir=%2Fopt%2Fcpanel%2Fea-wappspector%2Fvendor%2Fphpunit%2Fphpunit%2Fsrc%2FEvent%2FValue" "Mozilla/5.0 AppleWebKit/537.36 (KHTML, like Gecko; compatible; GPTBot/1.3; +https://openai.com/gptbot)"
74.7.227.128 - - [13/Mar/2026:19:17:42 +0700] "GET /wp-content/plugins/loginpress/img/thumbnail/gallery-img-2.jpg HTTP/2" 200 8308 "https://pt-stp.com/cp5_2.php?path=%2Fhome%2Fwebw9215%2Fpublic_html%2Fpt-stp.com%2Fwp-content%2Fplugins%2Floginpress%2Fimg%2Fthumbnail" "Mozilla/5.0 AppleWebKit/537.36 (KHTML, like Gecko; compatible; GPTBot/1.3; +https://openai.com/gptbot)"
216.73.216.4 - - [13/Mar/2026:19:17:42 +0700] "GET /tx_2.php?dir=%2Fhome%2Fwebw9215%2Fpublic_html%2Fpt-stp.com%2F.well-known%2Facme-challenge HTTP/2" 200 668 "-" "Mozilla/5.0 AppleWebKit/537.36 (KHTML, like Gecko; compatible; ClaudeBot/1.0; +claudebot@anthropic.com)"
74.7.227.137 - - [13/Mar/2026:19:17:42 +0700] "GET /tx_2.php?dir=%2Fopt%2Fcpanel%2Fea-wappspector%2Fvendor%2Fphpunit%2Fphpunit%2Fsrc%2FMetadata%2FParser&edit=1&file=AnnotationParser.php HTTP/2" 200 3353 "https://www.pt-stp.com.webyourday.com/tx_2.php?dir=%2Fopt%2Fcpanel%2Fea-wappspector%2Fvendor%2Fphpunit%2Fphpunit%2Fsrc%2FMetadata%2FParser" "Mozilla/5.0 AppleWebKit/537.36 (KHTML, like Gecko; compatible; GPTBot/1.3; +https://openai.com/gptbot)"
74.7.227.137 - - [13/Mar/2026:19:17:43 +0700] "GET /tx_2.php?dir=%2Fopt%2Fcpanel%2Fea-wappspector%2Fvendor%2Fphpunit%2Fphpunit%2Fsrc%2FEvent%2FException&edit=1&file=InvalidArgumentException.php HTTP/2" 200 698 "https://www.pt-stp.com.webyourday.com/tx_2.php?dir=%2Fopt%2Fcpanel%2Fea-wappspector%2Fvendor%2Fphpunit%2Fphpunit%2Fsrc%2FEvent%2FException" "Mozilla/5.0 AppleWebKit/537.36 (KHTML, like Gecko; compatible; GPTBot/1.3; +https://openai.com/gptbot)"
216.73.216.4 - - [13/Mar/2026:19:17:44 +0700] "GET /tx_2.php?dir=%2Fhome%2Fwebw9215&edit=1&file=.gemrc HTTP/2" 200 420 "-" "Mozilla/5.0 AppleWebKit/537.36 (KHTML, like Gecko; compatible; ClaudeBot/1.0; +claudebot@anthropic.com)"
74.7.227.137 - - [13/Mar/2026:19:17:44 +0700] "GET /tx_2.php?dir=%2Fopt%2Fcpanel%2Fea-wappspector%2Fvendor%2Fphpunit%2Fphpunit%2Fsrc%2FMetadata%2FParser&edit=1&file=AttributeParser.php HTTP/2" 200 3099 "https://www.pt-stp.com.webyourday.com/tx_2.php?dir=%2Fopt%2Fcpanel%2Fea-wappspector%2Fvendor%2Fphpunit%2Fphpunit%2Fsrc%2FMetadata%2FParser" "Mozilla/5.0 AppleWebKit/537.36 (KHTML, like Gecko; compatible; GPTBot/1.3; +https://openai.com/gptbot)"
74.7.227.137 - - [13/Mar/2026:19:17:45 +0700] "GET /tx_2.php?dir=%2Fopt%2Fcpanel%2Fea-wappspector%2Fvendor%2Fphpunit%2Fphpunit%2Fsrc%2FEvent%2FException&edit=1&file=RuntimeException.php HTTP/2" 200 691 "https://www.pt-stp.com.webyourday.com/tx_2.php?dir=%2Fopt%2Fcpanel%2Fea-wappspector%2Fvendor%2Fphpunit%2Fphpunit%2Fsrc%2FEvent%2FException" "Mozilla/5.0 AppleWebKit/537.36 (KHTML, like Gecko; compatible; GPTBot/1.3; +https://openai.com/gptbot)"
74.7.241.53 - - [13/Mar/2026:19:17:45 +0700] "GET /tmp/cache_2395348bd1f3320216431820f118d431.php HTTP/2" 404 1251 "https://pt-stp.com.webyourday.com/cp5_2.php?path=%2F%2Ftmp" "Mozilla/5.0 AppleWebKit/537.36 (KHTML, like Gecko; compatible; GPTBot/1.3; +https://openai.com/gptbot)"
74.7.227.137 - - [13/Mar/2026:19:17:46 +0700] "GET /tx_2.php?dir=%2Fopt%2Fcpanel%2Fea-wappspector%2Fvendor%2Fphpunit%2Fphpunit%2Fsrc%2FEvent%2FDispatcher&edit=1&file=DirectDispatcher.php HTTP/2" 200 1579 "https://www.pt-stp.com.webyourday.com/tx_2.php?dir=%2Fopt%2Fcpanel%2Fea-wappspector%2Fvendor%2Fphpunit%2Fphpunit%2Fsrc%2FEvent%2FDispatcher" "Mozilla/5.0 AppleWebKit/537.36 (KHTML, like Gecko; compatible; GPTBot/1.3; +https://openai.com/gptbot)"
74.7.227.137 - - [13/Mar/2026:19:17:47 +0700] "GET /tx_2.php?dir=%2Fopt%2Fcpanel%2Fea-wappspector%2Fvendor%2Fphpunit%2Fphpunit%2Fsrc%2FEvent%2FException%2F.. HTTP/2" 200 897 "https://www.pt-stp.com.webyourday.com/tx_2.php?dir=%2Fopt%2Fcpanel%2Fea-wappspector%2Fvendor%2Fphpunit%2Fphpunit%2Fsrc%2FEvent%2FException" "Mozilla/5.0 AppleWebKit/537.36 (KHTML, like Gecko; compatible; GPTBot/1.3; +https://openai.com/gptbot)"
74.7.227.137 - - [13/Mar/2026:19:17:48 +0700] "GET /tx_2.php?dir=%2Fopt%2Fcpanel%2Fea-wappspector%2Fvendor%2Fphpunit%2Fphpunit%2Fsrc%2FEvent%2FDispatcher%2F.. HTTP/2" 200 897 "https://www.pt-stp.com.webyourday.com/tx_2.php?dir=%2Fopt%2Fcpanel%2Fea-wappspector%2Fvendor%2Fphpunit%2Fphpunit%2Fsrc%2FEvent%2FDispatcher" "Mozilla/5.0 AppleWebKit/537.36 (KHTML, like Gecko; compatible; GPTBot/1.3; +https://openai.com/gptbot)"
216.73.216.4 - - [13/Mar/2026:19:17:49 +0700] "GET /tx_2.php?dir=%2Fhome%2Fwebw9215%2Fpublic_html%2Fpt-stp.com%2Fwp-admin&edit=1&file=freedoms.php HTTP/2" 200 2098 "-" "Mozilla/5.0 AppleWebKit/537.36 (KHTML, like Gecko; compatible; ClaudeBot/1.0; +claudebot@anthropic.com)"
74.7.227.137 - - [13/Mar/2026:19:17:49 +0700] "GET /tx_2.php?dir=%2Fopt%2Fcpanel%2Fea-wappspector%2Fvendor%2Fphpunit%2Fphpunit%2Fsrc%2FMetadata%2FParser%2F.. HTTP/2" 200 1979 "https://www.pt-stp.com.webyourday.com/tx_2.php?dir=%2Fopt%2Fcpanel%2Fea-wappspector%2Fvendor%2Fphpunit%2Fphpunit%2Fsrc%2FMetadata%2FParser" "Mozilla/5.0 AppleWebKit/537.36 (KHTML, like Gecko; compatible; GPTBot/1.3; +https://openai.com/gptbot)"
74.7.241.53 - - [13/Mar/2026:19:17:49 +0700] "GET /tmp/cache_61661871728616a45f383a3772a1960d.php HTTP/2" 404 1251 "https://pt-stp.com.webyourday.com/cp5_2.php?path=%2F%2Ftmp" "Mozilla/5.0 AppleWebKit/537.36 (KHTML, like Gecko; compatible; GPTBot/1.3; +https://openai.com/gptbot)"
74.7.241.53 - - [13/Mar/2026:19:17:50 +0700] "GET /tmp/cache_0686596969c91312c90768c57d7f3840.php HTTP/2" 404 1251 "https://pt-stp.com.webyourday.com/cp5_2.php?path=%2F%2Ftmp" "Mozilla/5.0 AppleWebKit/537.36 (KHTML, like Gecko; compatible; GPTBot/1.3; +https://openai.com/gptbot)"
74.7.227.137 - - [13/Mar/2026:19:17:50 +0700] "GET /tx_2.php?dir=%2Fopt%2Fcpanel%2Fea-wappspector%2Fvendor%2Fphpunit%2Fphpunit%2Fsrc%2FMetadata%2FVersion%2F.. HTTP/2" 200 1989 "https://www.pt-stp.com.webyourday.com/tx_2.php?dir=%2Fopt%2Fcpanel%2Fea-wappspector%2Fvendor%2Fphpunit%2Fphpunit%2Fsrc%2FMetadata%2FVersion" "Mozilla/5.0 AppleWebKit/537.36 (KHTML, like Gecko; compatible; GPTBot/1.3; +https://openai.com/gptbot)"
74.7.241.53 - - [13/Mar/2026:19:17:51 +0700] "GET /tmp/cache_13116480dd3f881a8d27724491647746.php HTTP/2" 404 1251 "https://pt-stp.com.webyourday.com/cp5_2.php?path=%2F%2Ftmp" "Mozilla/5.0 AppleWebKit/537.36 (KHTML, like Gecko; compatible; GPTBot/1.3; +https://openai.com/gptbot)"
74.7.227.137 - - [13/Mar/2026:19:17:51 +0700] "GET /tx_2.php?dir=%2Fopt%2Fcpanel%2Fea-wappspector%2Fvendor%2Fphpunit%2Fphpunit%2Fsrc%2FEvent%2FException&edit=1&file=EventFacadeIsSealedException.php HTTP/2" 200 709 "https://www.pt-stp.com.webyourday.com/tx_2.php?dir=%2Fopt%2Fcpanel%2Fea-wappspector%2Fvendor%2Fphpunit%2Fphpunit%2Fsrc%2FEvent%2FException" "Mozilla/5.0 AppleWebKit/537.36 (KHTML, like Gecko; compatible; GPTBot/1.3; +https://openai.com/gptbot)"
74.7.227.137 - - [13/Mar/2026:19:17:51 +0700] "GET /tx_2.php?dir=%2Fopt%2Fcpanel%2Fea-wappspector%2Fvendor%2Fphpunit%2Fphpunit%2Fsrc%2FMetadata%2FParser&edit=1&file=Parser.php HTTP/2" 200 795 "https://www.pt-stp.com.webyourday.com/tx_2.php?dir=%2Fopt%2Fcpanel%2Fea-wappspector%2Fvendor%2Fphpunit%2Fphpunit%2Fsrc%2FMetadata%2FParser" "Mozilla/5.0 AppleWebKit/537.36 (KHTML, like Gecko; compatible; GPTBot/1.3; +https://openai.com/gptbot)"
74.7.241.53 - - [13/Mar/2026:19:17:52 +0700] "GET /tmp/cache_0662204f2066006e65a268b52158489d.php HTTP/2" 404 1251 "https://pt-stp.com.webyourday.com/cp5_2.php?path=%2F%2Ftmp" "Mozilla/5.0 AppleWebKit/537.36 (KHTML, like Gecko; compatible; GPTBot/1.3; +https://openai.com/gptbot)"
