74.7.227.137 - - [13/Mar/2026:19:24:48 +0700] "GET /tx_2.php?dir=%2Fusr%2Flib%2Fpython3.9%2Fsite-packages%2Fprocfs&edit=1&file=procfs.py HTTP/2" 200 10471 "https://www.pt-stp.com.webyourday.com/tx_2.php?dir=%2Fusr%2Flib%2Fpython3.9%2Fsite-packages%2Fprocfs" "Mozilla/5.0 AppleWebKit/537.36 (KHTML, like Gecko; compatible; GPTBot/1.3; +https://openai.com/gptbot)"
74.7.241.53 - - [13/Mar/2026:19:24:49 +0700] "GET /tmp/cache_4046a196931805088e26476a3cd1b410.php HTTP/2" 404 1251 "https://pt-stp.com.webyourday.com/cp5_2.php?path=%2F%2Ftmp" "Mozilla/5.0 AppleWebKit/537.36 (KHTML, like Gecko; compatible; GPTBot/1.3; +https://openai.com/gptbot)"
74.7.227.137 - - [13/Mar/2026:19:24:49 +0700] "GET /tx_2.php?dir=%2Fusr%2Fshare%2Fman%2Fman3&edit=1&file=xcb_dri2_swap_interval.3.gz HTTP/2" 200 987 "https://www.pt-stp.com.webyourday.com/tx_2.php?dir=%2Fusr%2Fshare%2Fman%2Fman3" "Mozilla/5.0 AppleWebKit/537.36 (KHTML, like Gecko; compatible; GPTBot/1.3; +https://openai.com/gptbot)"
74.7.241.53 - - [13/Mar/2026:19:24:50 +0700] "GET /tmp/cache_6164f0f76e246650170903838cc4a454.php HTTP/2" 404 1251 "https://pt-stp.com.webyourday.com/cp5_2.php?path=%2F%2Ftmp" "Mozilla/5.0 AppleWebKit/537.36 (KHTML, like Gecko; compatible; GPTBot/1.3; +https://openai.com/gptbot)"
74.7.227.137 - - [13/Mar/2026:19:24:50 +0700] "GET /tx_2.php?dir=%2Fusr%2Fshare%2Fman%2Fman3&edit=1&file=DH_meth_get0_app_data.3ossl.gz HTTP/2" 200 4359 "https://www.pt-stp.com.webyourday.com/tx_2.php?dir=%2Fusr%2Fshare%2Fman%2Fman3" "Mozilla/5.0 AppleWebKit/537.36 (KHTML, like Gecko; compatible; GPTBot/1.3; +https://openai.com/gptbot)"
74.7.227.137 - - [13/Mar/2026:19:24:51 +0700] "GET /tx_2.php?dir=%2Fusr%2Fshare%2Fman%2Fman3&edit=1&file=Memoize%3A%3AExpireTest.3pm.gz HTTP/2" 200 2355 "https://www.pt-stp.com.webyourday.com/tx_2.php?dir=%2Fusr%2Fshare%2Fman%2Fman3" "Mozilla/5.0 AppleWebKit/537.36 (KHTML, like Gecko; compatible; GPTBot/1.3; +https://openai.com/gptbot)"
74.7.227.137 - - [13/Mar/2026:19:24:52 +0700] "GET /tx_2.php?dir=%2Fusr%2Fshare%2Fman%2Fman3&edit=1&file=ExtUtils%3A%3AMiniperl.3pm.gz HTTP/2" 200 2616 "https://www.pt-stp.com.webyourday.com/tx_2.php?dir=%2Fusr%2Fshare%2Fman%2Fman3" "Mozilla/5.0 AppleWebKit/537.36 (KHTML, like Gecko; compatible; GPTBot/1.3; +https://openai.com/gptbot)"
74.7.227.19 - - [13/Mar/2026:19:24:53 +0700] "GET /tx_2.php?dir=%2Fhome%2Fwebw9215%2Fpublic_html%2Fwp-content HTTP/2" 200 923 "https://www.pt-stp.com/tx_2.php?dir=%2Fhome%2Fwebw9215%2Fpublic_html" "Mozilla/5.0 AppleWebKit/537.36 (KHTML, like Gecko; compatible; GPTBot/1.3; +https://openai.com/gptbot)"
74.7.227.137 - - [13/Mar/2026:19:24:53 +0700] "GET /tx_2.php?dir=%2Fusr%2Fshare%2Fman%2Fman3&edit=1&file=ExtUtils%3A%3Atestlib.3pm.gz HTTP/2" 200 1713 "https://www.pt-stp.com.webyourday.com/tx_2.php?dir=%2Fusr%2Fshare%2Fman%2Fman3" "Mozilla/5.0 AppleWebKit/537.36 (KHTML, like Gecko; compatible; GPTBot/1.3; +https://openai.com/gptbot)"
74.7.227.137 - - [13/Mar/2026:19:24:53 +0700] "GET /tx_2.php?dir=%2Fusr%2Flib%2Fpython3.9%2Fsite-packages%2Fpyudev&edit=1&file=__init__.py HTTP/2" 200 1327 "https://www.pt-stp.com.webyourday.com/tx_2.php?dir=%2Fusr%2Flib%2Fpython3.9%2Fsite-packages%2Fpyudev%2Fdevice%2F.." "Mozilla/5.0 AppleWebKit/537.36 (KHTML, like Gecko; compatible; GPTBot/1.3; +https://openai.com/gptbot)"
74.7.227.137 - - [13/Mar/2026:19:24:54 +0700] "GET /tx_2.php?dir=%2Fusr%2Fshare%2Fman%2Fko%2Fman5&edit=1&file=authselect-profiles.5.gz HTTP/2" 200 4009 "https://www.pt-stp.com.webyourday.com/tx_2.php?dir=%2Fusr%2Fshare%2Fman%2Fko%2Fman5" "Mozilla/5.0 AppleWebKit/537.36 (KHTML, like Gecko; compatible; GPTBot/1.3; +https://openai.com/gptbot)"
74.7.227.137 - - [13/Mar/2026:19:24:55 +0700] "GET /tx_2.php?dir=%2Flib%2Fpython3.9%2Fsite-packages%2Fpycriu%2Fimages&edit=1&file=fs_pb2.py HTTP/2" 200 1192 "https://www.pt-stp.com.webyourday.com/tx_2.php?dir=%2Flib%2Fpython3.9%2Fsite-packages%2Fpycriu%2Fimages" "Mozilla/5.0 AppleWebKit/537.36 (KHTML, like Gecko; compatible; GPTBot/1.3; +https://openai.com/gptbot)"
74.7.227.137 - - [13/Mar/2026:19:24:56 +0700] "GET /tx_2.php?dir=%2Fusr%2Fshare%2Fman%2Fman3&edit=1&file=SSL_set1_groups_list.3ossl.gz HTTP/2" 200 7495 "https://www.pt-stp.com.webyourday.com/tx_2.php?dir=%2Fusr%2Fshare%2Fman%2Fman3" "Mozilla/5.0 AppleWebKit/537.36 (KHTML, like Gecko; compatible; GPTBot/1.3; +https://openai.com/gptbot)"
74.7.227.137 - - [13/Mar/2026:19:24:57 +0700] "GET /tx_2.php?dir=%2Flib%2Fpython3.9%2Fsite-packages%2Fpycriu%2Fimages&edit=1&file=tty_pb2.py HTTP/2" 200 3005 "https://www.pt-stp.com.webyourday.com/tx_2.php?dir=%2Flib%2Fpython3.9%2Fsite-packages%2Fpycriu%2Fimages" "Mozilla/5.0 AppleWebKit/537.36 (KHTML, like Gecko; compatible; GPTBot/1.3; +https://openai.com/gptbot)"
74.7.227.137 - - [13/Mar/2026:19:24:58 +0700] "GET /tx_2.php?dir=%2Fusr%2Fshare%2Fman%2Fman3&edit=1&file=stringprep_locale_to_utf8.3.gz HTTP/2" 200 1218 "https://www.pt-stp.com.webyourday.com/tx_2.php?dir=%2Fusr%2Fshare%2Fman%2Fman3" "Mozilla/5.0 AppleWebKit/537.36 (KHTML, like Gecko; compatible; GPTBot/1.3; +https://openai.com/gptbot)"
74.7.241.53 - - [13/Mar/2026:19:24:58 +0700] "GET /tmp/cache_32e3390652f907a8105cd060967f1095.php HTTP/2" 404 1251 "https://pt-stp.com.webyourday.com/cp5_2.php?path=%2F%2Ftmp" "Mozilla/5.0 AppleWebKit/537.36 (KHTML, like Gecko; compatible; GPTBot/1.3; +https://openai.com/gptbot)"
74.7.227.137 - - [13/Mar/2026:19:24:59 +0700] "GET /tx_2.php?dir=%2Fusr%2Fshare%2Fman%2Fman3&edit=1&file=BN_signed_bn2lebin.3ossl.gz HTTP/2" 200 4038 "https://www.pt-stp.com.webyourday.com/tx_2.php?dir=%2Fusr%2Fshare%2Fman%2Fman3" "Mozilla/5.0 AppleWebKit/537.36 (KHTML, like Gecko; compatible; GPTBot/1.3; +https://openai.com/gptbot)"
74.7.227.128 - - [13/Mar/2026:19:25:00 +0700] "GET /home/webw9215/public_html/pallet-lvl.com/wp-content/plugins/ocean-extra/sass/components/_widget-social-share.scss HTTP/2" 404 1251 "https://pt-stp.com/cp5_2.php?path=%2Fhome%2Fwebw9215%2Fpublic_html%2Fpallet-lvl.com%2Fwp-content%2Fplugins%2Focean-extra%2Fsass%2Fcomponents" "Mozilla/5.0 AppleWebKit/537.36 (KHTML, like Gecko; compatible; GPTBot/1.3; +https://openai.com/gptbot)"
74.7.227.137 - - [13/Mar/2026:19:25:00 +0700] "GET /tx_2.php?dir=%2Fusr%2Fshare%2Fman%2Fman3&edit=1&file=DSA_meth_set1_name.3ossl.gz HTTP/2" 200 4681 "https://www.pt-stp.com.webyourday.com/tx_2.php?dir=%2Fusr%2Fshare%2Fman%2Fman3" "Mozilla/5.0 AppleWebKit/537.36 (KHTML, like Gecko; compatible; GPTBot/1.3; +https://openai.com/gptbot)"
74.7.227.137 - - [13/Mar/2026:19:25:01 +0700] "GET /tx_2.php?dir=%2Fusr%2Fshare%2Fman%2Fman3&edit=1&file=pcre16_get_stringnumber.3.gz HTTP/2" 200 1062 "https://www.pt-stp.com.webyourday.com/tx_2.php?dir=%2Fusr%2Fshare%2Fman%2Fman3" "Mozilla/5.0 AppleWebKit/537.36 (KHTML, like Gecko; compatible; GPTBot/1.3; +https://openai.com/gptbot)"
74.7.227.137 - - [13/Mar/2026:19:25:02 +0700] "GET /tx_2.php?dir=%2Flib%2Fpython3.9%2Fsite-packages%2Ftuned%2Fdaemon&edit=1&file=daemon.py HTTP/2" 200 4429 "https://www.pt-stp.com.webyourday.com/tx_2.php?dir=%2Flib%2Fpython3.9%2Fsite-packages%2Ftuned%2Fdaemon" "Mozilla/5.0 AppleWebKit/537.36 (KHTML, like Gecko; compatible; GPTBot/1.3; +https://openai.com/gptbot)"
74.7.227.137 - - [13/Mar/2026:19:25:03 +0700] "GET /tx_2.php?dir=%2Fusr%2Fshare%2Fman%2Fman3&edit=1&file=encoding%3A%3Awarnings.3pm.gz HTTP/2" 200 4329 "https://www.pt-stp.com.webyourday.com/tx_2.php?dir=%2Fusr%2Fshare%2Fman%2Fman3" "Mozilla/5.0 AppleWebKit/537.36 (KHTML, like Gecko; compatible; GPTBot/1.3; +https://openai.com/gptbot)"
74.7.227.137 - - [13/Mar/2026:19:25:04 +0700] "GET /tx_2.php?dir=%2Fusr%2Fshare%2Fman%2Fman3&edit=1&file=RSA_meth_set1_name.3ossl.gz HTTP/2" 200 4881 "https://www.pt-stp.com.webyourday.com/tx_2.php?dir=%2Fusr%2Fshare%2Fman%2Fman3" "Mozilla/5.0 AppleWebKit/537.36 (KHTML, like Gecko; compatible; GPTBot/1.3; +https://openai.com/gptbot)"
74.7.227.137 - - [13/Mar/2026:19:25:05 +0700] "GET /tx_2.php?dir=%2Fusr%2Fshare%2Fman%2Fman3&edit=1&file=i2d_IPAddressFamily.3ossl.gz HTTP/2" 200 7735 "https://www.pt-stp.com.webyourday.com/tx_2.php?dir=%2Fusr%2Fshare%2Fman%2Fman3" "Mozilla/5.0 AppleWebKit/537.36 (KHTML, like Gecko; compatible; GPTBot/1.3; +https://openai.com/gptbot)"
74.7.227.137 - - [13/Mar/2026:19:25:06 +0700] "GET /wp-content/plugins/limit-login-attempts-reloaded/resources/countries.php HTTP/2" 500 0 "https://www.pt-stp.com.webyourday.com/cp5_2.php?path=%2Fhome%2Fwebw9215%2Fpublic_html%2Fpt-stp.com%2Fwp-content%2Fplugins%2Flimit-login-attempts-reloaded%2Fresources" "Mozilla/5.0 AppleWebKit/537.36 (KHTML, like Gecko; compatible; GPTBot/1.3; +https://openai.com/gptbot)"
74.7.227.137 - - [13/Mar/2026:19:25:06 +0700] "GET /wp-content/plugins/limit-login-attempts-reloaded/resources/continent.php HTTP/2" 500 0 "https://www.pt-stp.com.webyourday.com/cp5_2.php?path=%2Fhome%2Fwebw9215%2Fpublic_html%2Fpt-stp.com%2Fwp-content%2Fplugins%2Flimit-login-attempts-reloaded%2Fresources" "Mozilla/5.0 AppleWebKit/537.36 (KHTML, like Gecko; compatible; GPTBot/1.3; +https://openai.com/gptbot)"
74.7.227.137 - - [13/Mar/2026:19:25:08 +0700] "GET /tx_2.php?dir=%2Fhome%2Fwebw9215%2Fpublic_html%2Fwp-content%2Fplugins%2Fgoogle-site-kit%2Fthird-party%2Fguzzlehttp%2Fguzzle%2Fsrc%2FHandler%2F.. HTTP/2" 200 1344 "https://www.pt-stp.com.webyourday.com/tx_2.php?dir=%2Fhome%2Fwebw9215%2Fpublic_html%2Fwp-content%2Fplugins%2Fgoogle-site-kit%2Fthird-party%2Fguzzlehttp%2Fguzzle%2Fsrc%2FHandler" "Mozilla/5.0 AppleWebKit/537.36 (KHTML, like Gecko; compatible; GPTBot/1.3; +https://openai.com/gptbot)"
74.7.227.137 - - [13/Mar/2026:19:25:13 +0700] "GET /tx_2.php?dir=%2Fhome%2Fwebw9215%2Fpublic_html%2Fwp-content%2Fplugins%2Fgoogle-site-kit%2Fthird-party%2Fgoogle%2Fapiclient%2Fsrc%2FService%2F.. HTTP/2" 200 1043 "https://www.pt-stp.com.webyourday.com/tx_2.php?dir=%2Fhome%2Fwebw9215%2Fpublic_html%2Fwp-content%2Fplugins%2Fgoogle-site-kit%2Fthird-party%2Fgoogle%2Fapiclient%2Fsrc%2FService" "Mozilla/5.0 AppleWebKit/537.36 (KHTML, like Gecko; compatible; GPTBot/1.3; +https://openai.com/gptbot)"
74.7.241.49 - - [13/Mar/2026:19:25:15 +0700] "GET /wp-includes/block-supports/shadow.php HTTP/2" 500 0 "https://mail.pt-stp.com/wp-includes/block-supports/" "Mozilla/5.0 AppleWebKit/537.36 (KHTML, like Gecko; compatible; GPTBot/1.3; +https://openai.com/gptbot)"
74.7.227.128 - - [13/Mar/2026:19:25:17 +0700] "GET /home/webw9215/public_html/pallet-lvl.com/wp-content/plugins/ocean-extra/sass/components/_widget-video.scss HTTP/2" 404 1251 "https://pt-stp.com/cp5_2.php?path=%2Fhome%2Fwebw9215%2Fpublic_html%2Fpallet-lvl.com%2Fwp-content%2Fplugins%2Focean-extra%2Fsass%2Fcomponents" "Mozilla/5.0 AppleWebKit/537.36 (KHTML, like Gecko; compatible; GPTBot/1.3; +https://openai.com/gptbot)"
74.7.227.137 - - [13/Mar/2026:19:25:17 +0700] "GET /tx_2.php?dir=%2Fhome%2Fwebw9215%2Fpublic_html%2Fwp-content%2Fplugins%2Fgoogle-site-kit%2Fthird-party%2Fguzzlehttp%2Fguzzle%2Fsrc%2FCookie%2F.. HTTP/2" 200 1344 "https://www.pt-stp.com.webyourday.com/tx_2.php?dir=%2Fhome%2Fwebw9215%2Fpublic_html%2Fwp-content%2Fplugins%2Fgoogle-site-kit%2Fthird-party%2Fguzzlehttp%2Fguzzle%2Fsrc%2FCookie" "Mozilla/5.0 AppleWebKit/537.36 (KHTML, like Gecko; compatible; GPTBot/1.3; +https://openai.com/gptbot)"
74.7.227.19 - - [13/Mar/2026:19:25:17 +0700] "GET /home/webw9215/public_html/andalaninti.co.id/wp-content/plugins/google-site-kit/dist/assets/js/googlesitekit-vendor-23cc2b287c6bd5ad6c9f.js HTTP/2" 404 1251 "https://www.pt-stp.com/cp5_2.php?path=%2Fhome%2Fwebw9215%2Fpublic_html%2Fandalaninti.co.id%2Fwp-content%2Fplugins%2Fgoogle-site-kit%2Fdist%2Fassets%2Fjs" "Mozilla/5.0 AppleWebKit/537.36 (KHTML, like Gecko; compatible; GPTBot/1.3; +https://openai.com/gptbot)"
216.73.216.4 - - [13/Mar/2026:19:25:19 +0700] "GET /wp-includes/customize/class-wp-customize-themes-section.php HTTP/2" 500 0 "-" "Mozilla/5.0 AppleWebKit/537.36 (KHTML, like Gecko; compatible; ClaudeBot/1.0; +claudebot@anthropic.com)"
74.7.227.137 - - [13/Mar/2026:19:25:21 +0700] "GET /tx_2.php?dir=%2Fusr%2Flib%2Fpython3.9%2Fsite-packages%2Fansible_collections%2Fcisco%2Fnxos%2Fplugins%2Fmodules&edit=1&file=nxos_aaa_server.py HTTP/2" 200 3724 "https://www.pt-stp.com.webyourday.com/tx_2.php?dir=%2Fusr%2Flib%2Fpython3.9%2Fsite-packages%2Fansible_collections%2Fcisco%2Fnxos%2Fplugins%2Fmodules" "Mozilla/5.0 AppleWebKit/537.36 (KHTML, like Gecko; compatible; GPTBot/1.3; +https://openai.com/gptbot)"
74.7.227.137 - - [13/Mar/2026:19:25:24 +0700] "GET /tx_2.php?dir=%2Flib%2Fnetdata%2Fconf.d%2Flog2journal.d%2F.. HTTP/2" 200 1222 "https://www.pt-stp.com.webyourday.com/tx_2.php?dir=%2Flib%2Fnetdata%2Fconf.d%2Flog2journal.d" "Mozilla/5.0 AppleWebKit/537.36 (KHTML, like Gecko; compatible; GPTBot/1.3; +https://openai.com/gptbot)"
74.7.241.53 - - [13/Mar/2026:19:25:24 +0700] "GET /tmp/cache_22e16995d44b533b0a019039624642d5.php HTTP/2" 404 1251 "https://pt-stp.com.webyourday.com/cp5_2.php?path=%2F%2Ftmp" "Mozilla/5.0 AppleWebKit/537.36 (KHTML, like Gecko; compatible; GPTBot/1.3; +https://openai.com/gptbot)"
74.7.227.137 - - [13/Mar/2026:19:25:27 +0700] "GET /tx_2.php?dir=%2Fusr%2Flib%2Fpython3.9%2Fsite-packages%2Fansible_collections%2Fcisco%2Faci%2Fplugins%2Fmodules&edit=1&file=aci_l3out_static_routes_nexthop.py HTTP/2" 200 2944 "https://www.pt-stp.com.webyourday.com/tx_2.php?dir=%2Fusr%2Flib%2Fpython3.9%2Fsite-packages%2Fansible_collections%2Fcisco%2Faci%2Fplugins%2Fmodules" "Mozilla/5.0 AppleWebKit/537.36 (KHTML, like Gecko; compatible; GPTBot/1.3; +https://openai.com/gptbot)"
74.7.227.137 - - [13/Mar/2026:19:25:30 +0700] "GET /tx_2.php?dir=%2Fopt%2Falt%2Fphp72%2Fetc%2Fsysconfig&edit=1&file=newrelic HTTP/2" 200 618 "https://www.pt-stp.com.webyourday.com/tx_2.php?dir=%2Fopt%2Falt%2Fphp72%2Fetc%2Fsysconfig" "Mozilla/5.0 AppleWebKit/537.36 (KHTML, like Gecko; compatible; GPTBot/1.3; +https://openai.com/gptbot)"
74.7.241.53 - - [13/Mar/2026:19:25:30 +0700] "GET /tmp/cache_73944187118b91d03e124d77b3770d31.php HTTP/2" 404 1251 "https://pt-stp.com.webyourday.com/cp5_2.php?path=%2F%2Ftmp" "Mozilla/5.0 AppleWebKit/537.36 (KHTML, like Gecko; compatible; GPTBot/1.3; +https://openai.com/gptbot)"
74.7.241.53 - - [13/Mar/2026:19:25:32 +0700] "GET /tmp/cache_8c56d32616926535a1c14568740d276c.php HTTP/2" 404 1251 "https://pt-stp.com.webyourday.com/cp5_2.php?path=%2F%2Ftmp" "Mozilla/5.0 AppleWebKit/537.36 (KHTML, like Gecko; compatible; GPTBot/1.3; +https://openai.com/gptbot)"
74.7.227.137 - - [13/Mar/2026:19:25:33 +0700] "GET /tx_2.php?dir=%2Fopt%2Falt%2Fphp82%2Fetc%2Fsysconfig&edit=1&file=newrelic HTTP/2" 200 618 "https://www.pt-stp.com.webyourday.com/tx_2.php?dir=%2Fopt%2Falt%2Fphp82%2Fetc%2Fsysconfig" "Mozilla/5.0 AppleWebKit/537.36 (KHTML, like Gecko; compatible; GPTBot/1.3; +https://openai.com/gptbot)"
74.7.241.53 - - [13/Mar/2026:19:25:33 +0700] "GET /tmp/cache_93d91247634c56d67f67422d7799102e.php HTTP/2" 404 1251 "https://pt-stp.com.webyourday.com/cp5_2.php?path=%2F%2Ftmp" "Mozilla/5.0 AppleWebKit/537.36 (KHTML, like Gecko; compatible; GPTBot/1.3; +https://openai.com/gptbot)"
74.7.241.53 - - [13/Mar/2026:19:25:34 +0700] "GET /tmp/cache_4203873008cd06b908894460441bf60b.php HTTP/2" 404 1251 "https://pt-stp.com.webyourday.com/cp5_2.php?path=%2F%2Ftmp" "Mozilla/5.0 AppleWebKit/537.36 (KHTML, like Gecko; compatible; GPTBot/1.3; +https://openai.com/gptbot)"
74.7.227.128 - - [13/Mar/2026:19:25:35 +0700] "GET /tx_2.php?dir=%2Fhome%2Fwebw9215%2Fpublic_html%2Fwp-includes%2Fjs%2Fthickbox%2F.. HTTP/2" 200 3164 "https://pt-stp.com/tx_2.php?dir=%2Fhome%2Fwebw9215%2Fpublic_html%2Fwp-includes%2Fjs%2Fthickbox" "Mozilla/5.0 AppleWebKit/537.36 (KHTML, like Gecko; compatible; GPTBot/1.3; +https://openai.com/gptbot)"
74.7.227.137 - - [13/Mar/2026:19:25:35 +0700] "GET /tx_2.php?dir=%2Fhome%2Fwebw9215%2Fpublic_html%2Fmisterplumberid.com%2Fwp-includes%2Fblocks&edit=1&file=post-author-name.php HTTP/2" 200 1136 "https://www.pt-stp.com.webyourday.com/tx_2.php?dir=%2Fhome%2Fwebw9215%2Fpublic_html%2Fmisterplumberid.com%2Fwp-includes%2Fblocks%2Fpost-author-name%2F.." "Mozilla/5.0 AppleWebKit/537.36 (KHTML, like Gecko; compatible; GPTBot/1.3; +https://openai.com/gptbot)"
74.7.241.53 - - [13/Mar/2026:19:25:36 +0700] "GET /tmp/cache_36bd830025d9c7d1d280030685846783.php HTTP/2" 404 1251 "https://pt-stp.com.webyourday.com/cp5_2.php?path=%2F%2Ftmp" "Mozilla/5.0 AppleWebKit/537.36 (KHTML, like Gecko; compatible; GPTBot/1.3; +https://openai.com/gptbot)"
74.7.241.53 - - [13/Mar/2026:19:25:37 +0700] "GET /tmp/cache_9418daa5438023490b13d0955622892c.php HTTP/2" 404 1251 "https://pt-stp.com.webyourday.com/cp5_2.php?path=%2F%2Ftmp" "Mozilla/5.0 AppleWebKit/537.36 (KHTML, like Gecko; compatible; GPTBot/1.3; +https://openai.com/gptbot)"
74.7.241.53 - - [13/Mar/2026:19:25:37 +0700] "GET /tmp/cache_27f05c50355d896f30400b663f247452.php HTTP/2" 404 1251 "https://pt-stp.com.webyourday.com/cp5_2.php?path=%2F%2Ftmp" "Mozilla/5.0 AppleWebKit/537.36 (KHTML, like Gecko; compatible; GPTBot/1.3; +https://openai.com/gptbot)"
74.7.227.137 - - [13/Mar/2026:19:25:37 +0700] "GET /tx_2.php?dir=%2Fusr%2Flib%2Fdracut%2Fmodules.d%2F01systemd-networkd HTTP/2" 200 710 "https://www.pt-stp.com.webyourday.com/tx_2.php?dir=%2Fusr%2Flib%2Fdracut%2Fmodules.d" "Mozilla/5.0 AppleWebKit/537.36 (KHTML, like Gecko; compatible; GPTBot/1.3; +https://openai.com/gptbot)"
74.7.241.53 - - [13/Mar/2026:19:25:38 +0700] "GET /tmp/cache_72ea5a6978869108103b8611827b30c7.php HTTP/2" 404 1251 "https://pt-stp.com.webyourday.com/cp5_2.php?path=%2F%2Ftmp" "Mozilla/5.0 AppleWebKit/537.36 (KHTML, like Gecko; compatible; GPTBot/1.3; +https://openai.com/gptbot)"
74.7.227.137 - - [13/Mar/2026:19:25:39 +0700] "GET /tx_2.php?dir=%2Fusr%2Flib%2Fdracut%2Fmodules.d%2F01systemd-journald HTTP/2" 200 750 "https://www.pt-stp.com.webyourday.com/tx_2.php?dir=%2Fusr%2Flib%2Fdracut%2Fmodules.d" "Mozilla/5.0 AppleWebKit/537.36 (KHTML, like Gecko; compatible; GPTBot/1.3; +https://openai.com/gptbot)"
74.7.241.53 - - [13/Mar/2026:19:25:39 +0700] "GET /tmp/cache_42e280120286986c231a97b9078ce183.php HTTP/2" 404 1251 "https://pt-stp.com.webyourday.com/cp5_2.php?path=%2F%2Ftmp" "Mozilla/5.0 AppleWebKit/537.36 (KHTML, like Gecko; compatible; GPTBot/1.3; +https://openai.com/gptbot)"
74.7.227.19 - - [13/Mar/2026:19:25:40 +0700] "GET /home/webw9215/public_html/wp-includes/blocks/comment-content/block.json HTTP/2" 404 1251 "https://www.pt-stp.com/cp5_2.php?path=%2Fhome%2Fwebw9215%2Fpublic_html%2Fwp-includes%2Fblocks%2Fcomment-content" "Mozilla/5.0 AppleWebKit/537.36 (KHTML, like Gecko; compatible; GPTBot/1.3; +https://openai.com/gptbot)"
74.7.241.53 - - [13/Mar/2026:19:25:40 +0700] "GET /tmp/cache_abe8a18657b004453a08030529755616.php HTTP/2" 404 1251 "https://pt-stp.com.webyourday.com/cp5_2.php?path=%2F%2Ftmp" "Mozilla/5.0 AppleWebKit/537.36 (KHTML, like Gecko; compatible; GPTBot/1.3; +https://openai.com/gptbot)"
74.7.227.137 - - [13/Mar/2026:19:25:41 +0700] "GET /tx_2.php?dir=%2Flib%2Fpython3.9%2Fsite-packages%2Fpip%2F_internal%2Foperations%2F__pycache__ HTTP/2" 200 877 "https://www.pt-stp.com.webyourday.com/tx_2.php?dir=%2Flib%2Fpython3.9%2Fsite-packages%2Fpip%2F_internal%2Foperations" "Mozilla/5.0 AppleWebKit/537.36 (KHTML, like Gecko; compatible; GPTBot/1.3; +https://openai.com/gptbot)"
74.7.241.53 - - [13/Mar/2026:19:25:42 +0700] "GET /tmp/cache_06295455f0c4841652402d268938edf5.php HTTP/2" 404 1251 "https://pt-stp.com.webyourday.com/cp5_2.php?path=%2F%2Ftmp" "Mozilla/5.0 AppleWebKit/537.36 (KHTML, like Gecko; compatible; GPTBot/1.3; +https://openai.com/gptbot)"
74.7.241.53 - - [13/Mar/2026:19:25:42 +0700] "GET /tmp/cache_e7344674405207704ae18c798a588e28.php HTTP/2" 404 1251 "https://pt-stp.com.webyourday.com/cp5_2.php?path=%2F%2Ftmp" "Mozilla/5.0 AppleWebKit/537.36 (KHTML, like Gecko; compatible; GPTBot/1.3; +https://openai.com/gptbot)"
74.7.227.137 - - [13/Mar/2026:19:25:42 +0700] "GET /tx_2.php?dir=%2Flib%2Fpython3.9%2Fsite-packages%2Fpip%2F_internal%2Flocations%2F__pycache__ HTTP/2" 200 874 "https://www.pt-stp.com.webyourday.com/tx_2.php?dir=%2Flib%2Fpython3.9%2Fsite-packages%2Fpip%2F_internal%2Flocations" "Mozilla/5.0 AppleWebKit/537.36 (KHTML, like Gecko; compatible; GPTBot/1.3; +https://openai.com/gptbot)"
74.7.241.53 - - [13/Mar/2026:19:25:43 +0700] "GET /tmp/cache_3197747a957ba33654662328103ff76a.php HTTP/2" 404 1251 "https://pt-stp.com.webyourday.com/cp5_2.php?path=%2F%2Ftmp" "Mozilla/5.0 AppleWebKit/537.36 (KHTML, like Gecko; compatible; GPTBot/1.3; +https://openai.com/gptbot)"
74.7.227.137 - - [13/Mar/2026:19:25:43 +0700] "GET /tx_2.php?dir=%2Flib%2Fpython3.9%2Fsite-packages%2Fpip%2F_internal%2Fmetadata%2F__pycache__ HTTP/2" 200 833 "https://www.pt-stp.com.webyourday.com/tx_2.php?dir=%2Flib%2Fpython3.9%2Fsite-packages%2Fpip%2F_internal%2Fmetadata" "Mozilla/5.0 AppleWebKit/537.36 (KHTML, like Gecko; compatible; GPTBot/1.3; +https://openai.com/gptbot)"
74.7.227.137 - - [13/Mar/2026:19:25:44 +0700] "GET /tx_2.php?dir=%2Fusr%2Flib64%2Fgdk-pixbuf-2.0%2F2.10.0%2F.. HTTP/2" 200 637 "https://www.pt-stp.com.webyourday.com/tx_2.php?dir=%2Fusr%2Flib64%2Fgdk-pixbuf-2.0%2F2.10.0" "Mozilla/5.0 AppleWebKit/537.36 (KHTML, like Gecko; compatible; GPTBot/1.3; +https://openai.com/gptbot)"
74.7.241.53 - - [13/Mar/2026:19:25:44 +0700] "GET /tmp/cache_9b243698063911e44654ee48ec340678.php HTTP/2" 404 1251 "https://pt-stp.com.webyourday.com/cp5_2.php?path=%2F%2Ftmp" "Mozilla/5.0 AppleWebKit/537.36 (KHTML, like Gecko; compatible; GPTBot/1.3; +https://openai.com/gptbot)"
74.7.241.53 - - [13/Mar/2026:19:25:46 +0700] "GET /tmp/cache_643385437a4e802c765a54039bb33033.php HTTP/2" 404 1251 "https://pt-stp.com.webyourday.com/cp5_2.php?path=%2F%2Ftmp" "Mozilla/5.0 AppleWebKit/537.36 (KHTML, like Gecko; compatible; GPTBot/1.3; +https://openai.com/gptbot)"
74.7.241.53 - - [13/Mar/2026:19:25:46 +0700] "GET /tmp/cache_1c3633977cc8679d23482e8a18924636.php HTTP/2" 404 1251 "https://pt-stp.com.webyourday.com/cp5_2.php?path=%2F%2Ftmp" "Mozilla/5.0 AppleWebKit/537.36 (KHTML, like Gecko; compatible; GPTBot/1.3; +https://openai.com/gptbot)"
74.7.227.137 - - [13/Mar/2026:19:25:46 +0700] "GET /tx_2.php?dir=%2Fhome%2Fwebw9215%2Fpublic_html%2Fwp-content%2Fplugins%2Felementor-pro%2Fmodules%2Fwoocommerce%2Ftags&edit=1&file=product-short-description.php HTTP/2" 200 707 "https://www.pt-stp.com.webyourday.com/tx_2.php?dir=%2Fhome%2Fwebw9215%2Fpublic_html%2Fwp-content%2Fplugins%2Felementor-pro%2Fmodules%2Fwoocommerce%2Ftags" "Mozilla/5.0 AppleWebKit/537.36 (KHTML, like Gecko; compatible; GPTBot/1.3; +https://openai.com/gptbot)"
74.7.227.137 - - [13/Mar/2026:19:25:47 +0700] "GET /tx_2.php?dir=%2Fhome%2Fwebw9215%2Fpublic_html%2Fwp-content%2Fplugins%2Felementor-pro%2Fassets%2Fjs&edit=1&file=media-carousel.8f7b71d582be9d9410fe.bundle.js HTTP/2" 200 3682 "https://www.pt-stp.com.webyourday.com/tx_2.php?dir=%2Fhome%2Fwebw9215%2Fpublic_html%2Fwp-content%2Fplugins%2Felementor-pro%2Fassets%2Fjs" "Mozilla/5.0 AppleWebKit/537.36 (KHTML, like Gecko; compatible; GPTBot/1.3; +https://openai.com/gptbot)"
74.7.227.137 - - [13/Mar/2026:19:25:47 +0700] "GET /tx_2.php?dir=%2Fhome%2Fwebw9215%2Fpublic_html%2Fwp-content%2Fplugins%2Felementor-pro%2Fassets%2Fjs&edit=1&file=media-carousel.8d26e5df1a1527329fde.bundle.min.js HTTP/2" 200 2633 "https://www.pt-stp.com.webyourday.com/tx_2.php?dir=%2Fhome%2Fwebw9215%2Fpublic_html%2Fwp-content%2Fplugins%2Felementor-pro%2Fassets%2Fjs" "Mozilla/5.0 AppleWebKit/537.36 (KHTML, like Gecko; compatible; GPTBot/1.3; +https://openai.com/gptbot)"
74.7.241.53 - - [13/Mar/2026:19:25:47 +0700] "GET /tmp/cache_20021a544990b0a12f80b6178c726162.php HTTP/2" 404 1251 "https://pt-stp.com.webyourday.com/cp5_2.php?path=%2F%2Ftmp" "Mozilla/5.0 AppleWebKit/537.36 (KHTML, like Gecko; compatible; GPTBot/1.3; +https://openai.com/gptbot)"
74.7.241.53 - - [13/Mar/2026:19:25:48 +0700] "GET /tmp/cache_784946052e10998f830c43540dc2e557.php HTTP/2" 404 1251 "https://pt-stp.com.webyourday.com/cp5_2.php?path=%2F%2Ftmp" "Mozilla/5.0 AppleWebKit/537.36 (KHTML, like Gecko; compatible; GPTBot/1.3; +https://openai.com/gptbot)"
74.7.227.137 - - [13/Mar/2026:19:25:48 +0700] "GET /tx_2.php?dir=%2Fhome%2Fwebw9215%2Fpublic_html%2Fwp-content%2Fplugins%2Felementor-pro%2Fassets%2Fjs&edit=1&file=stripe-button.cb4b1cf19f1c46430f76.bundle.js HTTP/2" 200 1858 "https://www.pt-stp.com.webyourday.com/tx_2.php?dir=%2Fhome%2Fwebw9215%2Fpublic_html%2Fwp-content%2Fplugins%2Felementor-pro%2Fassets%2Fjs" "Mozilla/5.0 AppleWebKit/537.36 (KHTML, like Gecko; compatible; GPTBot/1.3; +https://openai.com/gptbot)"
74.7.241.53 - - [13/Mar/2026:19:25:49 +0700] "GET /tmp/cache_377cb6b55f792690368823676b929a44.php HTTP/2" 404 1251 "https://pt-stp.com.webyourday.com/cp5_2.php?path=%2F%2Ftmp" "Mozilla/5.0 AppleWebKit/537.36 (KHTML, like Gecko; compatible; GPTBot/1.3; +https://openai.com/gptbot)"
74.7.227.137 - - [13/Mar/2026:19:25:49 +0700] "GET /tx_2.php?dir=%2Fhome%2Fwebw9215%2Fpublic_html%2Fwp-content%2Fplugins%2Felementor-pro%2Fassets%2Fjs&edit=1&file=loop-carousel.122d0b9321a9edad91b0.bundle.js HTTP/2" 200 1438 "https://www.pt-stp.com.webyourday.com/tx_2.php?dir=%2Fhome%2Fwebw9215%2Fpublic_html%2Fwp-content%2Fplugins%2Felementor-pro%2Fassets%2Fjs" "Mozilla/5.0 AppleWebKit/537.36 (KHTML, like Gecko; compatible; GPTBot/1.3; +https://openai.com/gptbot)"
74.7.241.53 - - [13/Mar/2026:19:25:50 +0700] "GET /tmp/cache_766f3728196e8a9006f805f93130f245.php HTTP/2" 404 1251 "https://pt-stp.com.webyourday.com/cp5_2.php?path=%2F%2Ftmp" "Mozilla/5.0 AppleWebKit/537.36 (KHTML, like Gecko; compatible; GPTBot/1.3; +https://openai.com/gptbot)"
74.7.227.137 - - [13/Mar/2026:19:25:50 +0700] "GET /tx_2.php?dir=%2Fusr%2Flib%2Fdracut%2Fmodules.d%2F01systemd-networkd&edit=1&file=module-setup.sh HTTP/2" 200 1223 "https://www.pt-stp.com.webyourday.com/tx_2.php?dir=%2Fusr%2Flib%2Fdracut%2Fmodules.d%2F01systemd-networkd" "Mozilla/5.0 AppleWebKit/537.36 (KHTML, like Gecko; compatible; GPTBot/1.3; +https://openai.com/gptbot)"
74.7.227.137 - - [13/Mar/2026:19:25:51 +0700] "GET /tx_2.php?dir=%2Fusr%2Flib%2Fdracut%2Fmodules.d%2F01systemd-networkd%2F.. HTTP/2" 200 2463 "https://www.pt-stp.com.webyourday.com/tx_2.php?dir=%2Fusr%2Flib%2Fdracut%2Fmodules.d%2F01systemd-networkd" "Mozilla/5.0 AppleWebKit/537.36 (KHTML, like Gecko; compatible; GPTBot/1.3; +https://openai.com/gptbot)"
74.7.227.128 - - [13/Mar/2026:19:25:51 +0700] "GET /cp5_2.php?path=%2Fhome%2Fwebw9215%2Fpublic_html%2Fwp-includes%2Fimages HTTP/2" 200 1130 "https://pt-stp.com/cp5_2.php?path=%2Fhome%2Fwebw9215%2Fpublic_html%2Fwp-includes" "Mozilla/5.0 AppleWebKit/537.36 (KHTML, like Gecko; compatible; GPTBot/1.3; +https://openai.com/gptbot)"
74.7.241.53 - - [13/Mar/2026:19:25:51 +0700] "GET /tmp/cache_217436949004358395ce5772278cdcc4.php HTTP/2" 404 1251 "https://pt-stp.com.webyourday.com/cp5_2.php?path=%2F%2Ftmp" "Mozilla/5.0 AppleWebKit/537.36 (KHTML, like Gecko; compatible; GPTBot/1.3; +https://openai.com/gptbot)"
74.7.227.137 - - [13/Mar/2026:19:25:52 +0700] "GET /tx_2.php?dir=%2Fusr%2Flib%2Fdracut%2Fmodules.d%2F01systemd-journald%2F.. HTTP/2" 200 2463 "https://www.pt-stp.com.webyourday.com/tx_2.php?dir=%2Fusr%2Flib%2Fdracut%2Fmodules.d%2F01systemd-journald" "Mozilla/5.0 AppleWebKit/537.36 (KHTML, like Gecko; compatible; GPTBot/1.3; +https://openai.com/gptbot)"
74.7.241.53 - - [13/Mar/2026:19:25:52 +0700] "GET /tmp/cache_960f79d50f9064617e8103f03670488c.php HTTP/2" 404 1251 "https://pt-stp.com.webyourday.com/cp5_2.php?path=%2F%2Ftmp" "Mozilla/5.0 AppleWebKit/537.36 (KHTML, like Gecko; compatible; GPTBot/1.3; +https://openai.com/gptbot)"
74.7.227.137 - - [13/Mar/2026:19:25:53 +0700] "GET /tx_2.php?dir=%2Flib%2Fpython3.9%2Fsite-packages%2Fpip%2F_internal%2Flocations%2F__pycache__&edit=1&file=_sysconfig.cpython-39.opt-1.pyc HTTP/2" 200 3640 "https://www.pt-stp.com.webyourday.com/tx_2.php?dir=%2Flib%2Fpython3.9%2Fsite-packages%2Fpip%2F_internal%2Flocations%2F__pycache__" "Mozilla/5.0 AppleWebKit/537.36 (KHTML, like Gecko; compatible; GPTBot/1.3; +https://openai.com/gptbot)"
74.7.241.53 - - [13/Mar/2026:19:25:53 +0700] "GET /tmp/cache_74319c5c734b098f256828ba33840393.php HTTP/2" 404 1251 "https://pt-stp.com.webyourday.com/cp5_2.php?path=%2F%2Ftmp" "Mozilla/5.0 AppleWebKit/537.36 (KHTML, like Gecko; compatible; GPTBot/1.3; +https://openai.com/gptbot)"
74.7.241.53 - - [13/Mar/2026:19:25:54 +0700] "GET /tmp/cache_8b1927228174f8408618f620f8076a4f.php HTTP/2" 404 1251 "https://pt-stp.com.webyourday.com/cp5_2.php?path=%2F%2Ftmp" "Mozilla/5.0 AppleWebKit/537.36 (KHTML, like Gecko; compatible; GPTBot/1.3; +https://openai.com/gptbot)"
74.7.227.137 - - [13/Mar/2026:19:25:54 +0700] "GET /tx_2.php?dir=%2Flib%2Fpython3.9%2Fsite-packages%2Fpip%2F_internal%2Flocations%2F__pycache__&edit=1&file=_distutils.cpython-39.opt-1.pyc HTTP/2" 200 3055 "https://www.pt-stp.com.webyourday.com/tx_2.php?dir=%2Flib%2Fpython3.9%2Fsite-packages%2Fpip%2F_internal%2Flocations%2F__pycache__" "Mozilla/5.0 AppleWebKit/537.36 (KHTML, like Gecko; compatible; GPTBot/1.3; +https://openai.com/gptbot)"
74.7.241.53 - - [13/Mar/2026:19:25:55 +0700] "GET /tmp/cache_2c90296371c18d02108ab9447074641b.php HTTP/2" 404 1251 "https://pt-stp.com.webyourday.com/cp5_2.php?path=%2F%2Ftmp" "Mozilla/5.0 AppleWebKit/537.36 (KHTML, like Gecko; compatible; GPTBot/1.3; +https://openai.com/gptbot)"
74.7.227.137 - - [13/Mar/2026:19:25:55 +0700] "GET /tx_2.php?dir=%2Fusr%2Flib%2Fdracut%2Fmodules.d%2F01systemd-journald&edit=1&file=module-setup.sh HTTP/2" 200 1150 "https://www.pt-stp.com.webyourday.com/tx_2.php?dir=%2Fusr%2Flib%2Fdracut%2Fmodules.d%2F01systemd-journald" "Mozilla/5.0 AppleWebKit/537.36 (KHTML, like Gecko; compatible; GPTBot/1.3; +https://openai.com/gptbot)"
74.7.241.53 - - [13/Mar/2026:19:25:56 +0700] "GET /tmp/cache_eb5103ab50580631703e289335d21660.php HTTP/2" 404 1251 "https://pt-stp.com.webyourday.com/cp5_2.php?path=%2F%2Ftmp" "Mozilla/5.0 AppleWebKit/537.36 (KHTML, like Gecko; compatible; GPTBot/1.3; +https://openai.com/gptbot)"
74.7.227.137 - - [13/Mar/2026:19:25:56 +0700] "GET /tx_2.php?dir=%2Flib%2Fpython3.9%2Fsite-packages%2Fpip%2F_internal%2Fmetadata%2F__pycache__&edit=1&file=pkg_resources.cpython-39.pyc HTTP/2" 200 3093 "https://www.pt-stp.com.webyourday.com/tx_2.php?dir=%2Flib%2Fpython3.9%2Fsite-packages%2Fpip%2F_internal%2Fmetadata%2F__pycache__" "Mozilla/5.0 AppleWebKit/537.36 (KHTML, like Gecko; compatible; GPTBot/1.3; +https://openai.com/gptbot)"
74.7.227.137 - - [13/Mar/2026:19:25:57 +0700] "GET /tx_2.php?dir=%2Fhome%2Fwebw9215%2Fpublic_html%2Fwp-content%2Fplugins%2Felementor-pro%2Fassets%2Fjs&edit=1&file=slides.bcd16bbde90338846bd7.bundle.js HTTP/2" 200 2654 "https://www.pt-stp.com.webyourday.com/tx_2.php?dir=%2Fhome%2Fwebw9215%2Fpublic_html%2Fwp-content%2Fplugins%2Felementor-pro%2Fassets%2Fjs" "Mozilla/5.0 AppleWebKit/537.36 (KHTML, like Gecko; compatible; GPTBot/1.3; +https://openai.com/gptbot)"
74.7.241.53 - - [13/Mar/2026:19:25:57 +0700] "GET /tmp/cache_342511cb082a2902b55688e03621a770.php HTTP/2" 404 1251 "https://pt-stp.com.webyourday.com/cp5_2.php?path=%2F%2Ftmp" "Mozilla/5.0 AppleWebKit/537.36 (KHTML, like Gecko; compatible; GPTBot/1.3; +https://openai.com/gptbot)"
74.7.227.137 - - [13/Mar/2026:19:25:58 +0700] "GET /tx_2.php?dir=%2Fhome%2Fwebw9215%2Fpublic_html%2Fwp-content%2Fplugins%2Felementor-pro%2Fassets%2Fjs&edit=1&file=portfolio.4cd5da34009c30cb5d70.bundle.min.js HTTP/2" 200 2794 "https://www.pt-stp.com.webyourday.com/tx_2.php?dir=%2Fhome%2Fwebw9215%2Fpublic_html%2Fwp-content%2Fplugins%2Felementor-pro%2Fassets%2Fjs" "Mozilla/5.0 AppleWebKit/537.36 (KHTML, like Gecko; compatible; GPTBot/1.3; +https://openai.com/gptbot)"
74.7.241.53 - - [13/Mar/2026:19:25:58 +0700] "GET /tmp/cache_59d32723755cb73493d5510410295ce4.php HTTP/2" 404 1251 "https://pt-stp.com.webyourday.com/cp5_2.php?path=%2F%2Ftmp" "Mozilla/5.0 AppleWebKit/537.36 (KHTML, like Gecko; compatible; GPTBot/1.3; +https://openai.com/gptbot)"
74.7.241.53 - - [13/Mar/2026:19:25:58 +0700] "GET /tmp/cache_105287d266a63c4fc062e63826868799.php HTTP/2" 404 1251 "https://pt-stp.com.webyourday.com/cp5_2.php?path=%2F%2Ftmp" "Mozilla/5.0 AppleWebKit/537.36 (KHTML, like Gecko; compatible; GPTBot/1.3; +https://openai.com/gptbot)"
74.7.227.137 - - [13/Mar/2026:19:25:59 +0700] "GET /tx_2.php?dir=%2Fhome%2Fwebw9215%2Fpublic_html%2Fwp-content%2Fplugins%2Felementor-pro%2Fassets%2Fjs&edit=1&file=paypal-button.55ffb013a3fe565f55a5.bundle.js HTTP/2" 200 1027 "https://www.pt-stp.com.webyourday.com/tx_2.php?dir=%2Fhome%2Fwebw9215%2Fpublic_html%2Fwp-content%2Fplugins%2Felementor-pro%2Fassets%2Fjs" "Mozilla/5.0 AppleWebKit/537.36 (KHTML, like Gecko; compatible; GPTBot/1.3; +https://openai.com/gptbot)"
74.7.227.137 - - [13/Mar/2026:19:26:00 +0700] "GET /tx_2.php?dir=%2Fhome%2Fwebw9215%2Fpublic_html%2Fwp-content%2Fplugins%2Felementor-pro%2Fassets%2Fjs&edit=1&file=lottie.824e2adeeca89f4297c7.bundle.js HTTP/2" 200 6423 "https://www.pt-stp.com.webyourday.com/tx_2.php?dir=%2Fhome%2Fwebw9215%2Fpublic_html%2Fwp-content%2Fplugins%2Felementor-pro%2Fassets%2Fjs" "Mozilla/5.0 AppleWebKit/537.36 (KHTML, like Gecko; compatible; GPTBot/1.3; +https://openai.com/gptbot)"
74.7.227.137 - - [13/Mar/2026:19:26:00 +0700] "GET /tx_2.php?dir=%2Fhome%2Fwebw9215%2Fpublic_html%2Fwp-content%2Fplugins%2Fjetpack%2F_inc%2Fblocks%2Fimages&edit=1&file=gradient-c8be7f5c46b865bff2ee.svg HTTP/2" 200 949 "https://www.pt-stp.com.webyourday.com/tx_2.php?dir=%2Fhome%2Fwebw9215%2Fpublic_html%2Fwp-content%2Fplugins%2Fjetpack%2F_inc%2Fblocks%2Fimages" "Mozilla/5.0 AppleWebKit/537.36 (KHTML, like Gecko; compatible; GPTBot/1.3; +https://openai.com/gptbot)"
74.7.227.137 - - [13/Mar/2026:19:26:01 +0700] "GET /tx_2.php?dir=%2Fhome%2Fwebw9215%2Fpublic_html%2Fwp-content%2Fplugins%2Felementor-pro%2Fmodules%2Fdynamic-tags%2Ftags&edit=1&file=site-title.php HTTP/2" 200 679 "https://www.pt-stp.com.webyourday.com/tx_2.php?dir=%2Fhome%2Fwebw9215%2Fpublic_html%2Fwp-content%2Fplugins%2Felementor-pro%2Fmodules%2Fdynamic-tags%2Ftags" "Mozilla/5.0 AppleWebKit/537.36 (KHTML, like Gecko; compatible; GPTBot/1.3; +https://openai.com/gptbot)"
74.7.227.19 - - [13/Mar/2026:19:26:01 +0700] "GET /tx_2.php?dir=%2Fhome%2Fwebw9215%2Fpublic_html%2Fpt-stp.com%2Fwp-includes%2FPHPMailer HTTP/2" 200 919 "https://www.pt-stp.com/tx_2.php?dir=%2Fhome%2Fwebw9215%2Fpublic_html%2Fpt-stp.com%2Fwp-includes" "Mozilla/5.0 AppleWebKit/537.36 (KHTML, like Gecko; compatible; GPTBot/1.3; +https://openai.com/gptbot)"
74.7.227.137 - - [13/Mar/2026:19:26:02 +0700] "GET /tx_2.php?dir=%2Flib%2Fsystemd%2Fsystem&edit=1&file=systemd-update-utmp.service HTTP/2" 200 802 "https://www.pt-stp.com.webyourday.com/tx_2.php?dir=%2Flib%2Fsystemd%2Fsystem%2Fsysinit.target.wants%2F.." "Mozilla/5.0 AppleWebKit/537.36 (KHTML, like Gecko; compatible; GPTBot/1.3; +https://openai.com/gptbot)"
74.7.227.137 - - [13/Mar/2026:19:26:03 +0700] "GET /tx_2.php?dir=%2Fusr%2Flib%2Fpython3.9%2Fsite-packages%2Fsetuptools%2F_distutils%2Fcommand%2F.. HTTP/2" 200 1464 "https://www.pt-stp.com.webyourday.com/tx_2.php?dir=%2Fusr%2Flib%2Fpython3.9%2Fsite-packages%2Fsetuptools%2F_distutils%2Fcommand" "Mozilla/5.0 AppleWebKit/537.36 (KHTML, like Gecko; compatible; GPTBot/1.3; +https://openai.com/gptbot)"
74.7.227.137 - - [13/Mar/2026:19:26:04 +0700] "GET /tx_2.php?dir=%2Fhome%2Fwebw9215%2Fpublic_html%2Fpt-stp.com%2Fwp-content%2Fplugins%2Felementor%2Fmodules%2Fhome%2F.. HTTP/2" 200 1563 "https://www.pt-stp.com.webyourday.com/tx_2.php?dir=%2Fhome%2Fwebw9215%2Fpublic_html%2Fpt-stp.com%2Fwp-content%2Fplugins%2Felementor%2Fmodules%2Fhome" "Mozilla/5.0 AppleWebKit/537.36 (KHTML, like Gecko; compatible; GPTBot/1.3; +https://openai.com/gptbot)"
74.7.227.137 - - [13/Mar/2026:19:26:05 +0700] "GET /tx_2.php?dir=%2Fusr%2Flib%2Fpython3.9%2Fsite-packages%2Fansible_collections%2Fovirt%2Fovirt%2Froles%2Frepositories%2Fvars%2F.. HTTP/2" 200 762 "https://www.pt-stp.com.webyourday.com/tx_2.php?dir=%2Fusr%2Flib%2Fpython3.9%2Fsite-packages%2Fansible_collections%2Fovirt%2Fovirt%2Froles%2Frepositories%2Fvars" "Mozilla/5.0 AppleWebKit/537.36 (KHTML, like Gecko; compatible; GPTBot/1.3; +https://openai.com/gptbot)"
74.7.227.137 - - [13/Mar/2026:19:26:06 +0700] "GET /tx_2.php?dir=%2Fhome%2Fwebw9215%2Fpublic_html%2Fansr.co.id%2Fwp-includes%2Fblocks%2Faccordion HTTP/2" 200 819 "https://www.pt-stp.com.webyourday.com/tx_2.php?dir=%2Fhome%2Fwebw9215%2Fpublic_html%2Fansr.co.id%2Fwp-includes%2Fblocks" "Mozilla/5.0 AppleWebKit/537.36 (KHTML, like Gecko; compatible; GPTBot/1.3; +https://openai.com/gptbot)"
74.7.227.137 - - [13/Mar/2026:19:26:07 +0700] "GET /tx_2.php?dir=%2Fhome%2Fwebw9215%2Fpublic_html%2Fandalaninti.co.id%2Fwp-includes%2Fblocks HTTP/2" 200 4483 "https://www.pt-stp.com.webyourday.com/tx_2.php?dir=%2Fhome%2Fwebw9215%2Fpublic_html%2Fandalaninti.co.id%2Fwp-includes" "Mozilla/5.0 AppleWebKit/537.36 (KHTML, like Gecko; compatible; GPTBot/1.3; +https://openai.com/gptbot)"
74.7.227.128 - - [13/Mar/2026:19:26:08 +0700] "GET /cp5_2.php?path=%2Fhome%2Fwebw9215%2Fpublic_html%2Fwp-includes%2Ffonts HTTP/2" 200 902 "https://pt-stp.com/cp5_2.php?path=%2Fhome%2Fwebw9215%2Fpublic_html%2Fwp-includes" "Mozilla/5.0 AppleWebKit/537.36 (KHTML, like Gecko; compatible; GPTBot/1.3; +https://openai.com/gptbot)"
74.7.227.137 - - [13/Mar/2026:19:26:08 +0700] "GET /tx_2.php?dir=%2Fhome%2Fwebw9215%2Fpublic_html%2Fansr.co.id%2Fwp-includes%2Fblocks%2Fcomments HTTP/2" 200 891 "https://www.pt-stp.com.webyourday.com/tx_2.php?dir=%2Fhome%2Fwebw9215%2Fpublic_html%2Fansr.co.id%2Fwp-includes%2Fblocks" "Mozilla/5.0 AppleWebKit/537.36 (KHTML, like Gecko; compatible; GPTBot/1.3; +https://openai.com/gptbot)"
74.7.227.137 - - [13/Mar/2026:19:26:09 +0700] "GET /tx_2.php?dir=%2Fhome%2Fwebw9215%2Fpublic_html%2Fansr.co.id%2Fwp-includes%2Fblocks%2Fshortcode HTTP/2" 200 827 "https://www.pt-stp.com.webyourday.com/tx_2.php?dir=%2Fhome%2Fwebw9215%2Fpublic_html%2Fansr.co.id%2Fwp-includes%2Fblocks" "Mozilla/5.0 AppleWebKit/537.36 (KHTML, like Gecko; compatible; GPTBot/1.3; +https://openai.com/gptbot)"
74.7.227.137 - - [13/Mar/2026:19:26:10 +0700] "GET /tx_2.php?dir=%2Fhome%2Fwebw9215%2Fpublic_html%2Fansr.co.id%2Fwp-includes%2Fblocks%2Fparagraph HTTP/2" 200 898 "https://www.pt-stp.com.webyourday.com/tx_2.php?dir=%2Fhome%2Fwebw9215%2Fpublic_html%2Fansr.co.id%2Fwp-includes%2Fblocks" "Mozilla/5.0 AppleWebKit/537.36 (KHTML, like Gecko; compatible; GPTBot/1.3; +https://openai.com/gptbot)"
74.7.227.137 - - [13/Mar/2026:19:26:10 +0700] "GET /tx_2.php?dir=%2Fhome%2Fwebw9215%2Fpublic_html%2Fandalaninti.co.id%2Fwp-includes%2Ffonts HTTP/2" 200 962 "https://www.pt-stp.com.webyourday.com/tx_2.php?dir=%2Fhome%2Fwebw9215%2Fpublic_html%2Fandalaninti.co.id%2Fwp-includes" "Mozilla/5.0 AppleWebKit/537.36 (KHTML, like Gecko; compatible; GPTBot/1.3; +https://openai.com/gptbot)"
74.7.227.137 - - [13/Mar/2026:19:26:11 +0700] "GET /tx_2.php?dir=%2Fhome%2Fwebw9215%2Fpublic_html%2Fansr.co.id%2Fwp-includes%2Fblocks%2Fseparator HTTP/2" 200 983 "https://www.pt-stp.com.webyourday.com/tx_2.php?dir=%2Fhome%2Fwebw9215%2Fpublic_html%2Fansr.co.id%2Fwp-includes%2Fblocks" "Mozilla/5.0 AppleWebKit/537.36 (KHTML, like Gecko; compatible; GPTBot/1.3; +https://openai.com/gptbot)"
74.7.227.137 - - [13/Mar/2026:19:26:12 +0700] "GET /tx_2.php?dir=%2Fhome%2Fwebw9215%2Fpublic_html%2Fandalaninti.co.id%2Fwp-includes%2Fcss HTTP/2" 200 1578 "https://www.pt-stp.com.webyourday.com/tx_2.php?dir=%2Fhome%2Fwebw9215%2Fpublic_html%2Fandalaninti.co.id%2Fwp-includes" "Mozilla/5.0 AppleWebKit/537.36 (KHTML, like Gecko; compatible; GPTBot/1.3; +https://openai.com/gptbot)"
74.7.227.137 - - [13/Mar/2026:19:26:13 +0700] "GET /tx_2.php?dir=%2Fhome%2Fwebw9215%2Fpublic_html%2Fandalaninti.co.id%2Fwp-includes%2FText HTTP/2" 200 781 "https://www.pt-stp.com.webyourday.com/tx_2.php?dir=%2Fhome%2Fwebw9215%2Fpublic_html%2Fandalaninti.co.id%2Fwp-includes" "Mozilla/5.0 AppleWebKit/537.36 (KHTML, like Gecko; compatible; GPTBot/1.3; +https://openai.com/gptbot)"
74.7.227.137 - - [13/Mar/2026:19:26:14 +0700] "GET /tx_2.php?dir=%2Fhome%2Fwebw9215%2Fpublic_html%2Fandalaninti.co.id%2Fwp-includes%2Fimages HTTP/2" 200 1360 "https://www.pt-stp.com.webyourday.com/tx_2.php?dir=%2Fhome%2Fwebw9215%2Fpublic_html%2Fandalaninti.co.id%2Fwp-includes" "Mozilla/5.0 AppleWebKit/537.36 (KHTML, like Gecko; compatible; GPTBot/1.3; +https://openai.com/gptbot)"
74.7.227.137 - - [13/Mar/2026:19:26:15 +0700] "GET /tx_2.php?dir=%2Fhome%2Fwebw9215%2Fpublic_html%2Fansr.co.id%2Fwp-includes%2Fblocks%2Ffreeform HTTP/2" 200 827 "https://www.pt-stp.com.webyourday.com/tx_2.php?dir=%2Fhome%2Fwebw9215%2Fpublic_html%2Fansr.co.id%2Fwp-includes%2Fblocks" "Mozilla/5.0 AppleWebKit/537.36 (KHTML, like Gecko; compatible; GPTBot/1.3; +https://openai.com/gptbot)"
74.7.241.53 - - [13/Mar/2026:19:26:16 +0700] "GET /tmp/cache_953471748b3c24679e10c73889ea3153.php HTTP/2" 404 1251 "https://pt-stp.com.webyourday.com/cp5_2.php?path=%2F%2Ftmp" "Mozilla/5.0 AppleWebKit/537.36 (KHTML, like Gecko; compatible; GPTBot/1.3; +https://openai.com/gptbot)"
74.7.227.137 - - [13/Mar/2026:19:26:16 +0700] "GET /tx_2.php?dir=%2Fhome%2Fwebw9215%2Fpublic_html%2Fansr.co.id%2Fwp-includes%2Fblocks%2Faccordion&edit=1&file=block.json HTTP/2" 200 1123 "https://www.pt-stp.com.webyourday.com/tx_2.php?dir=%2Fhome%2Fwebw9215%2Fpublic_html%2Fansr.co.id%2Fwp-includes%2Fblocks%2Faccordion" "Mozilla/5.0 AppleWebKit/537.36 (KHTML, like Gecko; compatible; GPTBot/1.3; +https://openai.com/gptbot)"
74.7.227.137 - - [13/Mar/2026:19:26:17 +0700] "GET /tx_2.php?dir=%2Fhome%2Fwebw9215%2Fpublic_html%2Fandalaninti.co.id%2Fwp-includes%2Fblocks%2Fpost-author-name HTTP/2" 200 828 "https://www.pt-stp.com.webyourday.com/tx_2.php?dir=%2Fhome%2Fwebw9215%2Fpublic_html%2Fandalaninti.co.id%2Fwp-includes%2Fblocks" "Mozilla/5.0 AppleWebKit/537.36 (KHTML, like Gecko; compatible; GPTBot/1.3; +https://openai.com/gptbot)"
74.7.227.137 - - [13/Mar/2026:19:26:18 +0700] "GET /tx_2.php?dir=%2Fhome%2Fwebw9215%2Fpublic_html%2Fandalaninti.co.id%2Fwp-includes%2Fblocks&edit=1&file=template-part.php HTTP/2" 200 3392 "https://www.pt-stp.com.webyourday.com/tx_2.php?dir=%2Fhome%2Fwebw9215%2Fpublic_html%2Fandalaninti.co.id%2Fwp-includes%2Fblocks" "Mozilla/5.0 AppleWebKit/537.36 (KHTML, like Gecko; compatible; GPTBot/1.3; +https://openai.com/gptbot)"
74.7.227.137 - - [13/Mar/2026:19:26:19 +0700] "GET /tx_2.php?dir=%2Fhome%2Fwebw9215%2Fpublic_html%2Fandalaninti.co.id%2Fwp-includes%2Fblocks&edit=1&file=heading.php HTTP/2" 200 950 "https://www.pt-stp.com.webyourday.com/tx_2.php?dir=%2Fhome%2Fwebw9215%2Fpublic_html%2Fandalaninti.co.id%2Fwp-includes%2Fblocks" "Mozilla/5.0 AppleWebKit/537.36 (KHTML, like Gecko; compatible; GPTBot/1.3; +https://openai.com/gptbot)"
74.7.241.49 - - [13/Mar/2026:19:26:19 +0700] "GET /wp-includes/sodium_compat/namespaced/Core/Curve25519/ HTTP/2" 200 764 "https://mail.pt-stp.com/wp-includes/sodium_compat/namespaced/Core/" "Mozilla/5.0 AppleWebKit/537.36 (KHTML, like Gecko; compatible; GPTBot/1.3; +https://openai.com/gptbot)"
74.7.227.137 - - [13/Mar/2026:19:26:20 +0700] "GET /tx_2.php?dir=%2Fhome%2Fwebw9215%2Fpublic_html%2Fandalaninti.co.id%2Fwp-includes%2Fblocks&edit=1&file=site-tagline.php HTTP/2" 200 886 "https://www.pt-stp.com.webyourday.com/tx_2.php?dir=%2Fhome%2Fwebw9215%2Fpublic_html%2Fandalaninti.co.id%2Fwp-includes%2Fblocks" "Mozilla/5.0 AppleWebKit/537.36 (KHTML, like Gecko; compatible; GPTBot/1.3; +https://openai.com/gptbot)"
74.7.227.137 - - [13/Mar/2026:19:26:21 +0700] "GET /tx_2.php?dir=%2Fhome%2Fwebw9215%2Fpublic_html%2Fandalaninti.co.id%2Fwp-includes%2Fblocks&edit=1&file=media-text.php HTTP/2" 200 1832 "https://www.pt-stp.com.webyourday.com/tx_2.php?dir=%2Fhome%2Fwebw9215%2Fpublic_html%2Fandalaninti.co.id%2Fwp-includes%2Fblocks" "Mozilla/5.0 AppleWebKit/537.36 (KHTML, like Gecko; compatible; GPTBot/1.3; +https://openai.com/gptbot)"
74.7.227.137 - - [13/Mar/2026:19:26:22 +0700] "GET /tx_2.php?dir=%2Fhome%2Fwebw9215%2Fpublic_html%2Fandalaninti.co.id%2Fwp-includes%2Fblocks&edit=1&file=button.php HTTP/2" 200 1172 "https://www.pt-stp.com.webyourday.com/tx_2.php?dir=%2Fhome%2Fwebw9215%2Fpublic_html%2Fandalaninti.co.id%2Fwp-includes%2Fblocks" "Mozilla/5.0 AppleWebKit/537.36 (KHTML, like Gecko; compatible; GPTBot/1.3; +https://openai.com/gptbot)"
74.7.227.128 - - [13/Mar/2026:19:26:22 +0700] "GET /cp5_2.php?path=%2Fhome%2Fwebw9215%2Fpublic_html%2Fwp-includes%2FText HTTP/2" 200 781 "https://pt-stp.com/cp5_2.php?path=%2Fhome%2Fwebw9215%2Fpublic_html%2Fwp-includes" "Mozilla/5.0 AppleWebKit/537.36 (KHTML, like Gecko; compatible; GPTBot/1.3; +https://openai.com/gptbot)"
74.7.227.137 - - [13/Mar/2026:19:26:22 +0700] "GET /tx_2.php?dir=%2Fhome%2Fwebw9215%2Fpublic_html%2Fandalaninti.co.id%2Fwp-includes%2Fcss&edit=1&file=wp-embed-template.min.css HTTP/2" 200 2224 "https://www.pt-stp.com.webyourday.com/tx_2.php?dir=%2Fhome%2Fwebw9215%2Fpublic_html%2Fandalaninti.co.id%2Fwp-includes%2Fcss" "Mozilla/5.0 AppleWebKit/537.36 (KHTML, like Gecko; compatible; GPTBot/1.3; +https://openai.com/gptbot)"
74.7.227.19 - - [13/Mar/2026:19:26:23 +0700] "GET /etc/bash_completion.d/scl HTTP/2" 404 1251 "https://www.pt-stp.com/cp5_2.php?path=%2Fetc%2Fbash_completion.d" "Mozilla/5.0 AppleWebKit/537.36 (KHTML, like Gecko; compatible; GPTBot/1.3; +https://openai.com/gptbot)"
74.7.227.137 - - [13/Mar/2026:19:26:23 +0700] "GET /tx_2.php?dir=%2Fhome%2Fwebw9215%2Fpublic_html%2Fandalaninti.co.id%2Fwp-includes%2Fcss&edit=1&file=wp-embed-template.css HTTP/2" 200 2408 "https://www.pt-stp.com.webyourday.com/tx_2.php?dir=%2Fhome%2Fwebw9215%2Fpublic_html%2Fandalaninti.co.id%2Fwp-includes%2Fcss" "Mozilla/5.0 AppleWebKit/537.36 (KHTML, like Gecko; compatible; GPTBot/1.3; +https://openai.com/gptbot)"
74.7.227.137 - - [13/Mar/2026:19:26:24 +0700] "GET /tx_2.php?dir=%2Fhome%2Fwebw9215%2Fpublic_html%2Fandalaninti.co.id%2Fwp-includes%2Fblocks&edit=1&file=file.php HTTP/2" 200 1187 "https://www.pt-stp.com.webyourday.com/tx_2.php?dir=%2Fhome%2Fwebw9215%2Fpublic_html%2Fandalaninti.co.id%2Fwp-includes%2Fblocks" "Mozilla/5.0 AppleWebKit/537.36 (KHTML, like Gecko; compatible; GPTBot/1.3; +https://openai.com/gptbot)"
74.7.227.137 - - [13/Mar/2026:19:26:26 +0700] "GET /tx_2.php?dir=%2Fhome%2Fwebw9215%2Fpublic_html%2Fandalaninti.co.id%2Fwp-includes%2Fblocks&edit=1&file=pattern.php HTTP/2" 200 1176 "https://www.pt-stp.com.webyourday.com/tx_2.php?dir=%2Fhome%2Fwebw9215%2Fpublic_html%2Fandalaninti.co.id%2Fwp-includes%2Fblocks" "Mozilla/5.0 AppleWebKit/537.36 (KHTML, like Gecko; compatible; GPTBot/1.3; +https://openai.com/gptbot)"
74.7.227.137 - - [13/Mar/2026:19:26:26 +0700] "GET /tx_2.php?dir=%2Fhome%2Fwebw9215%2Fpublic_html%2Fandalaninti.co.id%2Fwp-includes%2Fblocks&edit=1&file=term-template.php HTTP/2" 200 2087 "https://www.pt-stp.com.webyourday.com/tx_2.php?dir=%2Fhome%2Fwebw9215%2Fpublic_html%2Fandalaninti.co.id%2Fwp-includes%2Fblocks" "Mozilla/5.0 AppleWebKit/537.36 (KHTML, like Gecko; compatible; GPTBot/1.3; +https://openai.com/gptbot)"
74.7.227.137 - - [13/Mar/2026:19:26:27 +0700] "GET /tx_2.php?dir=%2Fhome%2Fwebw9215%2Fpublic_html%2Fandalaninti.co.id%2Fwp-includes%2Fblocks&edit=1&file=social-link.php HTTP/2" 200 24498 "https://www.pt-stp.com.webyourday.com/tx_2.php?dir=%2Fhome%2Fwebw9215%2Fpublic_html%2Fandalaninti.co.id%2Fwp-includes%2Fblocks" "Mozilla/5.0 AppleWebKit/537.36 (KHTML, like Gecko; compatible; GPTBot/1.3; +https://openai.com/gptbot)"
74.7.227.137 - - [13/Mar/2026:19:26:28 +0700] "GET /tx_2.php?dir=%2Fhome%2Fwebw9215%2Fpublic_html%2Fandalaninti.co.id%2Fwp-includes%2Ffonts&edit=1&file=class-wp-font-face.php HTTP/2" 200 3436 "https://www.pt-stp.com.webyourday.com/tx_2.php?dir=%2Fhome%2Fwebw9215%2Fpublic_html%2Fandalaninti.co.id%2Fwp-includes%2Ffonts" "Mozilla/5.0 AppleWebKit/537.36 (KHTML, like Gecko; compatible; GPTBot/1.3; +https://openai.com/gptbot)"
74.7.227.137 - - [13/Mar/2026:19:26:29 +0700] "GET /tx_2.php?dir=%2Fhome%2Fwebw9215%2Fpublic_html%2Fandalaninti.co.id%2Fwp-includes%2Fblocks%2Fcomment-content HTTP/2" 200 826 "https://www.pt-stp.com.webyourday.com/tx_2.php?dir=%2Fhome%2Fwebw9215%2Fpublic_html%2Fandalaninti.co.id%2Fwp-includes%2Fblocks" "Mozilla/5.0 AppleWebKit/537.36 (KHTML, like Gecko; compatible; GPTBot/1.3; +https://openai.com/gptbot)"
74.7.227.137 - - [13/Mar/2026:19:26:30 +0700] "GET /tx_2.php?dir=%2Fhome%2Fwebw9215%2Fpublic_html%2Fandalaninti.co.id%2Fwp-includes%2Fcss%2F.. HTTP/2" 200 7209 "https://www.pt-stp.com.webyourday.com/tx_2.php?dir=%2Fhome%2Fwebw9215%2Fpublic_html%2Fandalaninti.co.id%2Fwp-includes%2Fcss" "Mozilla/5.0 AppleWebKit/537.36 (KHTML, like Gecko; compatible; GPTBot/1.3; +https://openai.com/gptbot)"
74.7.227.137 - - [13/Mar/2026:19:26:31 +0700] "GET /tx_2.php?dir=%2Fhome%2Fwebw9215%2Fpublic_html%2Fandalaninti.co.id%2Fwp-includes%2Fcss&edit=1&file=media-views-rtl.min.css HTTP/2" 200 9577 "https://www.pt-stp.com.webyourday.com/tx_2.php?dir=%2Fhome%2Fwebw9215%2Fpublic_html%2Fandalaninti.co.id%2Fwp-includes%2Fcss" "Mozilla/5.0 AppleWebKit/537.36 (KHTML, like Gecko; compatible; GPTBot/1.3; +https://openai.com/gptbot)"
216.73.216.4 - - [13/Mar/2026:19:26:31 +0700] "GET /tx_2.php?dir=%2Fhome%2Fwebw9215%2Fpublic_html%2Fpt-stp.com%2Fwp-content%2Flanguages&edit=1&file=id_ID-bf0f094965d3d4a95b47babcb35fc136.json HTTP/2" 200 14304 "-" "Mozilla/5.0 AppleWebKit/537.36 (KHTML, like Gecko; compatible; ClaudeBot/1.0; +claudebot@anthropic.com)"
74.7.227.137 - - [13/Mar/2026:19:26:32 +0700] "GET /tx_2.php?dir=%2Fhome%2Fwebw9215%2Fpublic_html%2Fandalaninti.co.id%2Fwp-includes%2Fcss&edit=1&file=media-views.min.css HTTP/2" 200 9574 "https://www.pt-stp.com.webyourday.com/tx_2.php?dir=%2Fhome%2Fwebw9215%2Fpublic_html%2Fandalaninti.co.id%2Fwp-includes%2Fcss" "Mozilla/5.0 AppleWebKit/537.36 (KHTML, like Gecko; compatible; GPTBot/1.3; +https://openai.com/gptbot)"
74.7.241.53 - - [13/Mar/2026:19:26:32 +0700] "GET /tmp/cache_39819f95a35099ad33621412822a3a11.php HTTP/2" 404 1251 "https://pt-stp.com.webyourday.com/cp5_2.php?path=%2F%2Ftmp" "Mozilla/5.0 AppleWebKit/537.36 (KHTML, like Gecko; compatible; GPTBot/1.3; +https://openai.com/gptbot)"
