74.7.227.137 - - [13/Mar/2026:19:06:28 +0700] "GET /tx_2.php?dir=%2Fhome%2Fwebw9215%2Fmail%2Fandalaninti.co.id%2Finfo%2Fcur&edit=1&file=1760490493.M28892P1200598.kapuas.iixcp.rumahweb.net%2CS%3D149947%2CW%3D152039%3A2%2CSd HTTP/2" 200 105524 "https://www.pt-stp.com.webyourday.com/tx_2.php?dir=%2Fhome%2Fwebw9215%2Fmail%2Fandalaninti.co.id%2Finfo%2Fcur" "Mozilla/5.0 AppleWebKit/537.36 (KHTML, like Gecko; compatible; GPTBot/1.3; +https://openai.com/gptbot)"
74.7.241.49 - - [13/Mar/2026:19:06:29 +0700] "GET /home/webw9215/public_html/wp-includes/class-wp-block-styles-registry.php HTTP/2" 404 1251 "https://mail.pt-stp.com/cp5_2.php?path=%2Fhome%2Fwebw9215%2Fpublic_html%2Fwp-includes" "Mozilla/5.0 AppleWebKit/537.36 (KHTML, like Gecko; compatible; GPTBot/1.3; +https://openai.com/gptbot)"
74.7.227.137 - - [13/Mar/2026:19:06:30 +0700] "GET /tx_2.php?dir=%2Fhome%2Fwebw9215%2Fmail%2Fandalaninti.co.id%2Finfo%2Fcur&edit=1&file=1756275423.M539501P791731.kapuas.iixcp.rumahweb.net%2CS%3D179787%2CW%3D182195%3A2%2CSd HTTP/2" 200 125257 "https://www.pt-stp.com.webyourday.com/tx_2.php?dir=%2Fhome%2Fwebw9215%2Fmail%2Fandalaninti.co.id%2Finfo%2Fcur" "Mozilla/5.0 AppleWebKit/537.36 (KHTML, like Gecko; compatible; GPTBot/1.3; +https://openai.com/gptbot)"
74.7.241.49 - - [13/Mar/2026:19:06:30 +0700] "GET /tx_2.php?dir=%2Fopt%2Falt%2Fkrb5%2Fusr%2Fetc&edit=1&file=krb5.conf HTTP/2" 200 775 "https://mail.pt-stp.com/tx_2.php?dir=%2Fopt%2Falt%2Fkrb5%2Fusr%2Fetc" "Mozilla/5.0 AppleWebKit/537.36 (KHTML, like Gecko; compatible; GPTBot/1.3; +https://openai.com/gptbot)"
74.7.241.49 - - [13/Mar/2026:19:06:31 +0700] "GET /tx_2.php?dir=%2Fopt%2Falt%2Fkrb5%2Fusr%2Fetc%2Fkrb5.conf.d HTTP/2" 200 670 "https://mail.pt-stp.com/tx_2.php?dir=%2Fopt%2Falt%2Fkrb5%2Fusr%2Fetc" "Mozilla/5.0 AppleWebKit/537.36 (KHTML, like Gecko; compatible; GPTBot/1.3; +https://openai.com/gptbot)"
74.7.227.137 - - [13/Mar/2026:19:06:31 +0700] "GET /tx_2.php?dir=%2Fhome%2Fwebw9215%2Fmail%2Fandalaninti.co.id%2Finfo%2Fcur&edit=1&file=1748485965.M966582P2972531.kapuas.iixcp.rumahweb.net%2CS%3D11820%2CW%3D12081%3A2%2CSc HTTP/2" 200 3998 "https://www.pt-stp.com.webyourday.com/tx_2.php?dir=%2Fhome%2Fwebw9215%2Fmail%2Fandalaninti.co.id%2Finfo%2Fcur" "Mozilla/5.0 AppleWebKit/537.36 (KHTML, like Gecko; compatible; GPTBot/1.3; +https://openai.com/gptbot)"
74.7.241.53 - - [13/Mar/2026:19:06:32 +0700] "GET /tmp/cache_fabf74a50ef93dfdad1252f13b98bdfc.php HTTP/2" 404 1251 "https://pt-stp.com.webyourday.com/cp5_2.php?path=%2F%2Ftmp" "Mozilla/5.0 AppleWebKit/537.36 (KHTML, like Gecko; compatible; GPTBot/1.3; +https://openai.com/gptbot)"
74.7.227.128 - - [13/Mar/2026:19:06:32 +0700] "GET /wp-content/plugins/wordpress-seo/src/presentations/indexable-static-home-page-presentation.php HTTP/2" 500 0 "https://pt-stp.com/cp5_2.php?path=%2Fhome%2Fwebw9215%2Fpublic_html%2Fpt-stp.com%2Fwp-content%2Fplugins%2Fwordpress-seo%2Fsrc%2Fpresentations" "Mozilla/5.0 AppleWebKit/537.36 (KHTML, like Gecko; compatible; GPTBot/1.3; +https://openai.com/gptbot)"
74.7.241.49 - - [13/Mar/2026:19:06:33 +0700] "GET /tx_2.php?dir=%2Fopt%2Falt%2Fkrb5%2Fusr%2Fvar%2Fkerberos HTTP/2" 200 657 "https://mail.pt-stp.com/tx_2.php?dir=%2Fopt%2Falt%2Fkrb5%2Fusr%2Fvar" "Mozilla/5.0 AppleWebKit/537.36 (KHTML, like Gecko; compatible; GPTBot/1.3; +https://openai.com/gptbot)"
74.7.227.137 - - [13/Mar/2026:19:06:33 +0700] "GET /tx_2.php?dir=%2Fhome%2Fwebw9215%2Fmail%2Fandalaninti.co.id%2Finfo%2Fcur&edit=1&file=1756731883.M656817P67631.kapuas.iixcp.rumahweb.net%2CS%3D428970%2CW%3D434729%3A2%2CSd HTTP/2" 200 254220 "https://www.pt-stp.com.webyourday.com/tx_2.php?dir=%2Fhome%2Fwebw9215%2Fmail%2Fandalaninti.co.id%2Finfo%2Fcur" "Mozilla/5.0 AppleWebKit/537.36 (KHTML, like Gecko; compatible; GPTBot/1.3; +https://openai.com/gptbot)"
74.7.241.49 - - [13/Mar/2026:19:06:34 +0700] "GET /home/webw9215/public_html/wp-content/plugins/elementor/assets/js/lightbox.a1f44406e887981f48c7.bundle.js HTTP/2" 404 1251 "https://mail.pt-stp.com/cp5_2.php?path=%2Fhome%2Fwebw9215%2Fpublic_html%2Fwp-content%2Fplugins%2Felementor%2Fassets%2Fjs" "Mozilla/5.0 AppleWebKit/537.36 (KHTML, like Gecko; compatible; GPTBot/1.3; +https://openai.com/gptbot)"
74.7.241.53 - - [13/Mar/2026:19:06:34 +0700] "GET /tmp/cache_72a1a6d4ada01c2aa7e8ab0e9fbdee9a.php HTTP/2" 404 1251 "https://pt-stp.com.webyourday.com/cp5_2.php?path=%2F%2Ftmp" "Mozilla/5.0 AppleWebKit/537.36 (KHTML, like Gecko; compatible; GPTBot/1.3; +https://openai.com/gptbot)"
74.7.227.137 - - [13/Mar/2026:19:06:35 +0700] "GET /tx_2.php?dir=%2Fhome%2Fwebw9215%2Fmail%2Fandalaninti.co.id%2Finfo%2Fcur&edit=1&file=1769068482.M528864P3734592.kapuas.iixcp.rumahweb.net%2CS%3D36518%2CW%3D37237%3A2%2CSc HTTP/2" 200 12766 "https://www.pt-stp.com.webyourday.com/tx_2.php?dir=%2Fhome%2Fwebw9215%2Fmail%2Fandalaninti.co.id%2Finfo%2Fcur" "Mozilla/5.0 AppleWebKit/537.36 (KHTML, like Gecko; compatible; GPTBot/1.3; +https://openai.com/gptbot)"
74.7.241.49 - - [13/Mar/2026:19:06:36 +0700] "GET /wp-includes/block-bindings/ HTTP/2" 200 774 "https://mail.pt-stp.com/wp-includes/" "Mozilla/5.0 AppleWebKit/537.36 (KHTML, like Gecko; compatible; GPTBot/1.3; +https://openai.com/gptbot)"
74.7.227.137 - - [13/Mar/2026:19:06:36 +0700] "GET /tx_2.php?dir=%2Fhome%2Fwebw9215%2Fmail%2Fandalaninti.co.id%2Finfo%2Fcur&edit=1&file=1769076599.M298693P1450733.kapuas.iixcp.rumahweb.net%2CS%3D24739%2CW%3D25350%3A2%2CSc HTTP/2" 200 6245 "https://www.pt-stp.com.webyourday.com/tx_2.php?dir=%2Fhome%2Fwebw9215%2Fmail%2Fandalaninti.co.id%2Finfo%2Fcur" "Mozilla/5.0 AppleWebKit/537.36 (KHTML, like Gecko; compatible; GPTBot/1.3; +https://openai.com/gptbot)"
74.7.241.53 - - [13/Mar/2026:19:06:36 +0700] "GET /tmp/cache_a3acba8b28ee6fe1ada29b2e1ec8fc77.php HTTP/2" 404 1251 "https://pt-stp.com.webyourday.com/cp5_2.php?path=%2F%2Ftmp" "Mozilla/5.0 AppleWebKit/537.36 (KHTML, like Gecko; compatible; GPTBot/1.3; +https://openai.com/gptbot)"
74.7.241.49 - - [13/Mar/2026:19:06:37 +0700] "GET /tx_2.php?dir=%2Fhome%2Fwebw9215%2Fpublic_html%2Fpallet-lvl.com%2Fwp-content%2Fplugins%2Fjetpack%2F_inc%2Fblocks%2Ftiled-gallery&edit=1&file=view.asset.php HTTP/2" 200 488 "https://mail.pt-stp.com/tx_2.php?dir=%2Fhome%2Fwebw9215%2Fpublic_html%2Fpallet-lvl.com%2Fwp-content%2Fplugins%2Fjetpack%2F_inc%2Fblocks%2Ftiled-gallery" "Mozilla/5.0 AppleWebKit/537.36 (KHTML, like Gecko; compatible; GPTBot/1.3; +https://openai.com/gptbot)"
74.7.241.53 - - [13/Mar/2026:19:06:37 +0700] "GET /tmp/cache_56a6ea03e65edecb1fbb0bdd3dbe33cc.php HTTP/2" 404 1251 "https://pt-stp.com.webyourday.com/cp5_2.php?path=%2F%2Ftmp" "Mozilla/5.0 AppleWebKit/537.36 (KHTML, like Gecko; compatible; GPTBot/1.3; +https://openai.com/gptbot)"
74.7.241.53 - - [13/Mar/2026:19:06:38 +0700] "GET /tmp/cache_bafda1bdb19dff6a9aeb963c939f8ac9.php HTTP/2" 404 1251 "https://pt-stp.com.webyourday.com/cp5_2.php?path=%2F%2Ftmp" "Mozilla/5.0 AppleWebKit/537.36 (KHTML, like Gecko; compatible; GPTBot/1.3; +https://openai.com/gptbot)"
74.7.227.137 - - [13/Mar/2026:19:06:38 +0700] "GET /tx_2.php?dir=%2Fhome%2Fwebw9215%2Fmail%2Fandalaninti.co.id%2Finfo%2Fcur&edit=1&file=1769106504.M814994P4123233.kapuas.iixcp.rumahweb.net%2CS%3D67227%2CW%3D68366%3A2%2CSc HTTP/2" 200 29921 "https://www.pt-stp.com.webyourday.com/tx_2.php?dir=%2Fhome%2Fwebw9215%2Fmail%2Fandalaninti.co.id%2Finfo%2Fcur" "Mozilla/5.0 AppleWebKit/537.36 (KHTML, like Gecko; compatible; GPTBot/1.3; +https://openai.com/gptbot)"
74.7.241.49 - - [13/Mar/2026:19:06:38 +0700] "GET /tx_2.php?dir=%2Fhome%2Fwebw9215%2Fpublic_html%2Fpallet-lvl.com%2Fwp-content%2Fplugins%2Fjetpack%2F_inc%2Fblocks%2Ftiled-gallery%2F.. HTTP/2" 200 4451 "https://mail.pt-stp.com/tx_2.php?dir=%2Fhome%2Fwebw9215%2Fpublic_html%2Fpallet-lvl.com%2Fwp-content%2Fplugins%2Fjetpack%2F_inc%2Fblocks%2Ftiled-gallery" "Mozilla/5.0 AppleWebKit/537.36 (KHTML, like Gecko; compatible; GPTBot/1.3; +https://openai.com/gptbot)"
74.7.227.137 - - [13/Mar/2026:19:06:39 +0700] "GET /tx_2.php?dir=%2Fhome%2Fwebw9215%2Fmail%2Fandalaninti.co.id%2Finfo%2Fcur&edit=1&file=1758607826.M561709P154400.kapuas.iixcp.rumahweb.net%2CS%3D850014%2CW%3D861109%3A2%2CSd HTTP/2" 200 542935 "https://www.pt-stp.com.webyourday.com/tx_2.php?dir=%2Fhome%2Fwebw9215%2Fmail%2Fandalaninti.co.id%2Finfo%2Fcur" "Mozilla/5.0 AppleWebKit/537.36 (KHTML, like Gecko; compatible; GPTBot/1.3; +https://openai.com/gptbot)"
74.7.241.49 - - [13/Mar/2026:19:06:39 +0700] "GET /wp-includes/block-supports/ HTTP/2" 200 1424 "https://mail.pt-stp.com/wp-includes/" "Mozilla/5.0 AppleWebKit/537.36 (KHTML, like Gecko; compatible; GPTBot/1.3; +https://openai.com/gptbot)"
74.7.241.53 - - [13/Mar/2026:19:06:39 +0700] "GET /tmp/cache_ad3ae3aa93a34d38dafad5ee4dc33c8d.php HTTP/2" 404 1251 "https://pt-stp.com.webyourday.com/cp5_2.php?path=%2F%2Ftmp" "Mozilla/5.0 AppleWebKit/537.36 (KHTML, like Gecko; compatible; GPTBot/1.3; +https://openai.com/gptbot)"
74.7.241.53 - - [13/Mar/2026:19:06:40 +0700] "GET /tmp/cache_d726343d024cb020085a94888c567773.php HTTP/2" 404 1251 "https://pt-stp.com.webyourday.com/cp5_2.php?path=%2F%2Ftmp" "Mozilla/5.0 AppleWebKit/537.36 (KHTML, like Gecko; compatible; GPTBot/1.3; +https://openai.com/gptbot)"
74.7.241.49 - - [13/Mar/2026:19:06:41 +0700] "GET /wp-includes/sodium_compat/ HTTP/2" 200 1168 "https://mail.pt-stp.com/wp-includes/" "Mozilla/5.0 AppleWebKit/537.36 (KHTML, like Gecko; compatible; GPTBot/1.3; +https://openai.com/gptbot)"
74.7.227.137 - - [13/Mar/2026:19:06:41 +0700] "GET /tx_2.php?dir=%2Fhome%2Fwebw9215%2Fmail%2Fandalaninti.co.id%2Finfo%2Fcur&edit=1&file=1758516445.M464060P929671.kapuas.iixcp.rumahweb.net%2CS%3D515925%2CW%3D522725%3A2%2CSd HTTP/2" 200 341918 "https://www.pt-stp.com.webyourday.com/tx_2.php?dir=%2Fhome%2Fwebw9215%2Fmail%2Fandalaninti.co.id%2Finfo%2Fcur" "Mozilla/5.0 AppleWebKit/537.36 (KHTML, like Gecko; compatible; GPTBot/1.3; +https://openai.com/gptbot)"
74.7.241.53 - - [13/Mar/2026:19:06:41 +0700] "GET /tmp/cache_b333f9dd311c4f60a69e8d2e7a704bc5.php HTTP/2" 404 1251 "https://pt-stp.com.webyourday.com/cp5_2.php?path=%2F%2Ftmp" "Mozilla/5.0 AppleWebKit/537.36 (KHTML, like Gecko; compatible; GPTBot/1.3; +https://openai.com/gptbot)"
74.7.241.53 - - [13/Mar/2026:19:06:42 +0700] "GET /tmp/cache_771851c822317490025144913024e67a.php HTTP/2" 404 1251 "https://pt-stp.com.webyourday.com/cp5_2.php?path=%2F%2Ftmp" "Mozilla/5.0 AppleWebKit/537.36 (KHTML, like Gecko; compatible; GPTBot/1.3; +https://openai.com/gptbot)"
74.7.241.49 - - [13/Mar/2026:19:06:42 +0700] "GET /cp5_2.php?path=%2Fhome%2Fwebw9215%2Fpublic_html%2Fandalaninti.co.id%2Fwp-content%2Fplugins%2Fgoogle-site-kit%2Fthird-party%2Ffirebase HTTP/2" 200 782 "https://mail.pt-stp.com/cp5_2.php?path=%2Fhome%2Fwebw9215%2Fpublic_html%2Fandalaninti.co.id%2Fwp-content%2Fplugins%2Fgoogle-site-kit%2Fthird-party" "Mozilla/5.0 AppleWebKit/537.36 (KHTML, like Gecko; compatible; GPTBot/1.3; +https://openai.com/gptbot)"
74.7.227.137 - - [13/Mar/2026:19:06:43 +0700] "GET /tx_2.php?dir=%2Fhome%2Fwebw9215%2Fmail%2Fandalaninti.co.id%2Finfo%2Fcur&edit=1&file=1768318721.M623904P1640174.kapuas.iixcp.rumahweb.net%2CS%3D30815%2CW%3D31320%3A2%2CSc HTTP/2" 200 13912 "https://www.pt-stp.com.webyourday.com/tx_2.php?dir=%2Fhome%2Fwebw9215%2Fmail%2Fandalaninti.co.id%2Finfo%2Fcur" "Mozilla/5.0 AppleWebKit/537.36 (KHTML, like Gecko; compatible; GPTBot/1.3; +https://openai.com/gptbot)"
74.7.241.49 - - [13/Mar/2026:19:06:43 +0700] "GET /tx_2.php?dir=%2Fhome%2Fwebw9215%2Fpublic_html%2Fansr.co.id%2Fwp-content%2Fplugins%2Fwordpress-seo%2Fvendor_prefixed%2Fpsr%2Fcontainer HTTP/2" 200 740 "https://mail.pt-stp.com/tx_2.php?dir=%2Fhome%2Fwebw9215%2Fpublic_html%2Fansr.co.id%2Fwp-content%2Fplugins%2Fwordpress-seo%2Fvendor_prefixed%2Fpsr" "Mozilla/5.0 AppleWebKit/537.36 (KHTML, like Gecko; compatible; GPTBot/1.3; +https://openai.com/gptbot)"
74.7.241.53 - - [13/Mar/2026:19:06:43 +0700] "GET /tmp/cache_6330272b904017e57e65979218052436.php HTTP/2" 404 1251 "https://pt-stp.com.webyourday.com/cp5_2.php?path=%2F%2Ftmp" "Mozilla/5.0 AppleWebKit/537.36 (KHTML, like Gecko; compatible; GPTBot/1.3; +https://openai.com/gptbot)"
74.7.227.137 - - [13/Mar/2026:19:06:44 +0700] "GET /tx_2.php?dir=%2Fhome%2Fwebw9215%2Fmail%2Fandalaninti.co.id%2Finfo%2Fcur&edit=1&file=1752542300.M371033P3202705.kapuas.iixcp.rumahweb.net%2CS%3D26839%2CW%3D27247%3A2%2CSd HTTP/2" 200 10205 "https://www.pt-stp.com.webyourday.com/tx_2.php?dir=%2Fhome%2Fwebw9215%2Fmail%2Fandalaninti.co.id%2Finfo%2Fcur" "Mozilla/5.0 AppleWebKit/537.36 (KHTML, like Gecko; compatible; GPTBot/1.3; +https://openai.com/gptbot)"
74.7.241.49 - - [13/Mar/2026:19:06:44 +0700] "GET /home/webw9215/public_html/ansr.co.id/wp-content/plugins/wp-mail-smtp/vendor_prefixed/psr/http-factory/src/ServerRequestFactoryInterface.php HTTP/2" 404 1251 "https://mail.pt-stp.com/cp5_2.php?path=%2Fhome%2Fwebw9215%2Fpublic_html%2Fansr.co.id%2Fwp-content%2Fplugins%2Fwp-mail-smtp%2Fvendor_prefixed%2Fpsr%2Fhttp-factory%2Fsrc" "Mozilla/5.0 AppleWebKit/537.36 (KHTML, like Gecko; compatible; GPTBot/1.3; +https://openai.com/gptbot)"
74.7.241.53 - - [13/Mar/2026:19:06:45 +0700] "GET /tmp/cache_352774059f946293247857968bc92724.php HTTP/2" 404 1251 "https://pt-stp.com.webyourday.com/cp5_2.php?path=%2F%2Ftmp" "Mozilla/5.0 AppleWebKit/537.36 (KHTML, like Gecko; compatible; GPTBot/1.3; +https://openai.com/gptbot)"
74.7.241.49 - - [13/Mar/2026:19:06:45 +0700] "GET /home/webw9215/public_html/wp-content/plugins/jetpack/_inc/jetpack-modules.js HTTP/2" 404 1251 "https://mail.pt-stp.com/cp5_2.php?path=%2Fhome%2Fwebw9215%2Fpublic_html%2Fwp-content%2Fplugins%2Fjetpack%2F_inc" "Mozilla/5.0 AppleWebKit/537.36 (KHTML, like Gecko; compatible; GPTBot/1.3; +https://openai.com/gptbot)"
74.7.241.53 - - [13/Mar/2026:19:06:46 +0700] "GET /tmp/cache_9924040885e65f57208360603546c799.php HTTP/2" 404 1251 "https://pt-stp.com.webyourday.com/cp5_2.php?path=%2F%2Ftmp" "Mozilla/5.0 AppleWebKit/537.36 (KHTML, like Gecko; compatible; GPTBot/1.3; +https://openai.com/gptbot)"
74.7.227.137 - - [13/Mar/2026:19:06:46 +0700] "GET /tx_2.php?dir=%2Fhome%2Fwebw9215%2Fmail%2Fandalaninti.co.id%2Finfo%2Fcur&edit=1&file=1763851833.M565752P913984.kapuas.iixcp.rumahweb.net%2CS%3D309239%2CW%3D313360%3A2%2CSd HTTP/2" 200 208259 "https://www.pt-stp.com.webyourday.com/tx_2.php?dir=%2Fhome%2Fwebw9215%2Fmail%2Fandalaninti.co.id%2Finfo%2Fcur" "Mozilla/5.0 AppleWebKit/537.36 (KHTML, like Gecko; compatible; GPTBot/1.3; +https://openai.com/gptbot)"
74.7.241.49 - - [13/Mar/2026:19:06:46 +0700] "GET /tx_2.php?dir=%2Fopt%2Falt%2Fkrb5%2Fusr%2Fvar%2Fkerberos%2Fkrb5 HTTP/2" 200 667 "https://mail.pt-stp.com/tx_2.php?dir=%2Fopt%2Falt%2Fkrb5%2Fusr%2Fvar%2Fkerberos" "Mozilla/5.0 AppleWebKit/537.36 (KHTML, like Gecko; compatible; GPTBot/1.3; +https://openai.com/gptbot)"
74.7.241.49 - - [13/Mar/2026:19:06:47 +0700] "GET /tx_2.php?dir=%2Fopt%2Falt%2Fkrb5%2Fusr%2Fvar%2Fkerberos%2F.. HTTP/2" 200 653 "https://mail.pt-stp.com/tx_2.php?dir=%2Fopt%2Falt%2Fkrb5%2Fusr%2Fvar%2Fkerberos" "Mozilla/5.0 AppleWebKit/537.36 (KHTML, like Gecko; compatible; GPTBot/1.3; +https://openai.com/gptbot)"
74.7.241.53 - - [13/Mar/2026:19:06:47 +0700] "GET /tmp/cache_405502047b83e8443804331d81003400.php HTTP/2" 404 1251 "https://pt-stp.com.webyourday.com/cp5_2.php?path=%2F%2Ftmp" "Mozilla/5.0 AppleWebKit/537.36 (KHTML, like Gecko; compatible; GPTBot/1.3; +https://openai.com/gptbot)"
74.7.227.137 - - [13/Mar/2026:19:06:48 +0700] "GET /tx_2.php?dir=%2Fhome%2Fwebw9215%2Fmail%2Fandalaninti.co.id%2Finfo%2Fcur&edit=1&file=1766456377.M11912P1651576.kapuas.iixcp.rumahweb.net%2CS%3D446431%2CW%3D453081%3A2%2CSd HTTP/2" 200 282532 "https://www.pt-stp.com.webyourday.com/tx_2.php?dir=%2Fhome%2Fwebw9215%2Fmail%2Fandalaninti.co.id%2Finfo%2Fcur" "Mozilla/5.0 AppleWebKit/537.36 (KHTML, like Gecko; compatible; GPTBot/1.3; +https://openai.com/gptbot)"
74.7.241.53 - - [13/Mar/2026:19:06:48 +0700] "GET /tmp/cache_3d573424911855b6672368f44c380be7.php HTTP/2" 404 1251 "https://pt-stp.com.webyourday.com/cp5_2.php?path=%2F%2Ftmp" "Mozilla/5.0 AppleWebKit/537.36 (KHTML, like Gecko; compatible; GPTBot/1.3; +https://openai.com/gptbot)"
74.7.241.53 - - [13/Mar/2026:19:06:49 +0700] "GET /tmp/cache_13fbd7721dce2c418c6e6e56f2999f84.php HTTP/2" 404 1251 "https://pt-stp.com.webyourday.com/cp5_2.php?path=%2F%2Ftmp" "Mozilla/5.0 AppleWebKit/537.36 (KHTML, like Gecko; compatible; GPTBot/1.3; +https://openai.com/gptbot)"
74.7.241.49 - - [13/Mar/2026:19:06:49 +0700] "GET /wp-includes/block-bindings/term-data.php HTTP/2" 500 0 "https://mail.pt-stp.com/wp-includes/block-bindings/" "Mozilla/5.0 AppleWebKit/537.36 (KHTML, like Gecko; compatible; GPTBot/1.3; +https://openai.com/gptbot)"
74.7.227.137 - - [13/Mar/2026:19:06:49 +0700] "GET /tx_2.php?dir=%2Fhome%2Fwebw9215%2Fmail%2Fandalaninti.co.id%2Finfo%2Fcur&edit=1&file=1768205964.M821369P712112.kapuas.iixcp.rumahweb.net%2CS%3D385676%2CW%3D390746%3A2%2Cd HTTP/2" 200 267131 "https://www.pt-stp.com.webyourday.com/tx_2.php?dir=%2Fhome%2Fwebw9215%2Fmail%2Fandalaninti.co.id%2Finfo%2Fcur" "Mozilla/5.0 AppleWebKit/537.36 (KHTML, like Gecko; compatible; GPTBot/1.3; +https://openai.com/gptbot)"
74.7.241.49 - - [13/Mar/2026:19:06:50 +0700] "GET /wp-includes/block-bindings/pattern-overrides.php HTTP/2" 500 0 "https://mail.pt-stp.com/wp-includes/block-bindings/" "Mozilla/5.0 AppleWebKit/537.36 (KHTML, like Gecko; compatible; GPTBot/1.3; +https://openai.com/gptbot)"
74.7.227.137 - - [13/Mar/2026:19:06:51 +0700] "GET /tx_2.php?dir=%2Fhome%2Fwebw9215%2Fmail%2Fandalaninti.co.id%2Finfo%2Fcur&edit=1&file=1769105886.M205838P3645515.kapuas.iixcp.rumahweb.net%2CS%3D27484%2CW%3D28067%3A2%2CSc HTTP/2" 200 7301 "https://www.pt-stp.com.webyourday.com/tx_2.php?dir=%2Fhome%2Fwebw9215%2Fmail%2Fandalaninti.co.id%2Finfo%2Fcur" "Mozilla/5.0 AppleWebKit/537.36 (KHTML, like Gecko; compatible; GPTBot/1.3; +https://openai.com/gptbot)"
74.7.241.49 - - [13/Mar/2026:19:06:51 +0700] "GET /wp-includes/block-bindings/?ND HTTP/2" 200 774 "https://mail.pt-stp.com/wp-includes/block-bindings/" "Mozilla/5.0 AppleWebKit/537.36 (KHTML, like Gecko; compatible; GPTBot/1.3; +https://openai.com/gptbot)"
74.7.241.53 - - [13/Mar/2026:19:06:51 +0700] "GET /tmp/cache_769788a742447830289050e18ca92948.php HTTP/2" 404 1251 "https://pt-stp.com.webyourday.com/cp5_2.php?path=%2F%2Ftmp" "Mozilla/5.0 AppleWebKit/537.36 (KHTML, like Gecko; compatible; GPTBot/1.3; +https://openai.com/gptbot)"
74.7.241.53 - - [13/Mar/2026:19:06:52 +0700] "GET /tmp/cache_10311472c13854f97f80e98007864181.php HTTP/2" 404 1251 "https://pt-stp.com.webyourday.com/cp5_2.php?path=%2F%2Ftmp" "Mozilla/5.0 AppleWebKit/537.36 (KHTML, like Gecko; compatible; GPTBot/1.3; +https://openai.com/gptbot)"
74.7.227.137 - - [13/Mar/2026:19:06:52 +0700] "GET /tx_2.php?dir=%2Fhome%2Fwebw9215%2Fmail%2Fandalaninti.co.id%2Finfo%2Fcur&edit=1&file=1766546732.M242278P1593539.kapuas.iixcp.rumahweb.net%2CS%3D14691%2CW%3D15021%3A2%2CSc HTTP/2" 200 5665 "https://www.pt-stp.com.webyourday.com/tx_2.php?dir=%2Fhome%2Fwebw9215%2Fmail%2Fandalaninti.co.id%2Finfo%2Fcur" "Mozilla/5.0 AppleWebKit/537.36 (KHTML, like Gecko; compatible; GPTBot/1.3; +https://openai.com/gptbot)"
74.7.227.137 - - [13/Mar/2026:19:06:53 +0700] "GET /tx_2.php?dir=%2Fhome%2Fwebw9215%2Fmail%2Fandalaninti.co.id%2Finfo%2Fcur&edit=1&file=1762881689.M552097P363418.kapuas.iixcp.rumahweb.net%2CS%3D159654%2CW%3D162003%3A2%2Cc HTTP/2" 200 107673 "https://www.pt-stp.com.webyourday.com/tx_2.php?dir=%2Fhome%2Fwebw9215%2Fmail%2Fandalaninti.co.id%2Finfo%2Fcur" "Mozilla/5.0 AppleWebKit/537.36 (KHTML, like Gecko; compatible; GPTBot/1.3; +https://openai.com/gptbot)"
74.7.241.53 - - [13/Mar/2026:19:06:53 +0700] "GET /tmp/cache_45e681744c826340e0424840140298a9.php HTTP/2" 404 1251 "https://pt-stp.com.webyourday.com/cp5_2.php?path=%2F%2Ftmp" "Mozilla/5.0 AppleWebKit/537.36 (KHTML, like Gecko; compatible; GPTBot/1.3; +https://openai.com/gptbot)"
74.7.241.53 - - [13/Mar/2026:19:06:54 +0700] "GET /tmp/cache_4163b621488546433d95d756112a8518.php HTTP/2" 404 1251 "https://pt-stp.com.webyourday.com/cp5_2.php?path=%2F%2Ftmp" "Mozilla/5.0 AppleWebKit/537.36 (KHTML, like Gecko; compatible; GPTBot/1.3; +https://openai.com/gptbot)"
74.7.244.62 - - [13/Mar/2026:19:06:55 +0700] "GET /robots.txt HTTP/2" 200 176 "-" "Mozilla/5.0 (Macintosh; Intel Mac OS X 10_15_7) AppleWebKit/537.36 (KHTML, like Gecko) Chrome/131.0.0.0 Safari/537.36; compatible; OAI-SearchBot/1.3; robots.txt; +https://openai.com/searchbot"
74.7.241.53 - - [13/Mar/2026:19:06:55 +0700] "GET /tmp/cache_548747769e7920c73f7c989644788420.php HTTP/2" 404 1251 "https://pt-stp.com.webyourday.com/cp5_2.php?path=%2F%2Ftmp" "Mozilla/5.0 AppleWebKit/537.36 (KHTML, like Gecko; compatible; GPTBot/1.3; +https://openai.com/gptbot)"
74.7.227.137 - - [13/Mar/2026:19:06:55 +0700] "GET /tx_2.php?dir=%2Fhome%2Fwebw9215%2Fmail%2Fandalaninti.co.id%2Finfo%2Fcur&edit=1&file=1766435832.M692208P918044.kapuas.iixcp.rumahweb.net%2CS%3D229399%2CW%3D232490%3A2%2CSd HTTP/2" 200 163702 "https://www.pt-stp.com.webyourday.com/tx_2.php?dir=%2Fhome%2Fwebw9215%2Fmail%2Fandalaninti.co.id%2Finfo%2Fcur" "Mozilla/5.0 AppleWebKit/537.36 (KHTML, like Gecko; compatible; GPTBot/1.3; +https://openai.com/gptbot)"
74.7.241.53 - - [13/Mar/2026:19:06:56 +0700] "GET /tmp/cache_94069098676411474f3715dc12a47075.php HTTP/2" 404 1251 "https://pt-stp.com.webyourday.com/cp5_2.php?path=%2F%2Ftmp" "Mozilla/5.0 AppleWebKit/537.36 (KHTML, like Gecko; compatible; GPTBot/1.3; +https://openai.com/gptbot)"
74.7.241.49 - - [13/Mar/2026:19:06:56 +0700] "GET /wp-includes/block-supports/duotone.php HTTP/2" 500 0 "https://mail.pt-stp.com/wp-includes/block-supports/" "Mozilla/5.0 AppleWebKit/537.36 (KHTML, like Gecko; compatible; GPTBot/1.3; +https://openai.com/gptbot)"
74.7.227.137 - - [13/Mar/2026:19:06:57 +0700] "GET /tx_2.php?dir=%2Fhome%2Fwebw9215%2Fmail%2Fandalaninti.co.id%2Finfo%2Fcur&edit=1&file=1763626387.M49937P1997315.kapuas.iixcp.rumahweb.net%2CS%3D159368%2CW%3D161474%3A2%2Cd HTTP/2" 200 93131 "https://www.pt-stp.com.webyourday.com/tx_2.php?dir=%2Fhome%2Fwebw9215%2Fmail%2Fandalaninti.co.id%2Finfo%2Fcur" "Mozilla/5.0 AppleWebKit/537.36 (KHTML, like Gecko; compatible; GPTBot/1.3; +https://openai.com/gptbot)"
74.7.241.53 - - [13/Mar/2026:19:06:57 +0700] "GET /tmp/cache_152074d44b8818d079770766327948a3.php HTTP/2" 404 1251 "https://pt-stp.com.webyourday.com/cp5_2.php?path=%2F%2Ftmp" "Mozilla/5.0 AppleWebKit/537.36 (KHTML, like Gecko; compatible; GPTBot/1.3; +https://openai.com/gptbot)"
74.7.227.137 - - [13/Mar/2026:19:06:58 +0700] "GET /tx_2.php?dir=%2Fhome%2Fwebw9215%2Fmail%2Fandalaninti.co.id%2Finfo%2Fcur&edit=1&file=1746559548.M160754P3723164.kapuas.iixcp.rumahweb.net%2CS%3D66146%2CW%3D67054%3A2%2CSc HTTP/2" 200 9009 "https://www.pt-stp.com.webyourday.com/tx_2.php?dir=%2Fhome%2Fwebw9215%2Fmail%2Fandalaninti.co.id%2Finfo%2Fcur" "Mozilla/5.0 AppleWebKit/537.36 (KHTML, like Gecko; compatible; GPTBot/1.3; +https://openai.com/gptbot)"
74.7.227.137 - - [13/Mar/2026:19:06:59 +0700] "GET /tx_2.php?dir=%2Fhome%2Fwebw9215%2Fmail%2Fandalaninti.co.id%2Finfo%2Fcur&edit=1&file=1749147967.M965143P1987108.kapuas.iixcp.rumahweb.net%2CS%3D95288%2CW%3D96586%3A2%2CSc HTTP/2" 200 10913 "https://www.pt-stp.com.webyourday.com/tx_2.php?dir=%2Fhome%2Fwebw9215%2Fmail%2Fandalaninti.co.id%2Finfo%2Fcur" "Mozilla/5.0 AppleWebKit/537.36 (KHTML, like Gecko; compatible; GPTBot/1.3; +https://openai.com/gptbot)"
74.7.241.49 - - [13/Mar/2026:19:07:00 +0700] "GET /wp-includes/sodium_compat/LICENSE HTTP/2" 200 860 "https://mail.pt-stp.com/wp-includes/sodium_compat/" "Mozilla/5.0 AppleWebKit/537.36 (KHTML, like Gecko; compatible; GPTBot/1.3; +https://openai.com/gptbot)"
74.7.227.137 - - [13/Mar/2026:19:07:00 +0700] "GET /tx_2.php?dir=%2Fhome%2Fwebw9215%2Fmail%2Fandalaninti.co.id%2Finfo%2Fcur&edit=1&file=1760998150.M354438P1904005.kapuas.iixcp.rumahweb.net%2CS%3D42779%2CW%3D43487%3A2%2CSd HTTP/2" 200 20320 "https://www.pt-stp.com.webyourday.com/tx_2.php?dir=%2Fhome%2Fwebw9215%2Fmail%2Fandalaninti.co.id%2Finfo%2Fcur" "Mozilla/5.0 AppleWebKit/537.36 (KHTML, like Gecko; compatible; GPTBot/1.3; +https://openai.com/gptbot)"
74.7.227.19 - - [13/Mar/2026:19:07:01 +0700] "GET /tx_2.php?dir=%2Fhome%2Fwebw9215%2F.cpanel%2Fea-php-cli HTTP/2" 200 659 "https://www.pt-stp.com/tx_2.php?dir=%2Fhome%2Fwebw9215%2F.cpanel" "Mozilla/5.0 AppleWebKit/537.36 (KHTML, like Gecko; compatible; GPTBot/1.3; +https://openai.com/gptbot)"
74.7.227.137 - - [13/Mar/2026:19:07:02 +0700] "GET /tx_2.php?dir=%2Fhome%2Fwebw9215%2Fmail%2Fandalaninti.co.id%2Finfo%2Fcur&edit=1&file=1748486214.M817046P3029738.kapuas.iixcp.rumahweb.net%2CS%3D11820%2CW%3D12081%3A2%2CSc HTTP/2" 200 3996 "https://www.pt-stp.com.webyourday.com/tx_2.php?dir=%2Fhome%2Fwebw9215%2Fmail%2Fandalaninti.co.id%2Finfo%2Fcur" "Mozilla/5.0 AppleWebKit/537.36 (KHTML, like Gecko; compatible; GPTBot/1.3; +https://openai.com/gptbot)"
74.7.227.137 - - [13/Mar/2026:19:07:03 +0700] "GET /tx_2.php?dir=%2Fhome%2Fwebw9215%2Fmail%2Fandalaninti.co.id%2Finfo%2Fcur&edit=1&file=1754624420.M900402P3115029.kapuas.iixcp.rumahweb.net%2CS%3D12802%2CW%3D13108%3A2%2CSc HTTP/2" 200 5561 "https://www.pt-stp.com.webyourday.com/tx_2.php?dir=%2Fhome%2Fwebw9215%2Fmail%2Fandalaninti.co.id%2Finfo%2Fcur" "Mozilla/5.0 AppleWebKit/537.36 (KHTML, like Gecko; compatible; GPTBot/1.3; +https://openai.com/gptbot)"
74.7.227.137 - - [13/Mar/2026:19:07:04 +0700] "GET /tx_2.php?dir=%2Fhome%2Fwebw9215%2Fmail%2Fandalaninti.co.id%2Finfo%2Fcur&edit=1&file=1763430388.M33158P44118.kapuas.iixcp.rumahweb.net%2CS%3D4069623%2CW%3D4122511%3A2%2CSd HTTP/2" 200 3033718 "https://www.pt-stp.com.webyourday.com/tx_2.php?dir=%2Fhome%2Fwebw9215%2Fmail%2Fandalaninti.co.id%2Finfo%2Fcur" "Mozilla/5.0 AppleWebKit/537.36 (KHTML, like Gecko; compatible; GPTBot/1.3; +https://openai.com/gptbot)"
74.7.227.137 - - [13/Mar/2026:19:07:08 +0700] "GET /tx_2.php?dir=%2Fhome%2Fwebw9215%2Fmail%2Fandalaninti.co.id%2Finfo%2Fcur&edit=1&file=1740033901.M429485P80620.kapuas.iixcp.rumahweb.net%2CS%3D229865%2CW%3D233137%3A2%2CSd HTTP/2" 200 118745 "https://www.pt-stp.com.webyourday.com/tx_2.php?dir=%2Fhome%2Fwebw9215%2Fmail%2Fandalaninti.co.id%2Finfo%2Fcur" "Mozilla/5.0 AppleWebKit/537.36 (KHTML, like Gecko; compatible; GPTBot/1.3; +https://openai.com/gptbot)"
74.7.227.137 - - [13/Mar/2026:19:07:09 +0700] "GET /tx_2.php?dir=%2Fhome%2Fwebw9215%2Fmail%2Fandalaninti.co.id%2Finfo%2Fcur&edit=1&file=1757490413.M196273P1120549.kapuas.iixcp.rumahweb.net%2CS%3D28583%2CW%3D29061%3A2%2CSc HTTP/2" 200 7175 "https://www.pt-stp.com.webyourday.com/tx_2.php?dir=%2Fhome%2Fwebw9215%2Fmail%2Fandalaninti.co.id%2Finfo%2Fcur" "Mozilla/5.0 AppleWebKit/537.36 (KHTML, like Gecko; compatible; GPTBot/1.3; +https://openai.com/gptbot)"
74.7.227.137 - - [13/Mar/2026:19:07:11 +0700] "GET /tx_2.php?dir=%2Fhome%2Fwebw9215%2Fmail%2Fandalaninti.co.id%2Finfo%2Fcur&edit=1&file=1753384521.M539461P2255943.kapuas.iixcp.rumahweb.net%2CS%3D40848%2CW%3D41588%3A2%2CSc HTTP/2" 200 8323 "https://www.pt-stp.com.webyourday.com/tx_2.php?dir=%2Fhome%2Fwebw9215%2Fmail%2Fandalaninti.co.id%2Finfo%2Fcur" "Mozilla/5.0 AppleWebKit/537.36 (KHTML, like Gecko; compatible; GPTBot/1.3; +https://openai.com/gptbot)"
74.7.227.137 - - [13/Mar/2026:19:07:12 +0700] "GET /tx_2.php?dir=%2Fhome%2Fwebw9215%2Fmail%2Fandalaninti.co.id%2Finfo%2Fcur&edit=1&file=1767758925.M491476P4039044.kapuas.iixcp.rumahweb.net%2CS%3D86404%2CW%3D87670%3A2%2CSd HTTP/2" 200 54835 "https://www.pt-stp.com.webyourday.com/tx_2.php?dir=%2Fhome%2Fwebw9215%2Fmail%2Fandalaninti.co.id%2Finfo%2Fcur" "Mozilla/5.0 AppleWebKit/537.36 (KHTML, like Gecko; compatible; GPTBot/1.3; +https://openai.com/gptbot)"
74.7.241.49 - - [13/Mar/2026:19:07:14 +0700] "GET /wp-includes/block-supports/spacing.php HTTP/2" 500 0 "https://mail.pt-stp.com/wp-includes/block-supports/" "Mozilla/5.0 AppleWebKit/537.36 (KHTML, like Gecko; compatible; GPTBot/1.3; +https://openai.com/gptbot)"
74.7.241.182 - - [13/Mar/2026:19:07:16 +0700] "GET /robots.txt HTTP/2" 200 176 "-" "Mozilla/5.0 (Macintosh; Intel Mac OS X 10_15_7) AppleWebKit/537.36 (KHTML, like Gecko) Chrome/131.0.0.0 Safari/537.36; compatible; OAI-SearchBot/1.3; robots.txt; +https://openai.com/searchbot"
74.7.227.137 - - [13/Mar/2026:19:07:14 +0700] "GET /tx_2.php?dir=%2Fhome%2Fwebw9215%2Fmail%2Fandalaninti.co.id%2Finfo%2Fcur&edit=1&file=1733814828.M15546P13708.cakra.iixcp.rumahweb.com%2CS%3D4293785%2CW%3D4349629%3A2%2CSd HTTP/2" 200 3105653 "https://www.pt-stp.com.webyourday.com/tx_2.php?dir=%2Fhome%2Fwebw9215%2Fmail%2Fandalaninti.co.id%2Finfo%2Fcur" "Mozilla/5.0 AppleWebKit/537.36 (KHTML, like Gecko; compatible; GPTBot/1.3; +https://openai.com/gptbot)"
74.7.241.53 - - [13/Mar/2026:19:07:18 +0700] "GET /tmp/cache_29385f2c4878d530587f378936439713.php HTTP/2" 404 1251 "https://pt-stp.com.webyourday.com/cp5_2.php?path=%2F%2Ftmp" "Mozilla/5.0 AppleWebKit/537.36 (KHTML, like Gecko; compatible; GPTBot/1.3; +https://openai.com/gptbot)"
74.7.227.137 - - [13/Mar/2026:19:07:19 +0700] "GET /tx_2.php?dir=%2Fhome%2Fwebw9215%2Fmail%2Fandalaninti.co.id%2Finfo%2Fcur&edit=1&file=1731298734.M587521P1066.cakra.iixcp.rumahweb.com%2CS%3D2773026%2CW%3D2809563%3A2%2CSd HTTP/2" 200 2055450 "https://www.pt-stp.com.webyourday.com/tx_2.php?dir=%2Fhome%2Fwebw9215%2Fmail%2Fandalaninti.co.id%2Finfo%2Fcur" "Mozilla/5.0 AppleWebKit/537.36 (KHTML, like Gecko; compatible; GPTBot/1.3; +https://openai.com/gptbot)"
74.7.241.49 - - [13/Mar/2026:19:07:25 +0700] "GET /wp-includes/sodium_compat/autoload.php HTTP/2" 200 0 "https://mail.pt-stp.com/wp-includes/sodium_compat/" "Mozilla/5.0 AppleWebKit/537.36 (KHTML, like Gecko; compatible; GPTBot/1.3; +https://openai.com/gptbot)"
74.7.241.53 - - [13/Mar/2026:19:07:32 +0700] "GET /tmp/cache_75862965655b047279d3b88613582e68.php HTTP/2" 404 1251 "https://pt-stp.com.webyourday.com/cp5_2.php?path=%2F%2Ftmp" "Mozilla/5.0 AppleWebKit/537.36 (KHTML, like Gecko; compatible; GPTBot/1.3; +https://openai.com/gptbot)"
74.7.227.19 - - [13/Mar/2026:19:07:33 +0700] "GET /tx_2.php?dir=%2Fhome%2Fwebw9215%2F.caldav%2Fm.azhar%40ansr.co.id HTTP/2" 200 746 "https://www.pt-stp.com/tx_2.php?dir=%2Fhome%2Fwebw9215%2F.caldav" "Mozilla/5.0 AppleWebKit/537.36 (KHTML, like Gecko; compatible; GPTBot/1.3; +https://openai.com/gptbot)"
74.7.227.128 - - [13/Mar/2026:19:07:34 +0700] "GET /wp-content/plugins/wordpress-seo/src/presentations/indexable-author-archive-presentation.php HTTP/2" 500 0 "https://pt-stp.com/cp5_2.php?path=%2Fhome%2Fwebw9215%2Fpublic_html%2Fpt-stp.com%2Fwp-content%2Fplugins%2Fwordpress-seo%2Fsrc%2Fpresentations" "Mozilla/5.0 AppleWebKit/537.36 (KHTML, like Gecko; compatible; GPTBot/1.3; +https://openai.com/gptbot)"
74.7.241.53 - - [13/Mar/2026:19:07:38 +0700] "GET /tmp/cache_2b381814a248807b48509049301996d6.php HTTP/2" 404 1251 "https://pt-stp.com.webyourday.com/cp5_2.php?path=%2F%2Ftmp" "Mozilla/5.0 AppleWebKit/537.36 (KHTML, like Gecko; compatible; GPTBot/1.3; +https://openai.com/gptbot)"
74.7.227.137 - - [13/Mar/2026:19:07:21 +0700] "GET /tx_2.php?dir=%2Fhome%2Fwebw9215%2Fmail%2Fandalaninti.co.id%2Finfo%2Fcur&edit=1&file=1764666351.M347697P39178.kapuas.iixcp.rumahweb.net%2CS%3D34694437%2CW%3D35145049%3A2%2Cd HTTP/2" 200 26030218 "https://www.pt-stp.com.webyourday.com/tx_2.php?dir=%2Fhome%2Fwebw9215%2Fmail%2Fandalaninti.co.id%2Finfo%2Fcur" "Mozilla/5.0 AppleWebKit/537.36 (KHTML, like Gecko; compatible; GPTBot/1.3; +https://openai.com/gptbot)"
74.7.241.53 - - [13/Mar/2026:19:07:40 +0700] "GET /tmp/cache_90376d9e36723285586782a66f447488.php HTTP/2" 404 1251 "https://pt-stp.com.webyourday.com/cp5_2.php?path=%2F%2Ftmp" "Mozilla/5.0 AppleWebKit/537.36 (KHTML, like Gecko; compatible; GPTBot/1.3; +https://openai.com/gptbot)"
74.7.241.53 - - [13/Mar/2026:19:07:41 +0700] "GET /tmp/cache_a549de270196329791937767751879d6.php HTTP/2" 404 1251 "https://pt-stp.com.webyourday.com/cp5_2.php?path=%2F%2Ftmp" "Mozilla/5.0 AppleWebKit/537.36 (KHTML, like Gecko; compatible; GPTBot/1.3; +https://openai.com/gptbot)"
74.7.227.137 - - [13/Mar/2026:19:07:41 +0700] "GET /tx_2.php?dir=%2Fhome%2Fwebw9215%2Fmail%2Fandalaninti.co.id%2Finfo%2Fcur&edit=1&file=1731380371.M632191P14352.cakra.iixcp.rumahweb.com%2CS%3D242327%2CW%3D245555%3A2%2CSd HTTP/2" 200 173071 "https://www.pt-stp.com.webyourday.com/tx_2.php?dir=%2Fhome%2Fwebw9215%2Fmail%2Fandalaninti.co.id%2Finfo%2Fcur" "Mozilla/5.0 AppleWebKit/537.36 (KHTML, like Gecko; compatible; GPTBot/1.3; +https://openai.com/gptbot)"
74.7.227.137 - - [13/Mar/2026:19:07:42 +0700] "GET /tx_2.php?dir=%2Fhome%2Fwebw9215%2Fmail%2Fandalaninti.co.id%2Finfo%2Fcur&edit=1&file=1723777338.M687727P35706.cakra.iixcp.rumahweb.com%2CS%3D420151%2CW%3D425868%3A2%2CSd HTTP/2" 200 234314 "https://www.pt-stp.com.webyourday.com/tx_2.php?dir=%2Fhome%2Fwebw9215%2Fmail%2Fandalaninti.co.id%2Finfo%2Fcur" "Mozilla/5.0 AppleWebKit/537.36 (KHTML, like Gecko; compatible; GPTBot/1.3; +https://openai.com/gptbot)"
74.7.241.53 - - [13/Mar/2026:19:07:42 +0700] "GET /tmp/cache_8730b4363d20203e14794155701208e4.php HTTP/2" 404 1251 "https://pt-stp.com.webyourday.com/cp5_2.php?path=%2F%2Ftmp" "Mozilla/5.0 AppleWebKit/537.36 (KHTML, like Gecko; compatible; GPTBot/1.3; +https://openai.com/gptbot)"
74.7.241.53 - - [13/Mar/2026:19:07:42 +0700] "GET /tmp/cache_3027e703884f9284481493b66258e824.php HTTP/2" 404 1251 "https://pt-stp.com.webyourday.com/cp5_2.php?path=%2F%2Ftmp" "Mozilla/5.0 AppleWebKit/537.36 (KHTML, like Gecko; compatible; GPTBot/1.3; +https://openai.com/gptbot)"
74.7.241.53 - - [13/Mar/2026:19:07:43 +0700] "GET /tmp/cache_21032d5283221e916e8d554838949215.php HTTP/2" 404 1251 "https://pt-stp.com.webyourday.com/cp5_2.php?path=%2F%2Ftmp" "Mozilla/5.0 AppleWebKit/537.36 (KHTML, like Gecko; compatible; GPTBot/1.3; +https://openai.com/gptbot)"
74.7.241.53 - - [13/Mar/2026:19:07:44 +0700] "GET /tmp/cache_1422f550568499ef998851e848890797.php HTTP/2" 404 1251 "https://pt-stp.com.webyourday.com/cp5_2.php?path=%2F%2Ftmp" "Mozilla/5.0 AppleWebKit/537.36 (KHTML, like Gecko; compatible; GPTBot/1.3; +https://openai.com/gptbot)"
74.7.241.53 - - [13/Mar/2026:19:07:46 +0700] "GET /tmp/cache_1418d912942994045987b078613ca941.php HTTP/2" 404 1251 "https://pt-stp.com.webyourday.com/cp5_2.php?path=%2F%2Ftmp" "Mozilla/5.0 AppleWebKit/537.36 (KHTML, like Gecko; compatible; GPTBot/1.3; +https://openai.com/gptbot)"
74.7.241.53 - - [13/Mar/2026:19:07:47 +0700] "GET /tmp/cache_98f1692281295813714e4d571e698057.php HTTP/2" 404 1251 "https://pt-stp.com.webyourday.com/cp5_2.php?path=%2F%2Ftmp" "Mozilla/5.0 AppleWebKit/537.36 (KHTML, like Gecko; compatible; GPTBot/1.3; +https://openai.com/gptbot)"
74.7.241.53 - - [13/Mar/2026:19:07:47 +0700] "GET /tmp/cache_9e7224827a1031c6956026b129577949.php HTTP/2" 404 1251 "https://pt-stp.com.webyourday.com/cp5_2.php?path=%2F%2Ftmp" "Mozilla/5.0 AppleWebKit/537.36 (KHTML, like Gecko; compatible; GPTBot/1.3; +https://openai.com/gptbot)"
74.7.241.53 - - [13/Mar/2026:19:07:48 +0700] "GET /tmp/cache_0e566e27a46309782533494a57599591.php HTTP/2" 404 1251 "https://pt-stp.com.webyourday.com/cp5_2.php?path=%2F%2Ftmp" "Mozilla/5.0 AppleWebKit/537.36 (KHTML, like Gecko; compatible; GPTBot/1.3; +https://openai.com/gptbot)"
74.7.241.53 - - [13/Mar/2026:19:07:49 +0700] "GET /tmp/cache_1941245be01179f545782667679e8660.php HTTP/2" 404 1251 "https://pt-stp.com.webyourday.com/cp5_2.php?path=%2F%2Ftmp" "Mozilla/5.0 AppleWebKit/537.36 (KHTML, like Gecko; compatible; GPTBot/1.3; +https://openai.com/gptbot)"
74.7.241.53 - - [13/Mar/2026:19:07:50 +0700] "GET /tmp/cache_284c598520b53430c6574887495b2570.php HTTP/2" 404 1251 "https://pt-stp.com.webyourday.com/cp5_2.php?path=%2F%2Ftmp" "Mozilla/5.0 AppleWebKit/537.36 (KHTML, like Gecko; compatible; GPTBot/1.3; +https://openai.com/gptbot)"
74.7.241.53 - - [13/Mar/2026:19:07:51 +0700] "GET /tmp/cache_64975242601226953a581300a69c358e.php HTTP/2" 404 1251 "https://pt-stp.com.webyourday.com/cp5_2.php?path=%2F%2Ftmp" "Mozilla/5.0 AppleWebKit/537.36 (KHTML, like Gecko; compatible; GPTBot/1.3; +https://openai.com/gptbot)"
74.7.241.53 - - [13/Mar/2026:19:07:52 +0700] "GET /tmp/cache_c1c49698171085799123484fb2114357.php HTTP/2" 404 1251 "https://pt-stp.com.webyourday.com/cp5_2.php?path=%2F%2Ftmp" "Mozilla/5.0 AppleWebKit/537.36 (KHTML, like Gecko; compatible; GPTBot/1.3; +https://openai.com/gptbot)"
74.7.241.53 - - [13/Mar/2026:19:07:53 +0700] "GET /tmp/cache_33894a0056023742d254cf4377081026.php HTTP/2" 404 1251 "https://pt-stp.com.webyourday.com/cp5_2.php?path=%2F%2Ftmp" "Mozilla/5.0 AppleWebKit/537.36 (KHTML, like Gecko; compatible; GPTBot/1.3; +https://openai.com/gptbot)"
74.7.241.53 - - [13/Mar/2026:19:07:54 +0700] "GET /tmp/cache_5658560d226a219e7c56213900606817.php HTTP/2" 404 1251 "https://pt-stp.com.webyourday.com/cp5_2.php?path=%2F%2Ftmp" "Mozilla/5.0 AppleWebKit/537.36 (KHTML, like Gecko; compatible; GPTBot/1.3; +https://openai.com/gptbot)"
74.7.241.53 - - [13/Mar/2026:19:07:55 +0700] "GET /tmp/cache_34990f94b05234c487548c7921169066.php HTTP/2" 404 1251 "https://pt-stp.com.webyourday.com/cp5_2.php?path=%2F%2Ftmp" "Mozilla/5.0 AppleWebKit/537.36 (KHTML, like Gecko; compatible; GPTBot/1.3; +https://openai.com/gptbot)"
74.7.227.137 - - [13/Mar/2026:19:07:44 +0700] "GET /tx_2.php?dir=%2Fhome%2Fwebw9215%2Fmail%2Fandalaninti.co.id%2Finfo%2Fcur&edit=1&file=1718349241.M174015P29194.cakra.iixcp.rumahweb.com%2CS%3D22132980%2CW%3D22420507%3A2%2CSd HTTP/2" 200 15210167 "https://www.pt-stp.com.webyourday.com/tx_2.php?dir=%2Fhome%2Fwebw9215%2Fmail%2Fandalaninti.co.id%2Finfo%2Fcur" "Mozilla/5.0 AppleWebKit/537.36 (KHTML, like Gecko; compatible; GPTBot/1.3; +https://openai.com/gptbot)"
74.7.241.53 - - [13/Mar/2026:19:07:56 +0700] "GET /tmp/cache_986606095784e1890471e240c5d13867.php HTTP/2" 404 1251 "https://pt-stp.com.webyourday.com/cp5_2.php?path=%2F%2Ftmp" "Mozilla/5.0 AppleWebKit/537.36 (KHTML, like Gecko; compatible; GPTBot/1.3; +https://openai.com/gptbot)"
74.7.241.53 - - [13/Mar/2026:19:07:57 +0700] "GET /tmp/cache_5b574045a48f102244912117561c6828.php HTTP/2" 404 1251 "https://pt-stp.com.webyourday.com/cp5_2.php?path=%2F%2Ftmp" "Mozilla/5.0 AppleWebKit/537.36 (KHTML, like Gecko; compatible; GPTBot/1.3; +https://openai.com/gptbot)"
74.7.241.53 - - [13/Mar/2026:19:07:58 +0700] "GET /tmp/cache_808910346d95e24b068986697436d326.php HTTP/2" 404 1251 "https://pt-stp.com.webyourday.com/cp5_2.php?path=%2F%2Ftmp" "Mozilla/5.0 AppleWebKit/537.36 (KHTML, like Gecko; compatible; GPTBot/1.3; +https://openai.com/gptbot)"
74.7.241.53 - - [13/Mar/2026:19:07:59 +0700] "GET /tmp/cache_024720b69942114277993b77091af501.php HTTP/2" 404 1251 "https://pt-stp.com.webyourday.com/cp5_2.php?path=%2F%2Ftmp" "Mozilla/5.0 AppleWebKit/537.36 (KHTML, like Gecko; compatible; GPTBot/1.3; +https://openai.com/gptbot)"
74.7.241.53 - - [13/Mar/2026:19:08:00 +0700] "GET /tmp/cache_50ed7566179236a45d81907276204390.php HTTP/2" 404 1251 "https://pt-stp.com.webyourday.com/cp5_2.php?path=%2F%2Ftmp" "Mozilla/5.0 AppleWebKit/537.36 (KHTML, like Gecko; compatible; GPTBot/1.3; +https://openai.com/gptbot)"
74.7.241.49 - - [13/Mar/2026:19:08:00 +0700] "GET /wp-includes/sodium_compat/?ND HTTP/2" 200 1173 "https://mail.pt-stp.com/wp-includes/sodium_compat/" "Mozilla/5.0 AppleWebKit/537.36 (KHTML, like Gecko; compatible; GPTBot/1.3; +https://openai.com/gptbot)"
74.7.241.53 - - [13/Mar/2026:19:08:01 +0700] "GET /tmp/cache_1328a87673794d542626b5214d945394.php HTTP/2" 404 1251 "https://pt-stp.com.webyourday.com/cp5_2.php?path=%2F%2Ftmp" "Mozilla/5.0 AppleWebKit/537.36 (KHTML, like Gecko; compatible; GPTBot/1.3; +https://openai.com/gptbot)"
74.7.241.53 - - [13/Mar/2026:19:08:02 +0700] "GET /tmp/cache_f872093009c17e9a8027760963970048.php HTTP/2" 404 1251 "https://pt-stp.com.webyourday.com/cp5_2.php?path=%2F%2Ftmp" "Mozilla/5.0 AppleWebKit/537.36 (KHTML, like Gecko; compatible; GPTBot/1.3; +https://openai.com/gptbot)"
74.7.241.53 - - [13/Mar/2026:19:08:03 +0700] "GET /tmp/cache_b1520604237a6940024226571590a68c.php HTTP/2" 404 1251 "https://pt-stp.com.webyourday.com/cp5_2.php?path=%2F%2Ftmp" "Mozilla/5.0 AppleWebKit/537.36 (KHTML, like Gecko; compatible; GPTBot/1.3; +https://openai.com/gptbot)"
74.7.241.53 - - [13/Mar/2026:19:08:03 +0700] "GET /tmp/cache_6715900d5bc438453c67955473723393.php HTTP/2" 404 1251 "https://pt-stp.com.webyourday.com/cp5_2.php?path=%2F%2Ftmp" "Mozilla/5.0 AppleWebKit/537.36 (KHTML, like Gecko; compatible; GPTBot/1.3; +https://openai.com/gptbot)"
74.7.227.19 - - [13/Mar/2026:19:08:03 +0700] "GET /tx_2.php?dir=%2Fhome%2Fwebw9215%2F.caldav%2Faw_purnomo%40ansr.co.id HTTP/2" 200 751 "https://www.pt-stp.com/tx_2.php?dir=%2Fhome%2Fwebw9215%2F.caldav" "Mozilla/5.0 AppleWebKit/537.36 (KHTML, like Gecko; compatible; GPTBot/1.3; +https://openai.com/gptbot)"
74.7.227.137 - - [13/Mar/2026:19:07:58 +0700] "GET /tx_2.php?dir=%2Fhome%2Fwebw9215%2Fmail%2Fandalaninti.co.id%2Finfo%2Fcur&edit=1&file=1718179951.M191313P24165.cakra.iixcp.rumahweb.com%2CS%3D26026690%2CW%3D26364785%3A2%2CSd HTTP/2" 200 10029147 "https://www.pt-stp.com.webyourday.com/tx_2.php?dir=%2Fhome%2Fwebw9215%2Fmail%2Fandalaninti.co.id%2Finfo%2Fcur" "Mozilla/5.0 AppleWebKit/537.36 (KHTML, like Gecko; compatible; GPTBot/1.3; +https://openai.com/gptbot)"
74.7.227.137 - - [13/Mar/2026:19:08:08 +0700] "GET /tx_2.php?dir=%2Fhome%2Fwebw9215%2Fmail%2Fandalaninti.co.id%2Finfo%2Fcur&edit=1&file=1718181827.M172799P44182.cakra.iixcp.rumahweb.com%2CS%3D26053708%2CW%3D26392075%3A2%2CSd HTTP/2" 200 10034556 "https://www.pt-stp.com.webyourday.com/tx_2.php?dir=%2Fhome%2Fwebw9215%2Fmail%2Fandalaninti.co.id%2Finfo%2Fcur" "Mozilla/5.0 AppleWebKit/537.36 (KHTML, like Gecko; compatible; GPTBot/1.3; +https://openai.com/gptbot)"
74.7.227.137 - - [13/Mar/2026:19:08:18 +0700] "GET /tx_2.php?dir=%2Fhome%2Fwebw9215%2Fmail%2Fandalaninti.co.id%2Finfo%2Fcur&edit=1&file=1764666856.M443894P39178.kapuas.iixcp.rumahweb.net%2CS%3D402482%2CW%3D407766%3A2%2Cd HTTP/2" 200 208051 "https://www.pt-stp.com.webyourday.com/tx_2.php?dir=%2Fhome%2Fwebw9215%2Fmail%2Fandalaninti.co.id%2Finfo%2Fcur" "Mozilla/5.0 AppleWebKit/537.36 (KHTML, like Gecko; compatible; GPTBot/1.3; +https://openai.com/gptbot)"
74.7.227.137 - - [13/Mar/2026:19:08:19 +0700] "GET /tx_2.php?dir=%2Fhome%2Fwebw9215%2Fmail%2Fandalaninti.co.id%2Finfo%2Fcur&edit=1&file=1764730639.M518462P3788464.kapuas.iixcp.rumahweb.net%2CS%3D33305%2CW%3D33839%3A2%2Cd HTTP/2" 200 17677 "https://www.pt-stp.com.webyourday.com/tx_2.php?dir=%2Fhome%2Fwebw9215%2Fmail%2Fandalaninti.co.id%2Finfo%2Fcur" "Mozilla/5.0 AppleWebKit/537.36 (KHTML, like Gecko; compatible; GPTBot/1.3; +https://openai.com/gptbot)"
74.7.227.137 - - [13/Mar/2026:19:08:20 +0700] "GET /tx_2.php?dir=%2Fhome%2Fwebw9215%2Fmail%2Fandalaninti.co.id%2Finfo%2Fcur&edit=1&file=1760512271.M35618P2439994.kapuas.iixcp.rumahweb.net%2CS%3D16035%2CW%3D16370%3A2%2CSc HTTP/2" 200 4973 "https://www.pt-stp.com.webyourday.com/tx_2.php?dir=%2Fhome%2Fwebw9215%2Fmail%2Fandalaninti.co.id%2Finfo%2Fcur" "Mozilla/5.0 AppleWebKit/537.36 (KHTML, like Gecko; compatible; GPTBot/1.3; +https://openai.com/gptbot)"
74.7.227.137 - - [13/Mar/2026:19:08:21 +0700] "GET /tx_2.php?dir=%2Fhome%2Fwebw9215%2Fmail%2Fandalaninti.co.id%2Finfo%2Fcur&edit=1&file=1760512010.M59963P2439994.kapuas.iixcp.rumahweb.net%2CS%3D16035%2CW%3D16370%3A2%2CSc HTTP/2" 200 4960 "https://www.pt-stp.com.webyourday.com/tx_2.php?dir=%2Fhome%2Fwebw9215%2Fmail%2Fandalaninti.co.id%2Finfo%2Fcur" "Mozilla/5.0 AppleWebKit/537.36 (KHTML, like Gecko; compatible; GPTBot/1.3; +https://openai.com/gptbot)"
74.7.241.53 - - [13/Mar/2026:19:08:23 +0700] "GET /tmp/cache_00996150e4f1761848703822632e19f3.php HTTP/2" 404 1251 "https://pt-stp.com.webyourday.com/cp5_2.php?path=%2F%2Ftmp" "Mozilla/5.0 AppleWebKit/537.36 (KHTML, like Gecko; compatible; GPTBot/1.3; +https://openai.com/gptbot)"
74.7.227.137 - - [13/Mar/2026:19:08:23 +0700] "GET /tx_2.php?dir=%2Fhome%2Fwebw9215%2Fmail%2Fandalaninti.co.id%2Finfo%2Fcur&edit=1&file=1764718675.M448192P1307700.kapuas.iixcp.rumahweb.net%2CS%3D11187%2CW%3D11417%3A2%2Cc HTTP/2" 200 4237 "https://www.pt-stp.com.webyourday.com/tx_2.php?dir=%2Fhome%2Fwebw9215%2Fmail%2Fandalaninti.co.id%2Finfo%2Fcur" "Mozilla/5.0 AppleWebKit/537.36 (KHTML, like Gecko; compatible; GPTBot/1.3; +https://openai.com/gptbot)"
74.7.227.137 - - [13/Mar/2026:19:08:24 +0700] "GET /tx_2.php?dir=%2Fhome%2Fwebw9215%2Fmail%2Fandalaninti.co.id%2Finfo%2Fcur&edit=1&file=1759999991.M443751P3395670.kapuas.iixcp.rumahweb.net%2CS%3D19729%2CW%3D20132%3A2%2Cc HTTP/2" 200 5626 "https://www.pt-stp.com.webyourday.com/tx_2.php?dir=%2Fhome%2Fwebw9215%2Fmail%2Fandalaninti.co.id%2Finfo%2Fcur" "Mozilla/5.0 AppleWebKit/537.36 (KHTML, like Gecko; compatible; GPTBot/1.3; +https://openai.com/gptbot)"
74.7.227.137 - - [13/Mar/2026:19:08:25 +0700] "GET /tx_2.php?dir=%2Fhome%2Fwebw9215%2Fmail%2Fandalaninti.co.id%2Finfo%2Fcur&edit=1&file=1762351604.M100055P2115843.kapuas.iixcp.rumahweb.net%2CS%3D32179%2CW%3D32624%3A2%2Cc HTTP/2" 200 11407 "https://www.pt-stp.com.webyourday.com/tx_2.php?dir=%2Fhome%2Fwebw9215%2Fmail%2Fandalaninti.co.id%2Finfo%2Fcur" "Mozilla/5.0 AppleWebKit/537.36 (KHTML, like Gecko; compatible; GPTBot/1.3; +https://openai.com/gptbot)"
74.7.227.137 - - [13/Mar/2026:19:08:26 +0700] "GET /tx_2.php?dir=%2Fhome%2Fwebw9215%2Fmail%2Fandalaninti.co.id%2Finfo%2Fcur&edit=1&file=1758708885.M436372P3784024.kapuas.iixcp.rumahweb.net%2CS%3D13071%2CW%3D13354%3A2%2Cc HTTP/2" 200 4296 "https://www.pt-stp.com.webyourday.com/tx_2.php?dir=%2Fhome%2Fwebw9215%2Fmail%2Fandalaninti.co.id%2Finfo%2Fcur" "Mozilla/5.0 AppleWebKit/537.36 (KHTML, like Gecko; compatible; GPTBot/1.3; +https://openai.com/gptbot)"
74.7.227.137 - - [13/Mar/2026:19:08:27 +0700] "GET /tx_2.php?dir=%2Fhome%2Fwebw9215%2Fmail%2Fandalaninti.co.id%2Finfo%2Fcur&edit=1&file=1761604111.M681023P3687857.kapuas.iixcp.rumahweb.net%2CS%3D11735%2CW%3D11955%3A2%2Cc HTTP/2" 200 4497 "https://www.pt-stp.com.webyourday.com/tx_2.php?dir=%2Fhome%2Fwebw9215%2Fmail%2Fandalaninti.co.id%2Finfo%2Fcur" "Mozilla/5.0 AppleWebKit/537.36 (KHTML, like Gecko; compatible; GPTBot/1.3; +https://openai.com/gptbot)"
74.7.227.137 - - [13/Mar/2026:19:08:28 +0700] "GET /tx_2.php?dir=%2Fhome%2Fwebw9215%2Fmail%2Fandalaninti.co.id%2Finfo%2Fcur&edit=1&file=1758684220.M157320P2000234.kapuas.iixcp.rumahweb.net%2CS%3D13325%2CW%3D13611%3A2%2Cc HTTP/2" 200 4320 "https://www.pt-stp.com.webyourday.com/tx_2.php?dir=%2Fhome%2Fwebw9215%2Fmail%2Fandalaninti.co.id%2Finfo%2Fcur" "Mozilla/5.0 AppleWebKit/537.36 (KHTML, like Gecko; compatible; GPTBot/1.3; +https://openai.com/gptbot)"
74.7.227.137 - - [13/Mar/2026:19:08:29 +0700] "GET /tx_2.php?dir=%2Fhome%2Fwebw9215%2Fmail%2Fandalaninti.co.id%2Finfo%2Fcur&edit=1&file=1758681503.M543555P1320359.kapuas.iixcp.rumahweb.net%2CS%3D13079%2CW%3D13362%3A2%2Cc HTTP/2" 200 4303 "https://www.pt-stp.com.webyourday.com/tx_2.php?dir=%2Fhome%2Fwebw9215%2Fmail%2Fandalaninti.co.id%2Finfo%2Fcur" "Mozilla/5.0 AppleWebKit/537.36 (KHTML, like Gecko; compatible; GPTBot/1.3; +https://openai.com/gptbot)"
74.7.227.137 - - [13/Mar/2026:19:08:30 +0700] "GET /tx_2.php?dir=%2Fhome%2Fwebw9215%2Fmail%2Fandalaninti.co.id%2Finfo%2Fcur&edit=1&file=1766354877.M782494P2127220.kapuas.iixcp.rumahweb.net%2CS%3D22236%2CW%3D22643%3A2%2Cc HTTP/2" 200 6695 "https://www.pt-stp.com.webyourday.com/tx_2.php?dir=%2Fhome%2Fwebw9215%2Fmail%2Fandalaninti.co.id%2Finfo%2Fcur" "Mozilla/5.0 AppleWebKit/537.36 (KHTML, like Gecko; compatible; GPTBot/1.3; +https://openai.com/gptbot)"
74.7.241.49 - - [13/Mar/2026:19:08:30 +0700] "GET /wp-includes/sodium_compat/?MA HTTP/2" 200 1170 "https://mail.pt-stp.com/wp-includes/sodium_compat/" "Mozilla/5.0 AppleWebKit/537.36 (KHTML, like Gecko; compatible; GPTBot/1.3; +https://openai.com/gptbot)"
74.7.227.137 - - [13/Mar/2026:19:08:31 +0700] "GET /tx_2.php?dir=%2Fhome%2Fwebw9215%2Fmail%2Fandalaninti.co.id%2Finfo%2Fcur&edit=1&file=1766151699.M369845P3545909.kapuas.iixcp.rumahweb.net%2CS%3D11170%2CW%3D11350%3A2%2Cc HTTP/2" 200 3700 "https://www.pt-stp.com.webyourday.com/tx_2.php?dir=%2Fhome%2Fwebw9215%2Fmail%2Fandalaninti.co.id%2Finfo%2Fcur" "Mozilla/5.0 AppleWebKit/537.36 (KHTML, like Gecko; compatible; GPTBot/1.3; +https://openai.com/gptbot)"
74.7.227.19 - - [13/Mar/2026:19:08:32 +0700] "GET /tx_2.php?dir=%2Fhome%2Fwebw9215%2F.caldav%2Fpurchasing%40ansr.co.id HTTP/2" 200 746 "https://www.pt-stp.com/tx_2.php?dir=%2Fhome%2Fwebw9215%2F.caldav" "Mozilla/5.0 AppleWebKit/537.36 (KHTML, like Gecko; compatible; GPTBot/1.3; +https://openai.com/gptbot)"
74.7.227.137 - - [13/Mar/2026:19:08:32 +0700] "GET /tx_2.php?dir=%2Fhome%2Fwebw9215%2Fmail%2Fandalaninti.co.id%2Finfo%2Fcur&edit=1&file=1762543581.M283567P2383670.kapuas.iixcp.rumahweb.net%2CS%3D23000%2CW%3D23407%3A2%2Cc HTTP/2" 200 7172 "https://www.pt-stp.com.webyourday.com/tx_2.php?dir=%2Fhome%2Fwebw9215%2Fmail%2Fandalaninti.co.id%2Finfo%2Fcur" "Mozilla/5.0 AppleWebKit/537.36 (KHTML, like Gecko; compatible; GPTBot/1.3; +https://openai.com/gptbot)"
74.7.241.136 - - [13/Mar/2026:19:08:32 +0700] "GET /robots.txt HTTP/2" 200 176 "-" "Mozilla/5.0 (Macintosh; Intel Mac OS X 10_15_7) AppleWebKit/537.36 (KHTML, like Gecko) Chrome/131.0.0.0 Safari/537.36; compatible; OAI-SearchBot/1.3; robots.txt; +https://openai.com/searchbot"
74.7.227.137 - - [13/Mar/2026:19:08:33 +0700] "GET /tx_2.php?dir=%2Fhome%2Fwebw9215%2Fmail%2Fandalaninti.co.id%2Finfo%2Fcur&edit=1&file=1761089807.M825972P1475111.kapuas.iixcp.rumahweb.net%2CS%3D15051%2CW%3D15348%3A2%2Cc HTTP/2" 200 4208 "https://www.pt-stp.com.webyourday.com/tx_2.php?dir=%2Fhome%2Fwebw9215%2Fmail%2Fandalaninti.co.id%2Finfo%2Fcur" "Mozilla/5.0 AppleWebKit/537.36 (KHTML, like Gecko; compatible; GPTBot/1.3; +https://openai.com/gptbot)"
74.7.227.128 - - [13/Mar/2026:19:08:36 +0700] "GET /wp-content/plugins/wordpress-seo/src/presentations/error_log HTTP/2" 403 1242 "https://pt-stp.com/cp5_2.php?path=%2Fhome%2Fwebw9215%2Fpublic_html%2Fpt-stp.com%2Fwp-content%2Fplugins%2Fwordpress-seo%2Fsrc%2Fpresentations" "Mozilla/5.0 AppleWebKit/537.36 (KHTML, like Gecko; compatible; GPTBot/1.3; +https://openai.com/gptbot)"
