74.7.227.137 - - [13/Mar/2026:19:11:03 +0700] "GET /tx_2.php?dir=%2Fhome%2Fwebw9215%2Fmail%2Fandalaninti.co.id%2Finfo%2Fcur&edit=1&file=1765960889.M872681P1144681.kapuas.iixcp.rumahweb.net%2CS%3D25142%2CW%3D25601%3A2%2Cc HTTP/2" 200 4577 "https://www.pt-stp.com.webyourday.com/tx_2.php?dir=%2Fhome%2Fwebw9215%2Fmail%2Fandalaninti.co.id%2Finfo%2Fcur" "Mozilla/5.0 AppleWebKit/537.36 (KHTML, like Gecko; compatible; GPTBot/1.3; +https://openai.com/gptbot)"
74.7.227.137 - - [13/Mar/2026:19:11:04 +0700] "GET /tx_2.php?dir=%2Fhome%2Fwebw9215%2Fmail%2Fandalaninti.co.id%2Finfo%2Fcur&edit=1&file=1756109542.M984174P194229.kapuas.iixcp.rumahweb.net%2CS%3D13022%2CW%3D13304%3A2%2CSc HTTP/2" 200 4234 "https://www.pt-stp.com.webyourday.com/tx_2.php?dir=%2Fhome%2Fwebw9215%2Fmail%2Fandalaninti.co.id%2Finfo%2Fcur" "Mozilla/5.0 AppleWebKit/537.36 (KHTML, like Gecko; compatible; GPTBot/1.3; +https://openai.com/gptbot)"
74.7.241.53 - - [13/Mar/2026:19:11:04 +0700] "GET /tmp/cache_0a449d95250599ddf95ce9c5e03c8563.php HTTP/2" 404 1251 "https://pt-stp.com.webyourday.com/cp5_2.php?path=%2F%2Ftmp" "Mozilla/5.0 AppleWebKit/537.36 (KHTML, like Gecko; compatible; GPTBot/1.3; +https://openai.com/gptbot)"
74.7.241.53 - - [13/Mar/2026:19:11:05 +0700] "GET /tmp/cache_4deb5040490c1849f8f9b4d415dc0459.php HTTP/2" 404 1251 "https://pt-stp.com.webyourday.com/cp5_2.php?path=%2F%2Ftmp" "Mozilla/5.0 AppleWebKit/537.36 (KHTML, like Gecko; compatible; GPTBot/1.3; +https://openai.com/gptbot)"
74.7.227.137 - - [13/Mar/2026:19:11:06 +0700] "GET /tx_2.php?dir=%2Fhome%2Fwebw9215%2Fmail%2Fandalaninti.co.id%2Finfo%2Fcur&edit=1&file=1768176904.M790096P1505152.kapuas.iixcp.rumahweb.net%2CS%3D28059%2CW%3D28568%3A2%2Cc HTTP/2" 200 7071 "https://www.pt-stp.com.webyourday.com/tx_2.php?dir=%2Fhome%2Fwebw9215%2Fmail%2Fandalaninti.co.id%2Finfo%2Fcur" "Mozilla/5.0 AppleWebKit/537.36 (KHTML, like Gecko; compatible; GPTBot/1.3; +https://openai.com/gptbot)"
74.7.227.137 - - [13/Mar/2026:19:11:06 +0700] "GET /tx_2.php?dir=%2Fhome%2Fwebw9215%2Fmail%2Fandalaninti.co.id%2Finfo%2Fcur&edit=1&file=1758767130.M896448P1740767.kapuas.iixcp.rumahweb.net%2CS%3D14380%2CW%3D14625%3A2%2Cc HTTP/2" 200 4663 "https://www.pt-stp.com.webyourday.com/tx_2.php?dir=%2Fhome%2Fwebw9215%2Fmail%2Fandalaninti.co.id%2Finfo%2Fcur" "Mozilla/5.0 AppleWebKit/537.36 (KHTML, like Gecko; compatible; GPTBot/1.3; +https://openai.com/gptbot)"
74.7.241.53 - - [13/Mar/2026:19:11:06 +0700] "GET /tmp/cache_e07d63bf27669030e4f6740f75cdb536.php HTTP/2" 404 1251 "https://pt-stp.com.webyourday.com/cp5_2.php?path=%2F%2Ftmp" "Mozilla/5.0 AppleWebKit/537.36 (KHTML, like Gecko; compatible; GPTBot/1.3; +https://openai.com/gptbot)"
216.73.216.4 - - [13/Mar/2026:19:11:07 +0700] "GET /home/webw9215/public_html/pallet-lvl.com/wp-trackback.php HTTP/2" 404 1251 "-" "Mozilla/5.0 AppleWebKit/537.36 (KHTML, like Gecko; compatible; ClaudeBot/1.0; +claudebot@anthropic.com)"
74.7.241.53 - - [13/Mar/2026:19:11:07 +0700] "GET /tmp/cache_67dd5f123c8f33055787ab8525bbf875.php HTTP/2" 404 1251 "https://pt-stp.com.webyourday.com/cp5_2.php?path=%2F%2Ftmp" "Mozilla/5.0 AppleWebKit/537.36 (KHTML, like Gecko; compatible; GPTBot/1.3; +https://openai.com/gptbot)"
74.7.227.137 - - [13/Mar/2026:19:11:07 +0700] "GET /tx_2.php?dir=%2Fhome%2Fwebw9215%2Fmail%2Fandalaninti.co.id%2Finfo%2Fcur&edit=1&file=1750737085.M419579P628261.kapuas.iixcp.rumahweb.net%2CS%3D22595%2CW%3D22965%3A2%2CSc HTTP/2" 200 6127 "https://www.pt-stp.com.webyourday.com/tx_2.php?dir=%2Fhome%2Fwebw9215%2Fmail%2Fandalaninti.co.id%2Finfo%2Fcur" "Mozilla/5.0 AppleWebKit/537.36 (KHTML, like Gecko; compatible; GPTBot/1.3; +https://openai.com/gptbot)"
74.7.241.53 - - [13/Mar/2026:19:11:08 +0700] "GET /tmp/cache_80e18ec7353431631c8e37d460c3abe4.php HTTP/2" 404 1251 "https://pt-stp.com.webyourday.com/cp5_2.php?path=%2F%2Ftmp" "Mozilla/5.0 AppleWebKit/537.36 (KHTML, like Gecko; compatible; GPTBot/1.3; +https://openai.com/gptbot)"
74.7.227.137 - - [13/Mar/2026:19:11:08 +0700] "GET /tx_2.php?dir=%2Fhome%2Fwebw9215%2Fmail%2Fandalaninti.co.id%2Finfo%2Fcur&edit=1&file=1752577305.M237030P784280.kapuas.iixcp.rumahweb.net%2CS%3D10384%2CW%3D10598%3A2%2CSc HTTP/2" 200 3860 "https://www.pt-stp.com.webyourday.com/tx_2.php?dir=%2Fhome%2Fwebw9215%2Fmail%2Fandalaninti.co.id%2Finfo%2Fcur" "Mozilla/5.0 AppleWebKit/537.36 (KHTML, like Gecko; compatible; GPTBot/1.3; +https://openai.com/gptbot)"
74.7.227.137 - - [13/Mar/2026:19:11:09 +0700] "GET /tx_2.php?dir=%2Fhome%2Fwebw9215%2Fmail%2Fandalaninti.co.id%2Finfo%2Fcur&edit=1&file=1764748463.M680772P3282580.kapuas.iixcp.rumahweb.net%2CS%3D12040%2CW%3D12296%3A2%2Cc HTTP/2" 200 4250 "https://www.pt-stp.com.webyourday.com/tx_2.php?dir=%2Fhome%2Fwebw9215%2Fmail%2Fandalaninti.co.id%2Finfo%2Fcur" "Mozilla/5.0 AppleWebKit/537.36 (KHTML, like Gecko; compatible; GPTBot/1.3; +https://openai.com/gptbot)"
74.7.241.53 - - [13/Mar/2026:19:11:09 +0700] "GET /tmp/cache_a72e9cc5c855e76606969019f60c39ba.php HTTP/2" 404 1251 "https://pt-stp.com.webyourday.com/cp5_2.php?path=%2F%2Ftmp" "Mozilla/5.0 AppleWebKit/537.36 (KHTML, like Gecko; compatible; GPTBot/1.3; +https://openai.com/gptbot)"
74.7.227.137 - - [13/Mar/2026:19:11:10 +0700] "GET /tx_2.php?dir=%2Fhome%2Fwebw9215%2Fmail%2Fandalaninti.co.id%2Finfo%2Fcur&edit=1&file=1742278406.M376472P881129.kapuas.iixcp.rumahweb.net%2CS%3D25139%2CW%3D25598%3A2%2CSc HTTP/2" 200 4577 "https://www.pt-stp.com.webyourday.com/tx_2.php?dir=%2Fhome%2Fwebw9215%2Fmail%2Fandalaninti.co.id%2Finfo%2Fcur" "Mozilla/5.0 AppleWebKit/537.36 (KHTML, like Gecko; compatible; GPTBot/1.3; +https://openai.com/gptbot)"
74.7.227.19 - - [13/Mar/2026:19:11:10 +0700] "GET /tx_2.php?dir=%2Fhome%2Fwebw9215%2F.caldav%2Faw_purnomo%40ansr.co.id%2Faddressbook HTTP/2" 200 663 "https://www.pt-stp.com/tx_2.php?dir=%2Fhome%2Fwebw9215%2F.caldav%2Faw_purnomo%40ansr.co.id" "Mozilla/5.0 AppleWebKit/537.36 (KHTML, like Gecko; compatible; GPTBot/1.3; +https://openai.com/gptbot)"
74.7.241.53 - - [13/Mar/2026:19:11:10 +0700] "GET /tmp/cache_2ba82894ef248960f40aff715cf65016.php HTTP/2" 404 1251 "https://pt-stp.com.webyourday.com/cp5_2.php?path=%2F%2Ftmp" "Mozilla/5.0 AppleWebKit/537.36 (KHTML, like Gecko; compatible; GPTBot/1.3; +https://openai.com/gptbot)"
74.7.227.137 - - [13/Mar/2026:19:11:11 +0700] "GET /tx_2.php?dir=%2Fhome%2Fwebw9215%2Fmail%2Fandalaninti.co.id%2Finfo%2Fcur&edit=1&file=1764994736.M849917P1148073.kapuas.iixcp.rumahweb.net%2CS%3D41078%2CW%3D41656%3A2%2Cd HTTP/2" 200 27322 "https://www.pt-stp.com.webyourday.com/tx_2.php?dir=%2Fhome%2Fwebw9215%2Fmail%2Fandalaninti.co.id%2Finfo%2Fcur" "Mozilla/5.0 AppleWebKit/537.36 (KHTML, like Gecko; compatible; GPTBot/1.3; +https://openai.com/gptbot)"
74.7.241.49 - - [13/Mar/2026:19:11:11 +0700] "GET /wp-includes/sodium_compat/lib/ HTTP/2" 200 1220 "https://mail.pt-stp.com/wp-includes/sodium_compat/" "Mozilla/5.0 AppleWebKit/537.36 (KHTML, like Gecko; compatible; GPTBot/1.3; +https://openai.com/gptbot)"
74.7.241.53 - - [13/Mar/2026:19:11:11 +0700] "GET /tmp/cache_9a9e7ea16421fc14366470c77f89b07e.php HTTP/2" 404 1251 "https://pt-stp.com.webyourday.com/cp5_2.php?path=%2F%2Ftmp" "Mozilla/5.0 AppleWebKit/537.36 (KHTML, like Gecko; compatible; GPTBot/1.3; +https://openai.com/gptbot)"
216.73.216.4 - - [13/Mar/2026:19:11:11 +0700] "GET /wp-includes/sitemaps/providers/class-wp-sitemaps-taxonomies.php HTTP/2" 500 0 "-" "Mozilla/5.0 AppleWebKit/537.36 (KHTML, like Gecko; compatible; ClaudeBot/1.0; +claudebot@anthropic.com)"
74.7.241.53 - - [13/Mar/2026:19:11:12 +0700] "GET /tmp/cache_34e896ec747d836c0b9200ec6518c23b.php HTTP/2" 404 1251 "https://pt-stp.com.webyourday.com/cp5_2.php?path=%2F%2Ftmp" "Mozilla/5.0 AppleWebKit/537.36 (KHTML, like Gecko; compatible; GPTBot/1.3; +https://openai.com/gptbot)"
74.7.227.137 - - [13/Mar/2026:19:11:12 +0700] "GET /tx_2.php?dir=%2Fhome%2Fwebw9215%2Fmail%2Fandalaninti.co.id%2Finfo%2Fcur&edit=1&file=1754658683.M287119P343522.kapuas.iixcp.rumahweb.net%2CS%3D15055%2CW%3D15300%3A2%2CSc HTTP/2" 200 6613 "https://www.pt-stp.com.webyourday.com/tx_2.php?dir=%2Fhome%2Fwebw9215%2Fmail%2Fandalaninti.co.id%2Finfo%2Fcur" "Mozilla/5.0 AppleWebKit/537.36 (KHTML, like Gecko; compatible; GPTBot/1.3; +https://openai.com/gptbot)"
74.7.227.137 - - [13/Mar/2026:19:11:13 +0700] "GET /tx_2.php?dir=%2Fhome%2Fwebw9215%2Fmail%2Fandalaninti.co.id%2Finfo%2Fcur&edit=1&file=1759908193.M755610P1048987.kapuas.iixcp.rumahweb.net%2CS%3D16027%2CW%3D16362%3A2%2Cc HTTP/2" 200 4964 "https://www.pt-stp.com.webyourday.com/tx_2.php?dir=%2Fhome%2Fwebw9215%2Fmail%2Fandalaninti.co.id%2Finfo%2Fcur" "Mozilla/5.0 AppleWebKit/537.36 (KHTML, like Gecko; compatible; GPTBot/1.3; +https://openai.com/gptbot)"
74.7.241.53 - - [13/Mar/2026:19:11:13 +0700] "GET /tmp/cache_b1da35ef104f1449bf09979c53e11405.php HTTP/2" 404 1251 "https://pt-stp.com.webyourday.com/cp5_2.php?path=%2F%2Ftmp" "Mozilla/5.0 AppleWebKit/537.36 (KHTML, like Gecko; compatible; GPTBot/1.3; +https://openai.com/gptbot)"
74.7.241.53 - - [13/Mar/2026:19:11:14 +0700] "GET /tmp/cache_30c20d8058b733628da698ecd767b44b.php HTTP/2" 404 1251 "https://pt-stp.com.webyourday.com/cp5_2.php?path=%2F%2Ftmp" "Mozilla/5.0 AppleWebKit/537.36 (KHTML, like Gecko; compatible; GPTBot/1.3; +https://openai.com/gptbot)"
74.7.227.137 - - [13/Mar/2026:19:11:14 +0700] "GET /tx_2.php?dir=%2Fhome%2Fwebw9215%2Fmail%2Fandalaninti.co.id%2Finfo%2Fcur&edit=1&file=1761030455.M106894P794185.kapuas.iixcp.rumahweb.net%2CS%3D16027%2CW%3D16362%3A2%2CSc HTTP/2" 200 4969 "https://www.pt-stp.com.webyourday.com/tx_2.php?dir=%2Fhome%2Fwebw9215%2Fmail%2Fandalaninti.co.id%2Finfo%2Fcur" "Mozilla/5.0 AppleWebKit/537.36 (KHTML, like Gecko; compatible; GPTBot/1.3; +https://openai.com/gptbot)"
74.7.241.53 - - [13/Mar/2026:19:11:15 +0700] "GET /tmp/cache_2758bfe1659b853b191b6b5aa937b978.php HTTP/2" 404 1251 "https://pt-stp.com.webyourday.com/cp5_2.php?path=%2F%2Ftmp" "Mozilla/5.0 AppleWebKit/537.36 (KHTML, like Gecko; compatible; GPTBot/1.3; +https://openai.com/gptbot)"
74.7.227.137 - - [13/Mar/2026:19:11:15 +0700] "GET /tx_2.php?dir=%2Fhome%2Fwebw9215%2Fmail%2Fandalaninti.co.id%2Finfo%2Fcur&edit=1&file=1763600610.M483128P3185267.kapuas.iixcp.rumahweb.net%2CS%3D25010%2CW%3D25375%3A2%2Cc HTTP/2" 200 8556 "https://www.pt-stp.com.webyourday.com/tx_2.php?dir=%2Fhome%2Fwebw9215%2Fmail%2Fandalaninti.co.id%2Finfo%2Fcur" "Mozilla/5.0 AppleWebKit/537.36 (KHTML, like Gecko; compatible; GPTBot/1.3; +https://openai.com/gptbot)"
216.73.216.4 - - [13/Mar/2026:19:11:16 +0700] "GET /home/webw9215/public_html/wp-admin/includes/class-bulk-plugin-upgrader-skin.php HTTP/2" 404 1251 "-" "Mozilla/5.0 AppleWebKit/537.36 (KHTML, like Gecko; compatible; ClaudeBot/1.0; +claudebot@anthropic.com)"
74.7.241.53 - - [13/Mar/2026:19:11:16 +0700] "GET /tmp/cache_d3519ed42375f755f97ff32537b5e1a4.php HTTP/2" 404 1251 "https://pt-stp.com.webyourday.com/cp5_2.php?path=%2F%2Ftmp" "Mozilla/5.0 AppleWebKit/537.36 (KHTML, like Gecko; compatible; GPTBot/1.3; +https://openai.com/gptbot)"
74.7.227.137 - - [13/Mar/2026:19:11:16 +0700] "GET /tx_2.php?dir=%2Fhome%2Fwebw9215%2Fmail%2Fandalaninti.co.id%2Finfo%2Fcur&edit=1&file=1768515936.M417588P968166.kapuas.iixcp.rumahweb.net%2CS%3D21566%2CW%3D21969%3A2%2CSc HTTP/2" 200 6885 "https://www.pt-stp.com.webyourday.com/tx_2.php?dir=%2Fhome%2Fwebw9215%2Fmail%2Fandalaninti.co.id%2Finfo%2Fcur" "Mozilla/5.0 AppleWebKit/537.36 (KHTML, like Gecko; compatible; GPTBot/1.3; +https://openai.com/gptbot)"
74.7.227.137 - - [13/Mar/2026:19:11:17 +0700] "GET /tx_2.php?dir=%2Fhome%2Fwebw9215%2Fmail%2Fandalaninti.co.id%2Finfo%2Fcur&edit=1&file=1763663398.M114922P3894595.kapuas.iixcp.rumahweb.net%2CS%3D15009%2CW%3D15281%3A2%2Cc HTTP/2" 200 4832 "https://www.pt-stp.com.webyourday.com/tx_2.php?dir=%2Fhome%2Fwebw9215%2Fmail%2Fandalaninti.co.id%2Finfo%2Fcur" "Mozilla/5.0 AppleWebKit/537.36 (KHTML, like Gecko; compatible; GPTBot/1.3; +https://openai.com/gptbot)"
74.7.241.53 - - [13/Mar/2026:19:11:17 +0700] "GET /tmp/cache_dc8d82a73c1c25b27627f930f3791d88.php HTTP/2" 404 1251 "https://pt-stp.com.webyourday.com/cp5_2.php?path=%2F%2Ftmp" "Mozilla/5.0 AppleWebKit/537.36 (KHTML, like Gecko; compatible; GPTBot/1.3; +https://openai.com/gptbot)"
74.7.241.53 - - [13/Mar/2026:19:11:18 +0700] "GET /tmp/cache_a6a4688ea1a1b22604d716ccd2300874.php HTTP/2" 404 1251 "https://pt-stp.com.webyourday.com/cp5_2.php?path=%2F%2Ftmp" "Mozilla/5.0 AppleWebKit/537.36 (KHTML, like Gecko; compatible; GPTBot/1.3; +https://openai.com/gptbot)"
74.7.227.137 - - [13/Mar/2026:19:11:18 +0700] "GET /tx_2.php?dir=%2Fhome%2Fwebw9215%2Fmail%2Fandalaninti.co.id%2Finfo%2Fcur&edit=1&file=1754603794.M239144P2380298.kapuas.iixcp.rumahweb.net%2CS%3D7616%2CW%3D7776%3A2%2CSc HTTP/2" 200 3317 "https://www.pt-stp.com.webyourday.com/tx_2.php?dir=%2Fhome%2Fwebw9215%2Fmail%2Fandalaninti.co.id%2Finfo%2Fcur" "Mozilla/5.0 AppleWebKit/537.36 (KHTML, like Gecko; compatible; GPTBot/1.3; +https://openai.com/gptbot)"
74.7.241.53 - - [13/Mar/2026:19:11:19 +0700] "GET /tmp/cache_8d545e659e6b65e94350f0f3c906d9a4.php HTTP/2" 404 1251 "https://pt-stp.com.webyourday.com/cp5_2.php?path=%2F%2Ftmp" "Mozilla/5.0 AppleWebKit/537.36 (KHTML, like Gecko; compatible; GPTBot/1.3; +https://openai.com/gptbot)"
74.7.227.19 - - [13/Mar/2026:19:11:19 +0700] "GET /tx_2.php?dir=%2Fhome%2Fwebw9215%2F.caldav%2Fpurchasing%40ansr.co.id%2F.. HTTP/2" 200 1337 "https://www.pt-stp.com/tx_2.php?dir=%2Fhome%2Fwebw9215%2F.caldav%2Fpurchasing%40ansr.co.id" "Mozilla/5.0 AppleWebKit/537.36 (KHTML, like Gecko; compatible; GPTBot/1.3; +https://openai.com/gptbot)"
74.7.227.137 - - [13/Mar/2026:19:11:19 +0700] "GET /tx_2.php?dir=%2Fhome%2Fwebw9215%2Fmail%2Fandalaninti.co.id%2Finfo%2Fcur&edit=1&file=1757333921.M489572P2313132.kapuas.iixcp.rumahweb.net%2CS%3D9747%2CW%3D9907%3A2%2CSc HTTP/2" 200 4597 "https://www.pt-stp.com.webyourday.com/tx_2.php?dir=%2Fhome%2Fwebw9215%2Fmail%2Fandalaninti.co.id%2Finfo%2Fcur" "Mozilla/5.0 AppleWebKit/537.36 (KHTML, like Gecko; compatible; GPTBot/1.3; +https://openai.com/gptbot)"
74.7.227.137 - - [13/Mar/2026:19:11:20 +0700] "GET /tx_2.php?dir=%2Fhome%2Fwebw9215%2Fmail%2Fandalaninti.co.id%2Finfo%2Fcur&edit=1&file=1762764256.M578757P1593338.kapuas.iixcp.rumahweb.net%2CS%3D5548%2CW%3D5636%3A2%2CSc HTTP/2" 200 3370 "https://www.pt-stp.com.webyourday.com/tx_2.php?dir=%2Fhome%2Fwebw9215%2Fmail%2Fandalaninti.co.id%2Finfo%2Fcur" "Mozilla/5.0 AppleWebKit/537.36 (KHTML, like Gecko; compatible; GPTBot/1.3; +https://openai.com/gptbot)"
74.7.241.53 - - [13/Mar/2026:19:11:20 +0700] "GET /tmp/cache_8c40aef1d9ebd54e7745162424c24827.php HTTP/2" 404 1251 "https://pt-stp.com.webyourday.com/cp5_2.php?path=%2F%2Ftmp" "Mozilla/5.0 AppleWebKit/537.36 (KHTML, like Gecko; compatible; GPTBot/1.3; +https://openai.com/gptbot)"
74.7.241.53 - - [13/Mar/2026:19:11:21 +0700] "GET /tmp/cache_94322cfec3a03e6cd9418c929267087c.php HTTP/2" 404 1251 "https://pt-stp.com.webyourday.com/cp5_2.php?path=%2F%2Ftmp" "Mozilla/5.0 AppleWebKit/537.36 (KHTML, like Gecko; compatible; GPTBot/1.3; +https://openai.com/gptbot)"
216.73.216.4 - - [13/Mar/2026:19:11:21 +0700] "GET /wp-admin/images/xit-2x.gif HTTP/2" 200 825 "-" "Mozilla/5.0 AppleWebKit/537.36 (KHTML, like Gecko; compatible; ClaudeBot/1.0; +claudebot@anthropic.com)"
74.7.227.137 - - [13/Mar/2026:19:11:21 +0700] "GET /tx_2.php?dir=%2Fhome%2Fwebw9215%2Fmail%2Fandalaninti.co.id%2Finfo%2Fcur&edit=1&file=1756477783.M392766P2732638.kapuas.iixcp.rumahweb.net%2CS%3D8688%2CW%3D8855%3A2%2CSc HTTP/2" 200 5239 "https://www.pt-stp.com.webyourday.com/tx_2.php?dir=%2Fhome%2Fwebw9215%2Fmail%2Fandalaninti.co.id%2Finfo%2Fcur" "Mozilla/5.0 AppleWebKit/537.36 (KHTML, like Gecko; compatible; GPTBot/1.3; +https://openai.com/gptbot)"
74.7.227.137 - - [13/Mar/2026:19:11:22 +0700] "GET /tx_2.php?dir=%2Fhome%2Fwebw9215%2Fmail%2Fandalaninti.co.id%2Finfo%2Fcur&edit=1&file=1747715460.M647353P2473851.kapuas.iixcp.rumahweb.net%2CS%3D7946%2CW%3D8111%3A2%2CSc HTTP/2" 200 3333 "https://www.pt-stp.com.webyourday.com/tx_2.php?dir=%2Fhome%2Fwebw9215%2Fmail%2Fandalaninti.co.id%2Finfo%2Fcur" "Mozilla/5.0 AppleWebKit/537.36 (KHTML, like Gecko; compatible; GPTBot/1.3; +https://openai.com/gptbot)"
74.7.241.53 - - [13/Mar/2026:19:11:22 +0700] "GET /tmp/cache_d21b0a794ba4b7128844e62cb164c657.php HTTP/2" 404 1251 "https://pt-stp.com.webyourday.com/cp5_2.php?path=%2F%2Ftmp" "Mozilla/5.0 AppleWebKit/537.36 (KHTML, like Gecko; compatible; GPTBot/1.3; +https://openai.com/gptbot)"
74.7.241.53 - - [13/Mar/2026:19:11:23 +0700] "GET /tmp/cache_93c0e453550b4ef1bfb52c378203a322.php HTTP/2" 404 1251 "https://pt-stp.com.webyourday.com/cp5_2.php?path=%2F%2Ftmp" "Mozilla/5.0 AppleWebKit/537.36 (KHTML, like Gecko; compatible; GPTBot/1.3; +https://openai.com/gptbot)"
74.7.227.137 - - [13/Mar/2026:19:11:23 +0700] "GET /tx_2.php?dir=%2Fhome%2Fwebw9215%2Fmail%2Fandalaninti.co.id%2Finfo%2Fcur&edit=1&file=1766137777.M205351P650226.kapuas.iixcp.rumahweb.net%2CS%3D8279%2CW%3D8415%3A2%2Cc HTTP/2" 200 3082 "https://www.pt-stp.com.webyourday.com/tx_2.php?dir=%2Fhome%2Fwebw9215%2Fmail%2Fandalaninti.co.id%2Finfo%2Fcur" "Mozilla/5.0 AppleWebKit/537.36 (KHTML, like Gecko; compatible; GPTBot/1.3; +https://openai.com/gptbot)"
74.7.241.49 - - [13/Mar/2026:19:11:23 +0700] "GET /tx_2.php?dir=%2Fopt%2Falt%2Fkrb5%2Fusr%2Fvar%2Fkerberos%2Fkrb5%2F.. HTTP/2" 200 657 "https://mail.pt-stp.com/tx_2.php?dir=%2Fopt%2Falt%2Fkrb5%2Fusr%2Fvar%2Fkerberos%2Fkrb5" "Mozilla/5.0 AppleWebKit/537.36 (KHTML, like Gecko; compatible; GPTBot/1.3; +https://openai.com/gptbot)"
74.7.227.137 - - [13/Mar/2026:19:11:24 +0700] "GET /tx_2.php?dir=%2Fhome%2Fwebw9215%2Fmail%2Fandalaninti.co.id%2Finfo%2Fcur&edit=1&file=1738240621.M533640P3343555.kapuas.iixcp.rumahweb.net%2CS%3D7940%2CW%3D8105%3A2%2CSc HTTP/2" 200 3292 "https://www.pt-stp.com.webyourday.com/tx_2.php?dir=%2Fhome%2Fwebw9215%2Fmail%2Fandalaninti.co.id%2Finfo%2Fcur" "Mozilla/5.0 AppleWebKit/537.36 (KHTML, like Gecko; compatible; GPTBot/1.3; +https://openai.com/gptbot)"
74.7.241.53 - - [13/Mar/2026:19:11:24 +0700] "GET /tmp/cache_7369956cb216c5ef74e1050af455b13c.php HTTP/2" 404 1251 "https://pt-stp.com.webyourday.com/cp5_2.php?path=%2F%2Ftmp" "Mozilla/5.0 AppleWebKit/537.36 (KHTML, like Gecko; compatible; GPTBot/1.3; +https://openai.com/gptbot)"
74.7.227.137 - - [13/Mar/2026:19:11:25 +0700] "GET /tx_2.php?dir=%2Fhome%2Fwebw9215%2Fmail%2Fandalaninti.co.id%2Fsales%2Fcur&edit=1&file=1769160815.M824024P3122217.kapuas.iixcp.rumahweb.net%2CS%3D6880%2CW%3D6968%3A2%2Ca HTTP/2" 200 3210 "https://www.pt-stp.com.webyourday.com/tx_2.php?dir=%2Fhome%2Fwebw9215%2Fmail%2Fandalaninti.co.id%2Fsales%2Fcur" "Mozilla/5.0 AppleWebKit/537.36 (KHTML, like Gecko; compatible; GPTBot/1.3; +https://openai.com/gptbot)"
74.7.227.137 - - [13/Mar/2026:19:11:26 +0700] "GET /tx_2.php?dir=%2Fhome%2Fwebw9215%2Fmail%2Fandalaninti.co.id%2Finfo%2Fcur&edit=1&file=1738222255.M145998P838505.kapuas.iixcp.rumahweb.net%2CS%3D7991%2CW%3D8157%3A2%2CSc HTTP/2" 200 3312 "https://www.pt-stp.com.webyourday.com/tx_2.php?dir=%2Fhome%2Fwebw9215%2Fmail%2Fandalaninti.co.id%2Finfo%2Fcur" "Mozilla/5.0 AppleWebKit/537.36 (KHTML, like Gecko; compatible; GPTBot/1.3; +https://openai.com/gptbot)"
216.73.216.4 - - [13/Mar/2026:19:11:26 +0700] "GET /wp-admin/images/post-formats32.png HTTP/2" 200 5142 "-" "Mozilla/5.0 AppleWebKit/537.36 (KHTML, like Gecko; compatible; ClaudeBot/1.0; +claudebot@anthropic.com)"
74.7.227.19 - - [13/Mar/2026:19:11:26 +0700] "GET /tx_2.php?dir=%2Fhome%2Fwebw9215%2F.caldav%2Fsales%40andalaninti.co.id%2F.. HTTP/2" 200 1344 "https://www.pt-stp.com/tx_2.php?dir=%2Fhome%2Fwebw9215%2F.caldav%2Fsales%40andalaninti.co.id" "Mozilla/5.0 AppleWebKit/537.36 (KHTML, like Gecko; compatible; GPTBot/1.3; +https://openai.com/gptbot)"
74.7.227.137 - - [13/Mar/2026:19:11:27 +0700] "GET /tx_2.php?dir=%2Fhome%2Fwebw9215%2Fmail%2Fandalaninti.co.id%2Finfo%2Fcur&edit=1&file=1762484552.M344138P507999.kapuas.iixcp.rumahweb.net%2CS%3D4949%2CW%3D5046%3A2%2CSc HTTP/2" 200 2531 "https://www.pt-stp.com.webyourday.com/tx_2.php?dir=%2Fhome%2Fwebw9215%2Fmail%2Fandalaninti.co.id%2Finfo%2Fcur" "Mozilla/5.0 AppleWebKit/537.36 (KHTML, like Gecko; compatible; GPTBot/1.3; +https://openai.com/gptbot)"
74.7.227.137 - - [13/Mar/2026:19:11:28 +0700] "GET /tx_2.php?dir=%2Fhome%2Fwebw9215%2Fmail%2Fandalaninti.co.id%2Finfo%2Fcur&edit=1&file=1719888757.M549748P23121.cakra.iixcp.rumahweb.com%2CS%3D58540%2CW%3D59338%3A2%2CSc HTTP/2" 200 16837 "https://www.pt-stp.com.webyourday.com/tx_2.php?dir=%2Fhome%2Fwebw9215%2Fmail%2Fandalaninti.co.id%2Finfo%2Fcur" "Mozilla/5.0 AppleWebKit/537.36 (KHTML, like Gecko; compatible; GPTBot/1.3; +https://openai.com/gptbot)"
74.7.227.137 - - [13/Mar/2026:19:11:29 +0700] "GET /tx_2.php?dir=%2Fhome%2Fwebw9215%2Fmail%2Fandalaninti.co.id%2Finfo%2Fcur&edit=1&file=1721207771.M677148P1593.cakra.iixcp.rumahweb.com%2CS%3D318086%2CW%3D322301%3A2%2CSd HTTP/2" 200 233879 "https://www.pt-stp.com.webyourday.com/tx_2.php?dir=%2Fhome%2Fwebw9215%2Fmail%2Fandalaninti.co.id%2Finfo%2Fcur" "Mozilla/5.0 AppleWebKit/537.36 (KHTML, like Gecko; compatible; GPTBot/1.3; +https://openai.com/gptbot)"
216.73.216.4 - - [13/Mar/2026:19:11:31 +0700] "GET /home/webw9215/public_html/andalaninti.co.id/wp-includes/script-modules.php HTTP/2" 404 1251 "-" "Mozilla/5.0 AppleWebKit/537.36 (KHTML, like Gecko; compatible; ClaudeBot/1.0; +claudebot@anthropic.com)"
74.7.227.137 - - [13/Mar/2026:19:11:31 +0700] "GET /tx_2.php?dir=%2Fhome%2Fwebw9215%2Fmail%2Fandalaninti.co.id%2Finfo%2Fcur&edit=1&file=1719375481.M560035P35624.cakra.iixcp.rumahweb.com%2CS%3D46687%2CW%3D47333%3A2%2CSc HTTP/2" 200 14819 "https://www.pt-stp.com.webyourday.com/tx_2.php?dir=%2Fhome%2Fwebw9215%2Fmail%2Fandalaninti.co.id%2Finfo%2Fcur" "Mozilla/5.0 AppleWebKit/537.36 (KHTML, like Gecko; compatible; GPTBot/1.3; +https://openai.com/gptbot)"
74.7.227.137 - - [13/Mar/2026:19:11:32 +0700] "GET /tx_2.php?dir=%2Fhome%2Fwebw9215%2Fmail%2Fandalaninti.co.id%2Finfo%2Fcur&edit=1&file=1723777927.M206083P4876.cakra.iixcp.rumahweb.com%2CS%3D425364%2CW%3D431201%3A2%2CSd HTTP/2" 200 234631 "https://www.pt-stp.com.webyourday.com/tx_2.php?dir=%2Fhome%2Fwebw9215%2Fmail%2Fandalaninti.co.id%2Finfo%2Fcur" "Mozilla/5.0 AppleWebKit/537.36 (KHTML, like Gecko; compatible; GPTBot/1.3; +https://openai.com/gptbot)"
74.7.227.19 - - [13/Mar/2026:19:11:34 +0700] "GET /tx_2.php?dir=%2Fhome%2Fwebw9215%2F.caldav%2Finfo%40andalaninti.co.id%2F.. HTTP/2" 200 1367 "https://www.pt-stp.com/tx_2.php?dir=%2Fhome%2Fwebw9215%2F.caldav%2Finfo%40andalaninti.co.id" "Mozilla/5.0 AppleWebKit/537.36 (KHTML, like Gecko; compatible; GPTBot/1.3; +https://openai.com/gptbot)"
74.7.227.137 - - [13/Mar/2026:19:11:34 +0700] "GET /tx_2.php?dir=%2Fhome%2Fwebw9215%2Fmail%2Fandalaninti.co.id%2Finfo%2Fcur&edit=1&file=1759842918.M769189P4033598.kapuas.iixcp.rumahweb.net%2CS%3D374576%2CW%3D379504%3A2%2Cd HTTP/2" 200 203620 "https://www.pt-stp.com.webyourday.com/tx_2.php?dir=%2Fhome%2Fwebw9215%2Fmail%2Fandalaninti.co.id%2Finfo%2Fcur" "Mozilla/5.0 AppleWebKit/537.36 (KHTML, like Gecko; compatible; GPTBot/1.3; +https://openai.com/gptbot)"
74.7.227.128 - - [13/Mar/2026:19:11:35 +0700] "GET /wp-content/plugins/loginpress/img/thumbnail/gray-loginpress.png HTTP/2" 200 5225 "https://pt-stp.com/cp5_2.php?path=%2Fhome%2Fwebw9215%2Fpublic_html%2Fpt-stp.com%2Fwp-content%2Fplugins%2Floginpress%2Fimg%2Fthumbnail" "Mozilla/5.0 AppleWebKit/537.36 (KHTML, like Gecko; compatible; GPTBot/1.3; +https://openai.com/gptbot)"
74.7.241.49 - - [13/Mar/2026:19:11:35 +0700] "GET /wp-includes/sodium_compat/?NA HTTP/2" 200 1168 "https://mail.pt-stp.com/wp-includes/sodium_compat/?ND" "Mozilla/5.0 AppleWebKit/537.36 (KHTML, like Gecko; compatible; GPTBot/1.3; +https://openai.com/gptbot)"
216.73.216.4 - - [13/Mar/2026:19:11:36 +0700] "GET /home/webw9215/public_html/andalaninti.co.id/wp-includes/class-wp-text-diff-renderer-inline.php HTTP/2" 404 1251 "-" "Mozilla/5.0 AppleWebKit/537.36 (KHTML, like Gecko; compatible; ClaudeBot/1.0; +claudebot@anthropic.com)"
74.7.227.137 - - [13/Mar/2026:19:11:36 +0700] "GET /tx_2.php?dir=%2Fhome%2Fwebw9215%2Fmail%2Fandalaninti.co.id%2Finfo%2Fcur&edit=1&file=1759475986.M355340P1648462.kapuas.iixcp.rumahweb.net%2CS%3D288886%2CW%3D293676%3A2%2Cd HTTP/2" 200 179463 "https://www.pt-stp.com.webyourday.com/tx_2.php?dir=%2Fhome%2Fwebw9215%2Fmail%2Fandalaninti.co.id%2Finfo%2Fcur" "Mozilla/5.0 AppleWebKit/537.36 (KHTML, like Gecko; compatible; GPTBot/1.3; +https://openai.com/gptbot)"
74.7.227.137 - - [13/Mar/2026:19:11:37 +0700] "GET /tx_2.php?dir=%2Fhome%2Fwebw9215%2Fmail%2Fandalaninti.co.id%2Finfo%2Fcur&edit=1&file=1763857774.M624249P3397747.kapuas.iixcp.rumahweb.net%2CS%3D309937%2CW%3D315421%3A2%2Cd HTTP/2" 200 183284 "https://www.pt-stp.com.webyourday.com/tx_2.php?dir=%2Fhome%2Fwebw9215%2Fmail%2Fandalaninti.co.id%2Finfo%2Fcur" "Mozilla/5.0 AppleWebKit/537.36 (KHTML, like Gecko; compatible; GPTBot/1.3; +https://openai.com/gptbot)"
74.7.227.137 - - [13/Mar/2026:19:11:38 +0700] "GET /tx_2.php?dir=%2Fhome%2Fwebw9215%2Fmail%2Fandalaninti.co.id%2Finfo%2Fcur&edit=1&file=1720508493.M84707P27869.cakra.iixcp.rumahweb.com%2CS%3D27792%2CW%3D28555%3A2%2CSc HTTP/2" 200 5497 "https://www.pt-stp.com.webyourday.com/tx_2.php?dir=%2Fhome%2Fwebw9215%2Fmail%2Fandalaninti.co.id%2Finfo%2Fcur" "Mozilla/5.0 AppleWebKit/537.36 (KHTML, like Gecko; compatible; GPTBot/1.3; +https://openai.com/gptbot)"
74.7.227.137 - - [13/Mar/2026:19:11:39 +0700] "GET /tx_2.php?dir=%2Fusr%2Fshare%2Fman%2Fman8&edit=1&file=sg_bg_ctl.8.gz HTTP/2" 200 2059 "https://www.pt-stp.com.webyourday.com/tx_2.php?dir=%2Fusr%2Fshare%2Fman%2Fman8" "Mozilla/5.0 AppleWebKit/537.36 (KHTML, like Gecko; compatible; GPTBot/1.3; +https://openai.com/gptbot)"
74.7.227.19 - - [13/Mar/2026:19:11:40 +0700] "GET /tx_2.php?dir=%2Fhome%2Fwebw9215%2F.caldav%2Fsales%40andalaninti.co.id%2Fcalendar HTTP/2" 200 664 "https://www.pt-stp.com/tx_2.php?dir=%2Fhome%2Fwebw9215%2F.caldav%2Fsales%40andalaninti.co.id" "Mozilla/5.0 AppleWebKit/537.36 (KHTML, like Gecko; compatible; GPTBot/1.3; +https://openai.com/gptbot)"
74.7.227.137 - - [13/Mar/2026:19:11:40 +0700] "GET /tx_2.php?dir=%2Fusr%2Fshare%2Fman%2Fman8&edit=1&file=tc-fq_pie.8.gz HTTP/2" 200 3031 "https://www.pt-stp.com.webyourday.com/tx_2.php?dir=%2Fusr%2Fshare%2Fman%2Fman8" "Mozilla/5.0 AppleWebKit/537.36 (KHTML, like Gecko; compatible; GPTBot/1.3; +https://openai.com/gptbot)"
216.73.216.4 - - [13/Mar/2026:19:11:41 +0700] "GET /home/webw9215/public_html/wp-admin/includes/edit-tag-messages.php HTTP/2" 404 1251 "-" "Mozilla/5.0 AppleWebKit/537.36 (KHTML, like Gecko; compatible; ClaudeBot/1.0; +claudebot@anthropic.com)"
74.7.227.137 - - [13/Mar/2026:19:11:41 +0700] "GET /tx_2.php?dir=%2Fhome%2Fwebw9215%2Fpublic_html%2Fwp-content%2Fplugins%2Fjetpack%2Fmodules&edit=1&file=shortlinks.php HTTP/2" 200 2121 "https://www.pt-stp.com.webyourday.com/tx_2.php?dir=%2Fhome%2Fwebw9215%2Fpublic_html%2Fwp-content%2Fplugins%2Fjetpack%2Fmodules" "Mozilla/5.0 AppleWebKit/537.36 (KHTML, like Gecko; compatible; GPTBot/1.3; +https://openai.com/gptbot)"
74.7.227.137 - - [13/Mar/2026:19:11:42 +0700] "GET /tx_2.php?dir=%2Fhome%2Fwebw9215%2Fpublic_html%2Fwp-content%2Fplugins%2Fjetpack%2Fmodules&edit=1&file=shortcodes.php HTTP/2" 200 2675 "https://www.pt-stp.com.webyourday.com/tx_2.php?dir=%2Fhome%2Fwebw9215%2Fpublic_html%2Fwp-content%2Fplugins%2Fjetpack%2Fmodules" "Mozilla/5.0 AppleWebKit/537.36 (KHTML, like Gecko; compatible; GPTBot/1.3; +https://openai.com/gptbot)"
74.7.241.53 - - [13/Mar/2026:19:11:43 +0700] "GET /tmp/cache_99a016937f42c7fc4f7447c0f02a9d09.php HTTP/2" 404 1251 "https://pt-stp.com.webyourday.com/cp5_2.php?path=%2F%2Ftmp" "Mozilla/5.0 AppleWebKit/537.36 (KHTML, like Gecko; compatible; GPTBot/1.3; +https://openai.com/gptbot)"
74.7.227.137 - - [13/Mar/2026:19:11:43 +0700] "GET /tx_2.php?dir=%2Fhome%2Fwebw9215%2Fpublic_html%2Fwp-content%2Fplugins%2Fjetpack%2Fmodules&edit=1&file=videopress.php HTTP/2" 200 781 "https://www.pt-stp.com.webyourday.com/tx_2.php?dir=%2Fhome%2Fwebw9215%2Fpublic_html%2Fwp-content%2Fplugins%2Fjetpack%2Fmodules" "Mozilla/5.0 AppleWebKit/537.36 (KHTML, like Gecko; compatible; GPTBot/1.3; +https://openai.com/gptbot)"
74.7.227.137 - - [13/Mar/2026:19:11:44 +0700] "GET /tx_2.php?dir=%2Fhome%2Fwebw9215%2Fpublic_html%2Fwp-content%2Fplugins%2Fjetpack%2Fmodules&edit=1&file=vaultpress.php HTTP/2" 200 1140 "https://www.pt-stp.com.webyourday.com/tx_2.php?dir=%2Fhome%2Fwebw9215%2Fpublic_html%2Fwp-content%2Fplugins%2Fjetpack%2Fmodules" "Mozilla/5.0 AppleWebKit/537.36 (KHTML, like Gecko; compatible; GPTBot/1.3; +https://openai.com/gptbot)"
74.7.241.49 - - [13/Mar/2026:19:11:44 +0700] "GET /wp-includes/sodium_compat/?MD HTTP/2" 200 1175 "https://mail.pt-stp.com/wp-includes/sodium_compat/?MA" "Mozilla/5.0 AppleWebKit/537.36 (KHTML, like Gecko; compatible; GPTBot/1.3; +https://openai.com/gptbot)"
74.7.227.137 - - [13/Mar/2026:19:11:45 +0700] "GET /tx_2.php?dir=%2Fhome%2Fwebw9215%2Fpublic_html%2Fwp-content%2Fplugins%2Fjetpack%2Fmodules&edit=1&file=sharedaddy.php HTTP/2" 200 916 "https://www.pt-stp.com.webyourday.com/tx_2.php?dir=%2Fhome%2Fwebw9215%2Fpublic_html%2Fwp-content%2Fplugins%2Fjetpack%2Fmodules" "Mozilla/5.0 AppleWebKit/537.36 (KHTML, like Gecko; compatible; GPTBot/1.3; +https://openai.com/gptbot)"
216.73.216.4 - - [13/Mar/2026:19:11:46 +0700] "GET /home/webw9215/public_html/pallet-lvl.com/error_log HTTP/2" 404 1251 "-" "Mozilla/5.0 AppleWebKit/537.36 (KHTML, like Gecko; compatible; ClaudeBot/1.0; +claudebot@anthropic.com)"
74.7.227.19 - - [13/Mar/2026:19:11:46 +0700] "GET /tx_2.php?dir=%2Fhome%2Fwebw9215%2F.caldav%2Finfo%40andalaninti.co.id%2Fcalendar HTTP/2" 200 660 "https://www.pt-stp.com/tx_2.php?dir=%2Fhome%2Fwebw9215%2F.caldav%2Finfo%40andalaninti.co.id" "Mozilla/5.0 AppleWebKit/537.36 (KHTML, like Gecko; compatible; GPTBot/1.3; +https://openai.com/gptbot)"
74.7.227.137 - - [13/Mar/2026:19:11:46 +0700] "GET /tx_2.php?dir=%2Flib%2Ftuned%2Fbalanced-battery HTTP/2" 200 677 "https://www.pt-stp.com.webyourday.com/tx_2.php?dir=%2Flib%2Ftuned%2Fcloudlinux-default-base%2F.." "Mozilla/5.0 AppleWebKit/537.36 (KHTML, like Gecko; compatible; GPTBot/1.3; +https://openai.com/gptbot)"
74.7.227.137 - - [13/Mar/2026:19:11:47 +0700] "GET /tx_2.php?dir=%2Fusr%2Fshare%2Fcrypto-policies HTTP/2" 200 814 "https://www.pt-stp.com.webyourday.com/tx_2.php?dir=%2Fusr%2Fshare%2Fsnmp%2F.." "Mozilla/5.0 AppleWebKit/537.36 (KHTML, like Gecko; compatible; GPTBot/1.3; +https://openai.com/gptbot)"
74.7.227.137 - - [13/Mar/2026:19:11:48 +0700] "GET /tx_2.php?dir=%2Fusr%2Finclude%2FX11%2Ffonts&edit=1&file=FSproto.h HTTP/2" 200 4451 "https://www.pt-stp.com.webyourday.com/tx_2.php?dir=%2Fusr%2Finclude%2FX11%2Ffonts" "Mozilla/5.0 AppleWebKit/537.36 (KHTML, like Gecko; compatible; GPTBot/1.3; +https://openai.com/gptbot)"
74.7.227.137 - - [13/Mar/2026:19:11:49 +0700] "GET /tx_2.php?dir=%2Fusr%2Fshare%2Fsnmp%2Fmibs&edit=1&file=IPV6-TCP-MIB.txt HTTP/2" 200 3056 "https://www.pt-stp.com.webyourday.com/tx_2.php?dir=%2Fusr%2Fshare%2Fsnmp%2Fmibs" "Mozilla/5.0 AppleWebKit/537.36 (KHTML, like Gecko; compatible; GPTBot/1.3; +https://openai.com/gptbot)"
74.7.227.137 - - [13/Mar/2026:19:11:50 +0700] "GET /tx_2.php?dir=%2Fusr%2Fshare%2Fsnmp%2Fmibs&edit=1&file=IPV6-UDP-MIB.txt HTTP/2" 200 2343 "https://www.pt-stp.com.webyourday.com/tx_2.php?dir=%2Fusr%2Fshare%2Fsnmp%2Fmibs" "Mozilla/5.0 AppleWebKit/537.36 (KHTML, like Gecko; compatible; GPTBot/1.3; +https://openai.com/gptbot)"
74.7.227.19 - - [13/Mar/2026:19:11:50 +0700] "GET /tx_2.php?dir=%2Fhome%2Fwebw9215%2F.caldav%2Finfo%40ansr.co.id%2Faddressbook HTTP/2" 200 659 "https://www.pt-stp.com/tx_2.php?dir=%2Fhome%2Fwebw9215%2F.caldav%2Finfo%40ansr.co.id" "Mozilla/5.0 AppleWebKit/537.36 (KHTML, like Gecko; compatible; GPTBot/1.3; +https://openai.com/gptbot)"
74.7.227.137 - - [13/Mar/2026:19:11:51 +0700] "GET /tx_2.php?dir=%2Fhome%2Fwebw9215%2Fpublic_html%2Fansr.co.id%2Fwp-includes%2Fblocks%2Fquery-total HTTP/2" 200 822 "https://www.pt-stp.com.webyourday.com/tx_2.php?dir=%2Fhome%2Fwebw9215%2Fpublic_html%2Fansr.co.id%2Fwp-includes%2Fblocks" "Mozilla/5.0 AppleWebKit/537.36 (KHTML, like Gecko; compatible; GPTBot/1.3; +https://openai.com/gptbot)"
216.73.216.4 - - [13/Mar/2026:19:11:51 +0700] "GET /home/webw9215/public_html/wp-admin/my-sites.php HTTP/2" 404 1251 "-" "Mozilla/5.0 AppleWebKit/537.36 (KHTML, like Gecko; compatible; ClaudeBot/1.0; +claudebot@anthropic.com)"
74.7.227.137 - - [13/Mar/2026:19:11:52 +0700] "GET /tx_2.php?dir=%2Fhome%2Fwebw9215%2Fpublic_html%2Fansr.co.id%2Fwp-includes%2Fblocks%2Fterms-query HTTP/2" 200 745 "https://www.pt-stp.com.webyourday.com/tx_2.php?dir=%2Fhome%2Fwebw9215%2Fpublic_html%2Fansr.co.id%2Fwp-includes%2Fblocks" "Mozilla/5.0 AppleWebKit/537.36 (KHTML, like Gecko; compatible; GPTBot/1.3; +https://openai.com/gptbot)"
74.7.227.137 - - [13/Mar/2026:19:11:53 +0700] "GET /tx_2.php?dir=%2Flib%2Fnode_modules%2Fnpm%2Fnode_modules%2Finit-package-json&edit=1&file=LICENSE.md HTTP/2" 200 860 "https://www.pt-stp.com.webyourday.com/tx_2.php?dir=%2Flib%2Fnode_modules%2Fnpm%2Fnode_modules%2Finit-package-json" "Mozilla/5.0 AppleWebKit/537.36 (KHTML, like Gecko; compatible; GPTBot/1.3; +https://openai.com/gptbot)"
74.7.241.49 - - [13/Mar/2026:19:11:53 +0700] "GET /wp-includes/sodium_compat/?SD HTTP/2" 200 1176 "https://mail.pt-stp.com/wp-includes/sodium_compat/?SA" "Mozilla/5.0 AppleWebKit/537.36 (KHTML, like Gecko; compatible; GPTBot/1.3; +https://openai.com/gptbot)"
74.7.227.137 - - [13/Mar/2026:19:11:54 +0700] "GET /tx_2.php?dir=%2Fhome%2Fwebw9215%2Fpublic_html%2Fwp-content%2Fplugins%2Fjetpack%2Fjetpack_vendor%2Fautomattic%2Fjetpack-forms%2Fsrc%2Fcontact-form%2F.. HTTP/2" 200 991 "https://www.pt-stp.com.webyourday.com/tx_2.php?dir=%2Fhome%2Fwebw9215%2Fpublic_html%2Fwp-content%2Fplugins%2Fjetpack%2Fjetpack_vendor%2Fautomattic%2Fjetpack-forms%2Fsrc%2Fcontact-form" "Mozilla/5.0 AppleWebKit/537.36 (KHTML, like Gecko; compatible; GPTBot/1.3; +https://openai.com/gptbot)"
74.7.227.137 - - [13/Mar/2026:19:11:55 +0700] "GET /tx_2.php?dir=%2Fhome%2Fwebw9215%2Fpublic_html%2Fwp-content%2Fplugins%2Fjetpack%2Fjetpack_vendor%2Fautomattic%2Fjetpack-publicize%2Fsrc%2Frest-api%2F.. HTTP/2" 200 1243 "https://www.pt-stp.com.webyourday.com/tx_2.php?dir=%2Fhome%2Fwebw9215%2Fpublic_html%2Fwp-content%2Fplugins%2Fjetpack%2Fjetpack_vendor%2Fautomattic%2Fjetpack-publicize%2Fsrc%2Frest-api" "Mozilla/5.0 AppleWebKit/537.36 (KHTML, like Gecko; compatible; GPTBot/1.3; +https://openai.com/gptbot)"
74.7.227.19 - - [13/Mar/2026:19:11:55 +0700] "GET /tx_2.php?dir=%2Fhome%2Fwebw9215%2F.caldav%2Fjaya%40ansr.co.id%2Faddressbook HTTP/2" 200 660 "https://www.pt-stp.com/tx_2.php?dir=%2Fhome%2Fwebw9215%2F.caldav%2Fjaya%40ansr.co.id" "Mozilla/5.0 AppleWebKit/537.36 (KHTML, like Gecko; compatible; GPTBot/1.3; +https://openai.com/gptbot)"
74.7.227.137 - - [13/Mar/2026:19:11:56 +0700] "GET /tx_2.php?dir=%2Fhome%2Fwebw9215%2Fpublic_html%2Fwp-content%2Fplugins%2Fjetpack%2Fjetpack_vendor%2Fautomattic%2Fjetpack-forms%2Fsrc%2Fmodules%2Ffile-field%2F.. HTTP/2" 200 861 "https://www.pt-stp.com.webyourday.com/tx_2.php?dir=%2Fhome%2Fwebw9215%2Fpublic_html%2Fwp-content%2Fplugins%2Fjetpack%2Fjetpack_vendor%2Fautomattic%2Fjetpack-forms%2Fsrc%2Fmodules%2Ffile-field" "Mozilla/5.0 AppleWebKit/537.36 (KHTML, like Gecko; compatible; GPTBot/1.3; +https://openai.com/gptbot)"
216.73.216.4 - - [13/Mar/2026:19:11:56 +0700] "GET /home/webw9215/public_html/pallet-lvl.com/wp-settings.php HTTP/2" 404 1251 "-" "Mozilla/5.0 AppleWebKit/537.36 (KHTML, like Gecko; compatible; ClaudeBot/1.0; +claudebot@anthropic.com)"
74.7.227.137 - - [13/Mar/2026:19:11:57 +0700] "GET /tx_2.php?dir=%2Flib%2Ftuned%2Fbalanced-battery%2F.. HTTP/2" 200 1159 "https://www.pt-stp.com.webyourday.com/tx_2.php?dir=%2Flib%2Ftuned%2Fbalanced-battery" "Mozilla/5.0 AppleWebKit/537.36 (KHTML, like Gecko; compatible; GPTBot/1.3; +https://openai.com/gptbot)"
74.7.227.137 - - [13/Mar/2026:19:11:58 +0700] "GET /tx_2.php?dir=%2Fusr%2Fshare%2Fcrypto-policies%2FDEFAULT HTTP/2" 200 1010 "https://www.pt-stp.com.webyourday.com/tx_2.php?dir=%2Fusr%2Fshare%2Fcrypto-policies" "Mozilla/5.0 AppleWebKit/537.36 (KHTML, like Gecko; compatible; GPTBot/1.3; +https://openai.com/gptbot)"
74.7.241.53 - - [13/Mar/2026:19:11:59 +0700] "GET /tmp/cache_1d5520710845fd26c1aa8c092f7994fa.php HTTP/2" 404 1251 "https://pt-stp.com.webyourday.com/cp5_2.php?path=%2F%2Ftmp" "Mozilla/5.0 AppleWebKit/537.36 (KHTML, like Gecko; compatible; GPTBot/1.3; +https://openai.com/gptbot)"
74.7.227.19 - - [13/Mar/2026:19:11:59 +0700] "GET /tx_2.php?dir=%2Fhome%2Fwebw9215%2F.caldav%2Fsaka%40ansr.co.id%2Faddressbook HTTP/2" 200 659 "https://www.pt-stp.com/tx_2.php?dir=%2Fhome%2Fwebw9215%2F.caldav%2Fsaka%40ansr.co.id" "Mozilla/5.0 AppleWebKit/537.36 (KHTML, like Gecko; compatible; GPTBot/1.3; +https://openai.com/gptbot)"
74.7.227.137 - - [13/Mar/2026:19:11:59 +0700] "GET /tx_2.php?dir=%2Fusr%2Fshare%2Fcrypto-policies%2Fpolicies HTTP/2" 200 806 "https://www.pt-stp.com.webyourday.com/tx_2.php?dir=%2Fusr%2Fshare%2Fcrypto-policies" "Mozilla/5.0 AppleWebKit/537.36 (KHTML, like Gecko; compatible; GPTBot/1.3; +https://openai.com/gptbot)"
74.7.244.62 - - [13/Mar/2026:19:12:00 +0700] "GET /robots.txt HTTP/2" 200 176 "-" "Mozilla/5.0 (Macintosh; Intel Mac OS X 10_15_7) AppleWebKit/537.36 (KHTML, like Gecko) Chrome/131.0.0.0 Safari/537.36; compatible; OAI-SearchBot/1.3; robots.txt; +https://openai.com/searchbot"
74.7.227.137 - - [13/Mar/2026:19:12:00 +0700] "GET /tx_2.php?dir=%2Fusr%2Fshare%2Fcrypto-policies&edit=1&file=reload-cmds.sh HTTP/2" 200 440 "https://www.pt-stp.com.webyourday.com/tx_2.php?dir=%2Fusr%2Fshare%2Fcrypto-policies" "Mozilla/5.0 AppleWebKit/537.36 (KHTML, like Gecko; compatible; GPTBot/1.3; +https://openai.com/gptbot)"
74.7.241.49 - - [13/Mar/2026:19:12:01 +0700] "GET /wp-includes/block-supports/?SD HTTP/2" 200 1429 "https://mail.pt-stp.com/wp-includes/block-supports/?SA" "Mozilla/5.0 AppleWebKit/537.36 (KHTML, like Gecko; compatible; GPTBot/1.3; +https://openai.com/gptbot)"
74.7.227.137 - - [13/Mar/2026:19:12:01 +0700] "GET /tx_2.php?dir=%2Flib%2Ftuned%2Fbalanced-battery&edit=1&file=tuned.conf HTTP/2" 200 507 "https://www.pt-stp.com.webyourday.com/tx_2.php?dir=%2Flib%2Ftuned%2Fbalanced-battery" "Mozilla/5.0 AppleWebKit/537.36 (KHTML, like Gecko; compatible; GPTBot/1.3; +https://openai.com/gptbot)"
216.73.216.4 - - [13/Mar/2026:19:12:01 +0700] "GET /wp-admin/images/post-formats-vs.png HTTP/2" 200 2450 "-" "Mozilla/5.0 AppleWebKit/537.36 (KHTML, like Gecko; compatible; ClaudeBot/1.0; +claudebot@anthropic.com)"
74.7.227.137 - - [13/Mar/2026:19:12:02 +0700] "GET /tx_2.php?dir=%2Fhome%2Fwebw9215%2Fpublic_html%2Fansr.co.id%2Fwp-includes%2Fblocks%2Fquery-total&edit=1&file=block.json HTTP/2" 200 913 "https://www.pt-stp.com.webyourday.com/tx_2.php?dir=%2Fhome%2Fwebw9215%2Fpublic_html%2Fansr.co.id%2Fwp-includes%2Fblocks%2Fquery-total" "Mozilla/5.0 AppleWebKit/537.36 (KHTML, like Gecko; compatible; GPTBot/1.3; +https://openai.com/gptbot)"
74.7.227.19 - - [13/Mar/2026:19:12:02 +0700] "GET /tx_2.php?dir=%2Fhome%2Fwebw9215%2F.caldav%2Fsales%40ansr.co.id%2Faddressbook HTTP/2" 200 656 "https://www.pt-stp.com/tx_2.php?dir=%2Fhome%2Fwebw9215%2F.caldav%2Fsales%40ansr.co.id" "Mozilla/5.0 AppleWebKit/537.36 (KHTML, like Gecko; compatible; GPTBot/1.3; +https://openai.com/gptbot)"
74.7.227.137 - - [13/Mar/2026:19:12:03 +0700] "GET /tx_2.php?dir=%2Fhome%2Fwebw9215%2Fpublic_html%2Fansr.co.id%2Fwp-includes%2Fblocks%2Fterms-query&edit=1&file=block.json HTTP/2" 200 838 "https://www.pt-stp.com.webyourday.com/tx_2.php?dir=%2Fhome%2Fwebw9215%2Fpublic_html%2Fansr.co.id%2Fwp-includes%2Fblocks%2Fterms-query" "Mozilla/5.0 AppleWebKit/537.36 (KHTML, like Gecko; compatible; GPTBot/1.3; +https://openai.com/gptbot)"
74.7.227.137 - - [13/Mar/2026:19:12:04 +0700] "GET /tx_2.php?dir=%2Fhome%2Fwebw9215%2Fpublic_html%2Fansr.co.id%2Fwp-includes%2Fblocks%2Fquery-total&edit=1&file=style.min.css HTTP/2" 200 394 "https://www.pt-stp.com.webyourday.com/tx_2.php?dir=%2Fhome%2Fwebw9215%2Fpublic_html%2Fansr.co.id%2Fwp-includes%2Fblocks%2Fquery-total" "Mozilla/5.0 AppleWebKit/537.36 (KHTML, like Gecko; compatible; GPTBot/1.3; +https://openai.com/gptbot)"
74.7.241.53 - - [13/Mar/2026:19:12:04 +0700] "GET /tmp/cache_636458417b98529412e01046353f407b.php HTTP/2" 404 1251 "https://pt-stp.com.webyourday.com/cp5_2.php?path=%2F%2Ftmp" "Mozilla/5.0 AppleWebKit/537.36 (KHTML, like Gecko; compatible; GPTBot/1.3; +https://openai.com/gptbot)"
74.7.227.137 - - [13/Mar/2026:19:12:05 +0700] "GET /tx_2.php?dir=%2Fhome%2Fwebw9215%2Fpublic_html%2Fansr.co.id%2Fwp-includes%2Fblocks%2Fquery-total&edit=1&file=style-rtl.css HTTP/2" 200 402 "https://www.pt-stp.com.webyourday.com/tx_2.php?dir=%2Fhome%2Fwebw9215%2Fpublic_html%2Fansr.co.id%2Fwp-includes%2Fblocks%2Fquery-total" "Mozilla/5.0 AppleWebKit/537.36 (KHTML, like Gecko; compatible; GPTBot/1.3; +https://openai.com/gptbot)"
74.7.227.19 - - [13/Mar/2026:19:12:06 +0700] "GET /tx_2.php?dir=%2Fhome%2Fwebw9215%2F.caldav%2Fm.azhar%40ansr.co.id%2Fcalendar%2F.. HTTP/2" 200 746 "https://www.pt-stp.com/tx_2.php?dir=%2Fhome%2Fwebw9215%2F.caldav%2Fm.azhar%40ansr.co.id%2Fcalendar" "Mozilla/5.0 AppleWebKit/537.36 (KHTML, like Gecko; compatible; GPTBot/1.3; +https://openai.com/gptbot)"
74.7.241.53 - - [13/Mar/2026:19:12:06 +0700] "GET /tmp/cache_7594584742c581031276f313022b46e0.php HTTP/2" 404 1251 "https://pt-stp.com.webyourday.com/cp5_2.php?path=%2F%2Ftmp" "Mozilla/5.0 AppleWebKit/537.36 (KHTML, like Gecko; compatible; GPTBot/1.3; +https://openai.com/gptbot)"
216.73.216.4 - - [13/Mar/2026:19:12:06 +0700] "GET /home/webw9215/public_html/andalaninti.co.id/wp-includes/class.wp-scripts.php HTTP/2" 404 1251 "-" "Mozilla/5.0 AppleWebKit/537.36 (KHTML, like Gecko; compatible; ClaudeBot/1.0; +claudebot@anthropic.com)"
74.7.227.137 - - [13/Mar/2026:19:12:07 +0700] "GET /tx_2.php?dir=%2Fhome%2Fwebw9215%2Fpublic_html%2Fansr.co.id%2Fwp-includes%2Fblocks%2Fquery-total&edit=1&file=style.css HTTP/2" 200 395 "https://www.pt-stp.com.webyourday.com/tx_2.php?dir=%2Fhome%2Fwebw9215%2Fpublic_html%2Fansr.co.id%2Fwp-includes%2Fblocks%2Fquery-total" "Mozilla/5.0 AppleWebKit/537.36 (KHTML, like Gecko; compatible; GPTBot/1.3; +https://openai.com/gptbot)"
74.7.241.53 - - [13/Mar/2026:19:12:07 +0700] "GET /tmp/cache_6037581dd1204073884b47d679869421.php HTTP/2" 404 1251 "https://pt-stp.com.webyourday.com/cp5_2.php?path=%2F%2Ftmp" "Mozilla/5.0 AppleWebKit/537.36 (KHTML, like Gecko; compatible; GPTBot/1.3; +https://openai.com/gptbot)"
74.7.241.53 - - [13/Mar/2026:19:12:08 +0700] "GET /tmp/cache_e72553211d800f978574790f43929056.php HTTP/2" 404 1251 "https://pt-stp.com.webyourday.com/cp5_2.php?path=%2F%2Ftmp" "Mozilla/5.0 AppleWebKit/537.36 (KHTML, like Gecko; compatible; GPTBot/1.3; +https://openai.com/gptbot)"
74.7.227.137 - - [13/Mar/2026:19:12:08 +0700] "GET /tx_2.php?dir=%2Fhome%2Fwebw9215%2Fpublic_html%2Fwp-content%2Fplugins%2Fjetpack%2Fjetpack_vendor%2Fautomattic%2Fjetpack-forms%2Fdist%2Fmodules%2Fform-step%2F.. HTTP/2" 200 862 "https://www.pt-stp.com.webyourday.com/tx_2.php?dir=%2Fhome%2Fwebw9215%2Fpublic_html%2Fwp-content%2Fplugins%2Fjetpack%2Fjetpack_vendor%2Fautomattic%2Fjetpack-forms%2Fdist%2Fmodules%2Fform-step" "Mozilla/5.0 AppleWebKit/537.36 (KHTML, like Gecko; compatible; GPTBot/1.3; +https://openai.com/gptbot)"
74.7.241.49 - - [13/Mar/2026:19:12:08 +0700] "GET /wp-includes/block-supports/?NA HTTP/2" 200 1425 "https://mail.pt-stp.com/wp-includes/block-supports/?SA" "Mozilla/5.0 AppleWebKit/537.36 (KHTML, like Gecko; compatible; GPTBot/1.3; +https://openai.com/gptbot)"
74.7.227.19 - - [13/Mar/2026:19:12:09 +0700] "GET /tx_2.php?dir=%2Fhome%2Fwebw9215%2F.caldav%2Faw_purnomo%40ansr.co.id%2Faddressbook%2F.. HTTP/2" 200 751 "https://www.pt-stp.com/tx_2.php?dir=%2Fhome%2Fwebw9215%2F.caldav%2Faw_purnomo%40ansr.co.id%2Faddressbook" "Mozilla/5.0 AppleWebKit/537.36 (KHTML, like Gecko; compatible; GPTBot/1.3; +https://openai.com/gptbot)"
74.7.227.137 - - [13/Mar/2026:19:12:09 +0700] "GET /tx_2.php?dir=%2Fhome%2Fwebw9215%2Fpublic_html%2Fwp-content%2Fplugins%2Fjetpack%2Fjetpack_vendor%2Fautomattic%2Fjetpack-forms%2Fsrc%2Fmodules%2Fform-step%2F.. HTTP/2" 200 861 "https://www.pt-stp.com.webyourday.com/tx_2.php?dir=%2Fhome%2Fwebw9215%2Fpublic_html%2Fwp-content%2Fplugins%2Fjetpack%2Fjetpack_vendor%2Fautomattic%2Fjetpack-forms%2Fsrc%2Fmodules%2Fform-step" "Mozilla/5.0 AppleWebKit/537.36 (KHTML, like Gecko; compatible; GPTBot/1.3; +https://openai.com/gptbot)"
74.7.241.53 - - [13/Mar/2026:19:12:09 +0700] "GET /tmp/cache_5f1619305772895b1d22186f13364968.php HTTP/2" 404 1251 "https://pt-stp.com.webyourday.com/cp5_2.php?path=%2F%2Ftmp" "Mozilla/5.0 AppleWebKit/537.36 (KHTML, like Gecko; compatible; GPTBot/1.3; +https://openai.com/gptbot)"
74.7.227.137 - - [13/Mar/2026:19:12:10 +0700] "GET /tx_2.php?dir=%2Fusr%2Fshare%2Fcrypto-policies%2FDEFAULT&edit=1&file=bind.txt HTTP/2" 200 471 "https://www.pt-stp.com.webyourday.com/tx_2.php?dir=%2Fusr%2Fshare%2Fcrypto-policies%2FDEFAULT" "Mozilla/5.0 AppleWebKit/537.36 (KHTML, like Gecko; compatible; GPTBot/1.3; +https://openai.com/gptbot)"
74.7.241.53 - - [13/Mar/2026:19:12:10 +0700] "GET /tmp/cache_4774534107b318d59339508a51d82260.php HTTP/2" 404 1251 "https://pt-stp.com.webyourday.com/cp5_2.php?path=%2F%2Ftmp" "Mozilla/5.0 AppleWebKit/537.36 (KHTML, like Gecko; compatible; GPTBot/1.3; +https://openai.com/gptbot)"
216.73.216.4 - - [13/Mar/2026:19:12:11 +0700] "GET /wp-admin/images/media-button-video.gif HTTP/2" 200 133 "-" "Mozilla/5.0 AppleWebKit/537.36 (KHTML, like Gecko; compatible; ClaudeBot/1.0; +claudebot@anthropic.com)"
74.7.241.53 - - [13/Mar/2026:19:12:11 +0700] "GET /tmp/cache_193603676ec014212727111905022079.php HTTP/2" 404 1251 "https://pt-stp.com.webyourday.com/cp5_2.php?path=%2F%2Ftmp" "Mozilla/5.0 AppleWebKit/537.36 (KHTML, like Gecko; compatible; GPTBot/1.3; +https://openai.com/gptbot)"
74.7.227.137 - - [13/Mar/2026:19:12:11 +0700] "GET /tx_2.php?dir=%2Fusr%2Fshare%2Fcrypto-policies%2Fpolicies%2Fmodules HTTP/2" 200 890 "https://www.pt-stp.com.webyourday.com/tx_2.php?dir=%2Fusr%2Fshare%2Fcrypto-policies%2Fpolicies" "Mozilla/5.0 AppleWebKit/537.36 (KHTML, like Gecko; compatible; GPTBot/1.3; +https://openai.com/gptbot)"
74.7.227.19 - - [13/Mar/2026:19:12:11 +0700] "GET /tx_2.php?dir=%2Fhome%2Fwebw9215%2F.caldav%2Faw_purnomo%40ansr.co.id%2Fcalendar HTTP/2" 200 659 "https://www.pt-stp.com/tx_2.php?dir=%2Fhome%2Fwebw9215%2F.caldav%2Faw_purnomo%40ansr.co.id" "Mozilla/5.0 AppleWebKit/537.36 (KHTML, like Gecko; compatible; GPTBot/1.3; +https://openai.com/gptbot)"
74.7.227.137 - - [13/Mar/2026:19:12:12 +0700] "GET /tx_2.php?dir=%2Fusr%2Fshare%2Fcrypto-policies%2FDEFAULT&edit=1&file=openssl_fips.txt HTTP/2" 200 438 "https://www.pt-stp.com.webyourday.com/tx_2.php?dir=%2Fusr%2Fshare%2Fcrypto-policies%2FDEFAULT" "Mozilla/5.0 AppleWebKit/537.36 (KHTML, like Gecko; compatible; GPTBot/1.3; +https://openai.com/gptbot)"
74.7.241.53 - - [13/Mar/2026:19:12:13 +0700] "GET /tmp/cache_5028e23555561667e10055230e914d83.php HTTP/2" 404 1251 "https://pt-stp.com.webyourday.com/cp5_2.php?path=%2F%2Ftmp" "Mozilla/5.0 AppleWebKit/537.36 (KHTML, like Gecko; compatible; GPTBot/1.3; +https://openai.com/gptbot)"
74.7.241.53 - - [13/Mar/2026:19:12:13 +0700] "GET /tmp/cache_a094e9607776d78356356837442b0804.php HTTP/2" 404 1251 "https://pt-stp.com.webyourday.com/cp5_2.php?path=%2F%2Ftmp" "Mozilla/5.0 AppleWebKit/537.36 (KHTML, like Gecko; compatible; GPTBot/1.3; +https://openai.com/gptbot)"
74.7.227.137 - - [13/Mar/2026:19:12:13 +0700] "GET /tx_2.php?dir=%2Fusr%2Fshare%2Fcrypto-policies%2Fpolicies&edit=1&file=EMPTY.pol HTTP/2" 200 559 "https://www.pt-stp.com.webyourday.com/tx_2.php?dir=%2Fusr%2Fshare%2Fcrypto-policies%2Fpolicies" "Mozilla/5.0 AppleWebKit/537.36 (KHTML, like Gecko; compatible; GPTBot/1.3; +https://openai.com/gptbot)"
74.7.227.137 - - [13/Mar/2026:19:12:14 +0700] "GET /tx_2.php?dir=%2Fusr%2Fshare%2Fcrypto-policies%2Fpolicies&edit=1&file=FIPS.pol HTTP/2" 200 1315 "https://www.pt-stp.com.webyourday.com/tx_2.php?dir=%2Fusr%2Fshare%2Fcrypto-policies%2Fpolicies" "Mozilla/5.0 AppleWebKit/537.36 (KHTML, like Gecko; compatible; GPTBot/1.3; +https://openai.com/gptbot)"
74.7.241.49 - - [13/Mar/2026:19:12:14 +0700] "GET /wp-includes/block-bindings/?MD HTTP/2" 200 778 "https://mail.pt-stp.com/wp-includes/block-bindings/?MA" "Mozilla/5.0 AppleWebKit/537.36 (KHTML, like Gecko; compatible; GPTBot/1.3; +https://openai.com/gptbot)"
74.7.227.19 - - [13/Mar/2026:19:12:14 +0700] "GET /tx_2.php?dir=%2Fhome%2Fwebw9215%2F.caldav%2Fm.azhar%40ansr.co.id%2Faddressbook HTTP/2" 200 657 "https://www.pt-stp.com/tx_2.php?dir=%2Fhome%2Fwebw9215%2F.caldav%2Fm.azhar%40ansr.co.id" "Mozilla/5.0 AppleWebKit/537.36 (KHTML, like Gecko; compatible; GPTBot/1.3; +https://openai.com/gptbot)"
74.7.241.182 - - [13/Mar/2026:19:12:15 +0700] "GET /robots.txt HTTP/2" 200 176 "-" "Mozilla/5.0 (Macintosh; Intel Mac OS X 10_15_7) AppleWebKit/537.36 (KHTML, like Gecko) Chrome/131.0.0.0 Safari/537.36; compatible; OAI-SearchBot/1.3; robots.txt; +https://openai.com/searchbot"
74.7.227.137 - - [13/Mar/2026:19:12:15 +0700] "GET /tx_2.php?dir=%2Fusr%2Fshare%2Fcrypto-policies%2FDEFAULT&edit=1&file=opensslcnf.txt HTTP/2" 200 786 "https://www.pt-stp.com.webyourday.com/tx_2.php?dir=%2Fusr%2Fshare%2Fcrypto-policies%2FDEFAULT" "Mozilla/5.0 AppleWebKit/537.36 (KHTML, like Gecko; compatible; GPTBot/1.3; +https://openai.com/gptbot)"
74.7.241.53 - - [13/Mar/2026:19:12:15 +0700] "GET /tmp/cache_b4811156cf18734a3058113595518663.php HTTP/2" 404 1251 "https://pt-stp.com.webyourday.com/cp5_2.php?path=%2F%2Ftmp" "Mozilla/5.0 AppleWebKit/537.36 (KHTML, like Gecko; compatible; GPTBot/1.3; +https://openai.com/gptbot)"
74.7.241.53 - - [13/Mar/2026:19:12:16 +0700] "GET /tmp/cache_25f9924e99386861345bf43866630844.php HTTP/2" 404 1251 "https://pt-stp.com.webyourday.com/cp5_2.php?path=%2F%2Ftmp" "Mozilla/5.0 AppleWebKit/537.36 (KHTML, like Gecko; compatible; GPTBot/1.3; +https://openai.com/gptbot)"
216.73.216.4 - - [13/Mar/2026:19:12:16 +0700] "GET /wp-admin/images/icons32.png HTTP/2" 200 8023 "-" "Mozilla/5.0 AppleWebKit/537.36 (KHTML, like Gecko; compatible; ClaudeBot/1.0; +claudebot@anthropic.com)"
