74.7.227.128 - - [13/Mar/2026:19:33:44 +0700] "GET /cp5_2.php?path=%2Fhome%2Fwebw9215%2Fpublic_html%2Fwp-admin%2Fincludes HTTP/2" 200 2383 "https://pt-stp.com/cp5_2.php?path=%2Fhome%2Fwebw9215%2Fpublic_html%2Fwp-admin" "Mozilla/5.0 AppleWebKit/537.36 (KHTML, like Gecko; compatible; GPTBot/1.3; +https://openai.com/gptbot)"
74.7.227.19 - - [13/Mar/2026:19:33:44 +0700] "GET /tx_2.php?dir=%2Fhome%2Fwebw9215%2Fpublic_html%2Fansr.co.id%2Fwp-content%2Fuploads%2Felementor%2Fcss HTTP/2" 200 985 "https://www.pt-stp.com/tx_2.php?dir=%2Fhome%2Fwebw9215%2Fpublic_html%2Fansr.co.id%2Fwp-content%2Fuploads%2Felementor" "Mozilla/5.0 AppleWebKit/537.36 (KHTML, like Gecko; compatible; GPTBot/1.3; +https://openai.com/gptbot)"
74.7.227.137 - - [13/Mar/2026:19:33:44 +0700] "GET /tx_2.php?dir=%2Fhome%2Fwebw9215%2Fpublic_html%2Fwp-content%2Fplugins%2Felementor-pro%2Fassets%2Fcss%2Ftemplates&edit=1&file=widget-slides-rtl.min.css HTTP/2" 200 896 "https://www.pt-stp.com.webyourday.com/tx_2.php?dir=%2Fhome%2Fwebw9215%2Fpublic_html%2Fwp-content%2Fplugins%2Felementor-pro%2Fassets%2Fcss%2Ftemplates" "Mozilla/5.0 AppleWebKit/537.36 (KHTML, like Gecko; compatible; GPTBot/1.3; +https://openai.com/gptbot)"
74.7.227.128 - - [13/Mar/2026:19:33:45 +0700] "GET /home/webw9215/public_html/wp-includes/blocks/post-terms/block.json HTTP/2" 404 1251 "https://pt-stp.com/cp5_2.php?path=%2Fhome%2Fwebw9215%2Fpublic_html%2Fwp-includes%2Fblocks%2Fpost-terms" "Mozilla/5.0 AppleWebKit/537.36 (KHTML, like Gecko; compatible; GPTBot/1.3; +https://openai.com/gptbot)"
74.7.227.19 - - [13/Mar/2026:19:33:45 +0700] "GET /tx_2.php?dir=%2Fhome%2Fwebw9215%2Fpublic_html%2Fansr.co.id%2Fwp-content%2Fplugins%2Felementor%2Fcore%2Fapp HTTP/2" 200 777 "https://www.pt-stp.com/tx_2.php?dir=%2Fhome%2Fwebw9215%2Fpublic_html%2Fansr.co.id%2Fwp-content%2Fplugins%2Felementor%2Fcore" "Mozilla/5.0 AppleWebKit/537.36 (KHTML, like Gecko; compatible; GPTBot/1.3; +https://openai.com/gptbot)"
74.7.227.128 - - [13/Mar/2026:19:33:46 +0700] "GET /home/webw9215/public_html/andalaninti.co.id/wp-content/plugins/woocommerce/src/Caching/error_log HTTP/2" 404 1251 "https://pt-stp.com/cp5_2.php?path=%2Fhome%2Fwebw9215%2Fpublic_html%2Fandalaninti.co.id%2Fwp-content%2Fplugins%2Fwoocommerce%2Fsrc%2FCaching" "Mozilla/5.0 AppleWebKit/537.36 (KHTML, like Gecko; compatible; GPTBot/1.3; +https://openai.com/gptbot)"
74.7.227.19 - - [13/Mar/2026:19:33:46 +0700] "GET /tx_2.php?dir=%2Fhome%2Fwebw9215%2Fpublic_html%2Fansr.co.id%2Fwp-content%2Fplugins%2Fwordpress-seo%2Fvendor_prefixed%2Fpsr%2Flog HTTP/2" 200 739 "https://www.pt-stp.com/tx_2.php?dir=%2Fhome%2Fwebw9215%2Fpublic_html%2Fansr.co.id%2Fwp-content%2Fplugins%2Fwordpress-seo%2Fvendor_prefixed%2Fpsr" "Mozilla/5.0 AppleWebKit/537.36 (KHTML, like Gecko; compatible; GPTBot/1.3; +https://openai.com/gptbot)"
74.7.227.137 - - [13/Mar/2026:19:33:46 +0700] "GET /tx_2.php?dir=%2Fhome%2Fwebw9215%2Fpublic_html%2Fwp-content%2Fplugins%2Felementor-pro%2Fassets%2Fcss%2Ftemplates&edit=1&file=widget-loop-grid-rtl.min.css HTTP/2" 200 1666 "https://www.pt-stp.com.webyourday.com/tx_2.php?dir=%2Fhome%2Fwebw9215%2Fpublic_html%2Fwp-content%2Fplugins%2Felementor-pro%2Fassets%2Fcss%2Ftemplates" "Mozilla/5.0 AppleWebKit/537.36 (KHTML, like Gecko; compatible; GPTBot/1.3; +https://openai.com/gptbot)"
216.73.216.4 - - [13/Mar/2026:19:33:46 +0700] "GET /tx_2.php?dir=%2Fhome%2Fwebw9215%2Fmail%2F.saka%40ansr_co_id HTTP/2" 200 814 "-" "Mozilla/5.0 AppleWebKit/537.36 (KHTML, like Gecko; compatible; ClaudeBot/1.0; +claudebot@anthropic.com)"
216.73.216.4 - - [13/Mar/2026:19:33:46 +0700] "GET /tx_2.php?dir=%2Fhome%2Fwebw9215%2Fmail%2F.fendi_darmawan%40carpenterz_id HTTP/2" 200 823 "-" "Mozilla/5.0 AppleWebKit/537.36 (KHTML, like Gecko; compatible; ClaudeBot/1.0; +claudebot@anthropic.com)"
74.7.227.137 - - [13/Mar/2026:19:33:47 +0700] "GET /tx_2.php?dir=%2Fhome%2Fwebw9215%2Fpublic_html%2Fwp-content%2Fplugins%2Felementor-pro%2Fassets%2Fcss%2Ftemplates&edit=1&file=widget-flip-box-rtl.min.css HTTP/2" 200 1716 "https://www.pt-stp.com.webyourday.com/tx_2.php?dir=%2Fhome%2Fwebw9215%2Fpublic_html%2Fwp-content%2Fplugins%2Felementor-pro%2Fassets%2Fcss%2Ftemplates" "Mozilla/5.0 AppleWebKit/537.36 (KHTML, like Gecko; compatible; GPTBot/1.3; +https://openai.com/gptbot)"
74.7.227.128 - - [13/Mar/2026:19:33:47 +0700] "GET /home/webw9215/public_html/andalaninti.co.id/wp-content/plugins/ocean-extra/assets/js/infiniteScroll.js HTTP/2" 404 1251 "https://pt-stp.com/cp5_2.php?path=%2Fhome%2Fwebw9215%2Fpublic_html%2Fandalaninti.co.id%2Fwp-content%2Fplugins%2Focean-extra%2Fassets%2Fjs" "Mozilla/5.0 AppleWebKit/537.36 (KHTML, like Gecko; compatible; GPTBot/1.3; +https://openai.com/gptbot)"
74.7.227.19 - - [13/Mar/2026:19:33:47 +0700] "GET /tx_2.php?dir=%2Fhome%2Fwebw9215%2Fpublic_html%2Fansr.co.id%2Fwp-content%2Fplugins%2Fwordpress-seo%2Fvendor_prefixed%2Fpsr%2Fhttp-message HTTP/2" 200 738 "https://www.pt-stp.com/tx_2.php?dir=%2Fhome%2Fwebw9215%2Fpublic_html%2Fansr.co.id%2Fwp-content%2Fplugins%2Fwordpress-seo%2Fvendor_prefixed%2Fpsr" "Mozilla/5.0 AppleWebKit/537.36 (KHTML, like Gecko; compatible; GPTBot/1.3; +https://openai.com/gptbot)"
74.7.227.137 - - [13/Mar/2026:19:33:48 +0700] "GET /tx_2.php?dir=%2Fhome%2Fwebw9215%2Fpublic_html%2Fwp-content%2Fplugins%2Felementor-pro%2Fassets%2Fcss%2Ftemplates&edit=1&file=widget-call-to-action-rtl.min.css HTTP/2" 200 1811 "https://www.pt-stp.com.webyourday.com/tx_2.php?dir=%2Fhome%2Fwebw9215%2Fpublic_html%2Fwp-content%2Fplugins%2Felementor-pro%2Fassets%2Fcss%2Ftemplates" "Mozilla/5.0 AppleWebKit/537.36 (KHTML, like Gecko; compatible; GPTBot/1.3; +https://openai.com/gptbot)"
74.7.227.128 - - [13/Mar/2026:19:33:48 +0700] "GET /tx_2.php?dir=%2Fhome%2Fwebw9215%2Fpublic_html%2Fpallet-lvl.com&edit=1&file=zo4o.php HTTP/2" 200 1405 "https://pt-stp.com/tx_2.php?dir=%2Fhome%2Fwebw9215%2Fpublic_html%2Fpallet-lvl.com%2Fcgi-bin%2F.." "Mozilla/5.0 AppleWebKit/537.36 (KHTML, like Gecko; compatible; GPTBot/1.3; +https://openai.com/gptbot)"
74.7.227.137 - - [13/Mar/2026:19:33:49 +0700] "GET /tx_2.php?dir=%2Fhome%2Fwebw9215%2Fpublic_html%2Fwp-content%2Fplugins%2Felementor-pro%2Fassets%2Fcss%2Ftemplates&edit=1&file=widget-mega-menu-rtl.min.css HTTP/2" 200 3386 "https://www.pt-stp.com.webyourday.com/tx_2.php?dir=%2Fhome%2Fwebw9215%2Fpublic_html%2Fwp-content%2Fplugins%2Felementor-pro%2Fassets%2Fcss%2Ftemplates" "Mozilla/5.0 AppleWebKit/537.36 (KHTML, like Gecko; compatible; GPTBot/1.3; +https://openai.com/gptbot)"
74.7.227.19 - - [13/Mar/2026:19:33:48 +0700] "GET /tx_2.php?dir=%2Fhome%2Fwebw9215%2Fpublic_html%2Fansr.co.id%2Fwp-content%2Fplugins%2Fwordpress-seo%2Fvendor_prefixed%2Fpsr%2Fhttp-factory HTTP/2" 200 740 "https://www.pt-stp.com/tx_2.php?dir=%2Fhome%2Fwebw9215%2Fpublic_html%2Fansr.co.id%2Fwp-content%2Fplugins%2Fwordpress-seo%2Fvendor_prefixed%2Fpsr" "Mozilla/5.0 AppleWebKit/537.36 (KHTML, like Gecko; compatible; GPTBot/1.3; +https://openai.com/gptbot)"
74.7.227.128 - - [13/Mar/2026:19:33:49 +0700] "GET /home/webw9215/public_html/andalaninti.co.id/wp-content/plugins/essential-addons-for-elementor-lite/assets/front-end/js/view/betterdocs-category-grid.js HTTP/2" 404 1251 "https://pt-stp.com/cp5_2.php?path=%2Fhome%2Fwebw9215%2Fpublic_html%2Fandalaninti.co.id%2Fwp-content%2Fplugins%2Fessential-addons-for-elementor-lite%2Fassets%2Ffront-end%2Fjs%2Fview" "Mozilla/5.0 AppleWebKit/537.36 (KHTML, like Gecko; compatible; GPTBot/1.3; +https://openai.com/gptbot)"
74.7.227.137 - - [13/Mar/2026:19:33:50 +0700] "GET /tx_2.php?dir=%2Fhome%2Fwebw9215%2Fpublic_html%2Fwp-content%2Fplugins%2Felementor-pro%2Fassets%2Fcss%2Ftemplates&edit=1&file=widget-nav-menu-rtl.min.css HTTP/2" 200 3940 "https://www.pt-stp.com.webyourday.com/tx_2.php?dir=%2Fhome%2Fwebw9215%2Fpublic_html%2Fwp-content%2Fplugins%2Felementor-pro%2Fassets%2Fcss%2Ftemplates" "Mozilla/5.0 AppleWebKit/537.36 (KHTML, like Gecko; compatible; GPTBot/1.3; +https://openai.com/gptbot)"
74.7.227.19 - - [13/Mar/2026:19:33:50 +0700] "GET /tx_2.php?dir=%2Fhome%2Fwebw9215%2Fpublic_html%2Fansr.co.id%2Fwp-content%2Fplugins%2Fwordpress-seo%2Fvendor_prefixed%2Fpsr%2Fhttp-client HTTP/2" 200 739 "https://www.pt-stp.com/tx_2.php?dir=%2Fhome%2Fwebw9215%2Fpublic_html%2Fansr.co.id%2Fwp-content%2Fplugins%2Fwordpress-seo%2Fvendor_prefixed%2Fpsr" "Mozilla/5.0 AppleWebKit/537.36 (KHTML, like Gecko; compatible; GPTBot/1.3; +https://openai.com/gptbot)"
74.7.227.137 - - [13/Mar/2026:19:33:51 +0700] "GET /tx_2.php?dir=%2Fhome%2Fwebw9215%2Fpublic_html%2Fwp-content%2Fplugins%2Felementor-pro%2Fassets%2Fcss&edit=1&file=widget-video-playlist-rtl.min.css HTTP/2" 200 2237 "https://www.pt-stp.com.webyourday.com/tx_2.php?dir=%2Fhome%2Fwebw9215%2Fpublic_html%2Fwp-content%2Fplugins%2Felementor-pro%2Fassets%2Fcss" "Mozilla/5.0 AppleWebKit/537.36 (KHTML, like Gecko; compatible; GPTBot/1.3; +https://openai.com/gptbot)"
216.73.216.4 - - [13/Mar/2026:19:33:51 +0700] "GET /tx_2.php?dir=%2Fhome%2Fwebw9215%2Fpublic_html%2Fwp-includes&edit=1&file=feed-rdf.php HTTP/2" 200 1415 "-" "Mozilla/5.0 AppleWebKit/537.36 (KHTML, like Gecko; compatible; ClaudeBot/1.0; +claudebot@anthropic.com)"
74.7.227.128 - - [13/Mar/2026:19:33:51 +0700] "GET /home/webw9215/public_html/andalaninti.co.id/wp-includes/js/dist/vendor/react-jsx-runtime.min.js HTTP/2" 404 1251 "https://pt-stp.com/cp5_2.php?path=%2Fhome%2Fwebw9215%2Fpublic_html%2Fandalaninti.co.id%2Fwp-includes%2Fjs%2Fdist%2Fvendor" "Mozilla/5.0 AppleWebKit/537.36 (KHTML, like Gecko; compatible; GPTBot/1.3; +https://openai.com/gptbot)"
74.7.227.19 - - [13/Mar/2026:19:33:51 +0700] "GET /tx_2.php?dir=%2Fhome%2Fwebw9215%2Fpublic_html%2Fansr.co.id%2Fwp-content%2Fplugins%2Felementor%2Fapp HTTP/2" 200 818 "https://www.pt-stp.com/tx_2.php?dir=%2Fhome%2Fwebw9215%2Fpublic_html%2Fansr.co.id%2Fwp-content%2Fplugins%2Felementor" "Mozilla/5.0 AppleWebKit/537.36 (KHTML, like Gecko; compatible; GPTBot/1.3; +https://openai.com/gptbot)"
74.7.227.137 - - [13/Mar/2026:19:33:52 +0700] "GET /tx_2.php?dir=%2Fhome%2Fwebw9215%2Fpublic_html%2Fwp-content%2Fplugins%2Felementor-pro%2Fassets%2Fcss&edit=1&file=widget-gallery.min.css HTTP/2" 200 1409 "https://www.pt-stp.com.webyourday.com/tx_2.php?dir=%2Fhome%2Fwebw9215%2Fpublic_html%2Fwp-content%2Fplugins%2Felementor-pro%2Fassets%2Fcss" "Mozilla/5.0 AppleWebKit/537.36 (KHTML, like Gecko; compatible; GPTBot/1.3; +https://openai.com/gptbot)"
74.7.227.128 - - [13/Mar/2026:19:33:52 +0700] "GET /home/webw9215/public_html/andalaninti.co.id/wp-content/plugins/wordpress-seo/admin/metabox/class-metabox-section-inclusive-language.php HTTP/2" 404 1251 "https://pt-stp.com/cp5_2.php?path=%2Fhome%2Fwebw9215%2Fpublic_html%2Fandalaninti.co.id%2Fwp-content%2Fplugins%2Fwordpress-seo%2Fadmin%2Fmetabox" "Mozilla/5.0 AppleWebKit/537.36 (KHTML, like Gecko; compatible; GPTBot/1.3; +https://openai.com/gptbot)"
74.7.227.19 - - [13/Mar/2026:19:33:52 +0700] "GET /tx_2.php?dir=%2Fhome%2Fwebw9215%2Fpublic_html%2Fansr.co.id%2Fwp-content%2Fplugins%2Felementor%2Fcore%2Fkits%2Fviews HTTP/2" 200 830 "https://www.pt-stp.com/tx_2.php?dir=%2Fhome%2Fwebw9215%2Fpublic_html%2Fansr.co.id%2Fwp-content%2Fplugins%2Felementor%2Fcore%2Fkits" "Mozilla/5.0 AppleWebKit/537.36 (KHTML, like Gecko; compatible; GPTBot/1.3; +https://openai.com/gptbot)"
74.7.227.137 - - [13/Mar/2026:19:33:53 +0700] "GET /tx_2.php?dir=%2Fhome%2Fwebw9215%2Fpublic_html%2Fwp-content%2Fplugins%2Felementor-pro%2Fassets%2Fcss&edit=1&file=widget-gallery-rtl.min.css HTTP/2" 200 1408 "https://www.pt-stp.com.webyourday.com/tx_2.php?dir=%2Fhome%2Fwebw9215%2Fpublic_html%2Fwp-content%2Fplugins%2Felementor-pro%2Fassets%2Fcss" "Mozilla/5.0 AppleWebKit/537.36 (KHTML, like Gecko; compatible; GPTBot/1.3; +https://openai.com/gptbot)"
74.7.227.128 - - [13/Mar/2026:19:33:53 +0700] "GET /cp5_2.php?path=%2Fhome%2Fwebw9215%2Fpublic_html%2Fandalaninti.co.id%2Fwp-content%2Fplugins%2Fduplicate-post%2Fcss HTTP/2" 200 788 "https://pt-stp.com/cp5_2.php?path=%2Fhome%2Fwebw9215%2Fpublic_html%2Fandalaninti.co.id%2Fwp-content%2Fplugins%2Fduplicate-post" "Mozilla/5.0 AppleWebKit/537.36 (KHTML, like Gecko; compatible; GPTBot/1.3; +https://openai.com/gptbot)"
74.7.227.19 - - [13/Mar/2026:19:33:53 +0700] "GET /tx_2.php?dir=%2Fhome%2Fwebw9215%2Fpublic_html%2Fansr.co.id%2Fwp-content%2Fplugins%2Felementor%2Fassets%2Flib%2Fperfect-scrollbar HTTP/2" 200 732 "https://www.pt-stp.com/tx_2.php?dir=%2Fhome%2Fwebw9215%2Fpublic_html%2Fansr.co.id%2Fwp-content%2Fplugins%2Felementor%2Fassets%2Flib" "Mozilla/5.0 AppleWebKit/537.36 (KHTML, like Gecko; compatible; GPTBot/1.3; +https://openai.com/gptbot)"
74.7.227.128 - - [13/Mar/2026:19:33:54 +0700] "GET /home/webw9215/public_html/wp-includes/customize/class-wp-customize-new-menu-section.php HTTP/2" 404 1251 "https://pt-stp.com/cp5_2.php?path=%2Fhome%2Fwebw9215%2Fpublic_html%2Fwp-includes%2Fcustomize" "Mozilla/5.0 AppleWebKit/537.36 (KHTML, like Gecko; compatible; GPTBot/1.3; +https://openai.com/gptbot)"
74.7.227.19 - - [13/Mar/2026:19:33:54 +0700] "GET /tx_2.php?dir=%2Fhome%2Fwebw9215%2Fpublic_html%2Fansr.co.id%2Fwp-content%2Fplugins%2Fdownload-monitor%2Fassets%2Fimages%2Fupsells HTTP/2" 200 811 "https://www.pt-stp.com/tx_2.php?dir=%2Fhome%2Fwebw9215%2Fpublic_html%2Fansr.co.id%2Fwp-content%2Fplugins%2Fdownload-monitor%2Fassets%2Fimages" "Mozilla/5.0 AppleWebKit/537.36 (KHTML, like Gecko; compatible; GPTBot/1.3; +https://openai.com/gptbot)"
74.7.227.137 - - [13/Mar/2026:19:33:54 +0700] "GET /tx_2.php?dir=%2Fhome%2Fwebw9215%2Fpublic_html%2Fwp-content%2Fplugins%2Felementor-pro%2Fassets%2Fcss%2Ftemplates&edit=1&file=widget-woocommerce-products-archive-rtl.min.css HTTP/2" 200 568 "https://www.pt-stp.com.webyourday.com/tx_2.php?dir=%2Fhome%2Fwebw9215%2Fpublic_html%2Fwp-content%2Fplugins%2Felementor-pro%2Fassets%2Fcss%2Ftemplates" "Mozilla/5.0 AppleWebKit/537.36 (KHTML, like Gecko; compatible; GPTBot/1.3; +https://openai.com/gptbot)"
74.7.227.128 - - [13/Mar/2026:19:33:55 +0700] "GET /tx_2.php?dir=%2Fhome%2Fwebw9215%2F.cpanel-old%2Fvcards HTTP/2" 200 732 "https://pt-stp.com/tx_2.php?dir=%2Fhome%2Fwebw9215%2F.cpanel-old" "Mozilla/5.0 AppleWebKit/537.36 (KHTML, like Gecko; compatible; GPTBot/1.3; +https://openai.com/gptbot)"
74.7.227.137 - - [13/Mar/2026:19:33:55 +0700] "GET /tx_2.php?dir=%2Fhome%2Fwebw9215%2Fpublic_html%2Fwp-content%2Fplugins%2Felementor-pro%2Fassets%2Fcss&edit=1&file=widget-author-box-rtl.min.css HTTP/2" 200 843 "https://www.pt-stp.com.webyourday.com/tx_2.php?dir=%2Fhome%2Fwebw9215%2Fpublic_html%2Fwp-content%2Fplugins%2Felementor-pro%2Fassets%2Fcss" "Mozilla/5.0 AppleWebKit/537.36 (KHTML, like Gecko; compatible; GPTBot/1.3; +https://openai.com/gptbot)"
74.7.227.137 - - [13/Mar/2026:19:33:56 +0700] "GET /tx_2.php?dir=%2Fhome%2Fwebw9215%2Fpublic_html%2Fwp-content%2Fplugins%2Fwordpress-seo%2Fsrc%2Fmodels&edit=1&file=seo-meta.php HTTP/2" 200 657 "https://www.pt-stp.com.webyourday.com/tx_2.php?dir=%2Fhome%2Fwebw9215%2Fpublic_html%2Fwp-content%2Fplugins%2Fwordpress-seo%2Fsrc%2Fmodels" "Mozilla/5.0 AppleWebKit/537.36 (KHTML, like Gecko; compatible; GPTBot/1.3; +https://openai.com/gptbot)"
216.73.216.4 - - [13/Mar/2026:19:33:56 +0700] "GET /tx_2.php?dir=%2Fhome%2Fwebw9215%2Fpublic_html%2Fpears.webyourday.com&edit=1&file=tx_2.php HTTP/2" 200 3092 "-" "Mozilla/5.0 AppleWebKit/537.36 (KHTML, like Gecko; compatible; ClaudeBot/1.0; +claudebot@anthropic.com)"
74.7.227.19 - - [13/Mar/2026:19:33:56 +0700] "GET /tx_2.php?dir=%2Fhome%2Fwebw9215%2Fpublic_html%2Fansr.co.id%2Fwp-content%2Fplugins%2Fdownload-monitor%2Ftemplates%2Fshop%2Fbutton HTTP/2" 200 800 "https://www.pt-stp.com/tx_2.php?dir=%2Fhome%2Fwebw9215%2Fpublic_html%2Fansr.co.id%2Fwp-content%2Fplugins%2Fdownload-monitor%2Ftemplates%2Fshop" "Mozilla/5.0 AppleWebKit/537.36 (KHTML, like Gecko; compatible; GPTBot/1.3; +https://openai.com/gptbot)"
74.7.227.128 - - [13/Mar/2026:19:33:56 +0700] "GET /home/webw9215/public_html/wp-admin/includes/class-wp-theme-install-list-table.php HTTP/2" 404 1251 "https://pt-stp.com/cp5_2.php?path=%2Fhome%2Fwebw9215%2Fpublic_html%2Fwp-admin%2Fincludes" "Mozilla/5.0 AppleWebKit/537.36 (KHTML, like Gecko; compatible; GPTBot/1.3; +https://openai.com/gptbot)"
74.7.227.19 - - [13/Mar/2026:19:33:57 +0700] "GET /tx_2.php?dir=%2Fhome%2Fwebw9215%2Fpublic_html%2Fansr.co.id%2Fwp-content%2Fplugins%2Fdownload-monitor%2Fassets%2Fimages%2Fonboarding HTTP/2" 200 827 "https://www.pt-stp.com/tx_2.php?dir=%2Fhome%2Fwebw9215%2Fpublic_html%2Fansr.co.id%2Fwp-content%2Fplugins%2Fdownload-monitor%2Fassets%2Fimages" "Mozilla/5.0 AppleWebKit/537.36 (KHTML, like Gecko; compatible; GPTBot/1.3; +https://openai.com/gptbot)"
74.7.227.128 - - [13/Mar/2026:19:33:57 +0700] "GET /home/webw9215/public_html/wp-admin/includes/post.php HTTP/2" 404 1251 "https://pt-stp.com/cp5_2.php?path=%2Fhome%2Fwebw9215%2Fpublic_html%2Fwp-admin%2Fincludes" "Mozilla/5.0 AppleWebKit/537.36 (KHTML, like Gecko; compatible; GPTBot/1.3; +https://openai.com/gptbot)"
74.7.227.137 - - [13/Mar/2026:19:33:57 +0700] "GET /tx_2.php?dir=%2Fhome%2Fwebw9215%2Fpublic_html%2Fwp-content%2Fplugins%2Felementor-pro%2Fassets%2Fcss&edit=1&file=widget-off-canvas.min.css HTTP/2" 200 1092 "https://www.pt-stp.com.webyourday.com/tx_2.php?dir=%2Fhome%2Fwebw9215%2Fpublic_html%2Fwp-content%2Fplugins%2Felementor-pro%2Fassets%2Fcss" "Mozilla/5.0 AppleWebKit/537.36 (KHTML, like Gecko; compatible; GPTBot/1.3; +https://openai.com/gptbot)"
74.7.227.19 - - [13/Mar/2026:19:33:58 +0700] "GET /tx_2.php?dir=%2Fhome%2Fwebw9215%2Fpublic_html%2Fansr.co.id%2Fwp-content%2Fplugins%2Felementor%2Fcore%2Fapp%2Fmodules HTTP/2" 200 771 "https://www.pt-stp.com/tx_2.php?dir=%2Fhome%2Fwebw9215%2Fpublic_html%2Fansr.co.id%2Fwp-content%2Fplugins%2Felementor%2Fcore%2Fapp" "Mozilla/5.0 AppleWebKit/537.36 (KHTML, like Gecko; compatible; GPTBot/1.3; +https://openai.com/gptbot)"
74.7.227.128 - - [13/Mar/2026:19:33:58 +0700] "GET /home/webw9215/public_html/wp-admin/includes/privacy-tools.php HTTP/2" 404 1251 "https://pt-stp.com/cp5_2.php?path=%2Fhome%2Fwebw9215%2Fpublic_html%2Fwp-admin%2Fincludes" "Mozilla/5.0 AppleWebKit/537.36 (KHTML, like Gecko; compatible; GPTBot/1.3; +https://openai.com/gptbot)"
74.7.227.137 - - [13/Mar/2026:19:33:58 +0700] "GET /tx_2.php?dir=%2Fhome%2Fwebw9215%2Fpublic_html%2Fwp-content%2Fplugins%2Felementor-pro%2Fassets%2Fcss&edit=1&file=widget-nested-carousel.min.css HTTP/2" 200 1824 "https://www.pt-stp.com.webyourday.com/tx_2.php?dir=%2Fhome%2Fwebw9215%2Fpublic_html%2Fwp-content%2Fplugins%2Felementor-pro%2Fassets%2Fcss" "Mozilla/5.0 AppleWebKit/537.36 (KHTML, like Gecko; compatible; GPTBot/1.3; +https://openai.com/gptbot)"
74.7.227.19 - - [13/Mar/2026:19:33:59 +0700] "GET /tx_2.php?dir=%2Fhome%2Fwebw9215%2Fpublic_html%2Fansr.co.id%2Fwp-content%2Fplugins%2Fdownload-monitor%2Fincludes%2Fadmin%2Funinstall HTTP/2" 200 783 "https://www.pt-stp.com/tx_2.php?dir=%2Fhome%2Fwebw9215%2Fpublic_html%2Fansr.co.id%2Fwp-content%2Fplugins%2Fdownload-monitor%2Fincludes%2Fadmin" "Mozilla/5.0 AppleWebKit/537.36 (KHTML, like Gecko; compatible; GPTBot/1.3; +https://openai.com/gptbot)"
74.7.227.128 - - [13/Mar/2026:19:33:59 +0700] "GET /home/webw9215/public_html/wp-admin/includes/class-wp-privacy-policy-content.php HTTP/2" 404 1251 "https://pt-stp.com/cp5_2.php?path=%2Fhome%2Fwebw9215%2Fpublic_html%2Fwp-admin%2Fincludes" "Mozilla/5.0 AppleWebKit/537.36 (KHTML, like Gecko; compatible; GPTBot/1.3; +https://openai.com/gptbot)"
74.7.227.137 - - [13/Mar/2026:19:33:59 +0700] "GET /tx_2.php?dir=%2Fhome%2Fwebw9215%2Fpublic_html%2Fwp-content%2Fplugins%2Felementor-pro%2Fassets%2Fcss%2Fmodules%2F.. HTTP/2" 200 3337 "https://www.pt-stp.com.webyourday.com/tx_2.php?dir=%2Fhome%2Fwebw9215%2Fpublic_html%2Fwp-content%2Fplugins%2Felementor-pro%2Fassets%2Fcss%2Fmodules" "Mozilla/5.0 AppleWebKit/537.36 (KHTML, like Gecko; compatible; GPTBot/1.3; +https://openai.com/gptbot)"
74.7.227.19 - - [13/Mar/2026:19:34:00 +0700] "GET /tx_2.php?dir=%2Fhome%2Fwebw9215%2Fpublic_html%2Fansr.co.id%2Fwp-content%2Fplugins%2Felementor%2Fassets%2Flib%2Fflatpickr HTTP/2" 200 839 "https://www.pt-stp.com/tx_2.php?dir=%2Fhome%2Fwebw9215%2Fpublic_html%2Fansr.co.id%2Fwp-content%2Fplugins%2Felementor%2Fassets%2Flib" "Mozilla/5.0 AppleWebKit/537.36 (KHTML, like Gecko; compatible; GPTBot/1.3; +https://openai.com/gptbot)"
74.7.227.128 - - [13/Mar/2026:19:34:00 +0700] "GET /home/webw9215/public_html/wp-admin/includes/comment.php HTTP/2" 404 1251 "https://pt-stp.com/cp5_2.php?path=%2Fhome%2Fwebw9215%2Fpublic_html%2Fwp-admin%2Fincludes" "Mozilla/5.0 AppleWebKit/537.36 (KHTML, like Gecko; compatible; GPTBot/1.3; +https://openai.com/gptbot)"
74.7.227.19 - - [13/Mar/2026:19:34:01 +0700] "GET /tx_2.php?dir=%2Fhome%2Fwebw9215%2Fpublic_html%2Fansr.co.id%2Fwp-content%2Fplugins%2Fdownload-monitor%2Fsrc%2FShop%2FServices HTTP/2" 200 793 "https://www.pt-stp.com/tx_2.php?dir=%2Fhome%2Fwebw9215%2Fpublic_html%2Fansr.co.id%2Fwp-content%2Fplugins%2Fdownload-monitor%2Fsrc%2FShop" "Mozilla/5.0 AppleWebKit/537.36 (KHTML, like Gecko; compatible; GPTBot/1.3; +https://openai.com/gptbot)"
74.7.227.128 - - [13/Mar/2026:19:34:01 +0700] "GET /home/webw9215/public_html/wp-admin/includes/ajax-actions.php HTTP/2" 404 1251 "https://pt-stp.com/cp5_2.php?path=%2Fhome%2Fwebw9215%2Fpublic_html%2Fwp-admin%2Fincludes" "Mozilla/5.0 AppleWebKit/537.36 (KHTML, like Gecko; compatible; GPTBot/1.3; +https://openai.com/gptbot)"
74.7.227.137 - - [13/Mar/2026:19:34:01 +0700] "GET /tx_2.php?dir=%2Fhome%2Fwebw9215%2Fpublic_html%2Fwp-content%2Fplugins%2Felementor-pro%2Fassets%2Fcss%2Ftemplates&edit=1&file=widget-testimonial-carousel-rtl.min.css HTTP/2" 200 2108 "https://www.pt-stp.com.webyourday.com/tx_2.php?dir=%2Fhome%2Fwebw9215%2Fpublic_html%2Fwp-content%2Fplugins%2Felementor-pro%2Fassets%2Fcss%2Ftemplates" "Mozilla/5.0 AppleWebKit/537.36 (KHTML, like Gecko; compatible; GPTBot/1.3; +https://openai.com/gptbot)"
216.73.216.4 - - [13/Mar/2026:19:34:01 +0700] "GET /tx_2.php?dir=%2Fhome%2Fwebw9215%2Fmail&edit=1&file=dovecot-uidlist HTTP/2" 200 427 "-" "Mozilla/5.0 AppleWebKit/537.36 (KHTML, like Gecko; compatible; ClaudeBot/1.0; +claudebot@anthropic.com)"
74.7.227.137 - - [13/Mar/2026:19:34:02 +0700] "GET /tx_2.php?dir=%2Fhome%2Fwebw9215%2Fpublic_html%2Fwp-content%2Fplugins%2Felementor-pro%2Fassets%2Fcss%2Ftemplates&edit=1&file=widget-animated-headline-rtl.min.css HTTP/2" 200 2054 "https://www.pt-stp.com.webyourday.com/tx_2.php?dir=%2Fhome%2Fwebw9215%2Fpublic_html%2Fwp-content%2Fplugins%2Felementor-pro%2Fassets%2Fcss%2Ftemplates" "Mozilla/5.0 AppleWebKit/537.36 (KHTML, like Gecko; compatible; GPTBot/1.3; +https://openai.com/gptbot)"
74.7.227.19 - - [13/Mar/2026:19:34:02 +0700] "GET /tx_2.php?dir=%2Fhome%2Fwebw9215%2Fpublic_html%2Fansr.co.id%2Fwp-content%2Fplugins%2Fdownload-monitor%2Fassets%2Fblocks%2Fsrc HTTP/2" 200 797 "https://www.pt-stp.com/tx_2.php?dir=%2Fhome%2Fwebw9215%2Fpublic_html%2Fansr.co.id%2Fwp-content%2Fplugins%2Fdownload-monitor%2Fassets%2Fblocks" "Mozilla/5.0 AppleWebKit/537.36 (KHTML, like Gecko; compatible; GPTBot/1.3; +https://openai.com/gptbot)"
74.7.227.128 - - [13/Mar/2026:19:34:03 +0700] "GET /home/webw9215/public_html/wp-admin/includes/class-ftp.php HTTP/2" 404 1251 "https://pt-stp.com/cp5_2.php?path=%2Fhome%2Fwebw9215%2Fpublic_html%2Fwp-admin%2Fincludes" "Mozilla/5.0 AppleWebKit/537.36 (KHTML, like Gecko; compatible; GPTBot/1.3; +https://openai.com/gptbot)"
74.7.227.19 - - [13/Mar/2026:19:34:03 +0700] "GET /tx_2.php?dir=%2Fhome%2Fwebw9215%2Fpublic_html%2Fansr.co.id%2Fwp-content%2Fplugins%2Felementor%2Fapp%2Fadmin-menu-items HTTP/2" 200 777 "https://www.pt-stp.com/tx_2.php?dir=%2Fhome%2Fwebw9215%2Fpublic_html%2Fansr.co.id%2Fwp-content%2Fplugins%2Felementor%2Fapp" "Mozilla/5.0 AppleWebKit/537.36 (KHTML, like Gecko; compatible; GPTBot/1.3; +https://openai.com/gptbot)"
74.7.227.137 - - [13/Mar/2026:19:34:03 +0700] "GET /tx_2.php?dir=%2Fhome%2Fwebw9215%2Fpublic_html%2Fwp-content%2Fplugins%2Felementor-pro%2Fassets%2Fcss%2Ftemplates&edit=1&file=widget-woocommerce-my-account.min.css HTTP/2" 200 3786 "https://www.pt-stp.com.webyourday.com/tx_2.php?dir=%2Fhome%2Fwebw9215%2Fpublic_html%2Fwp-content%2Fplugins%2Felementor-pro%2Fassets%2Fcss%2Ftemplates" "Mozilla/5.0 AppleWebKit/537.36 (KHTML, like Gecko; compatible; GPTBot/1.3; +https://openai.com/gptbot)"
74.7.227.137 - - [13/Mar/2026:19:34:04 +0700] "GET /tx_2.php?dir=%2Fhome%2Fwebw9215%2Fpublic_html%2Fwp-content%2Fplugins%2Felementor-pro%2Fassets%2Fcss%2Ftemplates&edit=1&file=widget-animated-headline.min.css HTTP/2" 200 2052 "https://www.pt-stp.com.webyourday.com/tx_2.php?dir=%2Fhome%2Fwebw9215%2Fpublic_html%2Fwp-content%2Fplugins%2Felementor-pro%2Fassets%2Fcss%2Ftemplates" "Mozilla/5.0 AppleWebKit/537.36 (KHTML, like Gecko; compatible; GPTBot/1.3; +https://openai.com/gptbot)"
74.7.241.53 - - [13/Mar/2026:19:34:04 +0700] "GET /tmp/cache_7996022e0263bc6e3e6609644537a449.php HTTP/2" 404 1251 "https://pt-stp.com.webyourday.com/cp5_2.php?path=%2F%2Ftmp" "Mozilla/5.0 AppleWebKit/537.36 (KHTML, like Gecko; compatible; GPTBot/1.3; +https://openai.com/gptbot)"
74.7.227.128 - - [13/Mar/2026:19:34:04 +0700] "GET /home/webw9215/public_html/wp-admin/includes/nav-menu.php HTTP/2" 404 1251 "https://pt-stp.com/cp5_2.php?path=%2Fhome%2Fwebw9215%2Fpublic_html%2Fwp-admin%2Fincludes" "Mozilla/5.0 AppleWebKit/537.36 (KHTML, like Gecko; compatible; GPTBot/1.3; +https://openai.com/gptbot)"
74.7.227.19 - - [13/Mar/2026:19:34:04 +0700] "GET /tx_2.php?dir=%2Fhome%2Fwebw9215%2Fpublic_html%2Fansr.co.id%2Fwp-content%2Fplugins%2Felementor%2Fapp%2Fmodules HTTP/2" 200 777 "https://www.pt-stp.com/tx_2.php?dir=%2Fhome%2Fwebw9215%2Fpublic_html%2Fansr.co.id%2Fwp-content%2Fplugins%2Felementor%2Fapp" "Mozilla/5.0 AppleWebKit/537.36 (KHTML, like Gecko; compatible; GPTBot/1.3; +https://openai.com/gptbot)"
74.7.241.49 - - [13/Mar/2026:19:34:04 +0700] "GET /wp-includes/sodium_compat/namespaced/Core/Curve25519/Fe.php HTTP/2" 500 0 "https://mail.pt-stp.com/wp-includes/sodium_compat/namespaced/Core/Curve25519/" "Mozilla/5.0 AppleWebKit/537.36 (KHTML, like Gecko; compatible; GPTBot/1.3; +https://openai.com/gptbot)"
74.7.227.128 - - [13/Mar/2026:19:34:05 +0700] "GET /home/webw9215/public_html/wp-admin/includes/meta-boxes.php HTTP/2" 404 1251 "https://pt-stp.com/cp5_2.php?path=%2Fhome%2Fwebw9215%2Fpublic_html%2Fwp-admin%2Fincludes" "Mozilla/5.0 AppleWebKit/537.36 (KHTML, like Gecko; compatible; GPTBot/1.3; +https://openai.com/gptbot)"
74.7.227.19 - - [13/Mar/2026:19:34:05 +0700] "GET /tx_2.php?dir=%2Fhome%2Fwebw9215%2Fpublic_html%2Fansr.co.id%2Fwp-content%2Fplugins%2Fdownload-monitor%2Fsrc%2FShop%2FCheckout HTTP/2" 200 805 "https://www.pt-stp.com/tx_2.php?dir=%2Fhome%2Fwebw9215%2Fpublic_html%2Fansr.co.id%2Fwp-content%2Fplugins%2Fdownload-monitor%2Fsrc%2FShop" "Mozilla/5.0 AppleWebKit/537.36 (KHTML, like Gecko; compatible; GPTBot/1.3; +https://openai.com/gptbot)"
74.7.227.137 - - [13/Mar/2026:19:34:05 +0700] "GET /tx_2.php?dir=%2Fhome%2Fwebw9215%2Fpublic_html%2Fwp-content%2Fplugins%2Felementor-pro%2Fassets%2Fcss&edit=1&file=widget-loop-filter-rtl.min.css HTTP/2" 200 1145 "https://www.pt-stp.com.webyourday.com/tx_2.php?dir=%2Fhome%2Fwebw9215%2Fpublic_html%2Fwp-content%2Fplugins%2Felementor-pro%2Fassets%2Fcss" "Mozilla/5.0 AppleWebKit/537.36 (KHTML, like Gecko; compatible; GPTBot/1.3; +https://openai.com/gptbot)"
74.7.227.137 - - [13/Mar/2026:19:34:06 +0700] "GET /tx_2.php?dir=%2Fhome%2Fwebw9215%2Fpublic_html%2Fwp-content%2Fplugins%2Fwordpress-seo%2Fsrc%2Fmodels&edit=1&file=indexable.php HTTP/2" 200 1818 "https://www.pt-stp.com.webyourday.com/tx_2.php?dir=%2Fhome%2Fwebw9215%2Fpublic_html%2Fwp-content%2Fplugins%2Fwordpress-seo%2Fsrc%2Fmodels" "Mozilla/5.0 AppleWebKit/537.36 (KHTML, like Gecko; compatible; GPTBot/1.3; +https://openai.com/gptbot)"
74.7.227.128 - - [13/Mar/2026:19:34:06 +0700] "GET /home/webw9215/public_html/wp-admin/includes/class-ftp-pure.php HTTP/2" 404 1251 "https://pt-stp.com/cp5_2.php?path=%2Fhome%2Fwebw9215%2Fpublic_html%2Fwp-admin%2Fincludes" "Mozilla/5.0 AppleWebKit/537.36 (KHTML, like Gecko; compatible; GPTBot/1.3; +https://openai.com/gptbot)"
74.7.227.19 - - [13/Mar/2026:19:34:06 +0700] "GET /tx_2.php?dir=%2Fhome%2Fwebw9215%2Fpublic_html%2Fansr.co.id%2Fwp-content%2Fplugins%2Felementor%2Fassets%2Flib%2Fjquery-easing HTTP/2" 200 794 "https://www.pt-stp.com/tx_2.php?dir=%2Fhome%2Fwebw9215%2Fpublic_html%2Fansr.co.id%2Fwp-content%2Fplugins%2Felementor%2Fassets%2Flib" "Mozilla/5.0 AppleWebKit/537.36 (KHTML, like Gecko; compatible; GPTBot/1.3; +https://openai.com/gptbot)"
216.73.216.4 - - [13/Mar/2026:19:34:06 +0700] "GET /tx_2.php?dir=%2Fhome%2Fwebw9215%2Fmail%2F.abigail%40okeotomotifservice_com HTTP/2" 200 830 "-" "Mozilla/5.0 AppleWebKit/537.36 (KHTML, like Gecko; compatible; ClaudeBot/1.0; +claudebot@anthropic.com)"
74.7.227.137 - - [13/Mar/2026:19:34:07 +0700] "GET /tx_2.php?dir=%2Fhome%2Fwebw9215%2Fpublic_html%2Fwp-content%2Fplugins%2Felementor-pro%2Fassets%2Fcss&edit=1&file=widget-post-navigation.min.css HTTP/2" 200 871 "https://www.pt-stp.com.webyourday.com/tx_2.php?dir=%2Fhome%2Fwebw9215%2Fpublic_html%2Fwp-content%2Fplugins%2Felementor-pro%2Fassets%2Fcss" "Mozilla/5.0 AppleWebKit/537.36 (KHTML, like Gecko; compatible; GPTBot/1.3; +https://openai.com/gptbot)"
74.7.227.128 - - [13/Mar/2026:19:34:07 +0700] "GET /tx_2.php?dir=%2Fhome%2Fwebw9215%2F.cpanel-old%2Fvcards&edit=1&file=.cpanel_vcf_import_finance%40pt-stp.com HTTP/2" 200 354 "https://pt-stp.com/tx_2.php?dir=%2Fhome%2Fwebw9215%2F.cpanel-old%2Fvcards" "Mozilla/5.0 AppleWebKit/537.36 (KHTML, like Gecko; compatible; GPTBot/1.3; +https://openai.com/gptbot)"
74.7.227.137 - - [13/Mar/2026:19:34:08 +0700] "GET /tx_2.php?dir=%2Fhome%2Fwebw9215%2Fpublic_html%2Fwp-content%2Fplugins%2Fwordpress-seo%2Fadmin%2Fpages&edit=1&file=network.php HTTP/2" 200 773 "https://www.pt-stp.com.webyourday.com/tx_2.php?dir=%2Fhome%2Fwebw9215%2Fpublic_html%2Fwp-content%2Fplugins%2Fwordpress-seo%2Fadmin%2Fpages" "Mozilla/5.0 AppleWebKit/537.36 (KHTML, like Gecko; compatible; GPTBot/1.3; +https://openai.com/gptbot)"
74.7.227.19 - - [13/Mar/2026:19:34:08 +0700] "GET /tx_2.php?dir=%2Fhome%2Fwebw9215%2Fpublic_html%2Fansr.co.id%2Fwp-content%2Fplugins%2Fdownload-monitor%2Fassets%2Fviews%2Forder HTTP/2" 200 812 "https://www.pt-stp.com/tx_2.php?dir=%2Fhome%2Fwebw9215%2Fpublic_html%2Fansr.co.id%2Fwp-content%2Fplugins%2Fdownload-monitor%2Fassets%2Fviews" "Mozilla/5.0 AppleWebKit/537.36 (KHTML, like Gecko; compatible; GPTBot/1.3; +https://openai.com/gptbot)"
74.7.227.128 - - [13/Mar/2026:19:34:08 +0700] "GET /home/webw9215/public_html/wp-admin/includes/screen.php HTTP/2" 404 1251 "https://pt-stp.com/cp5_2.php?path=%2Fhome%2Fwebw9215%2Fpublic_html%2Fwp-admin%2Fincludes" "Mozilla/5.0 AppleWebKit/537.36 (KHTML, like Gecko; compatible; GPTBot/1.3; +https://openai.com/gptbot)"
74.7.227.19 - - [13/Mar/2026:19:34:08 +0700] "GET /tx_2.php?dir=%2Fhome%2Fwebw9215%2Fpublic_html%2Fansr.co.id%2Fwp-content%2Fplugins%2Fdownload-monitor%2Fsrc%2FAdmin%2FReports HTTP/2" 200 846 "https://www.pt-stp.com/tx_2.php?dir=%2Fhome%2Fwebw9215%2Fpublic_html%2Fansr.co.id%2Fwp-content%2Fplugins%2Fdownload-monitor%2Fsrc%2FAdmin" "Mozilla/5.0 AppleWebKit/537.36 (KHTML, like Gecko; compatible; GPTBot/1.3; +https://openai.com/gptbot)"
74.7.227.128 - - [13/Mar/2026:19:34:09 +0700] "GET /home/webw9215/public_html/wp-admin/includes/plugin.php HTTP/2" 404 1251 "https://pt-stp.com/cp5_2.php?path=%2Fhome%2Fwebw9215%2Fpublic_html%2Fwp-admin%2Fincludes" "Mozilla/5.0 AppleWebKit/537.36 (KHTML, like Gecko; compatible; GPTBot/1.3; +https://openai.com/gptbot)"
74.7.227.137 - - [13/Mar/2026:19:34:09 +0700] "GET /tx_2.php?dir=%2Fhome%2Fwebw9215%2Fpublic_html%2Fwp-content%2Fplugins%2Felementor-pro%2Fassets%2Flib%2Fsmartmenus%2F.. HTTP/2" 200 825 "https://www.pt-stp.com.webyourday.com/tx_2.php?dir=%2Fhome%2Fwebw9215%2Fpublic_html%2Fwp-content%2Fplugins%2Felementor-pro%2Fassets%2Flib%2Fsmartmenus" "Mozilla/5.0 AppleWebKit/537.36 (KHTML, like Gecko; compatible; GPTBot/1.3; +https://openai.com/gptbot)"
74.7.227.19 - - [13/Mar/2026:19:34:10 +0700] "GET /tx_2.php?dir=%2Fhome%2Fwebw9215%2Fpublic_html%2Fansr.co.id%2Fwp-content%2Fplugins%2Felementor%2Fassets%2Fjs%2Fpackages HTTP/2" 200 971 "https://www.pt-stp.com/tx_2.php?dir=%2Fhome%2Fwebw9215%2Fpublic_html%2Fansr.co.id%2Fwp-content%2Fplugins%2Felementor%2Fassets%2Fjs" "Mozilla/5.0 AppleWebKit/537.36 (KHTML, like Gecko; compatible; GPTBot/1.3; +https://openai.com/gptbot)"
74.7.227.128 - - [13/Mar/2026:19:34:10 +0700] "GET /home/webw9215/public_html/wp-admin/includes/image-edit.php HTTP/2" 404 1251 "https://pt-stp.com/cp5_2.php?path=%2Fhome%2Fwebw9215%2Fpublic_html%2Fwp-admin%2Fincludes" "Mozilla/5.0 AppleWebKit/537.36 (KHTML, like Gecko; compatible; GPTBot/1.3; +https://openai.com/gptbot)"
74.7.175.141 - - [13/Mar/2026:19:34:10 +0700] "GET /robots.txt HTTP/2" 200 176 "-" "Mozilla/5.0 (Macintosh; Intel Mac OS X 10_15_7) AppleWebKit/537.36 (KHTML, like Gecko) Chrome/131.0.0.0 Safari/537.36; compatible; OAI-SearchBot/1.3; robots.txt; +https://openai.com/searchbot"
74.7.227.19 - - [13/Mar/2026:19:34:11 +0700] "GET /tx_2.php?dir=%2Fhome%2Fwebw9215%2Fpublic_html%2Fansr.co.id%2Fwp-content%2Fplugins%2Fdownload-monitor%2Fsrc%2FShop%2FProduct HTTP/2" 200 859 "https://www.pt-stp.com/tx_2.php?dir=%2Fhome%2Fwebw9215%2Fpublic_html%2Fansr.co.id%2Fwp-content%2Fplugins%2Fdownload-monitor%2Fsrc%2FShop" "Mozilla/5.0 AppleWebKit/537.36 (KHTML, like Gecko; compatible; GPTBot/1.3; +https://openai.com/gptbot)"
74.7.227.128 - - [13/Mar/2026:19:34:11 +0700] "GET /home/webw9215/public_html/wp-admin/includes/class-pclzip.php HTTP/2" 404 1251 "https://pt-stp.com/cp5_2.php?path=%2Fhome%2Fwebw9215%2Fpublic_html%2Fwp-admin%2Fincludes" "Mozilla/5.0 AppleWebKit/537.36 (KHTML, like Gecko; compatible; GPTBot/1.3; +https://openai.com/gptbot)"
74.7.227.137 - - [13/Mar/2026:19:34:10 +0700] "GET /tx_2.php?dir=%2Fhome%2Fwebw9215%2Fpublic_html%2Fwp-content%2Fplugins%2Felementor-pro%2Fassets%2Fcss&edit=1&file=widget-woocommerce-cart.min.css HTTP/2" 200 3147 "https://www.pt-stp.com.webyourday.com/tx_2.php?dir=%2Fhome%2Fwebw9215%2Fpublic_html%2Fwp-content%2Fplugins%2Felementor-pro%2Fassets%2Fcss" "Mozilla/5.0 AppleWebKit/537.36 (KHTML, like Gecko; compatible; GPTBot/1.3; +https://openai.com/gptbot)"
216.73.216.4 - - [13/Mar/2026:19:34:11 +0700] "GET /tx_2.php?dir=%2Fhome%2Fwebw9215%2Fmail%2F.company%40proact_co_id HTTP/2" 200 821 "-" "Mozilla/5.0 AppleWebKit/537.36 (KHTML, like Gecko; compatible; ClaudeBot/1.0; +claudebot@anthropic.com)"
74.7.227.137 - - [13/Mar/2026:19:34:12 +0700] "GET /tx_2.php?dir=%2Fhome%2Fwebw9215%2Fpublic_html%2Fwp-content%2Fplugins%2Felementor-pro%2Fassets%2Fcss&edit=1&file=widget-_overlay-animation.min.css HTTP/2" 200 504 "https://www.pt-stp.com.webyourday.com/tx_2.php?dir=%2Fhome%2Fwebw9215%2Fpublic_html%2Fwp-content%2Fplugins%2Felementor-pro%2Fassets%2Fcss" "Mozilla/5.0 AppleWebKit/537.36 (KHTML, like Gecko; compatible; GPTBot/1.3; +https://openai.com/gptbot)"
74.7.227.19 - - [13/Mar/2026:19:34:12 +0700] "GET /tx_2.php?dir=%2Fhome%2Fwebw9215%2Fpublic_html%2Fansr.co.id%2Fwp-content%2Fplugins%2Fdownload-monitor%2Fsrc%2FAdmin%2FSettings HTTP/2" 200 840 "https://www.pt-stp.com/tx_2.php?dir=%2Fhome%2Fwebw9215%2Fpublic_html%2Fansr.co.id%2Fwp-content%2Fplugins%2Fdownload-monitor%2Fsrc%2FAdmin" "Mozilla/5.0 AppleWebKit/537.36 (KHTML, like Gecko; compatible; GPTBot/1.3; +https://openai.com/gptbot)"
74.7.227.128 - - [13/Mar/2026:19:34:12 +0700] "GET /home/webw9215/public_html/wp-admin/includes/update.php HTTP/2" 404 1251 "https://pt-stp.com/cp5_2.php?path=%2Fhome%2Fwebw9215%2Fpublic_html%2Fwp-admin%2Fincludes" "Mozilla/5.0 AppleWebKit/537.36 (KHTML, like Gecko; compatible; GPTBot/1.3; +https://openai.com/gptbot)"
74.7.227.19 - - [13/Mar/2026:19:34:13 +0700] "GET /tx_2.php?dir=%2Fhome%2Fwebw9215%2Fpublic_html%2Fansr.co.id%2Fwp-content%2Fplugins%2Flogin-customizer%2Ffreemius%2Fassets%2Fjs HTTP/2" 200 838 "https://www.pt-stp.com/tx_2.php?dir=%2Fhome%2Fwebw9215%2Fpublic_html%2Fansr.co.id%2Fwp-content%2Fplugins%2Flogin-customizer%2Ffreemius%2Fassets" "Mozilla/5.0 AppleWebKit/537.36 (KHTML, like Gecko; compatible; GPTBot/1.3; +https://openai.com/gptbot)"
74.7.227.128 - - [13/Mar/2026:19:34:13 +0700] "GET /home/webw9215/public_html/wp-admin/includes/class-bulk-theme-upgrader-skin.php HTTP/2" 404 1251 "https://pt-stp.com/cp5_2.php?path=%2Fhome%2Fwebw9215%2Fpublic_html%2Fwp-admin%2Fincludes" "Mozilla/5.0 AppleWebKit/537.36 (KHTML, like Gecko; compatible; GPTBot/1.3; +https://openai.com/gptbot)"
74.7.227.137 - - [13/Mar/2026:19:34:13 +0700] "GET /tx_2.php?dir=%2Fhome%2Fwebw9215%2Fpublic_html%2Fwp-content%2Fplugins%2Felementor-pro%2Fassets%2Fcss&edit=1&file=widget-_overlay-animation-rtl.min.css HTTP/2" 200 504 "https://www.pt-stp.com.webyourday.com/tx_2.php?dir=%2Fhome%2Fwebw9215%2Fpublic_html%2Fwp-content%2Fplugins%2Felementor-pro%2Fassets%2Fcss" "Mozilla/5.0 AppleWebKit/537.36 (KHTML, like Gecko; compatible; GPTBot/1.3; +https://openai.com/gptbot)"
74.7.227.19 - - [13/Mar/2026:19:34:14 +0700] "GET /tx_2.php?dir=%2Fhome%2Fwebw9215%2Fpublic_html%2Fansr.co.id%2Fwp-content%2Fplugins%2Fdownload-monitor%2Fsrc%2FShop%2FSession HTTP/2" 200 929 "https://www.pt-stp.com/tx_2.php?dir=%2Fhome%2Fwebw9215%2Fpublic_html%2Fansr.co.id%2Fwp-content%2Fplugins%2Fdownload-monitor%2Fsrc%2FShop" "Mozilla/5.0 AppleWebKit/537.36 (KHTML, like Gecko; compatible; GPTBot/1.3; +https://openai.com/gptbot)"
74.7.227.128 - - [13/Mar/2026:19:34:14 +0700] "GET /home/webw9215/public_html/wp-admin/includes/error_log HTTP/2" 404 1251 "https://pt-stp.com/cp5_2.php?path=%2Fhome%2Fwebw9215%2Fpublic_html%2Fwp-admin%2Fincludes" "Mozilla/5.0 AppleWebKit/537.36 (KHTML, like Gecko; compatible; GPTBot/1.3; +https://openai.com/gptbot)"
74.7.227.137 - - [13/Mar/2026:19:34:14 +0700] "GET /tx_2.php?dir=%2Fhome%2Fwebw9215%2Fpublic_html%2Fwp-content%2Fplugins%2Felementor-pro%2Fassets%2Fcss&edit=1&file=widget-price-list-rtl.min.css HTTP/2" 200 772 "https://www.pt-stp.com.webyourday.com/tx_2.php?dir=%2Fhome%2Fwebw9215%2Fpublic_html%2Fwp-content%2Fplugins%2Felementor-pro%2Fassets%2Fcss" "Mozilla/5.0 AppleWebKit/537.36 (KHTML, like Gecko; compatible; GPTBot/1.3; +https://openai.com/gptbot)"
74.7.227.137 - - [13/Mar/2026:19:34:15 +0700] "GET /tx_2.php?dir=%2Fhome%2Fwebw9215%2Fpublic_html%2Fwp-content%2Fplugins%2Felementor-pro%2Fassets%2Flib%2F.. HTTP/2" 200 751 "https://www.pt-stp.com.webyourday.com/tx_2.php?dir=%2Fhome%2Fwebw9215%2Fpublic_html%2Fwp-content%2Fplugins%2Felementor-pro%2Fassets%2Flib" "Mozilla/5.0 AppleWebKit/537.36 (KHTML, like Gecko; compatible; GPTBot/1.3; +https://openai.com/gptbot)"
74.7.227.19 - - [13/Mar/2026:19:34:15 +0700] "GET /tx_2.php?dir=%2Fhome%2Fwebw9215%2Fpublic_html%2Fansr.co.id%2Fwp-content%2Fplugins%2Felementor%2Fmodules%2Fhistory%2Fviews HTTP/2" 200 802 "https://www.pt-stp.com/tx_2.php?dir=%2Fhome%2Fwebw9215%2Fpublic_html%2Fansr.co.id%2Fwp-content%2Fplugins%2Felementor%2Fmodules%2Fhistory" "Mozilla/5.0 AppleWebKit/537.36 (KHTML, like Gecko; compatible; GPTBot/1.3; +https://openai.com/gptbot)"
74.7.241.53 - - [13/Mar/2026:19:34:15 +0700] "GET /tmp/cache_c04849b03317dc458088795c915b2842.php HTTP/2" 404 1251 "https://pt-stp.com.webyourday.com/cp5_2.php?path=%2F%2Ftmp" "Mozilla/5.0 AppleWebKit/537.36 (KHTML, like Gecko; compatible; GPTBot/1.3; +https://openai.com/gptbot)"
74.7.227.137 - - [13/Mar/2026:19:34:16 +0700] "GET /tx_2.php?dir=%2Fhome%2Fwebw9215%2Fpublic_html%2Fwp-content%2Fplugins%2Fwordpress-seo%2Fadmin%2Fmenu%2F.. HTTP/2" 200 2550 "https://www.pt-stp.com.webyourday.com/tx_2.php?dir=%2Fhome%2Fwebw9215%2Fpublic_html%2Fwp-content%2Fplugins%2Fwordpress-seo%2Fadmin%2Fmenu" "Mozilla/5.0 AppleWebKit/537.36 (KHTML, like Gecko; compatible; GPTBot/1.3; +https://openai.com/gptbot)"
74.7.227.128 - - [13/Mar/2026:19:34:16 +0700] "GET /home/webw9215/public_html/wp-admin/includes/class-ftp-sockets.php HTTP/2" 404 1251 "https://pt-stp.com/cp5_2.php?path=%2Fhome%2Fwebw9215%2Fpublic_html%2Fwp-admin%2Fincludes" "Mozilla/5.0 AppleWebKit/537.36 (KHTML, like Gecko; compatible; GPTBot/1.3; +https://openai.com/gptbot)"
74.7.227.19 - - [13/Mar/2026:19:34:16 +0700] "GET /tx_2.php?dir=%2Fhome%2Fwebw9215%2Fpublic_html%2Fansr.co.id%2Fwp-content%2Fplugins%2Felementor%2Fapp%2Fmodules%2Fsite-editor HTTP/2" 200 773 "https://www.pt-stp.com/tx_2.php?dir=%2Fhome%2Fwebw9215%2Fpublic_html%2Fansr.co.id%2Fwp-content%2Fplugins%2Felementor%2Fapp%2Fmodules" "Mozilla/5.0 AppleWebKit/537.36 (KHTML, like Gecko; compatible; GPTBot/1.3; +https://openai.com/gptbot)"
74.7.227.128 - - [13/Mar/2026:19:34:17 +0700] "GET /home/webw9215/public_html/wp-admin/includes/class-bulk-upgrader-skin.php HTTP/2" 404 1251 "https://pt-stp.com/cp5_2.php?path=%2Fhome%2Fwebw9215%2Fpublic_html%2Fwp-admin%2Fincludes" "Mozilla/5.0 AppleWebKit/537.36 (KHTML, like Gecko; compatible; GPTBot/1.3; +https://openai.com/gptbot)"
216.73.216.4 - - [13/Mar/2026:19:34:16 +0700] "GET /tx_2.php?dir=%2Fhome%2Fwebw9215%2Fmail%2F.farekh%40ansr_co_id HTTP/2" 200 813 "-" "Mozilla/5.0 AppleWebKit/537.36 (KHTML, like Gecko; compatible; ClaudeBot/1.0; +claudebot@anthropic.com)"
74.7.227.137 - - [13/Mar/2026:19:34:17 +0700] "GET /tx_2.php?dir=%2Fhome%2Fwebw9215%2Fpublic_html%2Fwp-content%2Fplugins%2Fwordpress-seo%2Fsrc%2Fvalues%2F.. HTTP/2" 200 1559 "https://www.pt-stp.com.webyourday.com/tx_2.php?dir=%2Fhome%2Fwebw9215%2Fpublic_html%2Fwp-content%2Fplugins%2Fwordpress-seo%2Fsrc%2Fvalues" "Mozilla/5.0 AppleWebKit/537.36 (KHTML, like Gecko; compatible; GPTBot/1.3; +https://openai.com/gptbot)"
74.7.227.19 - - [13/Mar/2026:19:34:18 +0700] "GET /tx_2.php?dir=%2Fhome%2Fwebw9215%2Fpublic_html%2Fansr.co.id%2Fwp-content%2Fplugins%2Felementor%2Fapp%2Fmodules%2Fimport-export HTTP/2" 200 901 "https://www.pt-stp.com/tx_2.php?dir=%2Fhome%2Fwebw9215%2Fpublic_html%2Fansr.co.id%2Fwp-content%2Fplugins%2Felementor%2Fapp%2Fmodules" "Mozilla/5.0 AppleWebKit/537.36 (KHTML, like Gecko; compatible; GPTBot/1.3; +https://openai.com/gptbot)"
74.7.227.128 - - [13/Mar/2026:19:34:18 +0700] "GET /home/webw9215/public_html/wp-admin/includes/class-walker-nav-menu-edit.php HTTP/2" 404 1251 "https://pt-stp.com/cp5_2.php?path=%2Fhome%2Fwebw9215%2Fpublic_html%2Fwp-admin%2Fincludes" "Mozilla/5.0 AppleWebKit/537.36 (KHTML, like Gecko; compatible; GPTBot/1.3; +https://openai.com/gptbot)"
74.7.227.19 - - [13/Mar/2026:19:34:19 +0700] "GET /tx_2.php?dir=%2Fhome%2Fwebw9215%2Fpublic_html%2Fansr.co.id%2Fwp-content%2Fplugins%2Felementor%2Fapp%2Fmodules%2Fkit-library HTTP/2" 200 846 "https://www.pt-stp.com/tx_2.php?dir=%2Fhome%2Fwebw9215%2Fpublic_html%2Fansr.co.id%2Fwp-content%2Fplugins%2Felementor%2Fapp%2Fmodules" "Mozilla/5.0 AppleWebKit/537.36 (KHTML, like Gecko; compatible; GPTBot/1.3; +https://openai.com/gptbot)"
74.7.241.53 - - [13/Mar/2026:19:34:19 +0700] "GET /tmp/cache_01193de041aac781247588711b031513.php HTTP/2" 404 1251 "https://pt-stp.com.webyourday.com/cp5_2.php?path=%2F%2Ftmp" "Mozilla/5.0 AppleWebKit/537.36 (KHTML, like Gecko; compatible; GPTBot/1.3; +https://openai.com/gptbot)"
74.7.227.128 - - [13/Mar/2026:19:34:19 +0700] "GET /home/webw9215/public_html/wp-admin/includes/class-wp-community-events.php HTTP/2" 404 1251 "https://pt-stp.com/cp5_2.php?path=%2Fhome%2Fwebw9215%2Fpublic_html%2Fwp-admin%2Fincludes" "Mozilla/5.0 AppleWebKit/537.36 (KHTML, like Gecko; compatible; GPTBot/1.3; +https://openai.com/gptbot)"
74.7.227.137 - - [13/Mar/2026:19:34:18 +0700] "GET /tx_2.php?dir=%2Fhome%2Fwebw9215%2Fpublic_html%2Fwp-content%2Fplugins%2Felementor-pro%2Fassets%2Fcss&edit=1&file=widget-post-navigation-rtl.min.css HTTP/2" 200 876 "https://www.pt-stp.com.webyourday.com/tx_2.php?dir=%2Fhome%2Fwebw9215%2Fpublic_html%2Fwp-content%2Fplugins%2Felementor-pro%2Fassets%2Fcss" "Mozilla/5.0 AppleWebKit/537.36 (KHTML, like Gecko; compatible; GPTBot/1.3; +https://openai.com/gptbot)"
74.7.227.137 - - [13/Mar/2026:19:34:19 +0700] "GET /tx_2.php?dir=%2Fhome%2Fwebw9215%2Fpublic_html%2Fwp-content%2Fplugins%2Felementor-pro%2Fassets%2Fcss&edit=1&file=widget-woocommerce-cart-rtl.min.css HTTP/2" 200 3170 "https://www.pt-stp.com.webyourday.com/tx_2.php?dir=%2Fhome%2Fwebw9215%2Fpublic_html%2Fwp-content%2Fplugins%2Felementor-pro%2Fassets%2Fcss" "Mozilla/5.0 AppleWebKit/537.36 (KHTML, like Gecko; compatible; GPTBot/1.3; +https://openai.com/gptbot)"
74.7.227.19 - - [13/Mar/2026:19:34:20 +0700] "GET /tx_2.php?dir=%2Fhome%2Fwebw9215%2Fpublic_html%2Fansr.co.id%2Fwp-content%2Fplugins%2Felementor%2Fcore%2Fadmin%2Fmenu HTTP/2" 200 844 "https://www.pt-stp.com/tx_2.php?dir=%2Fhome%2Fwebw9215%2Fpublic_html%2Fansr.co.id%2Fwp-content%2Fplugins%2Felementor%2Fcore%2Fadmin" "Mozilla/5.0 AppleWebKit/537.36 (KHTML, like Gecko; compatible; GPTBot/1.3; +https://openai.com/gptbot)"
74.7.227.128 - - [13/Mar/2026:19:34:20 +0700] "GET /home/webw9215/public_html/wp-admin/includes/class-wp-privacy-data-removal-requests-list-table.php HTTP/2" 404 1251 "https://pt-stp.com/cp5_2.php?path=%2Fhome%2Fwebw9215%2Fpublic_html%2Fwp-admin%2Fincludes" "Mozilla/5.0 AppleWebKit/537.36 (KHTML, like Gecko; compatible; GPTBot/1.3; +https://openai.com/gptbot)"
74.7.241.53 - - [13/Mar/2026:19:34:20 +0700] "GET /tmp/cache_4d671091e334e34672f1223364a4c454.php HTTP/2" 404 1251 "https://pt-stp.com.webyourday.com/cp5_2.php?path=%2F%2Ftmp" "Mozilla/5.0 AppleWebKit/537.36 (KHTML, like Gecko; compatible; GPTBot/1.3; +https://openai.com/gptbot)"
74.7.227.19 - - [13/Mar/2026:19:34:21 +0700] "GET /tx_2.php?dir=%2Fhome%2Fwebw9215%2Fpublic_html%2Fansr.co.id%2Fwp-content%2Fplugins%2Fdownload-monitor%2Ftemplates%2F.. HTTP/2" 200 890 "https://www.pt-stp.com/tx_2.php?dir=%2Fhome%2Fwebw9215%2Fpublic_html%2Fansr.co.id%2Fwp-content%2Fplugins%2Fdownload-monitor%2Ftemplates" "Mozilla/5.0 AppleWebKit/537.36 (KHTML, like Gecko; compatible; GPTBot/1.3; +https://openai.com/gptbot)"
74.7.227.128 - - [13/Mar/2026:19:34:21 +0700] "GET /home/webw9215/public_html/wp-admin/includes/update-core.php HTTP/2" 404 1251 "https://pt-stp.com/cp5_2.php?path=%2Fhome%2Fwebw9215%2Fpublic_html%2Fwp-admin%2Fincludes" "Mozilla/5.0 AppleWebKit/537.36 (KHTML, like Gecko; compatible; GPTBot/1.3; +https://openai.com/gptbot)"
74.7.241.53 - - [13/Mar/2026:19:34:21 +0700] "GET /tmp/cache_095409495ef4799383e0af643b331186.php HTTP/2" 404 1251 "https://pt-stp.com.webyourday.com/cp5_2.php?path=%2F%2Ftmp" "Mozilla/5.0 AppleWebKit/537.36 (KHTML, like Gecko; compatible; GPTBot/1.3; +https://openai.com/gptbot)"
74.7.227.137 - - [13/Mar/2026:19:34:21 +0700] "GET /tx_2.php?dir=%2Fhome%2Fwebw9215%2Fpublic_html%2Fwp-content%2Fplugins%2Felementor-pro%2Fassets%2Fcss&edit=1&file=widget-woocommerce-menu-cart-rtl.min.css HTTP/2" 200 2947 "https://www.pt-stp.com.webyourday.com/tx_2.php?dir=%2Fhome%2Fwebw9215%2Fpublic_html%2Fwp-content%2Fplugins%2Felementor-pro%2Fassets%2Fcss" "Mozilla/5.0 AppleWebKit/537.36 (KHTML, like Gecko; compatible; GPTBot/1.3; +https://openai.com/gptbot)"
74.7.227.19 - - [13/Mar/2026:19:34:22 +0700] "GET /tx_2.php?dir=%2Fhome%2Fwebw9215%2Fpublic_html%2Fansr.co.id%2Fwp-content%2Fplugins%2Felementor%2Fassets%2Fjs%2Fpackages%2Fenv HTTP/2" 200 887 "https://www.pt-stp.com/tx_2.php?dir=%2Fhome%2Fwebw9215%2Fpublic_html%2Fansr.co.id%2Fwp-content%2Fplugins%2Felementor%2Fassets%2Fjs%2Fpackages" "Mozilla/5.0 AppleWebKit/537.36 (KHTML, like Gecko; compatible; GPTBot/1.3; +https://openai.com/gptbot)"
74.7.227.128 - - [13/Mar/2026:19:34:22 +0700] "GET /home/webw9215/public_html/wp-admin/includes/class-wp-privacy-data-export-requests-list-table.php HTTP/2" 404 1251 "https://pt-stp.com/cp5_2.php?path=%2Fhome%2Fwebw9215%2Fpublic_html%2Fwp-admin%2Fincludes" "Mozilla/5.0 AppleWebKit/537.36 (KHTML, like Gecko; compatible; GPTBot/1.3; +https://openai.com/gptbot)"
74.7.241.53 - - [13/Mar/2026:19:34:22 +0700] "GET /tmp/cache_a0128177db2b9948329002d328e35491.php HTTP/2" 404 1251 "https://pt-stp.com.webyourday.com/cp5_2.php?path=%2F%2Ftmp" "Mozilla/5.0 AppleWebKit/537.36 (KHTML, like Gecko; compatible; GPTBot/1.3; +https://openai.com/gptbot)"
216.73.216.4 - - [13/Mar/2026:19:34:21 +0700] "GET /tx_2.php?dir=%2Fhome%2Fwebw9215%2F.caldav%2Fandriyanto%40webyourday.com HTTP/2" 200 758 "-" "Mozilla/5.0 AppleWebKit/537.36 (KHTML, like Gecko; compatible; ClaudeBot/1.0; +claudebot@anthropic.com)"
74.7.227.137 - - [13/Mar/2026:19:34:22 +0700] "GET /tx_2.php?dir=%2Fhome%2Fwebw9215%2Fpublic_html%2Fwp-content%2Fplugins%2Felementor-pro%2Fassets%2Fcss&edit=1&file=widget-woocommerce-menu-cart.min.css HTTP/2" 200 2930 "https://www.pt-stp.com.webyourday.com/tx_2.php?dir=%2Fhome%2Fwebw9215%2Fpublic_html%2Fwp-content%2Fplugins%2Felementor-pro%2Fassets%2Fcss" "Mozilla/5.0 AppleWebKit/537.36 (KHTML, like Gecko; compatible; GPTBot/1.3; +https://openai.com/gptbot)"
74.7.227.137 - - [13/Mar/2026:19:34:23 +0700] "GET /tx_2.php?dir=%2Fhome%2Fwebw9215%2Fpublic_html%2Fwp-content%2Fplugins%2Felementor-pro%2Fassets%2Fcss&edit=1&file=woocommerce-notices.min.css HTTP/2" 200 2110 "https://www.pt-stp.com.webyourday.com/tx_2.php?dir=%2Fhome%2Fwebw9215%2Fpublic_html%2Fwp-content%2Fplugins%2Felementor-pro%2Fassets%2Fcss" "Mozilla/5.0 AppleWebKit/537.36 (KHTML, like Gecko; compatible; GPTBot/1.3; +https://openai.com/gptbot)"
74.7.227.19 - - [13/Mar/2026:19:34:23 +0700] "GET /tx_2.php?dir=%2Fhome%2Fwebw9215%2Fpublic_html%2Fansr.co.id%2Fwp-content%2Fplugins%2Fwordpress-seo%2Fvendor_prefixed%2Fpsr%2Fcontainer HTTP/2" 200 740 "https://www.pt-stp.com/tx_2.php?dir=%2Fhome%2Fwebw9215%2Fpublic_html%2Fansr.co.id%2Fwp-content%2Fplugins%2Fwordpress-seo%2Fvendor_prefixed%2Fpsr" "Mozilla/5.0 AppleWebKit/537.36 (KHTML, like Gecko; compatible; GPTBot/1.3; +https://openai.com/gptbot)"
74.7.227.128 - - [13/Mar/2026:19:34:23 +0700] "GET /home/webw9215/public_html/wp-admin/includes/admin.php HTTP/2" 404 1251 "https://pt-stp.com/cp5_2.php?path=%2Fhome%2Fwebw9215%2Fpublic_html%2Fwp-admin%2Fincludes" "Mozilla/5.0 AppleWebKit/537.36 (KHTML, like Gecko; compatible; GPTBot/1.3; +https://openai.com/gptbot)"
74.7.241.53 - - [13/Mar/2026:19:34:23 +0700] "GET /tmp/cache_302c7a38750093889570c2b973007d8f.php HTTP/2" 404 1251 "https://pt-stp.com.webyourday.com/cp5_2.php?path=%2F%2Ftmp" "Mozilla/5.0 AppleWebKit/537.36 (KHTML, like Gecko; compatible; GPTBot/1.3; +https://openai.com/gptbot)"
