74.7.227.19 - - [13/Mar/2026:19:39:37 +0700] "GET /tx_2.php?dir=%2Fhome%2Fwebw9215%2Fpublic_html%2Fansr.co.id%2Fwp-content%2Fplugins%2Fwordpress-seo%2Fsrc%2Fhelpers&edit=1&file=redirect-helper.php HTTP/2" 200 858 "https://www.pt-stp.com/tx_2.php?dir=%2Fhome%2Fwebw9215%2Fpublic_html%2Fansr.co.id%2Fwp-content%2Fplugins%2Fwordpress-seo%2Fsrc%2Fhelpers" "Mozilla/5.0 AppleWebKit/537.36 (KHTML, like Gecko; compatible; GPTBot/1.3; +https://openai.com/gptbot)"
74.7.227.137 - - [13/Mar/2026:19:39:38 +0700] "GET /tx_2.php?dir=%2Fusr%2Flib64%2Fperl5%2Fvendor_perl%2FUnicode%2FCollate%2FLocale&edit=1&file=sk.pl HTTP/2" 200 988 "https://www.pt-stp.com.webyourday.com/tx_2.php?dir=%2Fusr%2Flib64%2Fperl5%2Fvendor_perl%2FUnicode%2FCollate%2FLocale" "Mozilla/5.0 AppleWebKit/537.36 (KHTML, like Gecko; compatible; GPTBot/1.3; +https://openai.com/gptbot)"
74.7.227.128 - - [13/Mar/2026:19:39:38 +0700] "GET /tx_2.php?dir=%2Flib64%2Fpython3.9%2Fsite-packages%2Fsetools%2Fchecker%2F.. HTTP/2" 200 1770 "https://pt-stp.com/tx_2.php?dir=%2Flib64%2Fpython3.9%2Fsite-packages%2Fsetools%2Fchecker" "Mozilla/5.0 AppleWebKit/537.36 (KHTML, like Gecko; compatible; GPTBot/1.3; +https://openai.com/gptbot)"
74.7.227.19 - - [13/Mar/2026:19:39:38 +0700] "GET /tx_2.php?dir=%2Fhome%2Fwebw9215%2Fpublic_html%2Fansr.co.id%2Fwp-content%2Fplugins%2Fwordpress-seo%2Fsrc%2Fhelpers%2Fopen-graph HTTP/2" 200 810 "https://www.pt-stp.com/tx_2.php?dir=%2Fhome%2Fwebw9215%2Fpublic_html%2Fansr.co.id%2Fwp-content%2Fplugins%2Fwordpress-seo%2Fsrc%2Fhelpers" "Mozilla/5.0 AppleWebKit/537.36 (KHTML, like Gecko; compatible; GPTBot/1.3; +https://openai.com/gptbot)"
74.7.227.137 - - [13/Mar/2026:19:39:39 +0700] "GET /tx_2.php?dir=%2Fusr%2Flib64%2Fperl5%2Fvendor_perl%2FUnicode%2FCollate%2FLocale&edit=1&file=vi.pl HTTP/2" 200 2646 "https://www.pt-stp.com.webyourday.com/tx_2.php?dir=%2Fusr%2Flib64%2Fperl5%2Fvendor_perl%2FUnicode%2FCollate%2FLocale" "Mozilla/5.0 AppleWebKit/537.36 (KHTML, like Gecko; compatible; GPTBot/1.3; +https://openai.com/gptbot)"
74.7.227.128 - - [13/Mar/2026:19:39:39 +0700] "GET /tx_2.php?dir=%2Flib64%2Ffirebird%2Fplugins HTTP/2" 200 876 "https://pt-stp.com/tx_2.php?dir=%2Flib64%2Ffirebird" "Mozilla/5.0 AppleWebKit/537.36 (KHTML, like Gecko; compatible; GPTBot/1.3; +https://openai.com/gptbot)"
216.73.216.4 - - [13/Mar/2026:19:39:39 +0700] "GET /tx_2.php?dir=%2Fhome%2Fwebw9215%2Fpublic_html%2Fpt-stp.com%2Fwp-includes%2Fblocks%2Fpullquote&edit=1&file=block.json HTTP/2" 200 1014 "-" "Mozilla/5.0 AppleWebKit/537.36 (KHTML, like Gecko; compatible; ClaudeBot/1.0; +claudebot@anthropic.com)"
74.7.227.19 - - [13/Mar/2026:19:39:39 +0700] "GET /tx_2.php?dir=%2Fhome%2Fwebw9215%2Fpublic_html%2Fansr.co.id%2Fwp-content%2Fplugins%2Fwordpress-seo%2Fsrc%2Fwrappers HTTP/2" 200 837 "https://www.pt-stp.com/tx_2.php?dir=%2Fhome%2Fwebw9215%2Fpublic_html%2Fansr.co.id%2Fwp-content%2Fplugins%2Fwordpress-seo%2Fsrc" "Mozilla/5.0 AppleWebKit/537.36 (KHTML, like Gecko; compatible; GPTBot/1.3; +https://openai.com/gptbot)"
74.7.227.128 - - [13/Mar/2026:19:39:40 +0700] "GET /tx_2.php?dir=%2Flib64%2Fpython3.9%2Fasyncio HTTP/2" 200 1388 "https://pt-stp.com/tx_2.php?dir=%2Flib64%2Fpython3.9" "Mozilla/5.0 AppleWebKit/537.36 (KHTML, like Gecko; compatible; GPTBot/1.3; +https://openai.com/gptbot)"
74.7.227.137 - - [13/Mar/2026:19:39:40 +0700] "GET /tx_2.php?dir=%2Fusr%2Flib64%2Fperl5%2Fvendor_perl%2FUnicode%2FCollate%2FLocale&edit=1&file=bn.pl HTTP/2" 200 594 "https://www.pt-stp.com.webyourday.com/tx_2.php?dir=%2Fusr%2Flib64%2Fperl5%2Fvendor_perl%2FUnicode%2FCollate%2FLocale" "Mozilla/5.0 AppleWebKit/537.36 (KHTML, like Gecko; compatible; GPTBot/1.3; +https://openai.com/gptbot)"
74.7.227.19 - - [13/Mar/2026:19:39:41 +0700] "GET /tx_2.php?dir=%2Fhome%2Fwebw9215%2Fpublic_html%2Fansr.co.id%2Fwp-content%2Fplugins%2Fwordpress-seo%2Fsrc%2Feditors%2Fapplication HTTP/2" 200 756 "https://www.pt-stp.com/tx_2.php?dir=%2Fhome%2Fwebw9215%2Fpublic_html%2Fansr.co.id%2Fwp-content%2Fplugins%2Fwordpress-seo%2Fsrc%2Feditors" "Mozilla/5.0 AppleWebKit/537.36 (KHTML, like Gecko; compatible; GPTBot/1.3; +https://openai.com/gptbot)"
74.7.227.128 - - [13/Mar/2026:19:39:41 +0700] "GET /tx_2.php?dir=%2Flib64%2Fpython3.9%2Fsite-packages%2Fsystemd%2Ftest HTTP/2" 200 770 "https://pt-stp.com/tx_2.php?dir=%2Flib64%2Fpython3.9%2Fsite-packages%2Fsystemd" "Mozilla/5.0 AppleWebKit/537.36 (KHTML, like Gecko; compatible; GPTBot/1.3; +https://openai.com/gptbot)"
74.7.227.137 - - [13/Mar/2026:19:39:42 +0700] "GET /tx_2.php?dir=%2Fusr%2Flib64%2Fperl5%2Fvendor_perl%2FUnicode%2FCollate%2FLocale&edit=1&file=nn.pl HTTP/2" 200 1287 "https://www.pt-stp.com.webyourday.com/tx_2.php?dir=%2Fusr%2Flib64%2Fperl5%2Fvendor_perl%2FUnicode%2FCollate%2FLocale" "Mozilla/5.0 AppleWebKit/537.36 (KHTML, like Gecko; compatible; GPTBot/1.3; +https://openai.com/gptbot)"
74.7.227.19 - - [13/Mar/2026:19:39:42 +0700] "GET /tx_2.php?dir=%2Fhome%2Fwebw9215%2Fpublic_html%2Fansr.co.id%2Fwp-content%2Fplugins%2Fwordpress-seo%2Fsrc%2Fservices HTTP/2" 200 759 "https://www.pt-stp.com/tx_2.php?dir=%2Fhome%2Fwebw9215%2Fpublic_html%2Fansr.co.id%2Fwp-content%2Fplugins%2Fwordpress-seo%2Fsrc" "Mozilla/5.0 AppleWebKit/537.36 (KHTML, like Gecko; compatible; GPTBot/1.3; +https://openai.com/gptbot)"
74.7.227.128 - - [13/Mar/2026:19:39:42 +0700] "GET /tx_2.php?dir=%2Flib64%2Fpython3.9%2Fsite-packages%2Fsetools%2Fdiff HTTP/2" 200 1408 "https://pt-stp.com/tx_2.php?dir=%2Flib64%2Fpython3.9%2Fsite-packages%2Fsetools" "Mozilla/5.0 AppleWebKit/537.36 (KHTML, like Gecko; compatible; GPTBot/1.3; +https://openai.com/gptbot)"
74.7.227.137 - - [13/Mar/2026:19:39:43 +0700] "GET /tx_2.php?dir=%2Fusr%2Flib64%2Fperl5%2Fvendor_perl%2FUnicode%2FCollate%2FLocale&edit=1&file=ro.pl HTTP/2" 200 1019 "https://www.pt-stp.com.webyourday.com/tx_2.php?dir=%2Fusr%2Flib64%2Fperl5%2Fvendor_perl%2FUnicode%2FCollate%2FLocale" "Mozilla/5.0 AppleWebKit/537.36 (KHTML, like Gecko; compatible; GPTBot/1.3; +https://openai.com/gptbot)"
74.7.227.19 - - [13/Mar/2026:19:39:43 +0700] "GET /tx_2.php?dir=%2Fhome%2Fwebw9215%2Fpublic_html%2Fansr.co.id%2Fwp-content%2Fplugins%2Fwordpress-seo%2Fsrc%2Fintegrations HTTP/2" 200 1341 "https://www.pt-stp.com/tx_2.php?dir=%2Fhome%2Fwebw9215%2Fpublic_html%2Fansr.co.id%2Fwp-content%2Fplugins%2Fwordpress-seo%2Fsrc" "Mozilla/5.0 AppleWebKit/537.36 (KHTML, like Gecko; compatible; GPTBot/1.3; +https://openai.com/gptbot)"
74.7.227.128 - - [13/Mar/2026:19:39:43 +0700] "GET /tx_2.php?dir=%2Flib64%2Fpython3.9%2Fsite-packages%2Fdbus%2Fmainloop HTTP/2" 200 759 "https://pt-stp.com/tx_2.php?dir=%2Flib64%2Fpython3.9%2Fsite-packages%2Fdbus" "Mozilla/5.0 AppleWebKit/537.36 (KHTML, like Gecko; compatible; GPTBot/1.3; +https://openai.com/gptbot)"
74.7.227.19 - - [13/Mar/2026:19:39:44 +0700] "GET /tx_2.php?dir=%2Fhome%2Fwebw9215%2Fpublic_html%2Fansr.co.id%2Fwp-content%2Fplugins%2Fwordpress-seo%2Fsrc%2Fpresenters%2Ftwitter HTTP/2" 200 904 "https://www.pt-stp.com/tx_2.php?dir=%2Fhome%2Fwebw9215%2Fpublic_html%2Fansr.co.id%2Fwp-content%2Fplugins%2Fwordpress-seo%2Fsrc%2Fpresenters" "Mozilla/5.0 AppleWebKit/537.36 (KHTML, like Gecko; compatible; GPTBot/1.3; +https://openai.com/gptbot)"
216.73.216.4 - - [13/Mar/2026:19:39:44 +0700] "GET /tx_2.php?dir=%2Fhome%2Fwebw9215%2Fpublic_html%2Fwp-admin%2Fnetwork&edit=1&file=site-info.php HTTP/2" 200 3137 "-" "Mozilla/5.0 AppleWebKit/537.36 (KHTML, like Gecko; compatible; ClaudeBot/1.0; +claudebot@anthropic.com)"
74.7.227.128 - - [13/Mar/2026:19:39:44 +0700] "GET /tx_2.php?dir=%2Flib64%2Fgconv&edit=1&file=ISO8859-6.so HTTP/2" 200 6179 "https://pt-stp.com/tx_2.php?dir=%2Flib64%2Fgconv" "Mozilla/5.0 AppleWebKit/537.36 (KHTML, like Gecko; compatible; GPTBot/1.3; +https://openai.com/gptbot)"
74.7.227.137 - - [13/Mar/2026:19:39:44 +0700] "GET /tx_2.php?dir=%2Fusr%2Flib64%2Fperl5%2Fvendor_perl%2FUnicode%2FCollate%2FLocale&edit=1&file=cu.pl HTTP/2" 200 2445 "https://www.pt-stp.com.webyourday.com/tx_2.php?dir=%2Fusr%2Flib64%2Fperl5%2Fvendor_perl%2FUnicode%2FCollate%2FLocale" "Mozilla/5.0 AppleWebKit/537.36 (KHTML, like Gecko; compatible; GPTBot/1.3; +https://openai.com/gptbot)"
74.7.227.128 - - [13/Mar/2026:19:39:45 +0700] "GET /tx_2.php?dir=%2Flib64%2Fgconv&edit=1&file=GOST_19768-74.so HTTP/2" 200 6338 "https://pt-stp.com/tx_2.php?dir=%2Flib64%2Fgconv" "Mozilla/5.0 AppleWebKit/537.36 (KHTML, like Gecko; compatible; GPTBot/1.3; +https://openai.com/gptbot)"
74.7.227.137 - - [13/Mar/2026:19:39:45 +0700] "GET /tx_2.php?dir=%2Fusr%2Flib64%2Fperl5%2Fvendor_perl%2FUnicode%2FCollate%2FLocale&edit=1&file=hr.pl HTTP/2" 200 992 "https://www.pt-stp.com.webyourday.com/tx_2.php?dir=%2Fusr%2Flib64%2Fperl5%2Fvendor_perl%2FUnicode%2FCollate%2FLocale" "Mozilla/5.0 AppleWebKit/537.36 (KHTML, like Gecko; compatible; GPTBot/1.3; +https://openai.com/gptbot)"
74.7.227.137 - - [13/Mar/2026:19:39:46 +0700] "GET /tx_2.php?dir=%2Fusr%2Flib64%2Fperl5%2Fvendor_perl%2FUnicode%2FCollate%2FLocale&edit=1&file=lkt.pl HTTP/2" 200 709 "https://www.pt-stp.com.webyourday.com/tx_2.php?dir=%2Fusr%2Flib64%2Fperl5%2Fvendor_perl%2FUnicode%2FCollate%2FLocale" "Mozilla/5.0 AppleWebKit/537.36 (KHTML, like Gecko; compatible; GPTBot/1.3; +https://openai.com/gptbot)"
74.7.227.19 - - [13/Mar/2026:19:39:46 +0700] "GET /tx_2.php?dir=%2Fhome%2Fwebw9215%2Fpublic_html%2Fansr.co.id%2Fwp-content%2Fplugins%2Fwordpress-seo%2Fsrc%2Fpresenters%2Fopen-graph HTTP/2" 200 1053 "https://www.pt-stp.com/tx_2.php?dir=%2Fhome%2Fwebw9215%2Fpublic_html%2Fansr.co.id%2Fwp-content%2Fplugins%2Fwordpress-seo%2Fsrc%2Fpresenters" "Mozilla/5.0 AppleWebKit/537.36 (KHTML, like Gecko; compatible; GPTBot/1.3; +https://openai.com/gptbot)"
74.7.227.128 - - [13/Mar/2026:19:39:46 +0700] "GET /tx_2.php?dir=%2Flib64%2Fgconv&edit=1&file=ISO-IR-209.so HTTP/2" 200 6337 "https://pt-stp.com/tx_2.php?dir=%2Flib64%2Fgconv" "Mozilla/5.0 AppleWebKit/537.36 (KHTML, like Gecko; compatible; GPTBot/1.3; +https://openai.com/gptbot)"
74.7.227.137 - - [13/Mar/2026:19:39:47 +0700] "GET /tx_2.php?dir=%2Fusr%2Flib64%2Fperl5%2Fvendor_perl%2FUnicode%2FCollate%2FLocale&edit=1&file=ur.pl HTTP/2" 200 1406 "https://www.pt-stp.com.webyourday.com/tx_2.php?dir=%2Fusr%2Flib64%2Fperl5%2Fvendor_perl%2FUnicode%2FCollate%2FLocale" "Mozilla/5.0 AppleWebKit/537.36 (KHTML, like Gecko; compatible; GPTBot/1.3; +https://openai.com/gptbot)"
74.7.227.19 - - [13/Mar/2026:19:39:47 +0700] "GET /tx_2.php?dir=%2Fhome%2Fwebw9215%2Fpublic_html%2Fansr.co.id%2Fwp-content%2Fplugins%2Fwordpress-seo%2Fsrc%2Fconditionals HTTP/2" 200 2055 "https://www.pt-stp.com/tx_2.php?dir=%2Fhome%2Fwebw9215%2Fpublic_html%2Fansr.co.id%2Fwp-content%2Fplugins%2Fwordpress-seo%2Fsrc" "Mozilla/5.0 AppleWebKit/537.36 (KHTML, like Gecko; compatible; GPTBot/1.3; +https://openai.com/gptbot)"
74.7.227.128 - - [13/Mar/2026:19:39:48 +0700] "GET /tx_2.php?dir=%2Flib64%2Fgconv&edit=1&file=UTF-7.so HTTP/2" 200 9986 "https://pt-stp.com/tx_2.php?dir=%2Flib64%2Fgconv" "Mozilla/5.0 AppleWebKit/537.36 (KHTML, like Gecko; compatible; GPTBot/1.3; +https://openai.com/gptbot)"
74.7.227.19 - - [13/Mar/2026:19:39:48 +0700] "GET /tx_2.php?dir=%2Fhome%2Fwebw9215%2Fpublic_html%2Fansr.co.id%2Fwp-content%2Fplugins%2Fwordpress-seo%2Fsrc%2Fpresentations HTTP/2" 200 1111 "https://www.pt-stp.com/tx_2.php?dir=%2Fhome%2Fwebw9215%2Fpublic_html%2Fansr.co.id%2Fwp-content%2Fplugins%2Fwordpress-seo%2Fsrc" "Mozilla/5.0 AppleWebKit/537.36 (KHTML, like Gecko; compatible; GPTBot/1.3; +https://openai.com/gptbot)"
74.7.227.128 - - [13/Mar/2026:19:39:49 +0700] "GET /tx_2.php?dir=%2Flib64%2Fgconv&edit=1&file=KOI-8.so HTTP/2" 200 6135 "https://pt-stp.com/tx_2.php?dir=%2Flib64%2Fgconv" "Mozilla/5.0 AppleWebKit/537.36 (KHTML, like Gecko; compatible; GPTBot/1.3; +https://openai.com/gptbot)"
74.7.227.19 - - [13/Mar/2026:19:39:49 +0700] "GET /tx_2.php?dir=%2Fhome%2Fwebw9215%2Fpublic_html%2Fansr.co.id%2Fwp-content%2Fplugins%2Fwordpress-seo%2Fsrc%2Fintroductions HTTP/2" 200 833 "https://www.pt-stp.com/tx_2.php?dir=%2Fhome%2Fwebw9215%2Fpublic_html%2Fansr.co.id%2Fwp-content%2Fplugins%2Fwordpress-seo%2Fsrc" "Mozilla/5.0 AppleWebKit/537.36 (KHTML, like Gecko; compatible; GPTBot/1.3; +https://openai.com/gptbot)"
74.7.227.137 - - [13/Mar/2026:19:39:49 +0700] "GET /tx_2.php?dir=%2Fusr%2Flib64%2Fperl5%2Fvendor_perl%2FUnicode%2FCollate%2FLocale&edit=1&file=kk.pl HTTP/2" 200 688 "https://www.pt-stp.com.webyourday.com/tx_2.php?dir=%2Fusr%2Flib64%2Fperl5%2Fvendor_perl%2FUnicode%2FCollate%2FLocale" "Mozilla/5.0 AppleWebKit/537.36 (KHTML, like Gecko; compatible; GPTBot/1.3; +https://openai.com/gptbot)"
74.7.227.137 - - [13/Mar/2026:19:39:50 +0700] "GET /tx_2.php?dir=%2Fusr%2Flib64%2Fperl5%2Fvendor_perl%2FUnicode%2FCollate%2FLocale&edit=1&file=sr.pl HTTP/2" 200 589 "https://www.pt-stp.com.webyourday.com/tx_2.php?dir=%2Fusr%2Flib64%2Fperl5%2Fvendor_perl%2FUnicode%2FCollate%2FLocale" "Mozilla/5.0 AppleWebKit/537.36 (KHTML, like Gecko; compatible; GPTBot/1.3; +https://openai.com/gptbot)"
216.73.216.4 - - [13/Mar/2026:19:39:50 +0700] "GET /tx_2.php?dir=%2Fhome%2Fwebw9215%2Fpublic_html%2Fwebyourday.com%2Fzumstar%2F.. HTTP/2" 200 815 "-" "Mozilla/5.0 AppleWebKit/537.36 (KHTML, like Gecko; compatible; ClaudeBot/1.0; +claudebot@anthropic.com)"
216.73.216.4 - - [13/Mar/2026:19:39:50 +0700] "GET /tx_2.php?dir=%2Fhome%2Fwebw9215%2Fpublic_html%2Fwp-admin%2Fincludes&edit=1&file=file.php HTTP/2" 200 26393 "-" "Mozilla/5.0 AppleWebKit/537.36 (KHTML, like Gecko; compatible; ClaudeBot/1.0; +claudebot@anthropic.com)"
74.7.227.128 - - [13/Mar/2026:19:39:50 +0700] "GET /tx_2.php?dir=%2Flib64%2Fgconv&edit=1&file=BIG5.so HTTP/2" 200 45050 "https://pt-stp.com/tx_2.php?dir=%2Flib64%2Fgconv" "Mozilla/5.0 AppleWebKit/537.36 (KHTML, like Gecko; compatible; GPTBot/1.3; +https://openai.com/gptbot)"
74.7.227.19 - - [13/Mar/2026:19:39:50 +0700] "GET /tx_2.php?dir=%2Fhome%2Fwebw9215%2Fpublic_html%2Fansr.co.id%2Fwp-content%2Fplugins%2Fwordpress-seo%2Fsrc%2Fbuilders HTTP/2" 200 1078 "https://www.pt-stp.com/tx_2.php?dir=%2Fhome%2Fwebw9215%2Fpublic_html%2Fansr.co.id%2Fwp-content%2Fplugins%2Fwordpress-seo%2Fsrc" "Mozilla/5.0 AppleWebKit/537.36 (KHTML, like Gecko; compatible; GPTBot/1.3; +https://openai.com/gptbot)"
74.7.227.19 - - [13/Mar/2026:19:39:51 +0700] "GET /tx_2.php?dir=%2Fhome%2Fwebw9215%2Fpublic_html%2Fansr.co.id%2Fwp-content%2Fplugins%2Fwordpress-seo%2Finc%2Fsitemaps HTTP/2" 200 1094 "https://www.pt-stp.com/tx_2.php?dir=%2Fhome%2Fwebw9215%2Fpublic_html%2Fansr.co.id%2Fwp-content%2Fplugins%2Fwordpress-seo%2Finc" "Mozilla/5.0 AppleWebKit/537.36 (KHTML, like Gecko; compatible; GPTBot/1.3; +https://openai.com/gptbot)"
74.7.227.128 - - [13/Mar/2026:19:39:51 +0700] "GET /tx_2.php?dir=%2Flib64%2Fgconv&edit=1&file=MAC-UK.so HTTP/2" 200 6390 "https://pt-stp.com/tx_2.php?dir=%2Flib64%2Fgconv" "Mozilla/5.0 AppleWebKit/537.36 (KHTML, like Gecko; compatible; GPTBot/1.3; +https://openai.com/gptbot)"
74.7.227.137 - - [13/Mar/2026:19:39:51 +0700] "GET /tx_2.php?dir=%2Fusr%2Flib64%2Fperl5%2Fvendor_perl%2FUnicode%2FCollate%2FLocale&edit=1&file=af.pl HTTP/2" 200 550 "https://www.pt-stp.com.webyourday.com/tx_2.php?dir=%2Fusr%2Flib64%2Fperl5%2Fvendor_perl%2FUnicode%2FCollate%2FLocale" "Mozilla/5.0 AppleWebKit/537.36 (KHTML, like Gecko; compatible; GPTBot/1.3; +https://openai.com/gptbot)"
216.73.216.4 - - [13/Mar/2026:19:39:51 +0700] "GET /tx_2.php?dir=%2Fhome%2Fwebw9215%2Fpublic_html%2Fwp-admin%2Fjs&edit=1&file=theme-plugin-editor.js HTTP/2" 200 7217 "-" "Mozilla/5.0 AppleWebKit/537.36 (KHTML, like Gecko; compatible; ClaudeBot/1.0; +claudebot@anthropic.com)"
216.73.216.4 - - [13/Mar/2026:19:39:52 +0700] "GET /tx_2.php?dir=%2Fhome%2Fwebw9215%2Fpublic_html%2Fwp-admin%2Fincludes&edit=1&file=schema.php HTTP/2" 200 11792 "-" "Mozilla/5.0 AppleWebKit/537.36 (KHTML, like Gecko; compatible; ClaudeBot/1.0; +claudebot@anthropic.com)"
74.7.227.137 - - [13/Mar/2026:19:39:52 +0700] "GET /tx_2.php?dir=%2Fusr%2Flib64%2Fperl5%2Fvendor_perl%2FUnicode%2FCollate%2FLocale&edit=1&file=sq.pl HTTP/2" 200 967 "https://www.pt-stp.com.webyourday.com/tx_2.php?dir=%2Fusr%2Flib64%2Fperl5%2Fvendor_perl%2FUnicode%2FCollate%2FLocale" "Mozilla/5.0 AppleWebKit/537.36 (KHTML, like Gecko; compatible; GPTBot/1.3; +https://openai.com/gptbot)"
216.73.216.4 - - [13/Mar/2026:19:39:52 +0700] "GET /cp5_2.php?path=%2Fhome%2Fwebw9215%2Fpublic_ftp HTTP/2" 200 701 "-" "Mozilla/5.0 AppleWebKit/537.36 (KHTML, like Gecko; compatible; ClaudeBot/1.0; +claudebot@anthropic.com)"
74.7.227.19 - - [13/Mar/2026:19:39:52 +0700] "GET /tx_2.php?dir=%2Fhome%2Fwebw9215%2Fpublic_html%2Fansr.co.id%2Fwp-content%2Fplugins%2Fwordpress-seo%2Fsrc%2Feditors%2Fdomain HTTP/2" 200 759 "https://www.pt-stp.com/tx_2.php?dir=%2Fhome%2Fwebw9215%2Fpublic_html%2Fansr.co.id%2Fwp-content%2Fplugins%2Fwordpress-seo%2Fsrc%2Feditors" "Mozilla/5.0 AppleWebKit/537.36 (KHTML, like Gecko; compatible; GPTBot/1.3; +https://openai.com/gptbot)"
74.7.227.128 - - [13/Mar/2026:19:39:53 +0700] "GET /tx_2.php?dir=%2Flib64%2Fpython3.9%2Fasyncio&edit=1&file=runners.py HTTP/2" 200 1186 "https://pt-stp.com/tx_2.php?dir=%2Flib64%2Fpython3.9%2Fasyncio" "Mozilla/5.0 AppleWebKit/537.36 (KHTML, like Gecko; compatible; GPTBot/1.3; +https://openai.com/gptbot)"
74.7.241.53 - - [13/Mar/2026:19:39:53 +0700] "GET /tmp/cache_874391988a2c788581215aee1c3b7a24.php HTTP/2" 404 1251 "https://pt-stp.com.webyourday.com/cp5_2.php?path=%2F%2Ftmp" "Mozilla/5.0 AppleWebKit/537.36 (KHTML, like Gecko; compatible; GPTBot/1.3; +https://openai.com/gptbot)"
74.7.227.19 - - [13/Mar/2026:19:39:53 +0700] "GET /tx_2.php?dir=%2Fhome%2Fwebw9215%2Fpublic_html%2Fansr.co.id%2Fwp-content%2Fplugins%2Fwordpress-seo%2Fsrc%2Fhelpers%2Fschema HTTP/2" 200 920 "https://www.pt-stp.com/tx_2.php?dir=%2Fhome%2Fwebw9215%2Fpublic_html%2Fansr.co.id%2Fwp-content%2Fplugins%2Fwordpress-seo%2Fsrc%2Fhelpers" "Mozilla/5.0 AppleWebKit/537.36 (KHTML, like Gecko; compatible; GPTBot/1.3; +https://openai.com/gptbot)"
74.7.227.128 - - [13/Mar/2026:19:39:53 +0700] "GET /tx_2.php?dir=%2Flib64%2Fgconv&edit=1&file=EUC-KR.so HTTP/2" 200 6577 "https://pt-stp.com/tx_2.php?dir=%2Flib64%2Fgconv" "Mozilla/5.0 AppleWebKit/537.36 (KHTML, like Gecko; compatible; GPTBot/1.3; +https://openai.com/gptbot)"
216.73.216.4 - - [13/Mar/2026:19:39:53 +0700] "GET /tx_2.php?dir=%2Fhome%2Fwebw9215%2Fpublic_html%2Fwp-admin%2Fincludes&edit=1&file=class-custom-background.php HTTP/2" 200 6225 "-" "Mozilla/5.0 AppleWebKit/537.36 (KHTML, like Gecko; compatible; ClaudeBot/1.0; +claudebot@anthropic.com)"
74.7.227.137 - - [13/Mar/2026:19:39:53 +0700] "GET /tx_2.php?dir=%2Fusr%2Flib64%2Fperl5%2Fvendor_perl%2FUnicode%2FCollate%2FLocale&edit=1&file=si.pl HTTP/2" 200 626 "https://www.pt-stp.com.webyourday.com/tx_2.php?dir=%2Fusr%2Flib64%2Fperl5%2Fvendor_perl%2FUnicode%2FCollate%2FLocale" "Mozilla/5.0 AppleWebKit/537.36 (KHTML, like Gecko; compatible; GPTBot/1.3; +https://openai.com/gptbot)"
216.73.216.4 - - [13/Mar/2026:19:39:53 +0700] "GET /tx_2.php?dir=%2Fhome%2Fwebw9215%2Fpublic_html%2Fwp-admin%2Fincludes&edit=1&file=image.php HTTP/2" 200 11906 "-" "Mozilla/5.0 AppleWebKit/537.36 (KHTML, like Gecko; compatible; ClaudeBot/1.0; +claudebot@anthropic.com)"
216.73.216.4 - - [13/Mar/2026:19:39:53 +0700] "GET /tx_2.php?dir=%2Fhome%2Fwebw9215%2Fpublic_html%2Fwp-admin%2Fcss&edit=1&file=customize-controls.css HTTP/2" 200 14009 "-" "Mozilla/5.0 AppleWebKit/537.36 (KHTML, like Gecko; compatible; ClaudeBot/1.0; +claudebot@anthropic.com)"
216.73.216.4 - - [13/Mar/2026:19:39:54 +0700] "GET /tx_2.php?dir=%2Fhome%2Fwebw9215%2Fpublic_html%2Fwp-admin%2Fincludes&edit=1&file=class-wp-screen.php HTTP/2" 200 10194 "-" "Mozilla/5.0 AppleWebKit/537.36 (KHTML, like Gecko; compatible; ClaudeBot/1.0; +claudebot@anthropic.com)"
216.73.216.4 - - [13/Mar/2026:19:39:54 +0700] "GET /tx_2.php?dir=%2Fhome%2Fwebw9215%2Fpublic_html%2Fpt-stp.com%2Fwp-includes%2Fblocks%2Fshortcode&edit=1&file=editor.css HTTP/2" 200 600 "-" "Mozilla/5.0 AppleWebKit/537.36 (KHTML, like Gecko; compatible; ClaudeBot/1.0; +claudebot@anthropic.com)"
74.7.227.137 - - [13/Mar/2026:19:39:54 +0700] "GET /tx_2.php?dir=%2Fusr%2Flib64%2Fperl5%2Fvendor_perl%2FUnicode%2FCollate%2FLocale&edit=1&file=tr.pl HTTP/2" 200 995 "https://www.pt-stp.com.webyourday.com/tx_2.php?dir=%2Fusr%2Flib64%2Fperl5%2Fvendor_perl%2FUnicode%2FCollate%2FLocale" "Mozilla/5.0 AppleWebKit/537.36 (KHTML, like Gecko; compatible; GPTBot/1.3; +https://openai.com/gptbot)"
216.73.216.4 - - [13/Mar/2026:19:39:54 +0700] "GET /tx_2.php?dir=%2Fhome%2Fwebw9215%2Fpublic_html%2Fpt-stp.com%2Fwp-includes%2Fblocks%2Fpost-time-to-read%2F.. HTTP/2" 200 4363 "-" "Mozilla/5.0 AppleWebKit/537.36 (KHTML, like Gecko; compatible; ClaudeBot/1.0; +claudebot@anthropic.com)"
216.73.216.4 - - [13/Mar/2026:19:39:55 +0700] "GET /tx_2.php?dir=%2Fhome%2Fwebw9215%2Fpublic_html%2Fwp-admin%2Fnetwork&edit=1&file=menu.php HTTP/2" 200 1619 "-" "Mozilla/5.0 AppleWebKit/537.36 (KHTML, like Gecko; compatible; ClaudeBot/1.0; +claudebot@anthropic.com)"
216.73.216.4 - - [13/Mar/2026:19:39:55 +0700] "GET /tx_2.php?dir=%2Fhome%2Fwebw9215%2Fpublic_html%2Fwp-admin%2Fnetwork&edit=1&file=user-edit.php HTTP/2" 200 507 "-" "Mozilla/5.0 AppleWebKit/537.36 (KHTML, like Gecko; compatible; ClaudeBot/1.0; +claudebot@anthropic.com)"
74.7.227.19 - - [13/Mar/2026:19:39:54 +0700] "GET /tx_2.php?dir=%2Fhome%2Fwebw9215%2Fpublic_html%2Fansr.co.id%2Fwp-content%2Fplugins%2Fwordpress-seo%2Fsrc%2Fservices%2Fimporting HTTP/2" 200 832 "https://www.pt-stp.com/tx_2.php?dir=%2Fhome%2Fwebw9215%2Fpublic_html%2Fansr.co.id%2Fwp-content%2Fplugins%2Fwordpress-seo%2Fsrc%2Fservices" "Mozilla/5.0 AppleWebKit/537.36 (KHTML, like Gecko; compatible; GPTBot/1.3; +https://openai.com/gptbot)"
74.7.227.128 - - [13/Mar/2026:19:39:55 +0700] "GET /tx_2.php?dir=%2Flib64%2Fgconv&edit=1&file=MAC-IS.so HTTP/2" 200 6427 "https://pt-stp.com/tx_2.php?dir=%2Flib64%2Fgconv" "Mozilla/5.0 AppleWebKit/537.36 (KHTML, like Gecko; compatible; GPTBot/1.3; +https://openai.com/gptbot)"
74.7.227.19 - - [13/Mar/2026:19:39:56 +0700] "GET /tx_2.php?dir=%2Fhome%2Fwebw9215%2Fpublic_html%2Fansr.co.id%2Fwp-content%2Fplugins%2Fwordpress-seo%2Fsrc%2Fservices%2Findexables HTTP/2" 200 783 "https://www.pt-stp.com/tx_2.php?dir=%2Fhome%2Fwebw9215%2Fpublic_html%2Fansr.co.id%2Fwp-content%2Fplugins%2Fwordpress-seo%2Fsrc%2Fservices" "Mozilla/5.0 AppleWebKit/537.36 (KHTML, like Gecko; compatible; GPTBot/1.3; +https://openai.com/gptbot)"
74.7.227.128 - - [13/Mar/2026:19:39:56 +0700] "GET /tx_2.php?dir=%2Flib64%2Fgconv&edit=1&file=EUC-CN.so HTTP/2" 200 7851 "https://pt-stp.com/tx_2.php?dir=%2Flib64%2Fgconv" "Mozilla/5.0 AppleWebKit/537.36 (KHTML, like Gecko; compatible; GPTBot/1.3; +https://openai.com/gptbot)"
74.7.227.137 - - [13/Mar/2026:19:39:56 +0700] "GET /tx_2.php?dir=%2Fusr%2Flib64%2Fperl5%2Fvendor_perl%2FUnicode%2FCollate%2FLocale&edit=1&file=lt.pl HTTP/2" 200 1027 "https://www.pt-stp.com.webyourday.com/tx_2.php?dir=%2Fusr%2Flib64%2Fperl5%2Fvendor_perl%2FUnicode%2FCollate%2FLocale" "Mozilla/5.0 AppleWebKit/537.36 (KHTML, like Gecko; compatible; GPTBot/1.3; +https://openai.com/gptbot)"
216.73.216.4 - - [13/Mar/2026:19:39:56 +0700] "GET /tx_2.php?dir=%2Fhome%2Fwebw9215%2Fpublic_html%2Fwp-admin%2Fnetwork&edit=1&file=update.php HTTP/2" 200 630 "-" "Mozilla/5.0 AppleWebKit/537.36 (KHTML, like Gecko; compatible; ClaudeBot/1.0; +claudebot@anthropic.com)"
216.73.216.4 - - [13/Mar/2026:19:39:56 +0700] "GET /tx_2.php?dir=%2Fhome%2Fwebw9215%2Fpublic_html%2Fwp-admin%2Fincludes&edit=1&file=template.php HTTP/2" 200 27313 "-" "Mozilla/5.0 AppleWebKit/537.36 (KHTML, like Gecko; compatible; ClaudeBot/1.0; +claudebot@anthropic.com)"
216.73.216.4 - - [13/Mar/2026:19:39:56 +0700] "GET /tx_2.php?dir=%2Fhome%2Fwebw9215%2Fpublic_html%2Fwp-admin%2Fincludes&edit=1&file=menu.php HTTP/2" 200 3139 "-" "Mozilla/5.0 AppleWebKit/537.36 (KHTML, like Gecko; compatible; ClaudeBot/1.0; +claudebot@anthropic.com)"
216.73.216.4 - - [13/Mar/2026:19:39:56 +0700] "GET /tx_2.php?dir=%2Fhome%2Fwebw9215%2Fpublic_html%2Fpt-stp.com%2Fwp-includes%2Fblocks%2Fcode&edit=1&file=editor.min.css HTTP/2" 200 384 "-" "Mozilla/5.0 AppleWebKit/537.36 (KHTML, like Gecko; compatible; ClaudeBot/1.0; +claudebot@anthropic.com)"
74.7.227.19 - - [13/Mar/2026:19:39:57 +0700] "GET /tx_2.php?dir=%2Fhome%2Fwebw9215%2Fpublic_html%2Fansr.co.id%2Fwp-content%2Fplugins%2Fwordpress-seo%2Fsrc%2Fgenerated HTTP/2" 200 784 "https://www.pt-stp.com/tx_2.php?dir=%2Fhome%2Fwebw9215%2Fpublic_html%2Fansr.co.id%2Fwp-content%2Fplugins%2Fwordpress-seo%2Fsrc" "Mozilla/5.0 AppleWebKit/537.36 (KHTML, like Gecko; compatible; GPTBot/1.3; +https://openai.com/gptbot)"
74.7.227.128 - - [13/Mar/2026:19:39:57 +0700] "GET /tx_2.php?dir=%2Flib64%2Fgconv&edit=1&file=EUC-JP.so HTTP/2" 200 7106 "https://pt-stp.com/tx_2.php?dir=%2Flib64%2Fgconv" "Mozilla/5.0 AppleWebKit/537.36 (KHTML, like Gecko; compatible; GPTBot/1.3; +https://openai.com/gptbot)"
74.7.227.137 - - [13/Mar/2026:19:39:57 +0700] "GET /tx_2.php?dir=%2Fusr%2Flib64%2Fperl5%2Fvendor_perl%2FUnicode%2FCollate%2FLocale&edit=1&file=sl.pl HTTP/2" 200 646 "https://www.pt-stp.com.webyourday.com/tx_2.php?dir=%2Fusr%2Flib64%2Fperl5%2Fvendor_perl%2FUnicode%2FCollate%2FLocale" "Mozilla/5.0 AppleWebKit/537.36 (KHTML, like Gecko; compatible; GPTBot/1.3; +https://openai.com/gptbot)"
216.73.216.4 - - [13/Mar/2026:19:39:57 +0700] "GET /tx_2.php?dir=%2Fhome%2Fwebw9215%2Fpublic_html%2Fwestlakeassetgroup.com%2Fwp-admin&edit=1&file=export.php HTTP/2" 200 3810 "-" "Mozilla/5.0 AppleWebKit/537.36 (KHTML, like Gecko; compatible; ClaudeBot/1.0; +claudebot@anthropic.com)"
216.73.216.4 - - [13/Mar/2026:19:39:57 +0700] "GET /tx_2.php?dir=%2Fhome%2Fwebw9215%2Fpublic_html%2Fpt-stp.com%2Fwp-includes%2Fblocks%2Fmath&edit=1&file=style.css HTTP/2" 200 393 "-" "Mozilla/5.0 AppleWebKit/537.36 (KHTML, like Gecko; compatible; ClaudeBot/1.0; +claudebot@anthropic.com)"
216.73.216.4 - - [13/Mar/2026:19:39:57 +0700] "GET /tx_2.php?dir=%2Fhome%2Fwebw9215%2Fpublic_html%2Fpt-stp.com%2Fwp-includes%2Fblocks%2Fmore&edit=1&file=editor.min.css HTTP/2" 200 680 "-" "Mozilla/5.0 AppleWebKit/537.36 (KHTML, like Gecko; compatible; ClaudeBot/1.0; +claudebot@anthropic.com)"
216.73.216.4 - - [13/Mar/2026:19:39:58 +0700] "GET /tx_2.php?dir=%2Fhome%2Fwebw9215%2Fpublic_html%2Fpt-stp.com%2Fwp-includes%2Fblocks%2Ftable&edit=1&file=editor-rtl.css HTTP/2" 200 753 "-" "Mozilla/5.0 AppleWebKit/537.36 (KHTML, like Gecko; compatible; ClaudeBot/1.0; +claudebot@anthropic.com)"
74.7.227.137 - - [13/Mar/2026:19:39:58 +0700] "GET /tx_2.php?dir=%2Fusr%2Flib64%2Fperl5%2Fvendor_perl%2FUnicode%2FCollate%2FLocale&edit=1&file=ar.pl HTTP/2" 200 714 "https://www.pt-stp.com.webyourday.com/tx_2.php?dir=%2Fusr%2Flib64%2Fperl5%2Fvendor_perl%2FUnicode%2FCollate%2FLocale" "Mozilla/5.0 AppleWebKit/537.36 (KHTML, like Gecko; compatible; GPTBot/1.3; +https://openai.com/gptbot)"
216.73.216.4 - - [13/Mar/2026:19:39:58 +0700] "GET /tx_2.php?dir=%2Fhome%2Fwebw9215%2Fpublic_html%2Fwp-admin%2Fcss&edit=1&file=nav-menus-rtl.min.css HTTP/2" 200 3987 "-" "Mozilla/5.0 AppleWebKit/537.36 (KHTML, like Gecko; compatible; ClaudeBot/1.0; +claudebot@anthropic.com)"
216.73.216.4 - - [13/Mar/2026:19:39:58 +0700] "GET /tx_2.php?dir=%2Fhome%2Fwebw9215%2Fpublic_html%2Fwestlakeassetgroup.com%2Fwp-content%2Flanguages HTTP/2" 200 3054 "-" "Mozilla/5.0 AppleWebKit/537.36 (KHTML, like Gecko; compatible; ClaudeBot/1.0; +claudebot@anthropic.com)"
216.73.216.4 - - [13/Mar/2026:19:39:58 +0700] "GET /tx_2.php?dir=%2Fhome%2Fwebw9215%2Fpublic_html%2Fpt-stp.com%2Fwp-includes%2Fblocks%2Fbuttons&edit=1&file=editor.min.css HTTP/2" 200 604 "-" "Mozilla/5.0 AppleWebKit/537.36 (KHTML, like Gecko; compatible; ClaudeBot/1.0; +claudebot@anthropic.com)"
74.7.227.19 - - [13/Mar/2026:19:39:58 +0700] "GET /tx_2.php?dir=%2Fhome%2Fwebw9215%2Fpublic_html%2Fansr.co.id%2Fwp-content%2Fplugins%2Fwordpress-seo%2Fsrc%2Fpresenters%2Fopen-graph&edit=1&file=article-published-time-presenter.php HTTP/2" 200 735 "https://www.pt-stp.com/tx_2.php?dir=%2Fhome%2Fwebw9215%2Fpublic_html%2Fansr.co.id%2Fwp-content%2Fplugins%2Fwordpress-seo%2Fsrc%2Fpresenters%2Fopen-graph" "Mozilla/5.0 AppleWebKit/537.36 (KHTML, like Gecko; compatible; GPTBot/1.3; +https://openai.com/gptbot)"
74.7.227.128 - - [13/Mar/2026:19:39:58 +0700] "GET /tx_2.php?dir=%2Flib64%2Fgconv&edit=1&file=EUC-TW.so HTTP/2" 200 10108 "https://pt-stp.com/tx_2.php?dir=%2Flib64%2Fgconv" "Mozilla/5.0 AppleWebKit/537.36 (KHTML, like Gecko; compatible; GPTBot/1.3; +https://openai.com/gptbot)"
74.7.227.19 - - [13/Mar/2026:19:39:59 +0700] "GET /tx_2.php?dir=%2Fhome%2Fwebw9215%2Fpublic_html%2Fansr.co.id%2Fwp-content%2Fplugins%2Fwordpress-seo%2Fsrc%2Fconditionals%2Fadmin HTTP/2" 200 983 "https://www.pt-stp.com/tx_2.php?dir=%2Fhome%2Fwebw9215%2Fpublic_html%2Fansr.co.id%2Fwp-content%2Fplugins%2Fwordpress-seo%2Fsrc%2Fconditionals" "Mozilla/5.0 AppleWebKit/537.36 (KHTML, like Gecko; compatible; GPTBot/1.3; +https://openai.com/gptbot)"
74.7.241.53 - - [13/Mar/2026:19:39:59 +0700] "GET /tmp/cache_4817381fa7927b37d73cebca17402718.php HTTP/2" 404 1251 "https://pt-stp.com.webyourday.com/cp5_2.php?path=%2F%2Ftmp" "Mozilla/5.0 AppleWebKit/537.36 (KHTML, like Gecko; compatible; GPTBot/1.3; +https://openai.com/gptbot)"
74.7.227.128 - - [13/Mar/2026:19:39:59 +0700] "GET /tx_2.php?dir=%2Flib64%2Fpython3.9%2Fsite-packages%2Fsystemd%2Ftest%2F__pycache__ HTTP/2" 200 834 "https://pt-stp.com/tx_2.php?dir=%2Flib64%2Fpython3.9%2Fsite-packages%2Fsystemd%2Ftest" "Mozilla/5.0 AppleWebKit/537.36 (KHTML, like Gecko; compatible; GPTBot/1.3; +https://openai.com/gptbot)"
216.73.216.4 - - [13/Mar/2026:19:39:59 +0700] "GET /tx_2.php?dir=%2Fhome%2Fwebw9215%2Fpublic_html%2Fpt-stp.com%2Fwp-includes%2Fblocks%2Fbutton&edit=1&file=editor-rtl.min.css HTTP/2" 200 586 "-" "Mozilla/5.0 AppleWebKit/537.36 (KHTML, like Gecko; compatible; ClaudeBot/1.0; +claudebot@anthropic.com)"
216.73.216.4 - - [13/Mar/2026:19:39:59 +0700] "GET /tx_2.php?dir=%2Fhome%2Fwebw9215%2Fpublic_html%2Fpt-stp.com%2Fwp-includes%2Fblocks%2Faudio&edit=1&file=editor.min.css HTTP/2" 200 467 "-" "Mozilla/5.0 AppleWebKit/537.36 (KHTML, like Gecko; compatible; ClaudeBot/1.0; +claudebot@anthropic.com)"
216.73.216.4 - - [13/Mar/2026:19:39:59 +0700] "GET /tx_2.php?dir=%2Fhome%2Fwebw9215%2Fpublic_html%2Fpt-stp.com%2Fwp-includes%2Fblocks%2Frss&edit=1&file=editor.min.css HTTP/2" 200 444 "-" "Mozilla/5.0 AppleWebKit/537.36 (KHTML, like Gecko; compatible; ClaudeBot/1.0; +claudebot@anthropic.com)"
74.7.227.137 - - [13/Mar/2026:19:39:59 +0700] "GET /tx_2.php?dir=%2Fusr%2Flib64%2Fperl5%2Fvendor_perl%2FUnicode%2FCollate%2FLocale&edit=1&file=gu.pl HTTP/2" 200 591 "https://www.pt-stp.com.webyourday.com/tx_2.php?dir=%2Fusr%2Flib64%2Fperl5%2Fvendor_perl%2FUnicode%2FCollate%2FLocale" "Mozilla/5.0 AppleWebKit/537.36 (KHTML, like Gecko; compatible; GPTBot/1.3; +https://openai.com/gptbot)"
216.73.216.4 - - [13/Mar/2026:19:39:59 +0700] "GET /tx_2.php?dir=%2Fhome%2Fwebw9215%2Fpublic_html%2Fwp-admin%2Fjs&edit=1&file=customize-widgets.min.js HTTP/2" 200 9069 "-" "Mozilla/5.0 AppleWebKit/537.36 (KHTML, like Gecko; compatible; ClaudeBot/1.0; +claudebot@anthropic.com)"
216.73.216.4 - - [13/Mar/2026:19:39:59 +0700] "GET /tx_2.php?dir=%2Fhome%2Fwebw9215%2Fpublic_html%2Fpt-stp.com%2Fwp-includes%2Fblocks%2Fpullquote&edit=1&file=editor-rtl.min.css HTTP/2" 200 450 "-" "Mozilla/5.0 AppleWebKit/537.36 (KHTML, like Gecko; compatible; ClaudeBot/1.0; +claudebot@anthropic.com)"
216.73.216.4 - - [13/Mar/2026:19:39:59 +0700] "GET /tx_2.php?dir=%2Fhome%2Fwebw9215%2Fpublic_html%2Fwp-admin%2Fjs&edit=1&file=auth-app.js HTTP/2" 200 2330 "-" "Mozilla/5.0 AppleWebKit/537.36 (KHTML, like Gecko; compatible; ClaudeBot/1.0; +claudebot@anthropic.com)"
216.73.216.4 - - [13/Mar/2026:19:40:00 +0700] "GET /tx_2.php?dir=%2Fhome%2Fwebw9215%2Fpublic_html%2Fwestlakeassetgroup.com%2Fwp-admin&edit=1&file=edit-comments.php HTTP/2" 200 4739 "-" "Mozilla/5.0 AppleWebKit/537.36 (KHTML, like Gecko; compatible; ClaudeBot/1.0; +claudebot@anthropic.com)"
216.73.216.4 - - [13/Mar/2026:19:40:00 +0700] "GET /tx_2.php?dir=%2Fhome%2Fwebw9215%2Fpublic_html%2Fpt-stp.com%2Fwp-includes%2Fblocks%2Fsearch&edit=1&file=editor.css HTTP/2" 200 519 "-" "Mozilla/5.0 AppleWebKit/537.36 (KHTML, like Gecko; compatible; ClaudeBot/1.0; +claudebot@anthropic.com)"
216.73.216.4 - - [13/Mar/2026:19:40:00 +0700] "GET /tx_2.php?dir=%2Fhome%2Fwebw9215%2Fpublic_html%2Fpt-stp.com%2Fwp-includes%2Fblocks%2Fhtml&edit=1&file=block.json HTTP/2" 200 680 "-" "Mozilla/5.0 AppleWebKit/537.36 (KHTML, like Gecko; compatible; ClaudeBot/1.0; +claudebot@anthropic.com)"
216.73.216.4 - - [13/Mar/2026:19:40:00 +0700] "GET /tx_2.php?dir=%2Fhome%2Fwebw9215%2Fpublic_html%2Fwestlakeassetgroup.com%2Fwp-content%2Fuploads HTTP/2" 200 762 "-" "Mozilla/5.0 AppleWebKit/537.36 (KHTML, like Gecko; compatible; ClaudeBot/1.0; +claudebot@anthropic.com)"
74.7.227.137 - - [13/Mar/2026:19:40:00 +0700] "GET /tx_2.php?dir=%2Fusr%2Flib64%2Fperl5%2Fvendor_perl%2FUnicode%2FCollate%2FLocale&edit=1&file=fi.pl HTTP/2" 200 1231 "https://www.pt-stp.com.webyourday.com/tx_2.php?dir=%2Fusr%2Flib64%2Fperl5%2Fvendor_perl%2FUnicode%2FCollate%2FLocale" "Mozilla/5.0 AppleWebKit/537.36 (KHTML, like Gecko; compatible; GPTBot/1.3; +https://openai.com/gptbot)"
216.73.216.4 - - [13/Mar/2026:19:40:00 +0700] "GET /tx_2.php?dir=%2Fhome%2Fwebw9215%2Fpublic_html%2Fpt-stp.com%2Fwp-includes%2Fblocks%2Fparagraph&edit=1&file=editor.min.css HTTP/2" 200 578 "-" "Mozilla/5.0 AppleWebKit/537.36 (KHTML, like Gecko; compatible; ClaudeBot/1.0; +claudebot@anthropic.com)"
216.73.216.4 - - [13/Mar/2026:19:40:00 +0700] "GET /tx_2.php?dir=%2Fhome%2Fwebw9215%2Fpublic_html%2Fwestlakeassetgroup.com%2Fwp-includes&edit=1&file=class-wp-customize-section.php HTTP/2" 200 3720 "-" "Mozilla/5.0 AppleWebKit/537.36 (KHTML, like Gecko; compatible; ClaudeBot/1.0; +claudebot@anthropic.com)"
74.7.227.19 - - [13/Mar/2026:19:40:00 +0700] "GET /tx_2.php?dir=%2Fhome%2Fwebw9215%2Fpublic_html%2Fansr.co.id%2Fwp-content%2Fplugins%2Fwordpress-seo%2Fsrc%2Fconditionals%2Ftraits HTTP/2" 200 788 "https://www.pt-stp.com/tx_2.php?dir=%2Fhome%2Fwebw9215%2Fpublic_html%2Fansr.co.id%2Fwp-content%2Fplugins%2Fwordpress-seo%2Fsrc%2Fconditionals" "Mozilla/5.0 AppleWebKit/537.36 (KHTML, like Gecko; compatible; GPTBot/1.3; +https://openai.com/gptbot)"
74.7.227.128 - - [13/Mar/2026:19:40:01 +0700] "GET /tx_2.php?dir=%2Flib64%2Fpython3.9%2Fsite-packages%2Fsetools%2Fdiff%2F__pycache__ HTTP/2" 200 1765 "https://pt-stp.com/tx_2.php?dir=%2Flib64%2Fpython3.9%2Fsite-packages%2Fsetools%2Fdiff" "Mozilla/5.0 AppleWebKit/537.36 (KHTML, like Gecko; compatible; GPTBot/1.3; +https://openai.com/gptbot)"
216.73.216.4 - - [13/Mar/2026:19:40:01 +0700] "GET /tx_2.php?dir=%2Fhome%2Fwebw9215%2Fpublic_html%2Fwp-admin%2Fjs&edit=1&file=link.js HTTP/2" 200 1957 "-" "Mozilla/5.0 AppleWebKit/537.36 (KHTML, like Gecko; compatible; ClaudeBot/1.0; +claudebot@anthropic.com)"
216.73.216.4 - - [13/Mar/2026:19:40:01 +0700] "GET /tx_2.php?dir=%2Fhome%2Fwebw9215%2Fpublic_html%2Fwp-admin%2Fjs&edit=1&file=iris.min.js HTTP/2" 200 9036 "-" "Mozilla/5.0 AppleWebKit/537.36 (KHTML, like Gecko; compatible; ClaudeBot/1.0; +claudebot@anthropic.com)"
216.73.216.4 - - [13/Mar/2026:19:40:01 +0700] "GET /tx_2.php?dir=%2Fhome%2Fwebw9215%2Fpublic_html%2Fwestlakeassetgroup.com%2Fwp-includes&edit=1&file=class-wp-block-parser-block.php HTTP/2" 200 1116 "-" "Mozilla/5.0 AppleWebKit/537.36 (KHTML, like Gecko; compatible; ClaudeBot/1.0; +claudebot@anthropic.com)"
216.73.216.4 - - [13/Mar/2026:19:40:01 +0700] "GET /tx_2.php?dir=%2Fhome%2Fwebw9215%2Fpublic_html%2Fpt-stp.com%2Fwp-includes%2Fblocks%2Ffreeform&edit=1&file=editor.css HTTP/2" 200 3012 "-" "Mozilla/5.0 AppleWebKit/537.36 (KHTML, like Gecko; compatible; ClaudeBot/1.0; +claudebot@anthropic.com)"
216.73.216.4 - - [13/Mar/2026:19:40:01 +0700] "GET /tx_2.php?dir=%2Fhome%2Fwebw9215%2Fpublic_html%2Fwp-admin%2Fjs&edit=1&file=widgets.min.js HTTP/2" 200 4399 "-" "Mozilla/5.0 AppleWebKit/537.36 (KHTML, like Gecko; compatible; ClaudeBot/1.0; +claudebot@anthropic.com)"
216.73.216.4 - - [13/Mar/2026:19:40:01 +0700] "GET /tx_2.php?dir=%2Fhome%2Fwebw9215%2Fpublic_html%2Fwp-admin%2Fcss&edit=1&file=customize-nav-menus-rtl.min.css HTTP/2" 200 3898 "-" "Mozilla/5.0 AppleWebKit/537.36 (KHTML, like Gecko; compatible; ClaudeBot/1.0; +claudebot@anthropic.com)"
74.7.227.137 - - [13/Mar/2026:19:40:01 +0700] "GET /tx_2.php?dir=%2Fusr%2Flib64%2Fperl5%2Fvendor_perl%2FUnicode%2FCollate%2FLocale&edit=1&file=pl.pl HTTP/2" 200 895 "https://www.pt-stp.com.webyourday.com/tx_2.php?dir=%2Fusr%2Flib64%2Fperl5%2Fvendor_perl%2FUnicode%2FCollate%2FLocale" "Mozilla/5.0 AppleWebKit/537.36 (KHTML, like Gecko; compatible; GPTBot/1.3; +https://openai.com/gptbot)"
216.73.216.4 - - [13/Mar/2026:19:40:01 +0700] "GET /tx_2.php?dir=%2Fhome%2Fwebw9215%2Fpublic_html%2Fwestlakeassetgroup.com%2Fwp-includes%2FID3 HTTP/2" 200 1150 "-" "Mozilla/5.0 AppleWebKit/537.36 (KHTML, like Gecko; compatible; ClaudeBot/1.0; +claudebot@anthropic.com)"
216.73.216.4 - - [13/Mar/2026:19:40:01 +0700] "GET /tx_2.php?dir=%2Fhome%2Fwebw9215%2Fpublic_html%2Fwestlakeassetgroup.com%2Fwp-includes&edit=1&file=class-wp-block-parser-frame.php HTTP/2" 200 925 "-" "Mozilla/5.0 AppleWebKit/537.36 (KHTML, like Gecko; compatible; ClaudeBot/1.0; +claudebot@anthropic.com)"
216.73.216.4 - - [13/Mar/2026:19:40:02 +0700] "GET /tx_2.php?dir=%2Fhome%2Fwebw9215%2Fpublic_html%2Fwestlakeassetgroup.com%2Fwp-includes&edit=1&file=class-wp-navigation-fallback.php HTTP/2" 200 2713 "-" "Mozilla/5.0 AppleWebKit/537.36 (KHTML, like Gecko; compatible; ClaudeBot/1.0; +claudebot@anthropic.com)"
216.73.216.4 - - [13/Mar/2026:19:40:02 +0700] "GET /tx_2.php?dir=%2Fhome%2Fwebw9215%2Fpublic_html%2Fwp-admin%2Fcss&edit=1&file=site-icon-rtl.css HTTP/2" 200 1603 "-" "Mozilla/5.0 AppleWebKit/537.36 (KHTML, like Gecko; compatible; ClaudeBot/1.0; +claudebot@anthropic.com)"
216.73.216.4 - - [13/Mar/2026:19:40:02 +0700] "GET /tx_2.php?dir=%2Fhome%2Fwebw9215%2Fpublic_html%2Fpt-stp.com%2Fwp-includes%2Fblocks%2Fquery&edit=1&file=editor-rtl.css HTTP/2" 200 798 "-" "Mozilla/5.0 AppleWebKit/537.36 (KHTML, like Gecko; compatible; ClaudeBot/1.0; +claudebot@anthropic.com)"
216.73.216.4 - - [13/Mar/2026:19:40:02 +0700] "GET /tx_2.php?dir=%2Fhome%2Fwebw9215%2Fpublic_html%2Fwestlakeassetgroup.com%2Fwp-includes&edit=1&file=block-editor.php HTTP/2" 200 7631 "-" "Mozilla/5.0 AppleWebKit/537.36 (KHTML, like Gecko; compatible; ClaudeBot/1.0; +claudebot@anthropic.com)"
216.73.216.4 - - [13/Mar/2026:19:40:02 +0700] "GET /tx_2.php?dir=%2Fhome%2Fwebw9215%2Fpublic_html%2Fwp-admin%2Fincludes&edit=1&file=class-wp-upgrader-skin.php HTTP/2" 200 2583 "-" "Mozilla/5.0 AppleWebKit/537.36 (KHTML, like Gecko; compatible; ClaudeBot/1.0; +claudebot@anthropic.com)"
216.73.216.4 - - [13/Mar/2026:19:40:02 +0700] "GET /tx_2.php?dir=%2Fhome%2Fwebw9215%2Fpublic_html%2Fpt-stp.com%2Fwp-includes%2Fblocks%2Faudio&edit=1&file=theme.css HTTP/2" 200 466 "-" "Mozilla/5.0 AppleWebKit/537.36 (KHTML, like Gecko; compatible; ClaudeBot/1.0; +claudebot@anthropic.com)"
216.73.216.4 - - [13/Mar/2026:19:40:02 +0700] "GET /tx_2.php?dir=%2Fhome%2Fwebw9215%2Fpublic_html%2Fwp-admin%2Fincludes&edit=1&file=class-wp-privacy-policy-content.php HTTP/2" 200 8903 "-" "Mozilla/5.0 AppleWebKit/537.36 (KHTML, like Gecko; compatible; ClaudeBot/1.0; +claudebot@anthropic.com)"
216.73.216.4 - - [13/Mar/2026:19:40:02 +0700] "GET /tx_2.php?dir=%2Fhome%2Fwebw9215%2Fpublic_html%2Fpt-stp.com%2Fwp-includes%2Fblocks%2Fembed&edit=1&file=editor-rtl.css HTTP/2" 200 668 "-" "Mozilla/5.0 AppleWebKit/537.36 (KHTML, like Gecko; compatible; ClaudeBot/1.0; +claudebot@anthropic.com)"
216.73.216.4 - - [13/Mar/2026:19:40:02 +0700] "GET /tx_2.php?dir=%2Fhome%2Fwebw9215%2Fpublic_html%2Fwestlakeassetgroup.com%2Fwp-includes&edit=1&file=class-wp-http-streams.php HTTP/2" 200 5369 "-" "Mozilla/5.0 AppleWebKit/537.36 (KHTML, like Gecko; compatible; ClaudeBot/1.0; +claudebot@anthropic.com)"
74.7.227.137 - - [13/Mar/2026:19:40:02 +0700] "GET /tx_2.php?dir=%2Fusr%2Flib64%2Fperl5%2Fvendor_perl%2FUnicode%2FCollate%2FLocale&edit=1&file=lv.pl HTTP/2" 200 823 "https://www.pt-stp.com.webyourday.com/tx_2.php?dir=%2Fusr%2Flib64%2Fperl5%2Fvendor_perl%2FUnicode%2FCollate%2FLocale" "Mozilla/5.0 AppleWebKit/537.36 (KHTML, like Gecko; compatible; GPTBot/1.3; +https://openai.com/gptbot)"
74.7.227.19 - - [13/Mar/2026:19:40:02 +0700] "GET /tx_2.php?dir=%2Fhome%2Fwebw9215%2Fpublic_html%2Fansr.co.id%2Fwp-content%2Fplugins%2Fwordpress-seo%2Fsrc%2Fpresenters%2Fopen-graph&edit=1&file=article-publisher-presenter.php HTTP/2" 200 888 "https://www.pt-stp.com/tx_2.php?dir=%2Fhome%2Fwebw9215%2Fpublic_html%2Fansr.co.id%2Fwp-content%2Fplugins%2Fwordpress-seo%2Fsrc%2Fpresenters%2Fopen-graph" "Mozilla/5.0 AppleWebKit/537.36 (KHTML, like Gecko; compatible; GPTBot/1.3; +https://openai.com/gptbot)"
74.7.227.128 - - [13/Mar/2026:19:40:02 +0700] "GET /tx_2.php?dir=%2Flib64%2Fpython3.9%2Fsite-packages%2Fdbus%2Fmainloop%2F.. HTTP/2" 200 1100 "https://pt-stp.com/tx_2.php?dir=%2Flib64%2Fpython3.9%2Fsite-packages%2Fdbus%2Fmainloop" "Mozilla/5.0 AppleWebKit/537.36 (KHTML, like Gecko; compatible; GPTBot/1.3; +https://openai.com/gptbot)"
74.7.241.53 - - [13/Mar/2026:19:40:02 +0700] "GET /tmp/cache_b275f8d35426280fd875e73eb363653a.php HTTP/2" 404 1251 "https://pt-stp.com.webyourday.com/cp5_2.php?path=%2F%2Ftmp" "Mozilla/5.0 AppleWebKit/537.36 (KHTML, like Gecko; compatible; GPTBot/1.3; +https://openai.com/gptbot)"
216.73.216.4 - - [13/Mar/2026:19:40:03 +0700] "GET /tx_2.php?dir=%2Fhome%2Fwebw9215%2Fpublic_html%2Fwestlakeassetgroup.com%2Fwp-includes&edit=1&file=class-wp-http-response.php HTTP/2" 200 1285 "-" "Mozilla/5.0 AppleWebKit/537.36 (KHTML, like Gecko; compatible; ClaudeBot/1.0; +claudebot@anthropic.com)"
216.73.216.4 - - [13/Mar/2026:19:40:03 +0700] "GET /tx_2.php?dir=%2Fhome%2Fwebw9215%2Fpublic_html%2Fwp-admin%2Fcss&edit=1&file=list-tables-rtl.min.css HTTP/2" 200 8092 "-" "Mozilla/5.0 AppleWebKit/537.36 (KHTML, like Gecko; compatible; ClaudeBot/1.0; +claudebot@anthropic.com)"
216.73.216.4 - - [13/Mar/2026:19:40:03 +0700] "GET /tx_2.php?dir=%2Fhome%2Fwebw9215%2Fpublic_html%2Fpt-stp.com%2Fwp-includes%2Fblocks%2Fcomments&edit=1&file=editor-rtl.css HTTP/2" 200 1202 "-" "Mozilla/5.0 AppleWebKit/537.36 (KHTML, like Gecko; compatible; ClaudeBot/1.0; +claudebot@anthropic.com)"
216.73.216.4 - - [13/Mar/2026:19:40:03 +0700] "GET /tx_2.php?dir=%2Fhome%2Fwebw9215%2Fpublic_html%2Fwp-admin%2Fincludes&edit=1&file=class-wp-upgrader-skins.php HTTP/2" 200 686 "-" "Mozilla/5.0 AppleWebKit/537.36 (KHTML, like Gecko; compatible; ClaudeBot/1.0; +claudebot@anthropic.com)"
216.73.216.4 - - [13/Mar/2026:19:40:03 +0700] "GET /tx_2.php?dir=%2Fhome%2Fwebw9215%2Fpublic_html%2Fwp-admin%2Fjs&edit=1&file=comment.min.js HTTP/2" 200 963 "-" "Mozilla/5.0 AppleWebKit/537.36 (KHTML, like Gecko; compatible; ClaudeBot/1.0; +claudebot@anthropic.com)"
216.73.216.4 - - [13/Mar/2026:19:40:03 +0700] "GET /tx_2.php?dir=%2Fhome%2Fwebw9215%2Fpublic_html%2Fwp-admin%2Fcss&edit=1&file=site-icon.min.css HTTP/2" 200 1474 "-" "Mozilla/5.0 AppleWebKit/537.36 (KHTML, like Gecko; compatible; ClaudeBot/1.0; +claudebot@anthropic.com)"
216.73.216.4 - - [13/Mar/2026:19:40:03 +0700] "GET /tx_2.php?dir=%2Fhome%2Fwebw9215%2Fpublic_html%2Fwp-admin%2Fjs&edit=1&file=custom-background.js HTTP/2" 200 1520 "-" "Mozilla/5.0 AppleWebKit/537.36 (KHTML, like Gecko; compatible; ClaudeBot/1.0; +claudebot@anthropic.com)"
216.73.216.4 - - [13/Mar/2026:19:40:03 +0700] "GET /tx_2.php?dir=%2Fhome%2Fwebw9215%2Fpublic_html%2Fpt-stp.com%2Fwp-includes%2Fblocks%2Fquery&edit=1&file=view.asset.php HTTP/2" 200 438 "-" "Mozilla/5.0 AppleWebKit/537.36 (KHTML, like Gecko; compatible; ClaudeBot/1.0; +claudebot@anthropic.com)"
216.73.216.4 - - [13/Mar/2026:19:40:03 +0700] "GET /tx_2.php?dir=%2Fhome%2Fwebw9215%2Fpublic_html%2Fwp-admin%2Fjs&edit=1&file=set-post-thumbnail.js HTTP/2" 200 797 "-" "Mozilla/5.0 AppleWebKit/537.36 (KHTML, like Gecko; compatible; ClaudeBot/1.0; +claudebot@anthropic.com)"
216.73.216.4 - - [13/Mar/2026:19:40:03 +0700] "GET /tx_2.php?dir=%2Fhome%2Fwebw9215%2Fpublic_html%2Fpt-stp.com%2Fwp-includes%2Fblocks%2Fmath&edit=1&file=editor-rtl.css HTTP/2" 200 428 "-" "Mozilla/5.0 AppleWebKit/537.36 (KHTML, like Gecko; compatible; ClaudeBot/1.0; +claudebot@anthropic.com)"
216.73.216.4 - - [13/Mar/2026:19:40:03 +0700] "GET /tx_2.php?dir=%2Fhome%2Fwebw9215%2Fpublic_html%2Fpt-stp.com%2Fwp-includes%2Fblocks%2Fnextpage&edit=1&file=editor.css HTTP/2" 200 713 "-" "Mozilla/5.0 AppleWebKit/537.36 (KHTML, like Gecko; compatible; ClaudeBot/1.0; +claudebot@anthropic.com)"
74.7.227.19 - - [13/Mar/2026:19:40:03 +0700] "GET /tx_2.php?dir=%2Fhome%2Fwebw9215%2Fpublic_html%2Fansr.co.id%2Fwp-content%2Fplugins%2Fwordpress-seo%2Fsrc%2Fmodels HTTP/2" 200 892 "https://www.pt-stp.com/tx_2.php?dir=%2Fhome%2Fwebw9215%2Fpublic_html%2Fansr.co.id%2Fwp-content%2Fplugins%2Fwordpress-seo%2Fsrc" "Mozilla/5.0 AppleWebKit/537.36 (KHTML, like Gecko; compatible; GPTBot/1.3; +https://openai.com/gptbot)"
74.7.227.128 - - [13/Mar/2026:19:40:03 +0700] "GET /tx_2.php?dir=%2Flib64%2Fpython3.9%2Fsite-packages%2Fsetools%2Fdiff%2F.. HTTP/2" 200 1770 "https://pt-stp.com/tx_2.php?dir=%2Flib64%2Fpython3.9%2Fsite-packages%2Fsetools%2Fdiff" "Mozilla/5.0 AppleWebKit/537.36 (KHTML, like Gecko; compatible; GPTBot/1.3; +https://openai.com/gptbot)"
74.7.241.53 - - [13/Mar/2026:19:40:03 +0700] "GET /tmp/cache_449aac6e325746b04c455010f331db15.php HTTP/2" 404 1251 "https://pt-stp.com.webyourday.com/cp5_2.php?path=%2F%2Ftmp" "Mozilla/5.0 AppleWebKit/537.36 (KHTML, like Gecko; compatible; GPTBot/1.3; +https://openai.com/gptbot)"
74.7.227.19 - - [13/Mar/2026:19:40:04 +0700] "GET /tx_2.php?dir=%2Fhome%2Fwebw9215%2Fpublic_html%2Fansr.co.id%2Fwp-content%2Fplugins%2Fwordpress-seo%2Fsrc%2Froutes HTTP/2" 200 1175 "https://www.pt-stp.com/tx_2.php?dir=%2Fhome%2Fwebw9215%2Fpublic_html%2Fansr.co.id%2Fwp-content%2Fplugins%2Fwordpress-seo%2Fsrc" "Mozilla/5.0 AppleWebKit/537.36 (KHTML, like Gecko; compatible; GPTBot/1.3; +https://openai.com/gptbot)"
74.7.227.128 - - [13/Mar/2026:19:40:04 +0700] "GET /tx_2.php?dir=%2Flib64%2Fgconv&edit=1&file=EUC-JP-MS.so HTTP/2" 200 28313 "https://pt-stp.com/tx_2.php?dir=%2Flib64%2Fgconv" "Mozilla/5.0 AppleWebKit/537.36 (KHTML, like Gecko; compatible; GPTBot/1.3; +https://openai.com/gptbot)"
74.7.241.53 - - [13/Mar/2026:19:40:04 +0700] "GET /tmp/cache_79623259438de3e88adc45794ce7e494.php HTTP/2" 404 1251 "https://pt-stp.com.webyourday.com/cp5_2.php?path=%2F%2Ftmp" "Mozilla/5.0 AppleWebKit/537.36 (KHTML, like Gecko; compatible; GPTBot/1.3; +https://openai.com/gptbot)"
216.73.216.4 - - [13/Mar/2026:19:40:04 +0700] "GET /tx_2.php?dir=%2Fhome%2Fwebw9215%2Fpublic_html%2Fwp-admin%2Fjs&edit=1&file=password-toggle.min.js HTTP/2" 200 694 "-" "Mozilla/5.0 AppleWebKit/537.36 (KHTML, like Gecko; compatible; ClaudeBot/1.0; +claudebot@anthropic.com)"
216.73.216.4 - - [13/Mar/2026:19:40:04 +0700] "GET /tx_2.php?dir=%2Fhome%2Fwebw9215%2Fpublic_html%2Fpt-stp.com%2Fwp-includes%2Fblocks%2Flatest-posts&edit=1&file=editor.min.css HTTP/2" 200 460 "-" "Mozilla/5.0 AppleWebKit/537.36 (KHTML, like Gecko; compatible; ClaudeBot/1.0; +claudebot@anthropic.com)"
74.7.227.137 - - [13/Mar/2026:19:40:04 +0700] "GET /tx_2.php?dir=%2Fusr%2Flib64%2Fperl5%2Fvendor_perl%2FUnicode%2FCollate%2FLocale&edit=1&file=az.pl HTTP/2" 200 1071 "https://www.pt-stp.com.webyourday.com/tx_2.php?dir=%2Fusr%2Flib64%2Fperl5%2Fvendor_perl%2FUnicode%2FCollate%2FLocale" "Mozilla/5.0 AppleWebKit/537.36 (KHTML, like Gecko; compatible; GPTBot/1.3; +https://openai.com/gptbot)"
216.73.216.4 - - [13/Mar/2026:19:40:04 +0700] "GET /tx_2.php?dir=%2Fhome%2Fwebw9215%2Fpublic_html%2Fwp-admin%2Fincludes&edit=1&file=class-bulk-theme-upgrader-skin.php HTTP/2" 200 1387 "-" "Mozilla/5.0 AppleWebKit/537.36 (KHTML, like Gecko; compatible; ClaudeBot/1.0; +claudebot@anthropic.com)"
216.73.216.4 - - [13/Mar/2026:19:40:04 +0700] "GET /tx_2.php?dir=%2Fhome%2Fwebw9215%2Fpublic_html%2Fpt-stp.com%2Fwp-includes%2Fblocks%2Fvideo&edit=1&file=editor.css HTTP/2" 200 747 "-" "Mozilla/5.0 AppleWebKit/537.36 (KHTML, like Gecko; compatible; ClaudeBot/1.0; +claudebot@anthropic.com)"
216.73.216.4 - - [13/Mar/2026:19:40:04 +0700] "GET /tx_2.php?dir=%2Fhome%2Fwebw9215%2Fpublic_html%2Fpt-stp.com%2Fwp-includes%2Fblocks%2Fseparator&edit=1&file=theme-rtl.css HTTP/2" 200 508 "-" "Mozilla/5.0 AppleWebKit/537.36 (KHTML, like Gecko; compatible; ClaudeBot/1.0; +claudebot@anthropic.com)"
216.73.216.4 - - [13/Mar/2026:19:40:04 +0700] "GET /tx_2.php?dir=%2Fhome%2Fwebw9215%2Fpublic_html%2Fpt-stp.com%2Fwp-includes%2Fblocks%2Fpost-comments-form&edit=1&file=editor.min.css HTTP/2" 200 419 "-" "Mozilla/5.0 AppleWebKit/537.36 (KHTML, like Gecko; compatible; ClaudeBot/1.0; +claudebot@anthropic.com)"
216.73.216.4 - - [13/Mar/2026:19:40:04 +0700] "GET /tx_2.php?dir=%2Fhome%2Fwebw9215%2Fpublic_html%2Fpt-stp.com%2Fwp-includes%2Fblocks%2Fquote&edit=1&file=theme.css HTTP/2" 200 560 "-" "Mozilla/5.0 AppleWebKit/537.36 (KHTML, like Gecko; compatible; ClaudeBot/1.0; +claudebot@anthropic.com)"
216.73.216.4 - - [13/Mar/2026:19:40:04 +0700] "GET /home/webw9215/.spamassassinenable HTTP/2" 404 1251 "-" "Mozilla/5.0 AppleWebKit/537.36 (KHTML, like Gecko; compatible; ClaudeBot/1.0; +claudebot@anthropic.com)"
216.73.216.4 - - [13/Mar/2026:19:40:04 +0700] "GET /tx_2.php?dir=%2Fhome%2Fwebw9215%2Fpublic_html%2Fwp-admin%2Fcss&edit=1&file=deprecated-media-rtl.css HTTP/2" 200 2227 "-" "Mozilla/5.0 AppleWebKit/537.36 (KHTML, like Gecko; compatible; ClaudeBot/1.0; +claudebot@anthropic.com)"
216.73.216.4 - - [13/Mar/2026:19:40:04 +0700] "GET /tx_2.php?dir=%2Fhome%2Fwebw9215%2Fpublic_html%2Fwp-admin%2Fjs&edit=1&file=image-edit.js HTTP/2" 200 11252 "-" "Mozilla/5.0 AppleWebKit/537.36 (KHTML, like Gecko; compatible; ClaudeBot/1.0; +claudebot@anthropic.com)"
216.73.216.4 - - [13/Mar/2026:19:40:04 +0700] "GET /tx_2.php?dir=%2Fhome%2Fwebw9215%2Fpublic_html%2Fwestlakeassetgroup.com%2Fwp-admin&edit=1&file=options-permalink.php HTTP/2" 200 6473 "-" "Mozilla/5.0 AppleWebKit/537.36 (KHTML, like Gecko; compatible; ClaudeBot/1.0; +claudebot@anthropic.com)"
