174.129.47.84 - - [20/Nov/2025:00:08:44 +0700] "GET /wp-content/uploads/2023/12/PRESSURE-SAFETY-VALVE.png HTTP/2" 200 147375 "http://www.scrubtheweb.com/" "Mozilla/5.0 (Windows NT 6.1; Win64; x64) AppleWebKit/537.36 (KHTML, like Gecko) Chrome/96.0.4664.45 Safari/537.36"
174.129.47.84 - - [20/Nov/2025:00:08:44 +0700] "GET /wp-content/uploads/2023/12/LEVEL-SWITCH.png HTTP/2" 200 196500 "http://www.scrubtheweb.com/" "Mozilla/5.0 (Windows NT 6.1; Win64; x64) AppleWebKit/537.36 (KHTML, like Gecko) Chrome/96.0.4664.45 Safari/537.36"
174.129.47.84 - - [20/Nov/2025:00:08:44 +0700] "GET /wp-content/uploads/2023/12/FITTINGS-VALVE-INSTRUMENT.png HTTP/2" 200 147375 "http://www.scrubtheweb.com/" "Mozilla/5.0 (Windows NT 6.1; Win64; x64) AppleWebKit/537.36 (KHTML, like Gecko) Chrome/96.0.4664.45 Safari/537.36"
174.129.47.84 - - [20/Nov/2025:00:08:44 +0700] "GET /wp-content/uploads/2023/12/AIR-OPERATED-DOUBLE-DIAPHRAGM-PUMP.png HTTP/2" 200 147375 "http://www.scrubtheweb.com/" "Mozilla/5.0 (Windows NT 6.1; Win64; x64) AppleWebKit/537.36 (KHTML, like Gecko) Chrome/96.0.4664.45 Safari/537.36"
174.129.47.84 - - [20/Nov/2025:00:08:44 +0700] "GET /wp-content/uploads/2023/12/PNEUMATIC-ACTUATOR.png HTTP/2" 200 147375 "http://www.scrubtheweb.com/" "Mozilla/5.0 (Windows NT 6.1; Win64; x64) AppleWebKit/537.36 (KHTML, like Gecko) Chrome/96.0.4664.45 Safari/537.36"
174.129.47.84 - - [20/Nov/2025:00:08:44 +0700] "GET /wp-content/uploads/2023/12/TEMPERATURE-TRANSMITTER.png HTTP/2" 200 163750 "http://www.scrubtheweb.com/" "Mozilla/5.0 (Windows NT 6.1; Win64; x64) AppleWebKit/537.36 (KHTML, like Gecko) Chrome/96.0.4664.45 Safari/537.36"
174.129.47.84 - - [20/Nov/2025:00:08:44 +0700] "GET /wp-content/uploads/2023/12/MAGNETIC-SWITCH.png HTTP/2" 200 163750 "http://www.scrubtheweb.com/" "Mozilla/5.0 (Windows NT 6.1; Win64; x64) AppleWebKit/537.36 (KHTML, like Gecko) Chrome/96.0.4664.45 Safari/537.36"
174.129.47.84 - - [20/Nov/2025:00:08:44 +0700] "GET /wp-content/uploads/2023/12/BALL-VALVE.png HTTP/2" 200 163750 "http://www.scrubtheweb.com/" "Mozilla/5.0 (Windows NT 6.1; Win64; x64) AppleWebKit/537.36 (KHTML, like Gecko) Chrome/96.0.4664.45 Safari/537.36"
174.129.47.84 - - [20/Nov/2025:00:08:44 +0700] "GET /wp-content/uploads/2023/12/TEMPERATURE-TRANSMITTER-2.png HTTP/2" 200 163750 "http://www.scrubtheweb.com/" "Mozilla/5.0 (Windows NT 6.1; Win64; x64) AppleWebKit/537.36 (KHTML, like Gecko) Chrome/96.0.4664.45 Safari/537.36"
174.129.47.84 - - [20/Nov/2025:00:08:43 +0700] "GET /wp-content/uploads/2023/12/migas-7.png HTTP/2" 200 573125 "http://www.scrubtheweb.com/" "Mozilla/5.0 (Windows NT 6.1; Win64; x64) AppleWebKit/537.36 (KHTML, like Gecko) Chrome/96.0.4664.45 Safari/537.36"
174.129.47.84 - - [20/Nov/2025:00:08:43 +0700] "GET /wp-content/uploads/2023/12/migas-6.png HTTP/2" 200 573125 "http://www.scrubtheweb.com/" "Mozilla/5.0 (Windows NT 6.1; Win64; x64) AppleWebKit/537.36 (KHTML, like Gecko) Chrome/96.0.4664.45 Safari/537.36"
202.10.43.35 - - [20/Nov/2025:00:32:35 +0700] "POST /wp-cron.php?doing_wp_cron=1763573555.4030439853668212890625 HTTP/1.1" 200 0 "-" "WordPress/6.8.3; https://ansr.co.id"
20.191.45.212 - - [20/Nov/2025:00:32:34 +0700] "GET / HTTP/1.1" 200 27864 "https://ansr.co.id/" "DuckDuckBot/1.1; (+http://duckduckgo.com/duckduckbot.html)"
20.191.45.212 - - [20/Nov/2025:00:32:36 +0700] "GET /wp-content/uploads/2023/12/cropped-logo-ANSR-Transparent-32x32.png HTTP/1.1" 200 1264 "https://ansr.co.id/wp-content/uploads/2023/12/cropped-logo-ANSR-Transparent-32x32.png" "DuckDuckBot/1.1; (+http://duckduckgo.com/duckduckbot.html)"
202.10.43.35 - - [20/Nov/2025:00:35:27 +0700] "POST /wp-cron.php?doing_wp_cron=1763573727.0100591182708740234375 HTTP/1.1" 200 0 "-" "WordPress/6.8.3; https://ansr.co.id"
216.73.216.134 - - [20/Nov/2025:00:35:26 +0700] "GET /robots.txt HTTP/2" 200 105 "-" "Mozilla/5.0 AppleWebKit/537.36 (KHTML, like Gecko; compatible; ClaudeBot/1.0; +claudebot@anthropic.com)"
216.73.216.134 - - [20/Nov/2025:00:35:27 +0700] "GET /sitemap_index.xml HTTP/2" 200 327 "-" "Mozilla/5.0 AppleWebKit/537.36 (KHTML, like Gecko; compatible; ClaudeBot/1.0; +claudebot@anthropic.com)"
47.128.16.50 - - [20/Nov/2025:00:38:42 +0700] "GET /robots.txt HTTP/1.1" 200 121 "-" "Mozilla/5.0 (Linux; Android 5.0) AppleWebKit/537.36 (KHTML, like Gecko) Mobile Safari/537.36 (compatible; Bytespider; spider-feedback@bytedance.com)"
202.10.43.35 - - [20/Nov/2025:00:38:43 +0700] "POST /wp-cron.php?doing_wp_cron=1763573923.4199221134185791015625 HTTP/1.1" 200 0 "-" "WordPress/6.8.3; https://ansr.co.id"
202.10.43.35 - - [20/Nov/2025:00:59:14 +0700] "POST /wp-cron.php?doing_wp_cron=1763575154.9153521060943603515625 HTTP/1.1" 200 0 "-" "WordPress/6.8.3; https://ansr.co.id"
5.39.1.232 - - [20/Nov/2025:00:59:14 +0700] "GET /tak-berkategori/alat-yang-digunakan-dalam-teknik-mesin/ HTTP/2" 200 23991 "-" "Mozilla/5.0 (compatible; AhrefsBot/7.0; +http://ahrefs.com/robot/)"
202.10.43.35 - - [20/Nov/2025:01:11:22 +0700] "POST /wp-cron.php?doing_wp_cron=1763575882.1420750617980957031250 HTTP/1.1" 200 0 "-" "WordPress/6.8.3; https://ansr.co.id"
216.73.216.134 - - [20/Nov/2025:01:11:21 +0700] "GET /sitemap_index.xml HTTP/2" 200 327 "-" "Mozilla/5.0 AppleWebKit/537.36 (KHTML, like Gecko; compatible; ClaudeBot/1.0; +claudebot@anthropic.com)"
103.2.147.166 - - [20/Nov/2025:01:14:47 +0700] "GET //wp-includes/ID3/license.txt HTTP/1.1" 200 1396 "-" "Mozilla/5.0 (Windows NT 10.0; Win64; x64) AppleWebKit/537.36 (KHTML, like Gecko) Chrome/95.0.4638.69 Safari/537.36"
202.10.43.35 - - [20/Nov/2025:01:14:50 +0700] "POST /wp-cron.php?doing_wp_cron=1763576090.4969980716705322265625 HTTP/1.1" 200 0 "-" "WordPress/6.8.3; https://ansr.co.id"
103.2.147.166 - - [20/Nov/2025:01:14:47 +0700] "GET //feed/ HTTP/1.1" 301 0 "-" "Mozilla/5.0 (Windows NT 10.0; Win64; x64) AppleWebKit/537.36 (KHTML, like Gecko) Chrome/95.0.4638.69 Safari/537.36"
103.2.147.166 - - [20/Nov/2025:01:14:50 +0700] "GET //xmlrpc.php?rsd HTTP/1.1" 403 1242 "-" "Mozilla/5.0 (Windows NT 10.0; Win64; x64) AppleWebKit/537.36 (KHTML, like Gecko) Chrome/95.0.4638.69 Safari/537.36"
103.2.147.166 - - [20/Nov/2025:01:14:50 +0700] "GET //blog/wp-includes/wlwmanifest.xml HTTP/1.1" 403 4170 "-" "Mozilla/5.0 (Windows NT 10.0; Win64; x64) AppleWebKit/537.36 (KHTML, like Gecko) Chrome/95.0.4638.69 Safari/537.36"
103.2.147.166 - - [20/Nov/2025:01:14:51 +0700] "GET //web/wp-includes/wlwmanifest.xml HTTP/1.1" 403 4170 "-" "Mozilla/5.0 (Windows NT 10.0; Win64; x64) AppleWebKit/537.36 (KHTML, like Gecko) Chrome/95.0.4638.69 Safari/537.36"
103.2.147.166 - - [20/Nov/2025:01:14:51 +0700] "GET //wordpress/wp-includes/wlwmanifest.xml HTTP/1.1" 403 4170 "-" "Mozilla/5.0 (Windows NT 10.0; Win64; x64) AppleWebKit/537.36 (KHTML, like Gecko) Chrome/95.0.4638.69 Safari/537.36"
103.2.147.166 - - [20/Nov/2025:01:14:51 +0700] "GET //wp/wp-includes/wlwmanifest.xml HTTP/1.1" 403 4170 "-" "Mozilla/5.0 (Windows NT 10.0; Win64; x64) AppleWebKit/537.36 (KHTML, like Gecko) Chrome/95.0.4638.69 Safari/537.36"
103.2.147.166 - - [20/Nov/2025:01:14:51 +0700] "GET //2020/wp-includes/wlwmanifest.xml HTTP/1.1" 403 4170 "-" "Mozilla/5.0 (Windows NT 10.0; Win64; x64) AppleWebKit/537.36 (KHTML, like Gecko) Chrome/95.0.4638.69 Safari/537.36"
103.2.147.166 - - [20/Nov/2025:01:14:52 +0700] "GET //2019/wp-includes/wlwmanifest.xml HTTP/1.1" 403 4170 "-" "Mozilla/5.0 (Windows NT 10.0; Win64; x64) AppleWebKit/537.36 (KHTML, like Gecko) Chrome/95.0.4638.69 Safari/537.36"
103.2.147.166 - - [20/Nov/2025:01:14:52 +0700] "GET //2021/wp-includes/wlwmanifest.xml HTTP/1.1" 403 4170 "-" "Mozilla/5.0 (Windows NT 10.0; Win64; x64) AppleWebKit/537.36 (KHTML, like Gecko) Chrome/95.0.4638.69 Safari/537.36"
103.2.147.166 - - [20/Nov/2025:01:14:52 +0700] "GET //shop/wp-includes/wlwmanifest.xml HTTP/1.1" 403 4170 "-" "Mozilla/5.0 (Windows NT 10.0; Win64; x64) AppleWebKit/537.36 (KHTML, like Gecko) Chrome/95.0.4638.69 Safari/537.36"
103.2.147.166 - - [20/Nov/2025:01:14:52 +0700] "GET //wp1/wp-includes/wlwmanifest.xml HTTP/1.1" 403 4170 "-" "Mozilla/5.0 (Windows NT 10.0; Win64; x64) AppleWebKit/537.36 (KHTML, like Gecko) Chrome/95.0.4638.69 Safari/537.36"
103.2.147.166 - - [20/Nov/2025:01:14:53 +0700] "GET //test/wp-includes/wlwmanifest.xml HTTP/1.1" 403 4170 "-" "Mozilla/5.0 (Windows NT 10.0; Win64; x64) AppleWebKit/537.36 (KHTML, like Gecko) Chrome/95.0.4638.69 Safari/537.36"
103.2.147.166 - - [20/Nov/2025:01:14:53 +0700] "GET //site/wp-includes/wlwmanifest.xml HTTP/1.1" 403 4170 "-" "Mozilla/5.0 (Windows NT 10.0; Win64; x64) AppleWebKit/537.36 (KHTML, like Gecko) Chrome/95.0.4638.69 Safari/537.36"
103.2.147.166 - - [20/Nov/2025:01:14:53 +0700] "GET //cms/wp-includes/wlwmanifest.xml HTTP/1.1" 403 4170 "-" "Mozilla/5.0 (Windows NT 10.0; Win64; x64) AppleWebKit/537.36 (KHTML, like Gecko) Chrome/95.0.4638.69 Safari/537.36"
45.148.10.152 - - [20/Nov/2025:01:19:07 +0700] "GET /bitbucket-pipelines.yml HTTP/1.1" 401 53 "-" "Mozilla/5.0 (X11; Linux x86_64) AppleWebKit/537.36 (KHTML, like Gecko) Chrome/122.0.0.0 Safari/537.36"
202.10.43.35 - - [20/Nov/2025:01:20:17 +0700] "POST /wp-cron.php?doing_wp_cron=1763576417.3551349639892578125000 HTTP/1.1" 200 0 "-" "WordPress/6.8.3; https://ansr.co.id"
43.173.175.222 - - [20/Nov/2025:01:20:16 +0700] "GET /ourproduct/temperature-multi-parameter-transmitter/ HTTP/1.1" 200 24876 "-" "Mozilla/5.0 (Windows NT 6.1; Win64; x64) AppleWebKit/537.36 (KHTML, like Gecko) Chrome/126.0.6478.114 Safari/537.36"
202.10.43.35 - - [20/Nov/2025:01:42:19 +0700] "POST /wp-cron.php?doing_wp_cron=1763577739.0636079311370849609375 HTTP/1.1" 200 0 "-" "WordPress/6.8.3; https://ansr.co.id"
43.173.174.223 - - [20/Nov/2025:01:42:18 +0700] "GET /ourproduct/magnetic-switch/ HTTP/1.1" 200 24710 "-" "Mozilla/5.0 (Windows NT 6.1; Win64; x64) AppleWebKit/537.36 (KHTML, like Gecko) Chrome/126.0.6478.114 Safari/537.36"
202.10.43.35 - - [20/Nov/2025:01:51:18 +0700] "POST /wp-cron.php?doing_wp_cron=1763578278.1771979331970214843750 HTTP/1.1" 200 0 "-" "WordPress/6.8.3; https://ansr.co.id"
43.173.182.56 - - [20/Nov/2025:01:51:17 +0700] "GET /category_product/pressure-temperature-gauge/ HTTP/1.1" 200 21357 "-" "Mozilla/5.0 (Windows NT 6.1; Win64; x64) AppleWebKit/537.36 (KHTML, like Gecko) Chrome/126.0.6478.114 Safari/537.36"
134.149.59.46 - - [20/Nov/2025:01:52:08 +0700] "GET /wp-content/plugins/hellopress/wp_filemanager.php HTTP/1.1" 401 36 "-" "-"
134.149.59.46 - - [20/Nov/2025:01:52:08 +0700] "GET /class-t.api.php HTTP/1.1" 401 36 "-" "-"
134.149.59.46 - - [20/Nov/2025:01:52:09 +0700] "GET /zwso.php HTTP/1.1" 401 36 "-" "-"
134.149.59.46 - - [20/Nov/2025:01:52:11 +0700] "GET /wp-content/uploads/autoload_classmap.php HTTP/1.1" 401 36 "-" "-"
134.149.59.46 - - [20/Nov/2025:01:52:12 +0700] "GET /wp-content/plugins/dummyyummy/wp-signup.php HTTP/1.1" 401 36 "-" "-"
134.149.59.46 - - [20/Nov/2025:01:52:13 +0700] "GET /wp-admin/css/colors/blue/index.php HTTP/1.1" 401 36 "-" "-"
134.149.59.46 - - [20/Nov/2025:01:52:13 +0700] "GET /admin.php HTTP/1.1" 401 36 "-" "-"
134.149.59.46 - - [20/Nov/2025:01:52:14 +0700] "GET /.well-known/acme-challenge/install.php HTTP/1.1" 401 36 "-" "-"
134.149.59.46 - - [20/Nov/2025:01:52:14 +0700] "GET /mpvloi.php HTTP/1.1" 401 36 "-" "-"
134.149.59.46 - - [20/Nov/2025:01:52:15 +0700] "GET /wp-includes/0.php HTTP/1.1" 401 36 "-" "-"
134.149.59.46 - - [20/Nov/2025:01:52:15 +0700] "GET /randkeyword.php HTTP/1.1" 401 36 "-" "-"
134.149.59.46 - - [20/Nov/2025:01:52:16 +0700] "GET /fwe.php HTTP/1.1" 401 36 "-" "-"
134.149.59.46 - - [20/Nov/2025:01:52:16 +0700] "GET /wp-includes/cs.php HTTP/1.1" 401 36 "-" "-"
134.149.59.46 - - [20/Nov/2025:01:52:17 +0700] "GET /wikindex.php HTTP/1.1" 401 36 "-" "-"
134.149.59.46 - - [20/Nov/2025:01:52:17 +0700] "GET /images/m.php HTTP/1.1" 401 36 "-" "-"
134.149.59.46 - - [20/Nov/2025:01:52:18 +0700] "GET /wp-includes/css/kses.php HTTP/1.1" 401 36 "-" "-"
134.149.59.46 - - [20/Nov/2025:01:52:19 +0700] "GET /jagoan.php HTTP/1.1" 401 36 "-" "-"
134.149.59.46 - - [20/Nov/2025:01:52:19 +0700] "GET /images/g3.php HTTP/1.1" 401 36 "-" "-"
134.149.59.46 - - [20/Nov/2025:01:52:20 +0700] "GET /.well-known/zaza.php HTTP/1.1" 401 36 "-" "-"
134.149.59.46 - - [20/Nov/2025:01:52:20 +0700] "GET /.well-known/acme-challenge/myip.php HTTP/1.1" 401 36 "-" "-"
134.149.59.46 - - [20/Nov/2025:01:52:21 +0700] "GET /htaccess.php HTTP/1.1" 401 36 "-" "-"
134.149.59.46 - - [20/Nov/2025:01:52:21 +0700] "GET /readme.php HTTP/1.1" 401 36 "-" "-"
134.149.59.46 - - [20/Nov/2025:01:52:22 +0700] "GET /blurbs.php HTTP/1.1" 401 36 "-" "-"
134.149.59.46 - - [20/Nov/2025:01:52:22 +0700] "GET /hob.php HTTP/1.1" 401 36 "-" "-"
134.149.59.46 - - [20/Nov/2025:01:52:23 +0700] "GET /kal.php HTTP/1.1" 401 36 "-" "-"
134.149.59.46 - - [20/Nov/2025:01:52:23 +0700] "GET /fv.php HTTP/1.1" 401 36 "-" "-"
134.149.59.46 - - [20/Nov/2025:01:52:23 +0700] "GET /lx.php HTTP/1.1" 401 36 "-" "-"
134.149.59.46 - - [20/Nov/2025:01:52:24 +0700] "GET /w1w.php HTTP/1.1" 401 36 "-" "-"
134.149.59.46 - - [20/Nov/2025:01:52:24 +0700] "GET /Contrller.php HTTP/1.1" 401 36 "-" "-"
134.149.59.46 - - [20/Nov/2025:01:52:25 +0700] "GET /cafe.php HTTP/1.1" 401 36 "-" "-"
134.149.59.46 - - [20/Nov/2025:01:52:25 +0700] "GET /ww2.php HTTP/1.1" 401 36 "-" "-"
134.149.59.46 - - [20/Nov/2025:01:52:25 +0700] "GET /ww3.php HTTP/1.1" 401 36 "-" "-"
134.149.59.46 - - [20/Nov/2025:01:52:26 +0700] "GET /as.php HTTP/1.1" 401 36 "-" "-"
134.149.59.46 - - [20/Nov/2025:01:52:26 +0700] "GET /wsd.php HTTP/1.1" 401 36 "-" "-"
134.149.59.46 - - [20/Nov/2025:01:52:27 +0700] "GET /403.php HTTP/1.1" 401 36 "-" "-"
134.149.59.46 - - [20/Nov/2025:01:52:27 +0700] "GET /max.php HTTP/1.1" 401 36 "-" "-"
134.149.59.46 - - [20/Nov/2025:01:52:28 +0700] "GET /m.php HTTP/1.1" 401 36 "-" "-"
134.149.59.46 - - [20/Nov/2025:01:52:28 +0700] "GET /post.php HTTP/1.1" 401 36 "-" "-"
134.149.59.46 - - [20/Nov/2025:01:52:29 +0700] "GET /themes.php HTTP/1.1" 401 36 "-" "-"
134.149.59.46 - - [20/Nov/2025:01:52:29 +0700] "GET /wp-content/themes/astra/inc/ki1k.php HTTP/1.1" 401 36 "-" "-"
134.149.59.46 - - [20/Nov/2025:01:52:30 +0700] "GET /ALFA_DATA/index.php HTTP/1.1" 401 36 "-" "-"
134.149.59.46 - - [20/Nov/2025:01:52:30 +0700] "GET /wp-admin/maint/about.php HTTP/1.1" 401 36 "-" "-"
134.149.59.46 - - [20/Nov/2025:01:52:31 +0700] "GET /wp-admin/network/wp-conflg.php HTTP/1.1" 401 36 "-" "-"
134.149.59.46 - - [20/Nov/2025:01:52:32 +0700] "GET /click.php HTTP/1.1" 401 36 "-" "-"
134.149.59.46 - - [20/Nov/2025:01:52:32 +0700] "GET /install.php HTTP/1.1" 401 36 "-" "-"
134.149.59.46 - - [20/Nov/2025:01:52:33 +0700] "GET /lv.php HTTP/1.1" 401 36 "-" "-"
134.149.59.46 - - [20/Nov/2025:01:52:33 +0700] "GET /simple.php HTTP/1.1" 401 36 "-" "-"
134.149.59.46 - - [20/Nov/2025:01:52:33 +0700] "GET /13k.php HTTP/1.1" 401 36 "-" "-"
134.149.59.46 - - [20/Nov/2025:01:52:34 +0700] "GET /css.php HTTP/1.1" 401 36 "-" "-"
134.149.59.46 - - [20/Nov/2025:01:52:34 +0700] "GET /yellow.php HTTP/1.1" 401 36 "-" "-"
134.149.59.46 - - [20/Nov/2025:01:52:35 +0700] "GET /cong.php HTTP/1.1" 401 36 "-" "-"
134.149.59.46 - - [20/Nov/2025:01:52:35 +0700] "GET /fw.php HTTP/1.1" 401 36 "-" "-"
134.149.59.46 - - [20/Nov/2025:01:52:36 +0700] "GET /bs1.php HTTP/1.1" 401 36 "-" "-"
134.149.59.46 - - [20/Nov/2025:01:52:36 +0700] "GET /wp-includes/images/wp-login.php HTTP/1.1" 401 36 "-" "-"
134.149.59.46 - - [20/Nov/2025:01:52:37 +0700] "GET /termps.php HTTP/1.1" 401 36 "-" "-"
134.149.59.46 - - [20/Nov/2025:01:52:37 +0700] "GET /co.php HTTP/1.1" 401 36 "-" "-"
134.149.59.46 - - [20/Nov/2025:01:52:38 +0700] "GET /cong.php HTTP/1.1" 401 36 "-" "-"
134.149.59.46 - - [20/Nov/2025:01:52:38 +0700] "GET /atomlib.php HTTP/1.1" 401 36 "-" "-"
134.149.59.46 - - [20/Nov/2025:01:52:39 +0700] "GET /w.php HTTP/1.1" 401 36 "-" "-"
134.149.59.46 - - [20/Nov/2025:01:52:39 +0700] "GET /404.php HTTP/1.1" 401 36 "-" "-"
134.149.59.46 - - [20/Nov/2025:01:52:40 +0700] "GET /ioxi-o.php HTTP/1.1" 401 36 "-" "-"
134.149.59.46 - - [20/Nov/2025:01:52:40 +0700] "GET /wp-content/product.php HTTP/1.1" 401 36 "-" "-"
134.149.59.46 - - [20/Nov/2025:01:52:41 +0700] "GET /wp-content/function.php HTTP/1.1" 401 36 "-" "-"
134.149.59.46 - - [20/Nov/2025:01:52:41 +0700] "GET /0x.php HTTP/1.1" 401 36 "-" "-"
134.149.59.46 - - [20/Nov/2025:01:52:41 +0700] "GET /css.php HTTP/1.1" 401 36 "-" "-"
134.149.59.46 - - [20/Nov/2025:01:52:42 +0700] "GET /222.php HTTP/1.1" 401 36 "-" "-"
134.149.59.46 - - [20/Nov/2025:01:52:43 +0700] "GET /wp-content/index.php HTTP/1.1" 401 36 "-" "-"
134.149.59.46 - - [20/Nov/2025:01:52:43 +0700] "GET /1.php HTTP/1.1" 401 36 "-" "-"
134.149.59.46 - - [20/Nov/2025:01:52:44 +0700] "GET /admin.php HTTP/1.1" 401 36 "-" "-"
134.149.59.46 - - [20/Nov/2025:01:52:44 +0700] "GET /wp-admin/maint/maint.php HTTP/1.1" 401 36 "-" "-"
134.149.59.46 - - [20/Nov/2025:01:52:45 +0700] "GET /classwithtostring.php HTTP/1.1" 401 36 "-" "-"
134.149.59.46 - - [20/Nov/2025:01:52:45 +0700] "GET /abcd.php HTTP/1.1" 401 36 "-" "-"
134.149.59.46 - - [20/Nov/2025:01:52:46 +0700] "GET /dropdown.php HTTP/1.1" 401 36 "-" "-"
134.149.59.46 - - [20/Nov/2025:01:52:46 +0700] "GET /moon.php HTTP/1.1" 401 36 "-" "-"
134.149.59.46 - - [20/Nov/2025:01:52:46 +0700] "GET /0x.php HTTP/1.1" 401 36 "-" "-"
134.149.59.46 - - [20/Nov/2025:01:52:47 +0700] "GET /moon.php HTTP/1.1" 401 36 "-" "-"
134.149.59.46 - - [20/Nov/2025:01:52:47 +0700] "GET /autoload_classmap.php HTTP/1.1" 401 36 "-" "-"
134.149.59.46 - - [20/Nov/2025:01:52:48 +0700] "GET /inputs.php HTTP/1.1" 401 36 "-" "-"
134.149.59.46 - - [20/Nov/2025:01:52:48 +0700] "GET /default.php HTTP/1.1" 401 36 "-" "-"
134.149.59.46 - - [20/Nov/2025:01:52:49 +0700] "GET /fm.php HTTP/1.1" 401 36 "-" "-"
134.149.59.46 - - [20/Nov/2025:01:52:49 +0700] "GET /about.php HTTP/1.1" 401 36 "-" "-"
134.149.59.46 - - [20/Nov/2025:01:52:50 +0700] "GET /file.php HTTP/1.1" 401 36 "-" "-"
134.149.59.46 - - [20/Nov/2025:01:52:50 +0700] "GET /alfa.php HTTP/1.1" 401 36 "-" "-"
134.149.59.46 - - [20/Nov/2025:01:52:51 +0700] "GET /buy.php HTTP/1.1" 401 36 "-" "-"
134.149.59.46 - - [20/Nov/2025:01:52:52 +0700] "GET /themes/twentytwentytwo/index.php HTTP/1.1" 401 36 "-" "-"
134.149.59.46 - - [20/Nov/2025:01:52:52 +0700] "GET /wp-admin/js/wp-conflg.php HTTP/1.1" 401 36 "-" "-"
134.149.59.46 - - [20/Nov/2025:01:52:53 +0700] "GET /wp-admin/wp-conflg.php HTTP/1.1" 401 36 "-" "-"
134.149.59.46 - - [20/Nov/2025:01:52:54 +0700] "GET /wp-admin/css/wp-conflg.php HTTP/1.1" 401 36 "-" "-"
134.149.59.46 - - [20/Nov/2025:01:52:54 +0700] "GET /manager.php HTTP/1.1" 401 36 "-" "-"
134.149.59.46 - - [20/Nov/2025:01:52:55 +0700] "GET /js/fm.php HTTP/1.1" 401 36 "-" "-"
134.149.59.46 - - [20/Nov/2025:01:52:55 +0700] "GET /item.php HTTP/1.1" 401 36 "-" "-"
134.149.59.46 - - [20/Nov/2025:01:52:56 +0700] "GET /plugins/Cache/footer.php HTTP/1.1" 401 36 "-" "-"
134.149.59.46 - - [20/Nov/2025:01:52:57 +0700] "GET /404.php HTTP/1.1" 401 36 "-" "-"
134.149.59.46 - - [20/Nov/2025:01:52:58 +0700] "GET /mail.php HTTP/1.1" 401 36 "-" "-"
134.149.59.46 - - [20/Nov/2025:01:52:58 +0700] "GET /wp-content/plugins/index.php HTTP/1.1" 401 36 "-" "-"
134.149.59.46 - - [20/Nov/2025:01:52:59 +0700] "GET /sx.php HTTP/1.1" 401 36 "-" "-"
134.149.59.46 - - [20/Nov/2025:01:52:59 +0700] "GET /wp-admin/maint/admin.php HTTP/1.1" 401 36 "-" "-"
134.149.59.46 - - [20/Nov/2025:01:53:00 +0700] "GET /article.php HTTP/1.1" 401 36 "-" "-"
134.149.59.46 - - [20/Nov/2025:01:53:00 +0700] "GET /alfa.php HTTP/1.1" 401 36 "-" "-"
134.149.59.46 - - [20/Nov/2025:01:53:01 +0700] "GET /1.php HTTP/1.1" 401 36 "-" "-"
134.149.59.46 - - [20/Nov/2025:01:53:02 +0700] "GET /403.php HTTP/1.1" 401 36 "-" "-"
134.149.59.46 - - [20/Nov/2025:01:53:02 +0700] "GET /link.php HTTP/1.1" 401 36 "-" "-"
134.149.59.46 - - [20/Nov/2025:01:53:03 +0700] "GET /byp.php HTTP/1.1" 401 36 "-" "-"
134.149.59.46 - - [20/Nov/2025:01:53:04 +0700] "GET /ws.php HTTP/1.1" 401 36 "-" "-"
134.149.59.46 - - [20/Nov/2025:01:53:04 +0700] "GET /wp-trackback.php HTTP/1.1" 401 36 "-" "-"
134.149.59.46 - - [20/Nov/2025:01:53:04 +0700] "GET /.well-known/index.php HTTP/1.1" 401 36 "-" "-"
134.149.59.46 - - [20/Nov/2025:01:53:05 +0700] "GET /wp-includes/certificates/plugins.php HTTP/1.1" 401 36 "-" "-"
134.149.59.46 - - [20/Nov/2025:01:53:05 +0700] "GET /wp-content/themes/seotheme/mar.php HTTP/1.1" 401 36 "-" "-"
134.149.59.46 - - [20/Nov/2025:01:53:06 +0700] "GET /wp-admin/network/plugins.php HTTP/1.1" 401 36 "-" "-"
134.149.59.46 - - [20/Nov/2025:01:53:07 +0700] "GET /wp-admin/about.php HTTP/1.1" 401 36 "-" "-"
134.149.59.46 - - [20/Nov/2025:01:53:08 +0700] "GET /gmo.php HTTP/1.1" 401 36 "-" "-"
134.149.59.46 - - [20/Nov/2025:01:53:08 +0700] "GET /wp-includes/ID3/about.php HTTP/1.1" 401 36 "-" "-"
134.149.59.46 - - [20/Nov/2025:01:53:09 +0700] "GET /css/index.php HTTP/1.1" 401 36 "-" "-"
134.149.59.46 - - [20/Nov/2025:01:53:10 +0700] "GET /wp-admin/includes/xmrlpc.php HTTP/1.1" 401 36 "-" "-"
134.149.59.46 - - [20/Nov/2025:01:53:10 +0700] "GET /wp-includes/SimplePie/wp-login.php HTTP/1.1" 401 36 "-" "-"
134.149.59.46 - - [20/Nov/2025:01:53:11 +0700] "GET /wp-content/themes/about.php HTTP/1.1" 401 36 "-" "-"
134.149.59.46 - - [20/Nov/2025:01:53:12 +0700] "GET /filemanager/dialog.php HTTP/1.1" 401 36 "-" "-"
134.149.59.46 - - [20/Nov/2025:01:53:12 +0700] "GET /wp-admin/maint/index.php HTTP/1.1" 401 36 "-" "-"
134.149.59.46 - - [20/Nov/2025:01:53:13 +0700] "GET /wp-includes/Requests/Text/admin.php HTTP/1.1" 401 36 "-" "-"
134.149.59.46 - - [20/Nov/2025:01:53:13 +0700] "GET /wp-includes/customize/about.php HTTP/1.1" 401 36 "-" "-"
134.149.59.46 - - [20/Nov/2025:01:53:14 +0700] "GET /index/function.php HTTP/1.1" 401 36 "-" "-"
134.149.59.46 - - [20/Nov/2025:01:53:14 +0700] "GET /uploads/autoload_classmap.php HTTP/1.1" 401 36 "-" "-"
134.149.59.46 - - [20/Nov/2025:01:53:15 +0700] "GET /wp-includes/css/dist/preferences/wp-login.php HTTP/1.1" 401 36 "-" "-"
134.149.59.46 - - [20/Nov/2025:01:53:15 +0700] "GET /wp-includes/style-engine/about.php HTTP/1.1" 401 36 "-" "-"
134.149.59.46 - - [20/Nov/2025:01:53:15 +0700] "GET /ww1.php HTTP/1.1" 401 36 "-" "-"
134.149.59.46 - - [20/Nov/2025:01:53:16 +0700] "GET /qqq.php HTTP/1.1" 401 36 "-" "-"
134.149.59.46 - - [20/Nov/2025:01:53:17 +0700] "GET /about/function.php HTTP/1.1" 401 36 "-" "-"
134.149.59.46 - - [20/Nov/2025:01:53:17 +0700] "GET /wp-includes/theme-compat/chosen.php HTTP/1.1" 401 36 "-" "-"
134.149.59.46 - - [20/Nov/2025:01:53:18 +0700] "GET /admin/function.php HTTP/1.1" 401 36 "-" "-"
134.149.59.46 - - [20/Nov/2025:01:53:18 +0700] "GET /.well-known/acme-challenge/index.php HTTP/1.1" 401 36 "-" "-"
134.149.59.46 - - [20/Nov/2025:01:53:19 +0700] "GET /css/colors/blue/index.php HTTP/1.1" 401 36 "-" "-"
134.149.59.46 - - [20/Nov/2025:01:53:19 +0700] "GET /wp-content/plugins/pwnd/as.php HTTP/1.1" 401 36 "-" "-"
134.149.59.46 - - [20/Nov/2025:01:53:20 +0700] "GET /wp-admin/setup-config.php HTTP/1.1" 401 36 "-" "-"
134.149.59.46 - - [20/Nov/2025:01:53:21 +0700] "GET /wp-admin/user/about.php HTTP/1.1" 401 36 "-" "-"
134.149.59.46 - - [20/Nov/2025:01:53:21 +0700] "GET /wp-admin/js/index.php HTTP/1.1" 401 36 "-" "-"
134.149.59.46 - - [20/Nov/2025:01:53:21 +0700] "GET /wp-content/upgrade/about.php HTTP/1.1" 401 36 "-" "-"
134.149.59.46 - - [20/Nov/2025:01:53:22 +0700] "GET /wp-includes/assets/index.php HTTP/1.1" 401 36 "-" "-"
134.149.59.46 - - [20/Nov/2025:01:53:22 +0700] "GET /wp-content/radio.php HTTP/1.1" 401 36 "-" "-"
134.149.59.46 - - [20/Nov/2025:01:53:23 +0700] "GET /wp-includes/fonts/index.php HTTP/1.1" 401 36 "-" "-"
134.149.59.46 - - [20/Nov/2025:01:53:23 +0700] "GET /.well-known/gecko-litespeed.php HTTP/1.1" 401 36 "-" "-"
134.149.59.46 - - [20/Nov/2025:01:53:24 +0700] "GET /.well-known/admin.php HTTP/1.1" 401 36 "-" "-"
134.149.59.46 - - [20/Nov/2025:01:53:24 +0700] "GET /wp-content/admin.php HTTP/1.1" 401 36 "-" "-"
134.149.59.46 - - [20/Nov/2025:01:53:24 +0700] "GET /wp-content/plugins/admin.php HTTP/1.1" 401 36 "-" "-"
134.149.59.46 - - [20/Nov/2025:01:53:26 +0700] "GET /wp-content/themes/twentytwentytwo/index.php HTTP/1.1" 401 36 "-" "-"
134.149.59.46 - - [20/Nov/2025:01:53:26 +0700] "GET /.well-known/log.php HTTP/1.1" 401 36 "-" "-"
134.149.59.46 - - [20/Nov/2025:01:53:27 +0700] "GET /class.php HTTP/1.1" 401 36 "-" "-"
134.149.59.46 - - [20/Nov/2025:01:53:27 +0700] "GET /bless.php HTTP/1.1" 401 36 "-" "-"
134.149.59.46 - - [20/Nov/2025:01:53:28 +0700] "GET /wp-includes/js/codemirror/index.php HTTP/1.1" 401 36 "-" "-"
134.149.59.46 - - [20/Nov/2025:01:53:28 +0700] "GET /wp-includes/block-patterns/index.php HTTP/1.1" 401 36 "-" "-"
134.149.59.46 - - [20/Nov/2025:01:53:28 +0700] "GET /lock360.php HTTP/1.1" 401 36 "-" "-"
134.149.59.46 - - [20/Nov/2025:01:53:29 +0700] "GET /bge.php HTTP/1.1" 401 36 "-" "-"
134.149.59.46 - - [20/Nov/2025:01:53:29 +0700] "GET /ifm.php HTTP/1.1" 401 36 "-" "-"
134.149.59.46 - - [20/Nov/2025:01:53:30 +0700] "GET /thxt.php HTTP/1.1" 401 36 "-" "-"
134.149.59.46 - - [20/Nov/2025:01:53:31 +0700] "GET /kairolin.php HTTP/1.1" 401 36 "-" "-"
134.149.59.46 - - [20/Nov/2025:01:53:31 +0700] "GET /siln.php HTTP/1.1" 401 36 "-" "-"
202.10.43.35 - - [20/Nov/2025:01:55:54 +0700] "POST /wp-cron.php?doing_wp_cron=1763578554.9760749340057373046875 HTTP/1.1" 200 0 "-" "WordPress/6.8.3; https://ansr.co.id"
43.173.182.170 - - [20/Nov/2025:01:55:54 +0700] "GET /ourproduct/pressure-transmitter/ HTTP/1.1" 200 24711 "-" "Mozilla/5.0 (Windows NT 6.1; Win64; x64) AppleWebKit/537.36 (KHTML, like Gecko) Chrome/126.0.6478.114 Safari/537.36"
202.10.43.35 - - [20/Nov/2025:02:01:01 +0700] "POST /wp-cron.php?doing_wp_cron=1763578861.5475800037384033203125 HTTP/1.1" 200 0 "-" "WordPress/6.8.3; https://ansr.co.id"
103.214.23.106 - - [20/Nov/2025:02:01:00 +0700] "GET /media/upload/filemanager/filemanager/dialog.php HTTP/1.1" 404 17120 "-" "Go-http-client/1.1"
202.10.43.35 - - [20/Nov/2025:02:03:50 +0700] "POST /wp-cron.php?doing_wp_cron=1763579030.1456530094146728515625 HTTP/1.1" 200 0 "-" "WordPress/6.8.3; https://ansr.co.id"
92.222.108.115 - - [20/Nov/2025:02:03:49 +0700] "GET /ourproduct/differential-transmitter/ HTTP/2" 200 20151 "-" "Mozilla/5.0 (compatible; AhrefsBot/7.0; +http://ahrefs.com/robot/)"
2a06:98c0:3600::103 - - [20/Nov/2025:02:06:16 +0700] "GET /.git/config HTTP/2" 403 1242 "-" "Mozilla/5.0 (iPhone; CPU iPhone OS 17_0 like Mac OS X) AppleWebKit/605.1.15 Version/17.0 Mobile Safari/604.1"
202.10.43.35 - - [20/Nov/2025:02:32:16 +0700] "POST /wp-cron.php?doing_wp_cron=1763580736.1714498996734619140625 HTTP/1.1" 200 0 "-" "WordPress/6.8.3; https://ansr.co.id"
209.38.31.64 - - [20/Nov/2025:02:32:15 +0700] "GET /wp-admin/install.php HTTP/1.1" 200 529 "-" "Mozilla/5.0 (Macintosh; Intel Mac OS X 10_10_1) AppleWebKit/537.36 (KHTML, like Gecko) Chrome/39.0.2171.95 Safari/537.36"
202.10.43.35 - - [20/Nov/2025:02:32:18 +0700] "POST /wp-cron.php?doing_wp_cron=1763580738.6334600448608398437500 HTTP/1.1" 200 0 "-" "WordPress/6.8.3; https://ansr.co.id"
209.38.31.64 - - [20/Nov/2025:02:32:17 +0700] "GET /wp/wp-admin/install.php HTTP/1.1" 404 17120 "-" "Mozilla/5.0 (Macintosh; Intel Mac OS X 10_10_1) AppleWebKit/537.36 (KHTML, like Gecko) Chrome/39.0.2171.95 Safari/537.36"
209.38.31.64 - - [20/Nov/2025:02:32:23 +0700] "GET /new/wp-admin/install.php HTTP/1.1" 404 17120 "-" "Mozilla/5.0 (Macintosh; Intel Mac OS X 10_10_1) AppleWebKit/537.36 (KHTML, like Gecko) Chrome/39.0.2171.95 Safari/537.36"
209.38.31.64 - - [20/Nov/2025:02:32:25 +0700] "GET /old/wp-admin/install.php HTTP/1.1" 404 17120 "-" "Mozilla/5.0 (Macintosh; Intel Mac OS X 10_10_1) AppleWebKit/537.36 (KHTML, like Gecko) Chrome/39.0.2171.95 Safari/537.36"
209.38.31.64 - - [20/Nov/2025:02:32:28 +0700] "GET /wordpress/wp-admin/install.php HTTP/1.1" 404 17120 "-" "Mozilla/5.0 (Macintosh; Intel Mac OS X 10_10_1) AppleWebKit/537.36 (KHTML, like Gecko) Chrome/39.0.2171.95 Safari/537.36"
209.38.31.64 - - [20/Nov/2025:02:32:32 +0700] "GET /test/wp-admin/install.php HTTP/1.1" 404 17120 "-" "Mozilla/5.0 (Macintosh; Intel Mac OS X 10_10_1) AppleWebKit/537.36 (KHTML, like Gecko) Chrome/39.0.2171.95 Safari/537.36"
209.38.31.64 - - [20/Nov/2025:02:32:34 +0700] "GET /blog/wp-admin/install.php HTTP/1.1" 404 17120 "-" "Mozilla/5.0 (Macintosh; Intel Mac OS X 10_10_1) AppleWebKit/537.36 (KHTML, like Gecko) Chrome/39.0.2171.95 Safari/537.36"
202.10.43.35 - - [20/Nov/2025:02:32:41 +0700] "POST /wp-cron.php?doing_wp_cron=1763580761.2037649154663085937500 HTTP/1.1" 200 0 "-" "WordPress/6.8.3; https://ansr.co.id"
209.38.31.64 - - [20/Nov/2025:02:32:40 +0700] "GET /cms/wp-admin/install.php HTTP/1.1" 404 17120 "-" "Mozilla/5.0 (Macintosh; Intel Mac OS X 10_10_1) AppleWebKit/537.36 (KHTML, like Gecko) Chrome/39.0.2171.95 Safari/537.36"
209.38.31.64 - - [20/Nov/2025:02:32:46 +0700] "GET /web/wp-admin/install.php HTTP/1.1" 404 17120 "-" "Mozilla/5.0 (Macintosh; Intel Mac OS X 10_10_1) AppleWebKit/537.36 (KHTML, like Gecko) Chrome/39.0.2171.95 Safari/537.36"
209.38.31.64 - - [20/Nov/2025:02:32:49 +0700] "GET /backup/wp-admin/install.php HTTP/1.1" 404 17120 "-" "Mozilla/5.0 (Macintosh; Intel Mac OS X 10_10_1) AppleWebKit/537.36 (KHTML, like Gecko) Chrome/39.0.2171.95 Safari/537.36"
209.38.31.64 - - [20/Nov/2025:02:32:51 +0700] "GET /site/wp-admin/install.php HTTP/1.1" 404 17120 "-" "Mozilla/5.0 (Macintosh; Intel Mac OS X 10_10_1) AppleWebKit/537.36 (KHTML, like Gecko) Chrome/39.0.2171.95 Safari/537.36"
209.38.31.64 - - [20/Nov/2025:02:32:56 +0700] "GET /oldsite/wp-admin/install.php HTTP/1.1" 404 17120 "-" "Mozilla/5.0 (Macintosh; Intel Mac OS X 10_10_1) AppleWebKit/537.36 (KHTML, like Gecko) Chrome/39.0.2171.95 Safari/537.36"
209.38.31.64 - - [20/Nov/2025:02:32:58 +0700] "GET /shop/wp-admin/install.php HTTP/1.1" 404 17120 "-" "Mozilla/5.0 (Macintosh; Intel Mac OS X 10_10_1) AppleWebKit/537.36 (KHTML, like Gecko) Chrome/39.0.2171.95 Safari/537.36"
181.41.206.72 - - [20/Nov/2025:02:37:23 +0700] "GET /.env HTTP/1.1" 403 1738 "-" "Mozilla/5.0 (Macintosh; Intel Mac OS X 10.15; rv:77.0) Gecko/20100101 Firefox/77.0"
119.28.101.51 - - [20/Nov/2025:02:38:09 +0700] "GET /sitemap_index.xml HTTP/1.1" 200 327 "-" "Mozilla/5.0 (Macintosh; Intel Mac OS X 10_15_7) AppleWebKit/537.36 (KHTML, like Gecko) Chrome/126.0.0.0 Safari/537.36"
202.10.43.35 - - [20/Nov/2025:02:38:10 +0700] "POST /wp-cron.php?doing_wp_cron=1763581090.6802260875701904296875 HTTP/1.1" 200 0 "-" "WordPress/6.8.3; https://ansr.co.id"
202.10.43.35 - - [20/Nov/2025:02:38:54 +0700] "POST /wp-cron.php?doing_wp_cron=1763581134.4774169921875000000000 HTTP/1.1" 200 0 "-" "WordPress/6.8.3; https://ansr.co.id"
43.173.177.204 - - [20/Nov/2025:02:38:53 +0700] "GET /ourproduct/pressure-switch/ HTTP/1.1" 200 24675 "-" "Mozilla/5.0 (Windows NT 6.1; Win64; x64) AppleWebKit/537.36 (KHTML, like Gecko) Chrome/126.0.6478.114 Safari/537.36"
202.10.43.35 - - [20/Nov/2025:02:46:01 +0700] "POST /wp-cron.php?doing_wp_cron=1763581561.3088629245758056640625 HTTP/1.1" 200 0 "-" "WordPress/6.8.3; https://ansr.co.id"
43.173.181.217 - - [20/Nov/2025:02:46:00 +0700] "GET /about-us/ HTTP/1.1" 200 21673 "-" "Mozilla/5.0 (Windows NT 6.1; Win64; x64) AppleWebKit/537.36 (KHTML, like Gecko) Chrome/126.0.6478.114 Safari/537.36"
74.7.228.1 - - [20/Nov/2025:03:00:38 +0700] "GET /robots.txt HTTP/2" 401 53 "-" "Mozilla/5.0 (Macintosh; Intel Mac OS X 10_15_7) AppleWebKit/537.36 (KHTML, like Gecko) Chrome/131.0.0.0 Safari/537.36; compatible; OAI-SearchBot/1.3; robots.txt; +https://openai.com/searchbot"
202.10.43.35 - - [20/Nov/2025:03:03:28 +0700] "POST /wp-cron.php?doing_wp_cron=1763582608.9515259265899658203125 HTTP/1.1" 200 0 "-" "WordPress/6.8.3; https://ansr.co.id"
66.249.69.232 - - [20/Nov/2025:03:03:29 +0700] "GET /robots.txt HTTP/1.1" 200 105 "-" "Mozilla/5.0 (compatible; Googlebot/2.1; +http://www.google.com/bot.html)"
66.249.66.161 - - [20/Nov/2025:03:03:32 +0700] "GET / HTTP/1.1" 301 0 "-" "Mozilla/5.0 (Linux; Android 6.0.1; Nexus 5X Build/MMB29P) AppleWebKit/537.36 (KHTML, like Gecko) Chrome/141.0.7390.122 Mobile Safari/537.36 (compatible; Googlebot/2.1; +http://www.google.com/bot.html)"
202.10.43.35 - - [20/Nov/2025:03:05:26 +0700] "POST /wp-cron.php?doing_wp_cron=1763582726.4228699207305908203125 HTTP/1.1" 200 0 "-" "WordPress/6.8.3; https://ansr.co.id"
66.249.66.3 - - [20/Nov/2025:03:03:28 +0700] "GET /robots.txt HTTP/1.1" 301 0 "-" "Mozilla/5.0 (compatible; Googlebot/2.1; +http://www.google.com/bot.html)"
209.38.31.64 - - [20/Nov/2025:03:05:26 +0700] "GET /wp-admin/install.php HTTP/1.1" 200 529 "-" "Mozilla/5.0 (Macintosh; Intel Mac OS X 10_10_1) AppleWebKit/537.36 (KHTML, like Gecko) Chrome/39.0.2171.95 Safari/537.36"
202.10.43.35 - - [20/Nov/2025:03:05:27 +0700] "POST /wp-cron.php?doing_wp_cron=1763582727.7174210548400878906250 HTTP/1.1" 200 0 "-" "WordPress/6.8.3; https://ansr.co.id"
209.38.31.64 - - [20/Nov/2025:03:05:27 +0700] "GET /wp/wp-admin/install.php HTTP/1.1" 404 17120 "-" "Mozilla/5.0 (Macintosh; Intel Mac OS X 10_10_1) AppleWebKit/537.36 (KHTML, like Gecko) Chrome/39.0.2171.95 Safari/537.36"
209.38.31.64 - - [20/Nov/2025:03:05:28 +0700] "GET /new/wp-admin/install.php HTTP/1.1" 404 17120 "-" "Mozilla/5.0 (Macintosh; Intel Mac OS X 10_10_1) AppleWebKit/537.36 (KHTML, like Gecko) Chrome/39.0.2171.95 Safari/537.36"
209.38.31.64 - - [20/Nov/2025:03:05:30 +0700] "GET /old/wp-admin/install.php HTTP/1.1" 404 17120 "-" "Mozilla/5.0 (Macintosh; Intel Mac OS X 10_10_1) AppleWebKit/537.36 (KHTML, like Gecko) Chrome/39.0.2171.95 Safari/537.36"
209.38.31.64 - - [20/Nov/2025:03:05:32 +0700] "GET /wordpress/wp-admin/install.php HTTP/1.1" 404 17120 "-" "Mozilla/5.0 (Macintosh; Intel Mac OS X 10_10_1) AppleWebKit/537.36 (KHTML, like Gecko) Chrome/39.0.2171.95 Safari/537.36"
209.38.31.64 - - [20/Nov/2025:03:05:34 +0700] "GET /test/wp-admin/install.php HTTP/1.1" 404 17120 "-" "Mozilla/5.0 (Macintosh; Intel Mac OS X 10_10_1) AppleWebKit/537.36 (KHTML, like Gecko) Chrome/39.0.2171.95 Safari/537.36"
202.10.43.35 - - [20/Nov/2025:03:05:36 +0700] "POST /wp-cron.php?doing_wp_cron=1763582736.5788550376892089843750 HTTP/1.1" 200 0 "-" "WordPress/6.8.3; https://ansr.co.id"
209.38.31.64 - - [20/Nov/2025:03:05:35 +0700] "GET /blog/wp-admin/install.php HTTP/1.1" 404 17120 "-" "Mozilla/5.0 (Macintosh; Intel Mac OS X 10_10_1) AppleWebKit/537.36 (KHTML, like Gecko) Chrome/39.0.2171.95 Safari/537.36"
209.38.31.64 - - [20/Nov/2025:03:05:37 +0700] "GET /cms/wp-admin/install.php HTTP/1.1" 404 17120 "-" "Mozilla/5.0 (Macintosh; Intel Mac OS X 10_10_1) AppleWebKit/537.36 (KHTML, like Gecko) Chrome/39.0.2171.95 Safari/537.36"
209.38.31.64 - - [20/Nov/2025:03:05:39 +0700] "GET /web/wp-admin/install.php HTTP/1.1" 404 17120 "-" "Mozilla/5.0 (Macintosh; Intel Mac OS X 10_10_1) AppleWebKit/537.36 (KHTML, like Gecko) Chrome/39.0.2171.95 Safari/537.36"
209.38.31.64 - - [20/Nov/2025:03:05:41 +0700] "GET /backup/wp-admin/install.php HTTP/1.1" 404 17120 "-" "Mozilla/5.0 (Macintosh; Intel Mac OS X 10_10_1) AppleWebKit/537.36 (KHTML, like Gecko) Chrome/39.0.2171.95 Safari/537.36"
209.38.31.64 - - [20/Nov/2025:03:05:42 +0700] "GET /site/wp-admin/install.php HTTP/1.1" 404 17120 "-" "Mozilla/5.0 (Macintosh; Intel Mac OS X 10_10_1) AppleWebKit/537.36 (KHTML, like Gecko) Chrome/39.0.2171.95 Safari/537.36"
209.38.31.64 - - [20/Nov/2025:03:05:44 +0700] "GET /oldsite/wp-admin/install.php HTTP/1.1" 404 17120 "-" "Mozilla/5.0 (Macintosh; Intel Mac OS X 10_10_1) AppleWebKit/537.36 (KHTML, like Gecko) Chrome/39.0.2171.95 Safari/537.36"
209.38.31.64 - - [20/Nov/2025:03:05:46 +0700] "GET /shop/wp-admin/install.php HTTP/1.1" 404 17120 "-" "Mozilla/5.0 (Macintosh; Intel Mac OS X 10_10_1) AppleWebKit/537.36 (KHTML, like Gecko) Chrome/39.0.2171.95 Safari/537.36"
202.10.43.35 - - [20/Nov/2025:03:18:51 +0700] "POST /wp-cron.php?doing_wp_cron=1763583531.6199390888214111328125 HTTP/1.1" 200 0 "-" "WordPress/6.8.3; https://ansr.co.id"
51.195.183.184 - - [20/Nov/2025:03:18:50 +0700] "GET /robots.txt HTTP/2" 200 105 "-" "Mozilla/5.0 (compatible; AhrefsBot/7.0; +http://ahrefs.com/robot/)"
51.68.247.212 - - [20/Nov/2025:03:19:00 +0700] "GET /ourproduct/temperature-transmitter/ HTTP/2" 200 20143 "-" "Mozilla/5.0 (compatible; AhrefsBot/7.0; +http://ahrefs.com/robot/)"
202.10.43.35 - - [20/Nov/2025:03:32:06 +0700] "POST /wp-cron.php?doing_wp_cron=1763584326.6355419158935546875000 HTTP/1.1" 200 0 "-" "WordPress/6.8.3; https://ansr.co.id"
216.73.216.134 - - [20/Nov/2025:03:32:05 +0700] "GET /robots.txt HTTP/2" 200 105 "-" "Mozilla/5.0 AppleWebKit/537.36 (KHTML, like Gecko; compatible; ClaudeBot/1.0; +claudebot@anthropic.com)"
216.73.216.134 - - [20/Nov/2025:03:32:06 +0700] "GET /sitemap_index.xml HTTP/2" 200 327 "-" "Mozilla/5.0 AppleWebKit/537.36 (KHTML, like Gecko; compatible; ClaudeBot/1.0; +claudebot@anthropic.com)"
202.10.43.35 - - [20/Nov/2025:03:34:53 +0700] "POST /wp-cron.php?doing_wp_cron=1763584493.6546890735626220703125 HTTP/1.1" 200 0 "-" "WordPress/6.8.3; https://ansr.co.id"
66.249.69.233 - - [20/Nov/2025:03:34:52 +0700] "GET / HTTP/1.1" 200 23855 "-" "Mozilla/5.0 (Linux; Android 6.0.1; Nexus 5X Build/MMB29P) AppleWebKit/537.36 (KHTML, like Gecko) Chrome/141.0.7390.122 Mobile Safari/537.36 (compatible; Googlebot/2.1; +http://www.google.com/bot.html)"
74.7.230.4 - - [20/Nov/2025:03:41:53 +0700] "GET /robots.txt HTTP/2" 401 53 "-" "Mozilla/5.0 (Macintosh; Intel Mac OS X 10_15_7) AppleWebKit/537.36 (KHTML, like Gecko) Chrome/131.0.0.0 Safari/537.36; compatible; OAI-SearchBot/1.3; robots.txt; +https://openai.com/searchbot"
202.10.43.35 - - [20/Nov/2025:03:55:03 +0700] "POST /wp-cron.php?doing_wp_cron=1763585703.5475649833679199218750 HTTP/1.1" 200 0 "-" "WordPress/6.8.3; https://ansr.co.id"
51.75.236.156 - - [20/Nov/2025:03:55:02 +0700] "GET /ourproduct/temperature-transmitter-2/ HTTP/2" 200 20203 "-" "Mozilla/5.0 (compatible; AhrefsBot/7.0; +http://ahrefs.com/robot/)"
74.7.228.73 - - [20/Nov/2025:04:12:25 +0700] "GET /robots.txt HTTP/2" 400 52 "-" "Mozilla/5.0 (Macintosh; Intel Mac OS X 10_15_7) AppleWebKit/537.36 (KHTML, like Gecko) Chrome/131.0.0.0 Safari/537.36; compatible; OAI-SearchBot/1.3; robots.txt; +https://openai.com/searchbot"
129.153.203.128 - - [20/Nov/2025:04:16:55 +0700] "GET /wp-login.php HTTP/1.1" 401 53 "-" "Mozilla/5.0"
129.153.203.128 - - [20/Nov/2025:04:16:56 +0700] "GET /wp-login.php HTTP/1.1" 301 0 "-" "Mozilla/5.0"
45.148.10.152 - - [20/Nov/2025:04:20:30 +0700] "GET /ses.php HTTP/1.1" 200 12422 "-" "Mozilla/5.0 (Macintosh; Intel Mac OS X 10.9; rv:30.0) Gecko/20100101 Firefox/30.0"
202.10.43.35 - - [20/Nov/2025:04:37:01 +0700] "POST /wp-cron.php?doing_wp_cron=1763588221.5034770965576171875000 HTTP/1.1" 200 0 "-" "WordPress/6.8.3; https://ansr.co.id"
216.73.216.134 - - [20/Nov/2025:04:37:00 +0700] "GET /robots.txt HTTP/2" 200 105 "-" "Mozilla/5.0 AppleWebKit/537.36 (KHTML, like Gecko; compatible; ClaudeBot/1.0; +claudebot@anthropic.com)"
216.73.216.134 - - [20/Nov/2025:04:37:01 +0700] "GET /sitemap_index.xml HTTP/2" 200 327 "-" "Mozilla/5.0 AppleWebKit/537.36 (KHTML, like Gecko; compatible; ClaudeBot/1.0; +claudebot@anthropic.com)"
181.41.206.72 - - [20/Nov/2025:04:40:45 +0700] "GET /.env HTTP/1.1" 403 1738 "-" "Mozilla/5.0 (Macintosh; Intel Mac OS X 10.15; rv:77.0) Gecko/20100101 Firefox/77.0"
202.10.43.35 - - [20/Nov/2025:04:52:47 +0700] "POST /wp-cron.php?doing_wp_cron=1763589167.9535000324249267578125 HTTP/1.1" 200 0 "-" "WordPress/6.8.3; https://ansr.co.id"
51.75.236.140 - - [20/Nov/2025:04:52:47 +0700] "GET /ourproduct/absolute-transmitter-2/ HTTP/2" 200 20094 "-" "Mozilla/5.0 (compatible; AhrefsBot/7.0; +http://ahrefs.com/robot/)"
17.246.15.238 - - [20/Nov/2025:04:56:01 +0700] "GET /cgi-sys/suspendedpage.cgi HTTP/1.1" 200 130 "-" "Mozilla/5.0 (Macintosh; Intel Mac OS X 10_15_7) AppleWebKit/605.1.15 (KHTML, like Gecko) Version/17.4 Safari/605.1.15 (Applebot/0.1; +http://www.apple.com/go/applebot)"
202.10.43.35 - - [20/Nov/2025:04:56:03 +0700] "POST /wp-cron.php?doing_wp_cron=1763589363.1271591186523437500000 HTTP/1.1" 200 0 "-" "WordPress/6.8.3; https://ansr.co.id"
17.246.15.238 - - [20/Nov/2025:04:56:02 +0700] "GET /ourproduct/pneumatic-actuator/ HTTP/1.1" 200 25043 "-" "Mozilla/5.0 (Macintosh; Intel Mac OS X 10_15_7) AppleWebKit/605.1.15 (KHTML, like Gecko) Version/17.4 Safari/605.1.15 (Applebot/0.1; +http://www.apple.com/go/applebot)"
17.246.19.191 - - [20/Nov/2025:05:01:21 +0700] "GET /wp-content/plugins/ocean-extra/includes/preloader/assets/css/styles/ring.css?ver=2.3.0 HTTP/1.1" 200 323 "https://ansr.co.id/ourproduct/pneumatic-actuator/" "Mozilla/5.0 (Macintosh; Intel Mac OS X 10_15_7) AppleWebKit/605.1.15 (KHTML, like Gecko) Version/17.4 Safari/605.1.15 (Applebot/0.1; +http://www.apple.com/go/applebot)"
17.246.19.215 - - [20/Nov/2025:05:01:21 +0700] "GET /wp-content/plugins/ocean-extra/includes/preloader/assets/css/preloader.min.css?ver=2.3.0 HTTP/1.1" 200 271 "https://ansr.co.id/ourproduct/pneumatic-actuator/" "Mozilla/5.0 (Macintosh; Intel Mac OS X 10_15_7) AppleWebKit/605.1.15 (KHTML, like Gecko) Version/17.4 Safari/605.1.15 (Applebot/0.1; +http://www.apple.com/go/applebot)"
17.246.15.40 - - [20/Nov/2025:05:01:22 +0700] "GET /wp-content/plugins/embed-pdf-viewer/css/embed-pdf-viewer.css?ver=6.8.3 HTTP/1.1" 200 199 "https://ansr.co.id/ourproduct/pneumatic-actuator/" "Mozilla/5.0 (Macintosh; Intel Mac OS X 10_15_7) AppleWebKit/605.1.15 (KHTML, like Gecko) Version/17.4 Safari/605.1.15 (Applebot/0.1; +http://www.apple.com/go/applebot)"
17.246.15.83 - - [20/Nov/2025:05:01:22 +0700] "GET /wp-includes/css/dist/block-library/style.min.css?ver=6.8.3 HTTP/1.1" 200 15291 "https://ansr.co.id/ourproduct/pneumatic-actuator/" "Mozilla/5.0 (Macintosh; Intel Mac OS X 10_15_7) AppleWebKit/605.1.15 (KHTML, like Gecko) Version/17.4 Safari/605.1.15 (Applebot/0.1; +http://www.apple.com/go/applebot)"
17.246.19.191 - - [20/Nov/2025:05:01:23 +0700] "GET /wp-content/themes/oceanwp/assets/css/style.min.css?ver=3.5.8 HTTP/1.1" 200 27190 "https://ansr.co.id/ourproduct/pneumatic-actuator/" "Mozilla/5.0 (Macintosh; Intel Mac OS X 10_15_7) AppleWebKit/605.1.15 (KHTML, like Gecko) Version/17.4 Safari/605.1.15 (Applebot/0.1; +http://www.apple.com/go/applebot)"
17.246.19.83 - - [20/Nov/2025:05:01:23 +0700] "GET /wp-content/themes/oceanwp/assets/css/third/simple-line-icons.min.css?ver=2.4.0 HTTP/1.1" 200 2426 "https://ansr.co.id/ourproduct/pneumatic-actuator/" "Mozilla/5.0 (Macintosh; Intel Mac OS X 10_15_7) AppleWebKit/605.1.15 (KHTML, like Gecko) Version/17.4 Safari/605.1.15 (Applebot/0.1; +http://www.apple.com/go/applebot)"
17.246.19.213 - - [20/Nov/2025:05:01:24 +0700] "GET /wp-content/themes/oceanwp/assets/fonts/fontawesome/css/all.min.css?ver=6.4.2 HTTP/1.1" 200 22280 "https://ansr.co.id/ourproduct/pneumatic-actuator/" "Mozilla/5.0 (Macintosh; Intel Mac OS X 10_15_7) AppleWebKit/605.1.15 (KHTML, like Gecko) Version/17.4 Safari/605.1.15 (Applebot/0.1; +http://www.apple.com/go/applebot)"
17.246.15.229 - - [20/Nov/2025:05:01:24 +0700] "GET /wp-content/plugins/elementor/assets/css/frontend-lite.min.css?ver=3.23.1 HTTP/1.1" 200 23014 "https://ansr.co.id/ourproduct/pneumatic-actuator/" "Mozilla/5.0 (Macintosh; Intel Mac OS X 10_15_7) AppleWebKit/605.1.15 (KHTML, like Gecko) Version/17.4 Safari/605.1.15 (Applebot/0.1; +http://www.apple.com/go/applebot)"
17.246.19.191 - - [20/Nov/2025:05:01:24 +0700] "GET /wp-content/plugins/elementor/assets/lib/swiper/v8/css/swiper.min.css?ver=8.4.5 HTTP/1.1" 200 4588 "https://ansr.co.id/ourproduct/pneumatic-actuator/" "Mozilla/5.0 (Macintosh; Intel Mac OS X 10_15_7) AppleWebKit/605.1.15 (KHTML, like Gecko) Version/17.4 Safari/605.1.15 (Applebot/0.1; +http://www.apple.com/go/applebot)"
17.246.19.191 - - [20/Nov/2025:05:01:24 +0700] "GET /wp-content/uploads/elementor/css/post-5.css?ver=1721172500 HTTP/1.1" 200 571 "https://ansr.co.id/ourproduct/pneumatic-actuator/" "Mozilla/5.0 (Macintosh; Intel Mac OS X 10_15_7) AppleWebKit/605.1.15 (KHTML, like Gecko) Version/17.4 Safari/605.1.15 (Applebot/0.1; +http://www.apple.com/go/applebot)"
17.246.15.83 - - [20/Nov/2025:05:01:25 +0700] "GET /wp-content/uploads/elementor/css/global.css?ver=1721172501 HTTP/1.1" 200 5043 "https://ansr.co.id/ourproduct/pneumatic-actuator/" "Mozilla/5.0 (Macintosh; Intel Mac OS X 10_15_7) AppleWebKit/605.1.15 (KHTML, like Gecko) Version/17.4 Safari/605.1.15 (Applebot/0.1; +http://www.apple.com/go/applebot)"
17.246.19.215 - - [20/Nov/2025:05:01:25 +0700] "GET /wp-content/plugins/elementor-pro/assets/css/frontend-lite.min.css?ver=3.23.0 HTTP/1.1" 200 1510 "https://ansr.co.id/ourproduct/pneumatic-actuator/" "Mozilla/5.0 (Macintosh; Intel Mac OS X 10_15_7) AppleWebKit/605.1.15 (KHTML, like Gecko) Version/17.4 Safari/605.1.15 (Applebot/0.1; +http://www.apple.com/go/applebot)"
17.246.19.191 - - [20/Nov/2025:05:01:26 +0700] "GET /wp-content/uploads/elementor/css/post-33.css?ver=1721172502 HTTP/1.1" 200 1257 "https://ansr.co.id/ourproduct/pneumatic-actuator/" "Mozilla/5.0 (Macintosh; Intel Mac OS X 10_15_7) AppleWebKit/605.1.15 (KHTML, like Gecko) Version/17.4 Safari/605.1.15 (Applebot/0.1; +http://www.apple.com/go/applebot)"
17.246.19.213 - - [20/Nov/2025:05:01:27 +0700] "GET /wp-content/uploads/elementor/css/post-235.css?ver=1721259361 HTTP/1.1" 200 1840 "https://ansr.co.id/ourproduct/pneumatic-actuator/" "Mozilla/5.0 (Macintosh; Intel Mac OS X 10_15_7) AppleWebKit/605.1.15 (KHTML, like Gecko) Version/17.4 Safari/605.1.15 (Applebot/0.1; +http://www.apple.com/go/applebot)"
17.246.23.218 - - [20/Nov/2025:05:01:27 +0700] "GET /wp-content/uploads/elementor/css/post-47.css?ver=1721172502 HTTP/1.1" 200 1074 "https://ansr.co.id/ourproduct/pneumatic-actuator/" "Mozilla/5.0 (Macintosh; Intel Mac OS X 10_15_7) AppleWebKit/605.1.15 (KHTML, like Gecko) Version/17.4 Safari/605.1.15 (Applebot/0.1; +http://www.apple.com/go/applebot)"
17.246.23.86 - - [20/Nov/2025:05:01:28 +0700] "GET /wp-content/plugins/wp-whatsapp-chat/build/frontend/css/style.css?ver=7.4.3 HTTP/1.1" 200 11853 "https://ansr.co.id/ourproduct/pneumatic-actuator/" "Mozilla/5.0 (Macintosh; Intel Mac OS X 10_15_7) AppleWebKit/605.1.15 (KHTML, like Gecko) Version/17.4 Safari/605.1.15 (Applebot/0.1; +http://www.apple.com/go/applebot)"
17.246.19.191 - - [20/Nov/2025:05:01:28 +0700] "GET /wp-content/plugins/ocean-extra/assets/css/widgets.css?ver=6.8.3 HTTP/1.1" 200 6795 "https://ansr.co.id/ourproduct/pneumatic-actuator/" "Mozilla/5.0 (Macintosh; Intel Mac OS X 10_15_7) AppleWebKit/605.1.15 (KHTML, like Gecko) Version/17.4 Safari/605.1.15 (Applebot/0.1; +http://www.apple.com/go/applebot)"
17.246.15.187 - - [20/Nov/2025:05:01:29 +0700] "GET /wp-content/plugins/essential-addons-for-elementor-lite/assets/front-end/css/view/general.min.css?ver=5.9.27 HTTP/1.1" 200 942 "https://ansr.co.id/ourproduct/pneumatic-actuator/" "Mozilla/5.0 (Macintosh; Intel Mac OS X 10_15_7) AppleWebKit/605.1.15 (KHTML, like Gecko) Version/17.4 Safari/605.1.15 (Applebot/0.1; +http://www.apple.com/go/applebot)"
17.246.15.83 - - [20/Nov/2025:05:01:29 +0700] "GET /wp-includes/js/jquery/jquery.min.js?ver=3.7.1 HTTP/1.1" 200 30412 "https://ansr.co.id/ourproduct/pneumatic-actuator/" "Mozilla/5.0 (Macintosh; Intel Mac OS X 10_15_7) AppleWebKit/605.1.15 (KHTML, like Gecko) Version/17.4 Safari/605.1.15 (Applebot/0.1; +http://www.apple.com/go/applebot)"
17.246.19.83 - - [20/Nov/2025:05:01:29 +0700] "GET /wp-includes/js/jquery/jquery-migrate.min.js?ver=3.4.1 HTTP/1.1" 200 4870 "https://ansr.co.id/ourproduct/pneumatic-actuator/" "Mozilla/5.0 (Macintosh; Intel Mac OS X 10_15_7) AppleWebKit/605.1.15 (KHTML, like Gecko) Version/17.4 Safari/605.1.15 (Applebot/0.1; +http://www.apple.com/go/applebot)"
17.246.23.86 - - [20/Nov/2025:05:01:30 +0700] "GET /wp-content/plugins/ocean-extra/includes/preloader/assets/js/preloader.min.js?ver=2.3.0 HTTP/1.1" 200 170 "https://ansr.co.id/ourproduct/pneumatic-actuator/" "Mozilla/5.0 (Macintosh; Intel Mac OS X 10_15_7) AppleWebKit/605.1.15 (KHTML, like Gecko) Version/17.4 Safari/605.1.15 (Applebot/0.1; +http://www.apple.com/go/applebot)"
17.246.19.215 - - [20/Nov/2025:05:01:30 +0700] "GET /wp-content/plugins/elementor/assets/css/widget-icon-list.min.css HTTP/1.1" 200 974 "https://ansr.co.id/ourproduct/pneumatic-actuator/" "Mozilla/5.0 (Macintosh; Intel Mac OS X 10_15_7) AppleWebKit/605.1.15 (KHTML, like Gecko) Version/17.4 Safari/605.1.15 (Applebot/0.1; +http://www.apple.com/go/applebot)"
17.246.15.83 - - [20/Nov/2025:05:01:31 +0700] "GET /wp-content/plugins/elementor-pro/assets/css/widget-theme-elements.min.css?ver=1721171545 HTTP/1.1" 200 1891 "https://ansr.co.id/ourproduct/pneumatic-actuator/" "Mozilla/5.0 (Macintosh; Intel Mac OS X 10_15_7) AppleWebKit/605.1.15 (KHTML, like Gecko) Version/17.4 Safari/605.1.15 (Applebot/0.1; +http://www.apple.com/go/applebot)"
17.246.19.213 - - [20/Nov/2025:05:01:31 +0700] "GET /wp-content/plugins/elementor-pro/assets/css/widget-nav-menu.min.css?ver=1721171545 HTTP/1.1" 200 3349 "https://ansr.co.id/ourproduct/pneumatic-actuator/" "Mozilla/5.0 (Macintosh; Intel Mac OS X 10_15_7) AppleWebKit/605.1.15 (KHTML, like Gecko) Version/17.4 Safari/605.1.15 (Applebot/0.1; +http://www.apple.com/go/applebot)"
17.246.19.213 - - [20/Nov/2025:05:01:32 +0700] "GET /wp-content/plugins/elementor-pro/assets/css/widget-share-buttons.min.css?ver=1721171545 HTTP/1.1" 200 2240 "https://ansr.co.id/ourproduct/pneumatic-actuator/" "Mozilla/5.0 (Macintosh; Intel Mac OS X 10_15_7) AppleWebKit/605.1.15 (KHTML, like Gecko) Version/17.4 Safari/605.1.15 (Applebot/0.1; +http://www.apple.com/go/applebot)"
17.246.23.218 - - [20/Nov/2025:05:01:32 +0700] "GET /wp-content/plugins/elementor-pro/assets/css/widget-posts.min.css?ver=1721171545 HTTP/1.1" 200 2350 "https://ansr.co.id/ourproduct/pneumatic-actuator/" "Mozilla/5.0 (Macintosh; Intel Mac OS X 10_15_7) AppleWebKit/605.1.15 (KHTML, like Gecko) Version/17.4 Safari/605.1.15 (Applebot/0.1; +http://www.apple.com/go/applebot)"
