返回
Warning: You may not have write permissions to the file; saving may fail.
206.168.34.50 - - [22/Jan/2026:19:22:40 +0700] "GET / HTTP/1.1" 401 53 "-" "Mozilla/5.0 (compatible; CensysInspect/1.1; +https://about.censys.io/)"
173.252.70.16 - - [22/Jan/2026:19:39:51 +0700] "GET /robots.txt HTTP/2" 200 0 "-" "facebookexternalhit/1.1 (+http://www.facebook.com/externalhit_uatext.php)"
202.10.43.35 - - [22/Jan/2026:19:39:52 +0700] "POST /wp-cron.php?doing_wp_cron=1769085592.8622949123382568359375 HTTP/1.1" 200 0 "-" "WordPress/6.9; https://andalaninti.co.id"
173.252.107.23 - - [22/Jan/2026:19:39:52 +0700] "GET / HTTP/2" 301 0 "-" "facebookexternalhit/1.1 (+http://www.facebook.com/externalhit_uatext.php)"
173.252.107.8 - - [22/Jan/2026:19:39:56 +0700] "GET / HTTP/2" 200 146411 "-" "facebookexternalhit/1.1 (+http://www.facebook.com/externalhit_uatext.php)"
202.10.43.35 - - [22/Jan/2026:19:48:29 +0700] "POST /wp-cron.php?doing_wp_cron=1769086109.0434889793395996093750 HTTP/1.1" 200 0 "-" "WordPress/6.9; https://andalaninti.co.id"
37.59.204.136 - - [22/Jan/2026:19:48:26 +0700] "GET /product-category/plasma-transferred-arc/?products-per-page=12 HTTP/2" 200 19891 "-" "Mozilla/5.0 (compatible; AhrefsBot/7.0; +http://ahrefs.com/robot/)"
74.7.242.62 - - [22/Jan/2026:19:48:51 +0700] "GET /sitemap.xml HTTP/2" 200 826 "-" "Mozilla/5.0 AppleWebKit/537.36 (KHTML, like Gecko; compatible; GPTBot/1.3; +https://openai.com/gptbot)"
74.7.230.13 - - [22/Jan/2026:19:48:51 +0700] "GET /robots.txt HTTP/2" 200 113 "-" "Mozilla/5.0 (Macintosh; Intel Mac OS X 10_15_7) AppleWebKit/537.36 (KHTML, like Gecko) Chrome/131.0.0.0 Safari/537.36; compatible; OAI-SearchBot/1.3; robots.txt; +https://openai.com/searchbot"
202.10.43.35 - - [22/Jan/2026:19:51:41 +0700] "POST /wp-cron.php?doing_wp_cron=1769086301.7071828842163085937500 HTTP/1.1" 200 0 "-" "WordPress/6.9; https://andalaninti.co.id"
74.7.242.62 - - [22/Jan/2026:19:51:40 +0700] "GET /sitemap.html HTTP/2" 200 1049 "-" "Mozilla/5.0 AppleWebKit/537.36 (KHTML, like Gecko; compatible; GPTBot/1.3; +https://openai.com/gptbot)"
54.173.125.160 - - [22/Jan/2026:20:24:28 +0700] "POST / HTTP/1.1" 200 29510 "-" "Mozilla/5.0"
202.10.43.35 - - [22/Jan/2026:20:24:33 +0700] "POST /wp-cron.php?doing_wp_cron=1769088273.9830660820007324218750 HTTP/1.1" 200 0 "-" "WordPress/6.9; https://andalaninti.co.id"
54.173.125.160 - - [22/Jan/2026:20:24:34 +0700] "POST / HTTP/1.1" 200 29510 "-" "Mozilla/5.0"
202.10.43.35 - - [22/Jan/2026:20:34:28 +0700] "POST /wp-cron.php?doing_wp_cron=1769088868.6688339710235595703125 HTTP/1.1" 200 0 "-" "WordPress/6.9; https://andalaninti.co.id"
57.141.2.53 - - [22/Jan/2026:20:34:25 +0700] "GET /sitemap.txt HTTP/2" 404 92353 "-" "meta-externalagent/1.1 (+https://developers.facebook.com/docs/sharing/webmasters/crawler)"
206.255.161.128 - - [22/Jan/2026:20:38:45 +0700] "GET /shop/ HTTP/2" 200 20958 "https://www.google.com/" "Mozilla/5.0 (Macintosh; Intel Mac OS X 10_12_6) AppleWebKit/537.36 (KHTML, like Gecko) Chrome/126.0.4198.83 Safari/537.36"
202.10.43.35 - - [22/Jan/2026:20:38:47 +0700] "POST /wp-cron.php?doing_wp_cron=1769089127.4301300048828125000000 HTTP/1.1" 200 0 "-" "WordPress/6.9; https://andalaninti.co.id"
84.109.40.190 - - [22/Jan/2026:20:38:49 +0700] "GET /contact-us/ HTTP/2" 200 21091 "https://www.google.com/" "Mozilla/5.0 (Macintosh; Intel Mac OS X 10_15_7) AppleWebKit/537.36 (KHTML, like Gecko) Chrome/133.0.4071.69 Safari/537.36"
202.10.43.35 - - [22/Jan/2026:20:38:58 +0700] "POST /wp-cron.php?doing_wp_cron=1769089138.6793389320373535156250 HTTP/1.1" 200 0 "-" "WordPress/6.9; https://andalaninti.co.id"
94.6.154.92 - - [22/Jan/2026:20:38:56 +0700] "GET /contact-us/ HTTP/2" 200 21091 "https://www.google.com/" "Mozilla/5.0 (Macintosh; Intel Mac OS X 10_15_7) AppleWebKit/537.36 (KHTML, like Gecko) Chrome/133.0.4071.69 Safari/537.36"
161.35.150.84 - - [22/Jan/2026:20:39:44 +0700] "GET / HTTP/1.1" 301 0 "-" "Mozilla/5.0 (X11; Linux x86_64) AppleWebKit/537.36 (KHTML, like Gecko) Chrome/142.0.0.0 Safari/537.36"
161.35.150.84 - - [22/Jan/2026:20:39:50 +0700] "GET /favicon.ico HTTP/1.1" 404 1251 "https://www.andalaninti.co.id.webyourday.com/" "Mozilla/5.0 (X11; Linux x86_64) AppleWebKit/537.36 (KHTML, like Gecko) Chrome/142.0.0.0 Safari/537.36"
202.10.43.35 - - [22/Jan/2026:21:03:22 +0700] "POST /wp-cron.php?doing_wp_cron=1769090602.6211929321289062500000 HTTP/1.1" 200 0 "-" "WordPress/6.9; https://andalaninti.co.id"
69.171.231.5 - - [22/Jan/2026:21:03:20 +0700] "GET /robots.txt HTTP/2" 200 218 "-" "facebookexternalhit/1.1 (+http://www.facebook.com/externalhit_uatext.php)"
104.210.140.131 - - [22/Jan/2026:21:08:46 +0700] "GET /robots.txt HTTP/2" 200 113 "-" "Mozilla/5.0 (Macintosh; Intel Mac OS X 10_15_7) AppleWebKit/537.36 (KHTML, like Gecko) Chrome/131.0.0.0 Safari/537.36; compatible; OAI-SearchBot/1.0; +https://openai.com/searchbot"
202.10.43.35 - - [22/Jan/2026:21:08:48 +0700] "POST /wp-cron.php?doing_wp_cron=1769090928.8036010265350341796875 HTTP/1.1" 200 0 "-" "WordPress/6.9; https://andalaninti.co.id"
103.155.167.194 - - [22/Jan/2026:21:23:11 +0700] "GET //wp-includes/ID3/license.txt HTTP/1.1" 200 1396 "-" "Mozilla/5.0 (Windows NT 10.0; Win64; x64) AppleWebKit/537.36 (KHTML, like Gecko) Chrome/95.0.4638.69 Safari/537.36"
103.155.167.194 - - [22/Jan/2026:21:23:11 +0700] "GET //feed/ HTTP/1.1" 301 0 "-" "Mozilla/5.0 (Windows NT 10.0; Win64; x64) AppleWebKit/537.36 (KHTML, like Gecko) Chrome/95.0.4638.69 Safari/537.36"
103.155.167.194 - - [22/Jan/2026:21:23:13 +0700] "GET //xmlrpc.php?rsd HTTP/1.1" 403 1242 "-" "Mozilla/5.0 (Windows NT 10.0; Win64; x64) AppleWebKit/537.36 (KHTML, like Gecko) Chrome/95.0.4638.69 Safari/537.36"
103.155.167.194 - - [22/Jan/2026:21:23:13 +0700] "GET //blog/wp-includes/wlwmanifest.xml HTTP/1.1" 403 4170 "-" "Mozilla/5.0 (Windows NT 10.0; Win64; x64) AppleWebKit/537.36 (KHTML, like Gecko) Chrome/95.0.4638.69 Safari/537.36"
103.155.167.194 - - [22/Jan/2026:21:23:13 +0700] "GET //web/wp-includes/wlwmanifest.xml HTTP/1.1" 403 4170 "-" "Mozilla/5.0 (Windows NT 10.0; Win64; x64) AppleWebKit/537.36 (KHTML, like Gecko) Chrome/95.0.4638.69 Safari/537.36"
103.155.167.194 - - [22/Jan/2026:21:23:13 +0700] "GET //wordpress/wp-includes/wlwmanifest.xml HTTP/1.1" 403 4170 "-" "Mozilla/5.0 (Windows NT 10.0; Win64; x64) AppleWebKit/537.36 (KHTML, like Gecko) Chrome/95.0.4638.69 Safari/537.36"
103.155.167.194 - - [22/Jan/2026:21:23:13 +0700] "GET //wp/wp-includes/wlwmanifest.xml HTTP/1.1" 403 4170 "-" "Mozilla/5.0 (Windows NT 10.0; Win64; x64) AppleWebKit/537.36 (KHTML, like Gecko) Chrome/95.0.4638.69 Safari/537.36"
103.155.167.194 - - [22/Jan/2026:21:23:13 +0700] "GET //2020/wp-includes/wlwmanifest.xml HTTP/1.1" 403 4170 "-" "Mozilla/5.0 (Windows NT 10.0; Win64; x64) AppleWebKit/537.36 (KHTML, like Gecko) Chrome/95.0.4638.69 Safari/537.36"
103.155.167.194 - - [22/Jan/2026:21:23:13 +0700] "GET //2019/wp-includes/wlwmanifest.xml HTTP/1.1" 403 4170 "-" "Mozilla/5.0 (Windows NT 10.0; Win64; x64) AppleWebKit/537.36 (KHTML, like Gecko) Chrome/95.0.4638.69 Safari/537.36"
103.155.167.194 - - [22/Jan/2026:21:23:13 +0700] "GET //2021/wp-includes/wlwmanifest.xml HTTP/1.1" 403 4170 "-" "Mozilla/5.0 (Windows NT 10.0; Win64; x64) AppleWebKit/537.36 (KHTML, like Gecko) Chrome/95.0.4638.69 Safari/537.36"
103.155.167.194 - - [22/Jan/2026:21:23:14 +0700] "GET //shop/wp-includes/wlwmanifest.xml HTTP/1.1" 403 4170 "-" "Mozilla/5.0 (Windows NT 10.0; Win64; x64) AppleWebKit/537.36 (KHTML, like Gecko) Chrome/95.0.4638.69 Safari/537.36"
103.155.167.194 - - [22/Jan/2026:21:23:14 +0700] "GET //wp1/wp-includes/wlwmanifest.xml HTTP/1.1" 403 4170 "-" "Mozilla/5.0 (Windows NT 10.0; Win64; x64) AppleWebKit/537.36 (KHTML, like Gecko) Chrome/95.0.4638.69 Safari/537.36"
103.155.167.194 - - [22/Jan/2026:21:23:14 +0700] "GET //test/wp-includes/wlwmanifest.xml HTTP/1.1" 403 4170 "-" "Mozilla/5.0 (Windows NT 10.0; Win64; x64) AppleWebKit/537.36 (KHTML, like Gecko) Chrome/95.0.4638.69 Safari/537.36"
103.155.167.194 - - [22/Jan/2026:21:23:14 +0700] "GET //site/wp-includes/wlwmanifest.xml HTTP/1.1" 403 4170 "-" "Mozilla/5.0 (Windows NT 10.0; Win64; x64) AppleWebKit/537.36 (KHTML, like Gecko) Chrome/95.0.4638.69 Safari/537.36"
103.155.167.194 - - [22/Jan/2026:21:23:14 +0700] "GET //cms/wp-includes/wlwmanifest.xml HTTP/1.1" 403 4170 "-" "Mozilla/5.0 (Windows NT 10.0; Win64; x64) AppleWebKit/537.36 (KHTML, like Gecko) Chrome/95.0.4638.69 Safari/537.36"
37.59.204.128 - - [22/Jan/2026:21:23:25 +0700] "GET /product-category/plasma-transferred-arc/?products-per-page=all HTTP/2" 200 19895 "-" "Mozilla/5.0 (compatible; AhrefsBot/7.0; +http://ahrefs.com/robot/)"
100.48.162.207 - - [22/Jan/2026:21:51:37 +0700] "GET / HTTP/1.1" 200 29498 "-" "Mozilla/5.0 (Windows NT 10.0; Win64; x64) AppleWebKit/537.36 (KHTML, like Gecko) Chrome/138.0.0.0 Safari/537.36 clst-pab"
100.48.162.207 - - [22/Jan/2026:21:51:38 +0700] "GET / HTTP/1.1" 200 29498 "-" "Mozilla/5.0 (Windows NT 10.0; Win64; x64) AppleWebKit/537.36 (KHTML, like Gecko) Chrome/109.0.0.0 Safari/537.36"
202.10.43.35 - - [22/Jan/2026:22:42:24 +0700] "POST /wp-cron.php?doing_wp_cron=1769096544.0173759460449218750000 HTTP/1.1" 200 0 "-" "WordPress/6.9; https://andalaninti.co.id"
64.226.98.105 - - [22/Jan/2026:22:42:21 +0700] "POST / HTTP/1.1" 200 29510 "-" "Mozilla/5.0"
64.226.98.105 - - [22/Jan/2026:22:42:25 +0700] "POST / HTTP/1.1" 200 29510 "-" "Mozilla/5.0"
198.244.168.67 - - [22/Jan/2026:22:53:15 +0700] "GET /robots.txt HTTP/2" 200 113 "-" "Mozilla/5.0 (compatible; AhrefsBot/7.0; +http://ahrefs.com/robot/)"
202.10.43.35 - - [22/Jan/2026:22:53:17 +0700] "POST /wp-cron.php?doing_wp_cron=1769097197.1367089748382568359375 HTTP/1.1" 200 0 "-" "WordPress/6.9; https://andalaninti.co.id"
92.222.104.203 - - [22/Jan/2026:22:53:20 +0700] "GET /product-category/plasma-transferred-arc/?products-per-page=24 HTTP/2" 200 19894 "-" "Mozilla/5.0 (compatible; AhrefsBot/7.0; +http://ahrefs.com/robot/)"
193.36.225.134 - - [22/Jan/2026:23:27:00 +0700] "GET /wp-login.php HTTP/1.1" 404 14140 "-" "Mozilla/5.0"
202.10.43.35 - - [22/Jan/2026:23:27:02 +0700] "POST /wp-cron.php?doing_wp_cron=1769099222.7126719951629638671875 HTTP/1.1" 200 0 "-" "WordPress/6.9; https://andalaninti.co.id"
18.213.106.41 - - [22/Jan/2026:23:42:45 +0700] "GET / HTTP/1.1" 401 53 "-" "Mozilla/5.0 (Windows NT 6.1; WOW64; Trident/7.0; rv:11.0) like Gecko"
40.77.167.13 - - [23/Jan/2026:00:41:22 +0700] "GET /wp-content/uploads/2024/06/meeting-featured-image-3-768x512.png HTTP/2" 200 647669 "-" "Mozilla/5.0 AppleWebKit/537.36 (KHTML, like Gecko; compatible; bingbot/2.0; +http://www.bing.com/bingbot.htm) Chrome/116.0.1938.76 Safari/537.36"
202.10.43.35 - - [23/Jan/2026:00:43:31 +0700] "POST /wp-cron.php?doing_wp_cron=1769103811.3900790214538574218750 HTTP/1.1" 200 0 "-" "WordPress/6.9; https://andalaninti.co.id"
37.140.223.25 - - [23/Jan/2026:00:43:29 +0700] "GET /wp-login.php HTTP/1.1" 404 14140 "-" "Mozilla/5.0"
202.10.43.35 - - [23/Jan/2026:00:50:33 +0700] "POST /wp-cron.php?doing_wp_cron=1769104233.4954810142517089843750 HTTP/1.1" 200 0 "-" "WordPress/6.9; https://andalaninti.co.id"
51.68.247.206 - - [23/Jan/2026:00:50:32 +0700] "GET /productcat-sitemap.html HTTP/2" 200 591 "-" "Mozilla/5.0 (compatible; AhrefsBot/7.0; +http://ahrefs.com/robot/)"
45.148.10.124 - - [23/Jan/2026:01:18:28 +0700] "GET /.env HTTP/1.1" 403 1738 "-" "Mozilla/5.0 (Windows; U; Windows NT 5.2; en-US) AppleWebKit/532.9 (KHTML, like Gecko) Chrome/5.0.310.0 Safari/532.9"
202.10.43.35 - - [23/Jan/2026:01:37:28 +0700] "POST /wp-cron.php?doing_wp_cron=1769107048.0816519260406494140625 HTTP/1.1" 200 0 "-" "WordPress/6.9; https://andalaninti.co.id"
52.167.144.232 - - [23/Jan/2026:01:37:26 +0700] "GET /sitemap.xml.gz HTTP/2" 200 528 "-" "Mozilla/5.0 AppleWebKit/537.36 (KHTML, like Gecko; compatible; bingbot/2.0; +http://www.bing.com/bingbot.htm) Chrome/116.0.1938.76 Safari/537.36"
40.77.167.26 - - [23/Jan/2026:02:06:59 +0700] "GET /wp-content/uploads/2024/06/meeting-featured-image-3.png HTTP/2" 200 939640 "-" "Mozilla/5.0 AppleWebKit/537.36 (KHTML, like Gecko; compatible; bingbot/2.0; +http://www.bing.com/bingbot.htm) Chrome/116.0.1938.76 Safari/537.36"
40.77.167.155 - - [23/Jan/2026:02:30:01 +0700] "GET /wp-content/uploads/2024/06/meeting-featured-image-2-768x512.png HTTP/2" 200 567829 "-" "Mozilla/5.0 AppleWebKit/537.36 (KHTML, like Gecko; compatible; bingbot/2.0; +http://www.bing.com/bingbot.htm) Chrome/116.0.1938.76 Safari/537.36"
202.10.43.35 - - [23/Jan/2026:02:40:55 +0700] "POST /wp-cron.php?doing_wp_cron=1769110855.8066749572753906250000 HTTP/1.1" 200 0 "-" "WordPress/6.9; https://andalaninti.co.id"
52.167.144.212 - - [23/Jan/2026:02:40:32 +0700] "GET /sitemap.xml.gz HTTP/2" 200 529 "-" "Mozilla/5.0 AppleWebKit/537.36 (KHTML, like Gecko; compatible; bingbot/2.0; +http://www.bing.com/bingbot.htm) Chrome/116.0.1938.76 Safari/537.36"
202.10.43.35 - - [23/Jan/2026:02:49:02 +0700] "POST /wp-cron.php?doing_wp_cron=1769111342.7268419265747070312500 HTTP/1.1" 200 0 "-" "WordPress/6.9; https://andalaninti.co.id"
37.59.204.157 - - [23/Jan/2026:02:49:01 +0700] "GET /page-sitemap.html HTTP/2" 200 677 "-" "Mozilla/5.0 (compatible; AhrefsBot/7.0; +http://ahrefs.com/robot/)"
40.77.167.123 - - [23/Jan/2026:03:16:13 +0700] "GET /wp-content/uploads/2024/06/Berg-Plasma-Transferred-Arc-PTA-System-2-600x400.png HTTP/2" 200 330592 "-" "Mozilla/5.0 AppleWebKit/537.36 (KHTML, like Gecko; compatible; bingbot/2.0; +http://www.bing.com/bingbot.htm) Chrome/116.0.1938.76 Safari/537.36"
92.222.104.221 - - [23/Jan/2026:04:42:49 +0700] "GET /product/ HTTP/2" 200 24041 "-" "Mozilla/5.0 (compatible; AhrefsBot/7.0; +http://ahrefs.com/robot/)"
202.10.43.35 - - [23/Jan/2026:04:46:23 +0700] "POST /wp-cron.php?doing_wp_cron=1769118383.0443110466003417968750 HTTP/1.1" 200 0 "-" "WordPress/6.9; https://andalaninti.co.id"
138.197.155.148 - - [23/Jan/2026:04:46:20 +0700] "POST / HTTP/1.1" 200 29510 "-" "Mozilla/5.0"
138.197.155.148 - - [23/Jan/2026:04:46:24 +0700] "POST / HTTP/1.1" 200 29510 "-" "Mozilla/5.0"
185.213.83.92 - - [23/Jan/2026:04:48:53 +0700] "POST /?wc-ajax=get_refreshed_fragments HTTP/2" 200 576 "https://andalaninti.co.id/" "Mozilla/5.0 (Windows NT 10.0; Win64; x64) AppleWebKit/537.36 (KHTML, like Gecko) Chrome/142.0.0.0 Safari/537.36"
202.10.43.35 - - [23/Jan/2026:04:48:55 +0700] "POST /wp-cron.php?doing_wp_cron=1769118535.2104458808898925781250 HTTP/1.1" 200 0 "-" "WordPress/6.9; https://andalaninti.co.id"
40.77.167.155 - - [23/Jan/2026:05:02:53 +0700] "GET /sitemap.xml HTTP/2" 200 826 "-" "Mozilla/5.0 AppleWebKit/537.36 (KHTML, like Gecko; compatible; bingbot/2.0; +http://www.bing.com/bingbot.htm) Chrome/116.0.1938.76 Safari/537.36"
185.247.137.107 - - [23/Jan/2026:05:26:40 +0700] "GET / HTTP/1.1" 301 0 "-" "Mozilla/5.0 (compatible; InternetMeasurement/1.0; +https://internet-measurement.com/)"
202.10.43.35 - - [23/Jan/2026:05:26:42 +0700] "POST /wp-cron.php?doing_wp_cron=1769120802.1162879467010498046875 HTTP/1.1" 200 0 "-" "WordPress/6.9; https://andalaninti.co.id"
185.247.137.107 - - [23/Jan/2026:05:26:42 +0700] "GET / HTTP/1.1" 200 29498 "https://andalaninti.co.id.webyourday.com" "Mozilla/5.0 (compatible; InternetMeasurement/1.0; +https://internet-measurement.com/)"
87.236.176.166 - - [23/Jan/2026:05:26:49 +0700] "GET /wp-content/uploads/2024/06/cropped-cropped-logo-andalan-inti-sarana-transparent-32x32.png HTTP/2" 200 2065 "-" "Mozilla/5.0 (compatible; InternetMeasurement/1.0; +https://internet-measurement.com/)"
185.247.137.6 - - [23/Jan/2026:05:26:49 +0700] "GET /wp-content/uploads/2024/06/cropped-cropped-logo-andalan-inti-sarana-transparent-180x180.png HTTP/2" 200 27080 "-" "Mozilla/5.0 (compatible; InternetMeasurement/1.0; +https://internet-measurement.com/)"
185.247.137.95 - - [23/Jan/2026:05:26:49 +0700] "GET /favicon.ico HTTP/2" 404 1251 "-" "Mozilla/5.0 (compatible; InternetMeasurement/1.0; +https://internet-measurement.com/)"
87.236.176.56 - - [23/Jan/2026:05:26:49 +0700] "GET /wp-content/uploads/2024/06/cropped-cropped-logo-andalan-inti-sarana-transparent-192x192.png HTTP/2" 200 29694 "-" "Mozilla/5.0 (compatible; InternetMeasurement/1.0; +https://internet-measurement.com/)"
185.247.137.31 - - [23/Jan/2026:05:26:49 +0700] "GET /wp-content/uploads/2024/06/cropped-cropped-logo-andalan-inti-sarana-transparent-270x270.png HTTP/2" 200 50827 "-" "Mozilla/5.0 (compatible; InternetMeasurement/1.0; +https://internet-measurement.com/)"
107.170.65.169 - - [23/Jan/2026:05:26:51 +0700] "GET /favicon.ico HTTP/2" 404 1251 "-" "Mozilla/5.0 (compatible; InternetMeasurement/1.0; +https://internet-measurement.com/)"
108.136.206.254 - - [23/Jan/2026:05:37:30 +0700] "GET / HTTP/1.1" 401 36 "-" "Mozilla/5.0 (Windows; U; Windows NT 6.1; en-US) AppleWebKit/533.20.25 (KHTML, like Gecko) Version/5.0.4 Safari/533.20.27"
202.10.43.35 - - [23/Jan/2026:06:16:20 +0700] "POST /wp-cron.php?doing_wp_cron=1769123780.5895380973815917968750 HTTP/1.1" 200 0 "-" "WordPress/6.9; https://andalaninti.co.id"
51.75.236.143 - - [23/Jan/2026:06:16:18 +0700] "GET /2024/06/25/neque-porro-quisquam-est-qui-dolorem-ipsum-quia-dolor-sit-amet-consectetur-adipisci-velit/ HTTP/2" 200 23615 "-" "Mozilla/5.0 (compatible; AhrefsBot/7.0; +http://ahrefs.com/robot/)"
202.10.43.35 - - [23/Jan/2026:06:17:42 +0700] "POST /wp-cron.php?doing_wp_cron=1769123862.3799529075622558593750 HTTP/1.1" 200 0 "-" "WordPress/6.9; https://andalaninti.co.id"
72.60.197.168 - - [23/Jan/2026:06:17:40 +0700] "POST / HTTP/1.1" 200 29500 "-" "Mozilla/5.0"
72.60.197.168 - - [23/Jan/2026:06:17:45 +0700] "POST / HTTP/1.1" 200 29500 "-" "Mozilla/5.0"
202.10.43.35 - - [23/Jan/2026:06:25:23 +0700] "POST /wp-cron.php?doing_wp_cron=1769124323.3716359138488769531250 HTTP/1.1" 200 0 "-" "WordPress/6.9; https://andalaninti.co.id"
52.167.144.20 - - [23/Jan/2026:06:25:20 +0700] "GET /product-category/gauge/?products-per-page=12 HTTP/2" 200 19902 "-" "Mozilla/5.0 AppleWebKit/537.36 (KHTML, like Gecko; compatible; bingbot/2.0; +http://www.bing.com/bingbot.htm) Chrome/116.0.1938.76 Safari/537.36"
202.10.43.35 - - [23/Jan/2026:06:54:15 +0700] "POST /wp-cron.php?doing_wp_cron=1769126055.8779358863830566406250 HTTP/1.1" 200 0 "-" "WordPress/6.9; https://andalaninti.co.id"
40.77.167.255 - - [23/Jan/2026:06:54:14 +0700] "GET /sitemap.html HTTP/2" 200 1049 "-" "Mozilla/5.0 AppleWebKit/537.36 (KHTML, like Gecko; compatible; bingbot/2.0; +http://www.bing.com/bingbot.htm) Chrome/116.0.1938.76 Safari/537.36"
202.10.43.35 - - [23/Jan/2026:06:56:23 +0700] "POST /wp-cron.php?doing_wp_cron=1769126183.2746810913085937500000 HTTP/1.1" 200 0 "-" "WordPress/6.9; https://andalaninti.co.id"
202.10.43.35 - - [23/Jan/2026:06:56:55 +0700] "POST /wp-cron.php?doing_wp_cron=1769126215.7813799381256103515625 HTTP/1.1" 200 0 "-" "WordPress/6.9; https://andalaninti.co.id"
185.213.245.214 - - [23/Jan/2026:07:03:45 +0700] "GET / HTTP/1.1" 200 25285 "-" "Mozilla/5.0 (Windows NT 10.0; WOW64) AppleWebKit/537.36 (KHTML, like Gecko) Chrome/114.0.0.0 Safari/537.36 Vivaldi/5.3.2679.68"
202.10.43.35 - - [23/Jan/2026:07:03:48 +0700] "POST /wp-cron.php?doing_wp_cron=1769126628.4732570648193359375000 HTTP/1.1" 200 0 "-" "WordPress/6.9; https://andalaninti.co.id"
185.213.245.214 - - [23/Jan/2026:07:03:51 +0700] "GET /wp-admin/admin-ajax.php HTTP/1.1" 400 5 "https://andalaninti.co.id/" "Mozilla/5.0 (Windows NT 6.3; Win64; x64) AppleWebKit/537.36 (KHTML, like Gecko) Chrome/103.0.0.0 Safari/537.36"
202.10.43.35 - - [23/Jan/2026:07:03:55 +0700] "POST /wp-cron.php?doing_wp_cron=1769126635.0681540966033935546875 HTTP/1.1" 200 0 "-" "WordPress/6.9; https://andalaninti.co.id"
185.213.245.214 - - [23/Jan/2026:07:03:53 +0700] "GET /wp-admin/admin-ajax.php?action=register HTTP/1.1" 400 5 "https://andalaninti.co.id/wp-admin/admin-ajax.php" "Mozilla/5.0 (Windows NT 6.3; Win64; x64) AppleWebKit/537.36 (KHTML, like Gecko) Chrome/103.0.0.0 Safari/537.36"
202.10.43.35 - - [23/Jan/2026:07:05:51 +0700] "POST /wp-cron.php?doing_wp_cron=1769126751.3118600845336914062500 HTTP/1.1" 200 0 "-" "WordPress/6.9; https://andalaninti.co.id"
82.167.211.0 - - [23/Jan/2026:07:05:49 +0700] "GET / HTTP/1.1" 200 29501 "-" "Mozilla/5.0 (Macintosh; Intel Mac OS X 10_15_7) AppleWebKit/537.36 (KHTML, like Gecko) Chrome/119.0.0.0 Safari/537.36"
66.249.71.41 - - [23/Jan/2026:07:06:23 +0700] "GET /contact-us/ HTTP/1.1" 200 75651 "-" "Mozilla/5.0 (Linux; Android 6.0.1; Nexus 5X Build/MMB29P) AppleWebKit/537.36 (KHTML, like Gecko) Chrome/143.0.7499.192 Mobile Safari/537.36 (compatible; Googlebot/2.1; +http://www.google.com/bot.html)"
66.249.72.65 - - [23/Jan/2026:07:08:57 +0700] "GET / HTTP/1.1" 200 75702 "https://andalaninti.co.id/contact-us/" "Mozilla/5.0 (Linux; Android 6.0.1; Nexus 5X Build/MMB29P) AppleWebKit/537.36 (KHTML, like Gecko) Chrome/143.0.7499.192 Mobile Safari/537.36 (compatible; Googlebot/2.1; +http://www.google.com/bot.html)"
66.249.72.65 - - [23/Jan/2026:07:08:58 +0700] "GET /contact-us/?section_id=sections--17605520031924__header HTTP/1.1" 200 75700 "https://andalaninti.co.id/contact-us/" "Mozilla/5.0 (Linux; Android 6.0.1; Nexus 5X Build/MMB29P) AppleWebKit/537.36 (KHTML, like Gecko) Chrome/143.0.7499.192 Mobile Safari/537.36 (compatible; Googlebot/2.1; +http://www.google.com/bot.html)"
66.249.71.33 - - [23/Jan/2026:07:08:58 +0700] "GET /contact-us/?section_id=sections--17605520031924__header HTTP/1.1" 200 75700 "https://andalaninti.co.id/contact-us/" "Mozilla/5.0 (Linux; Android 6.0.1; Nexus 5X Build/MMB29P) AppleWebKit/537.36 (KHTML, like Gecko) Chrome/143.0.7499.192 Mobile Safari/537.36 (compatible; Googlebot/2.1; +http://www.google.com/bot.html)"
202.10.43.35 - - [23/Jan/2026:07:29:06 +0700] "POST /wp-cron.php?doing_wp_cron=1769128146.2065529823303222656250 HTTP/1.1" 200 0 "-" "WordPress/6.9; https://andalaninti.co.id"
148.113.210.165 - - [23/Jan/2026:07:29:03 +0700] "POST / HTTP/1.1" 200 29513 "-" "Mozilla/5.0"
148.113.210.165 - - [23/Jan/2026:07:29:08 +0700] "POST / HTTP/1.1" 200 29513 "-" "Mozilla/5.0"
125.160.231.136 - - [23/Jan/2026:07:29:54 +0700] "GET / HTTP/2" 200 12453 "-" "Mozilla/5.0 (Windows NT 10.0; Win64; x64) AppleWebKit/537.36 (KHTML, like Gecko) Chrome/144.0.0.0 Safari/537.36"
125.160.231.136 - - [23/Jan/2026:07:29:54 +0700] "GET /cPanel_magic_revision_1748449569/unprotected/cpanel/fonts/open_sans/open_sans.min.css HTTP/2" 200 522 "https://webmail.andalaninti.co.id/" "Mozilla/5.0 (Windows NT 10.0; Win64; x64) AppleWebKit/537.36 (KHTML, like Gecko) Chrome/144.0.0.0 Safari/537.36"
125.160.231.136 - - [23/Jan/2026:07:29:54 +0700] "GET /cPanel_magic_revision_1726168106/unprotected/cpanel/images/webmail-logo.svg HTTP/2" 200 2399 "https://webmail.andalaninti.co.id/" "Mozilla/5.0 (Windows NT 10.0; Win64; x64) AppleWebKit/537.36 (KHTML, like Gecko) Chrome/144.0.0.0 Safari/537.36"
125.160.231.136 - - [23/Jan/2026:07:29:54 +0700] "GET /cPanel_magic_revision_1750102871/unprotected/cpanel/style_v2_optimized.css HTTP/2" 200 33195 "https://webmail.andalaninti.co.id/" "Mozilla/5.0 (Windows NT 10.0; Win64; x64) AppleWebKit/537.36 (KHTML, like Gecko) Chrome/144.0.0.0 Safari/537.36"
125.160.231.136 - - [23/Jan/2026:07:29:55 +0700] "GET /cPanel_magic_revision_1726168106/unprotected/cpanel/images/notice-error.png HTTP/3" 200 1026 "https://webmail.andalaninti.co.id/cPanel_magic_revision_1750102871/unprotected/cpanel/style_v2_optimized.css" "Mozilla/5.0 (Windows NT 10.0; Win64; x64) AppleWebKit/537.36 (KHTML, like Gecko) Chrome/144.0.0.0 Safari/537.36"
125.160.231.136 - - [23/Jan/2026:07:29:55 +0700] "GET /cPanel_magic_revision_1726168106/unprotected/cpanel/images/icon-username.png HTTP/3" 200 320 "https://webmail.andalaninti.co.id/cPanel_magic_revision_1750102871/unprotected/cpanel/style_v2_optimized.css" "Mozilla/5.0 (Windows NT 10.0; Win64; x64) AppleWebKit/537.36 (KHTML, like Gecko) Chrome/144.0.0.0 Safari/537.36"
125.160.231.136 - - [23/Jan/2026:07:29:55 +0700] "GET /cPanel_magic_revision_1726168106/unprotected/cpanel/images/icon-password.png HTTP/3" 200 450 "https://webmail.andalaninti.co.id/cPanel_magic_revision_1750102871/unprotected/cpanel/style_v2_optimized.css" "Mozilla/5.0 (Windows NT 10.0; Win64; x64) AppleWebKit/537.36 (KHTML, like Gecko) Chrome/144.0.0.0 Safari/537.36"
125.160.231.136 - - [23/Jan/2026:07:29:55 +0700] "GET /cPanel_magic_revision_1748449569/unprotected/cpanel/fonts/open_sans/OpenSans-Regular-webfont.woff HTTP/3" 200 22660 "https://webmail.andalaninti.co.id/cPanel_magic_revision_1748449569/unprotected/cpanel/fonts/open_sans/open_sans.min.css" "Mozilla/5.0 (Windows NT 10.0; Win64; x64) AppleWebKit/537.36 (KHTML, like Gecko) Chrome/144.0.0.0 Safari/537.36"
125.160.231.136 - - [23/Jan/2026:07:29:55 +0700] "GET /cPanel_magic_revision_1748449569/unprotected/cpanel/fonts/open_sans/OpenSans-Semibold-webfont.woff HTTP/3" 200 22908 "https://webmail.andalaninti.co.id/cPanel_magic_revision_1748449569/unprotected/cpanel/fonts/open_sans/open_sans.min.css" "Mozilla/5.0 (Windows NT 10.0; Win64; x64) AppleWebKit/537.36 (KHTML, like Gecko) Chrome/144.0.0.0 Safari/537.36"
125.160.231.136 - - [23/Jan/2026:07:29:55 +0700] "GET /cPanel_magic_revision_1726168106/unprotected/cpanel/images/notice-info.png HTTP/3" 200 976 "https://webmail.andalaninti.co.id/cPanel_magic_revision_1750102871/unprotected/cpanel/style_v2_optimized.css" "Mozilla/5.0 (Windows NT 10.0; Win64; x64) AppleWebKit/537.36 (KHTML, like Gecko) Chrome/144.0.0.0 Safari/537.36"
125.160.231.136 - - [23/Jan/2026:07:29:55 +0700] "GET /cPanel_magic_revision_1726168106/unprotected/cpanel/images/notice-success.png HTTP/3" 200 962 "https://webmail.andalaninti.co.id/cPanel_magic_revision_1750102871/unprotected/cpanel/style_v2_optimized.css" "Mozilla/5.0 (Windows NT 10.0; Win64; x64) AppleWebKit/537.36 (KHTML, like Gecko) Chrome/144.0.0.0 Safari/537.36"
125.160.231.136 - - [23/Jan/2026:07:29:55 +0700] "GET /cPanel_magic_revision_1726168106/unprotected/cpanel/images/warning.png HTTP/3" 200 1060 "https://webmail.andalaninti.co.id/cPanel_magic_revision_1750102871/unprotected/cpanel/style_v2_optimized.css" "Mozilla/5.0 (Windows NT 10.0; Win64; x64) AppleWebKit/537.36 (KHTML, like Gecko) Chrome/144.0.0.0 Safari/537.36"
125.160.231.136 - - [23/Jan/2026:07:29:55 +0700] "GET /cPanel_magic_revision_1748449569/unprotected/cpanel/fonts/open_sans/OpenSans-Bold-webfont.woff HTTP/3" 200 22432 "https://webmail.andalaninti.co.id/cPanel_magic_revision_1748449569/unprotected/cpanel/fonts/open_sans/open_sans.min.css" "Mozilla/5.0 (Windows NT 10.0; Win64; x64) AppleWebKit/537.36 (KHTML, like Gecko) Chrome/144.0.0.0 Safari/537.36"
125.160.231.136 - - [23/Jan/2026:07:29:56 +0700] "POST /login/?login_only=1 HTTP/3" 200 108 "https://webmail.andalaninti.co.id/" "Mozilla/5.0 (Windows NT 10.0; Win64; x64) AppleWebKit/537.36 (KHTML, like Gecko) Chrome/144.0.0.0 Safari/537.36"
125.160.231.136 - - [23/Jan/2026:07:29:56 +0700] "GET /cpsess7035336384/?=undefined&login=1&post_login=22293169134931 HTTP/3" 302 130 "https://webmail.andalaninti.co.id/" "Mozilla/5.0 (Windows NT 10.0; Win64; x64) AppleWebKit/537.36 (KHTML, like Gecko) Chrome/144.0.0.0 Safari/537.36"
125.160.231.136 - - [23/Jan/2026:07:29:57 +0700] "GET /cpsess7035336384/3rdparty/roundcube/index.php HTTP/3" 302 0 "https://webmail.andalaninti.co.id/" "Mozilla/5.0 (Windows NT 10.0; Win64; x64) AppleWebKit/537.36 (KHTML, like Gecko) Chrome/144.0.0.0 Safari/537.36"
125.160.231.136 - - [23/Jan/2026:07:29:58 +0700] "GET /cpsess7035336384/3rdparty/roundcube/?_task=mail&_token=xGdQQoHnxhswymgq4oiJujHoDwhSTuOD HTTP/3" 200 13275 "https://webmail.andalaninti.co.id/" "Mozilla/5.0 (Windows NT 10.0; Win64; x64) AppleWebKit/537.36 (KHTML, like Gecko) Chrome/144.0.0.0 Safari/537.36"
125.160.231.136 - - [23/Jan/2026:07:29:58 +0700] "GET /cpsess7035336384/3rdparty/roundcube/program/js/list.min.js?s=1765700565 HTTP/3" 200 8316 "https://webmail.andalaninti.co.id/cpsess7035336384/3rdparty/roundcube/?_task=mail&_token=xGdQQoHnxhswymgq4oiJujHoDwhSTuOD" "Mozilla/5.0 (Windows NT 10.0; Win64; x64) AppleWebKit/537.36 (KHTML, like Gecko) Chrome/144.0.0.0 Safari/537.36"
125.160.231.136 - - [23/Jan/2026:07:29:58 +0700] "GET /cpsess7035336384/3rdparty/roundcube/program/js/common.min.js?s=1765700565 HTTP/3" 200 4959 "https://webmail.andalaninti.co.id/cpsess7035336384/3rdparty/roundcube/?_task=mail&_token=xGdQQoHnxhswymgq4oiJujHoDwhSTuOD" "Mozilla/5.0 (Windows NT 10.0; Win64; x64) AppleWebKit/537.36 (KHTML, like Gecko) Chrome/144.0.0.0 Safari/537.36"
125.160.231.136 - - [23/Jan/2026:07:29:58 +0700] "GET /cpsess7035336384/3rdparty/roundcube/plugins/jqueryui/themes/elastic/jquery-ui.min.css?s=1765700565 HTTP/3" 200 7701 "https://webmail.andalaninti.co.id/cpsess7035336384/3rdparty/roundcube/?_task=mail&_token=xGdQQoHnxhswymgq4oiJujHoDwhSTuOD" "Mozilla/5.0 (Windows NT 10.0; Win64; x64) AppleWebKit/537.36 (KHTML, like Gecko) Chrome/144.0.0.0 Safari/537.36"
125.160.231.136 - - [23/Jan/2026:07:29:58 +0700] "GET /cpsess7035336384/3rdparty/roundcube/program/js/app.min.js?s=1765994627 HTTP/3" 200 50611 "https://webmail.andalaninti.co.id/cpsess7035336384/3rdparty/roundcube/?_task=mail&_token=xGdQQoHnxhswymgq4oiJujHoDwhSTuOD" "Mozilla/5.0 (Windows NT 10.0; Win64; x64) AppleWebKit/537.36 (KHTML, like Gecko) Chrome/144.0.0.0 Safari/537.36"
125.160.231.136 - - [23/Jan/2026:07:29:58 +0700] "GET /cpsess7035336384/3rdparty/roundcube/skins/elastic/deps/bootstrap.bundle.min.js?s=1765700569 HTTP/3" 200 23054 "https://webmail.andalaninti.co.id/cpsess7035336384/3rdparty/roundcube/?_task=mail&_token=xGdQQoHnxhswymgq4oiJujHoDwhSTuOD" "Mozilla/5.0 (Windows NT 10.0; Win64; x64) AppleWebKit/537.36 (KHTML, like Gecko) Chrome/144.0.0.0 Safari/537.36"
125.160.231.136 - - [23/Jan/2026:07:29:58 +0700] "GET /cpsess7035336384/3rdparty/roundcube/plugins/archive/archive.min.js?s=1765700565 HTTP/3" 200 743 "https://webmail.andalaninti.co.id/cpsess7035336384/3rdparty/roundcube/?_task=mail&_token=xGdQQoHnxhswymgq4oiJujHoDwhSTuOD" "Mozilla/5.0 (Windows NT 10.0; Win64; x64) AppleWebKit/537.36 (KHTML, like Gecko) Chrome/144.0.0.0 Safari/537.36"
125.160.231.136 - - [23/Jan/2026:07:29:58 +0700] "GET /cpsess7035336384/3rdparty/roundcube/skins/elastic/deps/bootstrap.min.css?s=1765700569 HTTP/3" 200 25867 "https://webmail.andalaninti.co.id/cpsess7035336384/3rdparty/roundcube/?_task=mail&_token=xGdQQoHnxhswymgq4oiJujHoDwhSTuOD" "Mozilla/5.0 (Windows NT 10.0; Win64; x64) AppleWebKit/537.36 (KHTML, like Gecko) Chrome/144.0.0.0 Safari/537.36"
125.160.231.136 - - [23/Jan/2026:07:29:58 +0700] "GET /cpsess7035336384/3rdparty/roundcube/skins/elastic/styles/styles.min.css?s=1765700565 HTTP/3" 200 24006 "https://webmail.andalaninti.co.id/cpsess7035336384/3rdparty/roundcube/?_task=mail&_token=xGdQQoHnxhswymgq4oiJujHoDwhSTuOD" "Mozilla/5.0 (Windows NT 10.0; Win64; x64) AppleWebKit/537.36 (KHTML, like Gecko) Chrome/144.0.0.0 Safari/537.36"
125.160.231.136 - - [23/Jan/2026:07:29:58 +0700] "GET /cpsess7035336384/3rdparty/roundcube/plugins/mixpanel_analytics/mixpanel_analytics_include.js?s=1766416212 HTTP/3" 200 974 "https://webmail.andalaninti.co.id/cpsess7035336384/3rdparty/roundcube/?_task=mail&_token=xGdQQoHnxhswymgq4oiJujHoDwhSTuOD" "Mozilla/5.0 (Windows NT 10.0; Win64; x64) AppleWebKit/537.36 (KHTML, like Gecko) Chrome/144.0.0.0 Safari/537.36"
125.160.231.136 - - [23/Jan/2026:07:29:58 +0700] "GET /cpsess7035336384/3rdparty/roundcube/plugins/calendar/calendar_base.js?s=1765994955 HTTP/3" 200 1766 "https://webmail.andalaninti.co.id/cpsess7035336384/3rdparty/roundcube/?_task=mail&_token=xGdQQoHnxhswymgq4oiJujHoDwhSTuOD" "Mozilla/5.0 (Windows NT 10.0; Win64; x64) AppleWebKit/537.36 (KHTML, like Gecko) Chrome/144.0.0.0 Safari/537.36"
125.160.231.136 - - [23/Jan/2026:07:29:58 +0700] "GET /cpsess7035336384/3rdparty/roundcube/plugins/return_to_webmail/skins/elastic/return_to_webmail.css?s=1749492914 HTTP/3" 200 863 "https://webmail.andalaninti.co.id/cpsess7035336384/3rdparty/roundcube/?_task=mail&_token=xGdQQoHnxhswymgq4oiJujHoDwhSTuOD" "Mozilla/5.0 (Windows NT 10.0; Win64; x64) AppleWebKit/537.36 (KHTML, like Gecko) Chrome/144.0.0.0 Safari/537.36"
125.160.231.136 - - [23/Jan/2026:07:29:58 +0700] "GET /cpsess7035336384/3rdparty/roundcube/plugins/return_to_webmail/return_to_webmail.js?s=1749492914 HTTP/3" 200 773 "https://webmail.andalaninti.co.id/cpsess7035336384/3rdparty/roundcube/?_task=mail&_token=xGdQQoHnxhswymgq4oiJujHoDwhSTuOD" "Mozilla/5.0 (Windows NT 10.0; Win64; x64) AppleWebKit/537.36 (KHTML, like Gecko) Chrome/144.0.0.0 Safari/537.36"
125.160.231.136 - - [23/Jan/2026:07:29:58 +0700] "GET /cpsess7035336384/3rdparty/roundcube/program/js/jquery.min.js?s=1765700567 HTTP/3" 200 32867 "https://webmail.andalaninti.co.id/cpsess7035336384/3rdparty/roundcube/?_task=mail&_token=xGdQQoHnxhswymgq4oiJujHoDwhSTuOD" "Mozilla/5.0 (Windows NT 10.0; Win64; x64) AppleWebKit/537.36 (KHTML, like Gecko) Chrome/144.0.0.0 Safari/537.36"
125.160.231.136 - - [23/Jan/2026:07:29:58 +0700] "GET /cpsess7035336384/3rdparty/roundcube/plugins/libkolab/skins/elastic/libkolab.min.css?s=1765994958 HTTP/3" 200 16070 "https://webmail.andalaninti.co.id/cpsess7035336384/3rdparty/roundcube/?_task=mail&_token=xGdQQoHnxhswymgq4oiJujHoDwhSTuOD" "Mozilla/5.0 (Windows NT 10.0; Win64; x64) AppleWebKit/537.36 (KHTML, like Gecko) Chrome/144.0.0.0 Safari/537.36"
125.160.231.136 - - [23/Jan/2026:07:29:58 +0700] "GET /cpsess7035336384/3rdparty/roundcube/plugins/markasjunk/markasjunk.min.js?s=1765700565 HTTP/3" 200 1144 "https://webmail.andalaninti.co.id/cpsess7035336384/3rdparty/roundcube/?_task=mail&_token=xGdQQoHnxhswymgq4oiJujHoDwhSTuOD" "Mozilla/5.0 (Windows NT 10.0; Win64; x64) AppleWebKit/537.36 (KHTML, like Gecko) Chrome/144.0.0.0 Safari/537.36"
125.160.231.136 - - [23/Jan/2026:07:29:58 +0700] "GET /cpsess7035336384/3rdparty/roundcube/skins/elastic/images/logo.svg?s=1765700565 HTTP/3" 200 397 "https://webmail.andalaninti.co.id/cpsess7035336384/3rdparty/roundcube/?_task=mail&_token=xGdQQoHnxhswymgq4oiJujHoDwhSTuOD" "Mozilla/5.0 (Windows NT 10.0; Win64; x64) AppleWebKit/537.36 (KHTML, like Gecko) Chrome/144.0.0.0 Safari/537.36"
125.160.231.136 - - [23/Jan/2026:07:29:58 +0700] "GET /cpsess7035336384/3rdparty/roundcube/program/js/treelist.min.js?s=1765700565 HTTP/3" 200 5390 "https://webmail.andalaninti.co.id/cpsess7035336384/3rdparty/roundcube/?_task=mail&_token=xGdQQoHnxhswymgq4oiJujHoDwhSTuOD" "Mozilla/5.0 (Windows NT 10.0; Win64; x64) AppleWebKit/537.36 (KHTML, like Gecko) Chrome/144.0.0.0 Safari/537.36"
125.160.231.136 - - [23/Jan/2026:07:29:58 +0700] "GET /cpsess7035336384/3rdparty/roundcube/plugins/managesieve/managesieve.min.js?s=1765700565 HTTP/3" 200 7006 "https://webmail.andalaninti.co.id/cpsess7035336384/3rdparty/roundcube/?_task=mail&_token=xGdQQoHnxhswymgq4oiJujHoDwhSTuOD" "Mozilla/5.0 (Windows NT 10.0; Win64; x64) AppleWebKit/537.36 (KHTML, like Gecko) Chrome/144.0.0.0 Safari/537.36"
125.160.231.136 - - [23/Jan/2026:07:29:58 +0700] "GET /cpsess7035336384/3rdparty/roundcube/plugins/jqueryui/js/jquery-ui.min.js?s=1765700565 HTTP/3" 200 74366 "https://webmail.andalaninti.co.id/cpsess7035336384/3rdparty/roundcube/?_task=mail&_token=xGdQQoHnxhswymgq4oiJujHoDwhSTuOD" "Mozilla/5.0 (Windows NT 10.0; Win64; x64) AppleWebKit/537.36 (KHTML, like Gecko) Chrome/144.0.0.0 Safari/537.36"
125.160.231.136 - - [23/Jan/2026:07:29:58 +0700] "GET /cpsess7035336384/3rdparty/roundcube/plugins/libcalendaring/libcalendaring.js?s=1765994954 HTTP/3" 200 15738 "https://webmail.andalaninti.co.id/cpsess7035336384/3rdparty/roundcube/?_task=mail&_token=xGdQQoHnxhswymgq4oiJujHoDwhSTuOD" "Mozilla/5.0 (Windows NT 10.0; Win64; x64) AppleWebKit/537.36 (KHTML, like Gecko) Chrome/144.0.0.0 Safari/537.36"
125.160.231.136 - - [23/Jan/2026:07:29:59 +0700] "GET /cpsess7035336384/3rdparty/roundcube/skins/elastic/ui.min.js?s=1765700565 HTTP/3" 200 20576 "https://webmail.andalaninti.co.id/cpsess7035336384/3rdparty/roundcube/?_task=mail&_token=xGdQQoHnxhswymgq4oiJujHoDwhSTuOD" "Mozilla/5.0 (Windows NT 10.0; Win64; x64) AppleWebKit/537.36 (KHTML, like Gecko) Chrome/144.0.0.0 Safari/537.36"
125.160.231.136 - - [23/Jan/2026:07:29:59 +0700] "GET /cpsess7035336384/3rdparty/roundcube/skins/elastic/watermark.html HTTP/3" 200 0 "https://webmail.andalaninti.co.id/cpsess7035336384/3rdparty/roundcube/?_task=mail&_token=xGdQQoHnxhswymgq4oiJujHoDwhSTuOD" "Mozilla/5.0 (Windows NT 10.0; Win64; x64) AppleWebKit/537.36 (KHTML, like Gecko) Chrome/144.0.0.0 Safari/537.36"
125.160.231.136 - - [23/Jan/2026:07:29:59 +0700] "GET /cPanel_magic_revision_1765700565/3rdparty/roundcube/skins/elastic/fonts/roboto-v29-regular.woff2 HTTP/3" 200 50240 "https://webmail.andalaninti.co.id/cpsess7035336384/3rdparty/roundcube/skins/elastic/styles/styles.min.css?s=1765700565" "Mozilla/5.0 (Windows NT 10.0; Win64; x64) AppleWebKit/537.36 (KHTML, like Gecko) Chrome/144.0.0.0 Safari/537.36"
125.160.231.136 - - [23/Jan/2026:07:29:59 +0700] "GET /cPanel_magic_revision_1765700565/3rdparty/roundcube/skins/elastic/fonts/fa-solid-900.woff2 HTTP/3" 200 75440 "https://webmail.andalaninti.co.id/cpsess7035336384/3rdparty/roundcube/skins/elastic/styles/styles.min.css?s=1765700565" "Mozilla/5.0 (Windows NT 10.0; Win64; x64) AppleWebKit/537.36 (KHTML, like Gecko) Chrome/144.0.0.0 Safari/537.36"
125.160.231.136 - - [23/Jan/2026:07:29:59 +0700] "GET /cPanel_magic_revision_1765700565/3rdparty/roundcube/skins/elastic/fonts/roboto-v29-regular-700.woff2 HTTP/3" 200 50196 "https://webmail.andalaninti.co.id/cpsess7035336384/3rdparty/roundcube/skins/elastic/styles/styles.min.css?s=1765700565" "Mozilla/5.0 (Windows NT 10.0; Win64; x64) AppleWebKit/537.36 (KHTML, like Gecko) Chrome/144.0.0.0 Safari/537.36"
125.160.231.136 - - [23/Jan/2026:07:29:59 +0700] "GET /cpsess7035336384/3rdparty/roundcube/skins/elastic/watermark.html HTTP/3" 200 494 "https://webmail.andalaninti.co.id/cpsess7035336384/3rdparty/roundcube/?_task=mail&_token=xGdQQoHnxhswymgq4oiJujHoDwhSTuOD" "Mozilla/5.0 (Windows NT 10.0; Win64; x64) AppleWebKit/537.36 (KHTML, like Gecko) Chrome/144.0.0.0 Safari/537.36"
125.160.231.136 - - [23/Jan/2026:07:29:59 +0700] "GET /cPanel_magic_revision_1765700565/3rdparty/roundcube/skins/elastic/fonts/fa-regular-400.woff2 HTTP/3" 200 13580 "https://webmail.andalaninti.co.id/cpsess7035336384/3rdparty/roundcube/skins/elastic/styles/styles.min.css?s=1765700565" "Mozilla/5.0 (Windows NT 10.0; Win64; x64) AppleWebKit/537.36 (KHTML, like Gecko) Chrome/144.0.0.0 Safari/537.36"
125.160.231.136 - - [23/Jan/2026:07:29:59 +0700] "GET /cPanel_magic_revision_1749492914/3rdparty/roundcube/plugins/return_to_webmail/skins/elastic/images/cp-logo-RGB-v42015.svg HTTP/3" 200 900 "https://webmail.andalaninti.co.id/cpsess7035336384/3rdparty/roundcube/plugins/return_to_webmail/skins/elastic/return_to_webmail.css?s=1749492914" "Mozilla/5.0 (Windows NT 10.0; Win64; x64) AppleWebKit/537.36 (KHTML, like Gecko) Chrome/144.0.0.0 Safari/537.36"
125.160.231.136 - - [23/Jan/2026:07:29:59 +0700] "GET /cpsess7035336384/3rdparty/roundcube/program/resources/blank.webp HTTP/3" 200 86 "https://webmail.andalaninti.co.id/cpsess7035336384/3rdparty/roundcube/?_task=mail&_mbox=INBOX" "Mozilla/5.0 (Windows NT 10.0; Win64; x64) AppleWebKit/537.36 (KHTML, like Gecko) Chrome/144.0.0.0 Safari/537.36"
125.160.231.136 - - [23/Jan/2026:07:29:59 +0700] "GET /cpsess7035336384/3rdparty/roundcube/program/resources/blank.tiff HTTP/3" 200 270 "https://webmail.andalaninti.co.id/cpsess7035336384/3rdparty/roundcube/?_task=mail&_mbox=INBOX" "Mozilla/5.0 (Windows NT 10.0; Win64; x64) AppleWebKit/537.36 (KHTML, like Gecko) Chrome/144.0.0.0 Safari/537.36"
125.160.231.136 - - [23/Jan/2026:07:29:59 +0700] "GET /cpsess7035336384/3rdparty/roundcube/?_task=mail&_action=list&_refresh=1&_layout=widescreen&_mbox=INBOX&_page=&_remote=1&_unlock=loading1769128202873&_=1769128202692 HTTP/3" 200 5175 "https://webmail.andalaninti.co.id/cpsess7035336384/3rdparty/roundcube/?_task=mail&_token=xGdQQoHnxhswymgq4oiJujHoDwhSTuOD" "Mozilla/5.0 (Windows NT 10.0; Win64; x64) AppleWebKit/537.36 (KHTML, like Gecko) Chrome/144.0.0.0 Safari/537.36"
125.160.231.136 - - [23/Jan/2026:07:29:59 +0700] "GET /cpsess7035336384/3rdparty/roundcube/?_task=mail&_action=getunread&_page=1&_remote=1&_unlock=0&_=1769128202693 HTTP/3" 200 1389 "https://webmail.andalaninti.co.id/cpsess7035336384/3rdparty/roundcube/?_task=mail&_mbox=INBOX" "Mozilla/5.0 (Windows NT 10.0; Win64; x64) AppleWebKit/537.36 (KHTML, like Gecko) Chrome/144.0.0.0 Safari/537.36"
125.160.231.136 - - [23/Jan/2026:07:29:59 +0700] "GET /cpsess7035336384/3rdparty/roundcube/skins/elastic/images/logo.svg HTTP/3" 200 397 "https://webmail.andalaninti.co.id/cpsess7035336384/3rdparty/roundcube/skins/elastic/watermark.html" "Mozilla/5.0 (Windows NT 10.0; Win64; x64) AppleWebKit/537.36 (KHTML, like Gecko) Chrome/144.0.0.0 Safari/537.36"
125.160.231.136 - - [23/Jan/2026:07:30:00 +0700] "GET /cpsess7035336384/3rdparty/roundcube/skins/elastic/images/favicon.ico?s=1765700565 HTTP/3" 200 1871 "https://webmail.andalaninti.co.id/cpsess7035336384/3rdparty/roundcube/?_task=mail&_mbox=INBOX" "Mozilla/5.0 (Windows NT 10.0; Win64; x64) AppleWebKit/537.36 (KHTML, like Gecko) Chrome/144.0.0.0 Safari/537.36"
125.160.231.136 - - [23/Jan/2026:07:30:01 +0700] "GET /cpsess7035336384/3rdparty/roundcube/?_task=mail&_caps=pdf%3D1%2Cflash%3D0%2Ctiff%3D0%2Cwebp%3D1%2Cpgpmime%3D0&_uid=1277&_mbox=INBOX&_framed=1&_action=preview HTTP/3" 200 9195 "https://webmail.andalaninti.co.id/cpsess7035336384/3rdparty/roundcube/?_task=mail&_mbox=INBOX" "Mozilla/5.0 (Windows NT 10.0; Win64; x64) AppleWebKit/537.36 (KHTML, like Gecko) Chrome/144.0.0.0 Safari/537.36"
125.160.231.136 - - [23/Jan/2026:07:30:01 +0700] "GET /cpsess7035336384/3rdparty/roundcube/?_task=addressbook&_action=photo&_email=sales%40andalaninti.co.id&_error=1&_bgcolor=transparent HTTP/3" 204 0 "https://webmail.andalaninti.co.id/cpsess7035336384/3rdparty/roundcube/?_task=mail&_caps=pdf%3D1%2Cflash%3D0%2Ctiff%3D0%2Cwebp%3D1%2Cpgpmime%3D0&_uid=1277&_mbox=INBOX&_framed=1&_action=preview" "Mozilla/5.0 (Windows NT 10.0; Win64; x64) AppleWebKit/537.36 (KHTML, like Gecko) Chrome/144.0.0.0 Safari/537.36"
125.160.231.136 - - [23/Jan/2026:07:30:03 +0700] "GET /cpsess7035336384/3rdparty/roundcube/skins/elastic/images/contactpic.svg HTTP/3" 200 240 "https://webmail.andalaninti.co.id/cpsess7035336384/3rdparty/roundcube/?_task=mail&_caps=pdf%3D1%2Cflash%3D0%2Ctiff%3D0%2Cwebp%3D1%2Cpgpmime%3D0&_uid=1277&_mbox=INBOX&_framed=1&_action=preview" "Mozilla/5.0 (Windows NT 10.0; Win64; x64) AppleWebKit/537.36 (KHTML, like Gecko) Chrome/144.0.0.0 Safari/537.36"
125.160.231.136 - - [23/Jan/2026:07:30:59 +0700] "POST /cpsess7035336384/3rdparty/roundcube/?_task=mail&_action=refresh HTTP/2" 200 1624 "https://webmail.andalaninti.co.id/cpsess7035336384/3rdparty/roundcube/?_task=mail&_mbox=INBOX" "Mozilla/5.0 (Windows NT 10.0; Win64; x64) AppleWebKit/537.36 (KHTML, like Gecko) Chrome/144.0.0.0 Safari/537.36"
125.160.231.136 - - [23/Jan/2026:07:31:59 +0700] "POST /cpsess7035336384/3rdparty/roundcube/?_task=mail&_action=refresh HTTP/2" 200 1390 "https://webmail.andalaninti.co.id/cpsess7035336384/3rdparty/roundcube/?_task=mail&_mbox=INBOX" "Mozilla/5.0 (Windows NT 10.0; Win64; x64) AppleWebKit/537.36 (KHTML, like Gecko) Chrome/144.0.0.0 Safari/537.36"
125.160.231.136 - - [23/Jan/2026:07:33:00 +0700] "POST /cpsess7035336384/3rdparty/roundcube/?_task=mail&_action=refresh HTTP/2" 200 1390 "https://webmail.andalaninti.co.id/cpsess7035336384/3rdparty/roundcube/?_task=mail&_mbox=INBOX" "Mozilla/5.0 (Windows NT 10.0; Win64; x64) AppleWebKit/537.36 (KHTML, like Gecko) Chrome/144.0.0.0 Safari/537.36"
125.160.231.136 - - [23/Jan/2026:07:34:06 +0700] "POST /cpsess7035336384/3rdparty/roundcube/?_task=mail&_action=refresh HTTP/2" 200 1390 "https://webmail.andalaninti.co.id/cpsess7035336384/3rdparty/roundcube/?_task=mail&_mbox=INBOX" "Mozilla/5.0 (Windows NT 10.0; Win64; x64) AppleWebKit/537.36 (KHTML, like Gecko) Chrome/144.0.0.0 Safari/537.36"
125.160.231.136 - - [23/Jan/2026:07:34:59 +0700] "POST /cpsess7035336384/3rdparty/roundcube/?_task=mail&_action=refresh HTTP/2" 200 1390 "https://webmail.andalaninti.co.id/cpsess7035336384/3rdparty/roundcube/?_task=mail&_mbox=INBOX" "Mozilla/5.0 (Windows NT 10.0; Win64; x64) AppleWebKit/537.36 (KHTML, like Gecko) Chrome/144.0.0.0 Safari/537.36"
125.160.231.136 - - [23/Jan/2026:07:36:22 +0700] "POST /cpsess7035336384/3rdparty/roundcube/?_task=mail&_action=refresh HTTP/2" 200 1390 "https://webmail.andalaninti.co.id/cpsess7035336384/3rdparty/roundcube/?_task=mail&_mbox=INBOX" "Mozilla/5.0 (Windows NT 10.0; Win64; x64) AppleWebKit/537.36 (KHTML, like Gecko) Chrome/144.0.0.0 Safari/537.36"
125.160.231.136 - - [23/Jan/2026:07:37:07 +0700] "POST /cpsess7035336384/3rdparty/roundcube/?_task=mail&_action=refresh HTTP/2" 200 1390 "https://webmail.andalaninti.co.id/cpsess7035336384/3rdparty/roundcube/?_task=mail&_mbox=INBOX" "Mozilla/5.0 (Windows NT 10.0; Win64; x64) AppleWebKit/537.36 (KHTML, like Gecko) Chrome/144.0.0.0 Safari/537.36"
125.160.231.136 - - [23/Jan/2026:07:37:59 +0700] "POST /cpsess7035336384/3rdparty/roundcube/?_task=mail&_action=refresh HTTP/2" 200 46 "https://webmail.andalaninti.co.id/cpsess7035336384/3rdparty/roundcube/?_task=mail&_mbox=INBOX" "Mozilla/5.0 (Windows NT 10.0; Win64; x64) AppleWebKit/537.36 (KHTML, like Gecko) Chrome/144.0.0.0 Safari/537.36"
202.10.43.35 - - [23/Jan/2026:07:52:29 +0700] "POST /wp-cron.php?doing_wp_cron=1769129549.8861520290374755859375 HTTP/1.1" 200 0 "-" "WordPress/6.9; https://andalaninti.co.id"
52.70.53.41 - - [23/Jan/2026:07:52:28 +0700] "HEAD /product/ HTTP/1.1" 200 0 "-" "Mozilla/5.0 AppleWebKit/605.1.15 (KHTML, like Gecko) Chrome/139.0.0.0 Safari/605.1.15"
202.10.43.35 - - [23/Jan/2026:08:10:37 +0700] "POST /wp-cron.php?doing_wp_cron=1769130637.5799961090087890625000 HTTP/1.1" 200 0 "-" "WordPress/6.9; https://andalaninti.co.id"
47.128.32.133 - - [23/Jan/2026:08:10:36 +0700] "GET /robots.txt HTTP/1.1" 200 129 "-" "Mozilla/5.0 (Linux; Android 5.0) AppleWebKit/537.36 (KHTML, like Gecko) Mobile Safari/537.36 (compatible; Bytespider; spider-feedback@bytedance.com)"
66.249.72.64 - - [23/Jan/2026:09:08:02 +0700] "GET / HTTP/1.1" 200 75700 "-" "Mozilla/5.0 (Linux; Android 6.0.1; Nexus 5X Build/MMB29P) AppleWebKit/537.36 (KHTML, like Gecko) Chrome/143.0.7499.192 Mobile Safari/537.36 (compatible; Googlebot/2.1; +http://www.google.com/bot.html)"
4.190.201.130 - - [23/Jan/2026:09:24:42 +0700] "GET /wp-content/plugins/hellopress/wp_filemanager.php HTTP/1.1" 404 5750 "-" "-"
4.190.201.130 - - [23/Jan/2026:09:24:42 +0700] "GET /class.php HTTP/1.1" 404 5750 "-" "-"
4.190.201.130 - - [23/Jan/2026:09:24:42 +0700] "GET /lm13.php HTTP/1.1" 404 5750 "-" "-"
4.190.201.130 - - [23/Jan/2026:09:24:42 +0700] "GET /1aa.php HTTP/1.1" 404 5750 "-" "-"
4.190.201.130 - - [23/Jan/2026:09:24:43 +0700] "GET /menu.php HTTP/1.1" 404 5750 "-" "-"
4.190.201.130 - - [23/Jan/2026:09:24:43 +0700] "GET /mail.php HTTP/1.1" 404 5750 "-" "-"
4.190.201.130 - - [23/Jan/2026:09:24:43 +0700] "GET /v3.php HTTP/1.1" 404 5750 "-" "-"
4.190.201.130 - - [23/Jan/2026:09:24:43 +0700] "GET /ilex.php HTTP/1.1" 404 5750 "-" "-"
4.190.201.130 - - [23/Jan/2026:09:24:44 +0700] "GET /wto.php HTTP/1.1" 404 5750 "-" "-"
4.190.201.130 - - [23/Jan/2026:09:24:44 +0700] "GET /777.php HTTP/1.1" 404 5750 "-" "-"
4.190.201.130 - - [23/Jan/2026:09:24:44 +0700] "GET /file88.php HTTP/1.1" 404 5750 "-" "-"
4.190.201.130 - - [23/Jan/2026:09:24:44 +0700] "GET /flower.php HTTP/1.1" 404 5750 "-" "-"
4.190.201.130 - - [23/Jan/2026:09:24:44 +0700] "GET /ffile.php HTTP/1.1" 404 5750 "-" "-"
4.190.201.130 - - [23/Jan/2026:09:24:44 +0700] "GET /p.php HTTP/1.1" 404 5750 "-" "-"
4.190.201.130 - - [23/Jan/2026:09:24:45 +0700] "GET /000.php HTTP/1.1" 404 5750 "-" "-"
4.190.201.130 - - [23/Jan/2026:09:24:45 +0700] "GET /403.php HTTP/1.1" 404 5750 "-" "-"
4.190.201.130 - - [23/Jan/2026:09:24:45 +0700] "GET /class20.php HTTP/1.1" 404 5750 "-" "-"
4.190.201.130 - - [23/Jan/2026:09:24:45 +0700] "GET /lol.php HTTP/1.1" 404 5750 "-" "-"
4.190.201.130 - - [23/Jan/2026:09:24:45 +0700] "GET /cc.php HTTP/1.1" 404 5750 "-" "-"
4.190.201.130 - - [23/Jan/2026:09:24:45 +0700] "GET /o.php HTTP/1.1" 404 5750 "-" "-"
4.190.201.130 - - [23/Jan/2026:09:24:46 +0700] "GET /aaa.php HTTP/1.1" 404 5750 "-" "-"
4.190.201.130 - - [23/Jan/2026:09:24:46 +0700] "GET /n.php HTTP/1.1" 404 5750 "-" "-"
4.190.201.130 - - [23/Jan/2026:09:24:46 +0700] "GET /666.php HTTP/1.1" 404 5750 "-" "-"
4.190.201.130 - - [23/Jan/2026:09:24:46 +0700] "GET /fileas.php HTTP/1.1" 404 5750 "-" "-"
4.190.201.130 - - [23/Jan/2026:09:24:46 +0700] "GET /cccc.php HTTP/1.1" 404 5750 "-" "-"
4.190.201.130 - - [23/Jan/2026:09:24:47 +0700] "GET /CLA.php HTTP/1.1" 404 5750 "-" "-"
4.190.201.130 - - [23/Jan/2026:09:24:47 +0700] "GET /wfile.php HTTP/1.1" 404 5750 "-" "-"
4.190.201.130 - - [23/Jan/2026:09:24:47 +0700] "GET /abc.php HTTP/1.1" 404 5750 "-" "-"
4.190.201.130 - - [23/Jan/2026:09:24:47 +0700] "GET /wb.php HTTP/1.1" 404 5750 "-" "-"
4.190.201.130 - - [23/Jan/2026:09:24:47 +0700] "GET /mds.php HTTP/1.1" 404 5750 "-" "-"
4.190.201.130 - - [23/Jan/2026:09:24:47 +0700] "GET /mlex.php HTTP/1.1" 404 5750 "-" "-"
4.190.201.130 - - [23/Jan/2026:09:24:48 +0700] "GET /a.php HTTP/1.1" 404 5750 "-" "-"
4.190.201.130 - - [23/Jan/2026:09:24:48 +0700] "GET /a2.php HTTP/1.1" 404 5750 "-" "-"
4.190.201.130 - - [23/Jan/2026:09:24:48 +0700] "GET /222.php HTTP/1.1" 404 5750 "-" "-"
4.190.201.130 - - [23/Jan/2026:09:24:48 +0700] "GET /inde.php HTTP/1.1" 404 5750 "-" "-"
4.190.201.130 - - [23/Jan/2026:09:24:48 +0700] "GET /1.php HTTP/1.1" 404 5750 "-" "-"
4.190.201.130 - - [23/Jan/2026:09:24:48 +0700] "GET /vee.php HTTP/1.1" 404 5750 "-" "-"
4.190.201.130 - - [23/Jan/2026:09:24:49 +0700] "GET /wcas.php HTTP/1.1" 404 5750 "-" "-"
4.190.201.130 - - [23/Jan/2026:09:24:49 +0700] "GET /k.php HTTP/1.1" 404 5750 "-" "-"
4.190.201.130 - - [23/Jan/2026:09:24:49 +0700] "GET /finny.php HTTP/1.1" 404 5750 "-" "-"
4.190.201.130 - - [23/Jan/2026:09:24:49 +0700] "GET /ws45.php HTTP/1.1" 404 5750 "-" "-"
4.190.201.130 - - [23/Jan/2026:09:24:49 +0700] "GET /build.php HTTP/1.1" 404 5750 "-" "-"
